[INFO] cloning repository https://github.com/grookage/vasal
[INFO] running `Command { std: "git" "-c" "credential.helper=" "-c" "credential.helper=/workspace/cargo-home/bin/git-credential-null" "clone" "--bare" "https://github.com/grookage/vasal" "/workspace/cache/git-repos/https%3A%2F%2Fgithub.com%2Fgrookage%2Fvasal", kill_on_drop: false }`
[INFO] [stderr] Cloning into bare repository '/workspace/cache/git-repos/https%3A%2F%2Fgithub.com%2Fgrookage%2Fvasal'...
[INFO] running `Command { std: "git" "rev-parse" "HEAD", kill_on_drop: false }`
[INFO] [stdout] dc5c0a149c9d476378afcdc5a88dfe471067e501
[INFO] testing grookage/vasal against 1.100.0-beta.1+cargoflags=--release for beta-release-1.100-2
[INFO] running `Command { std: "git" "clone" "/workspace/cache/git-repos/https%3A%2F%2Fgithub.com%2Fgrookage%2Fvasal" "/workspace/builds/worker-6-tc2/source", kill_on_drop: false }`
[INFO] [stderr] Cloning into '/workspace/builds/worker-6-tc2/source'...
[INFO] [stderr] done.
[INFO] started tweaking git repo https://github.com/grookage/vasal
[INFO] finished tweaking git repo https://github.com/grookage/vasal
[INFO] tweaked toml for git repo https://github.com/grookage/vasal written to /workspace/builds/worker-6-tc2/source/Cargo.toml
[INFO] validating manifest of git repo https://github.com/grookage/vasal on toolchain 1.100.0-beta.1
[INFO] running `Command { std: CARGO_HOME="/workspace/cargo-home" RUSTUP_HOME="/workspace/rustup-home" "/workspace/cargo-home/bin/cargo" "+1.100.0-beta.1" "metadata" "--manifest-path" "Cargo.toml" "--no-deps", kill_on_drop: false }`
[INFO] crate git repo https://github.com/grookage/vasal already has a lockfile, it will not be regenerated
[INFO] running `Command { std: CARGO_HOME="/workspace/cargo-home" RUSTUP_HOME="/workspace/rustup-home" "/workspace/cargo-home/bin/cargo" "+1.100.0-beta.1" "fetch" "--manifest-path" "Cargo.toml", kill_on_drop: false }`
[INFO] running `Command { std: "docker" "create" "-v" "/var/lib/crater-agent-workspace/builds/worker-6-tc2/source:/opt/rustwide/workdir:ro,Z" "-v" "/var/lib/crater-agent-workspace/builds/worker-6-tc2/target:/opt/rustwide/target:rw,Z" "-v" "/var/lib/crater-agent-workspace/cargo-home:/opt/rustwide/cargo-home:ro,Z" "-v" "/var/lib/crater-agent-workspace/rustup-home:/opt/rustwide/rustup-home:ro,Z" "-m" "1610612736" "--network" "none" "ghcr.io/rust-lang/crates-build-env/linux@sha256:77db811e55d90add9212f6832c23229e3de5f1c1f9905e8cb07319ea15df73ac" "sleep" "infinity", kill_on_drop: false }`
[INFO] [stdout] dbb3a9b6df0eb686fdd8c887586337dd3e7bb3774bccd69b335b6b531727a5d8
[INFO] running `Command { std: "docker" "start" "dbb3a9b6df0eb686fdd8c887586337dd3e7bb3774bccd69b335b6b531727a5d8", kill_on_drop: false }`
[INFO] running `Command { std: "docker" "inspect" "dbb3a9b6df0eb686fdd8c887586337dd3e7bb3774bccd69b335b6b531727a5d8", kill_on_drop: false }`
[INFO] running `Command { std: "docker" "exec" "-e" "SOURCE_DIR=/opt/rustwide/workdir" "-e" "CARGO_HOME=/opt/rustwide/cargo-home" "-e" "RUSTUP_HOME=/opt/rustwide/rustup-home" "-e" "CARGO_TARGET_DIR=/opt/rustwide/target" "-w" "/opt/rustwide/workdir" "--user" "0:0" "dbb3a9b6df0eb686fdd8c887586337dd3e7bb3774bccd69b335b6b531727a5d8" "/opt/rustwide/cargo-home/bin/cargo" "+1.100.0-beta.1" "metadata" "--no-deps" "--format-version=1", kill_on_drop: false }`
[INFO] running `Command { std: "docker" "inspect" "dbb3a9b6df0eb686fdd8c887586337dd3e7bb3774bccd69b335b6b531727a5d8", kill_on_drop: false }`
[INFO] running `Command { std: "docker" "exec" "-e" "SOURCE_DIR=/opt/rustwide/workdir" "-e" "CARGO_HOME=/opt/rustwide/cargo-home" "-e" "RUSTUP_HOME=/opt/rustwide/rustup-home" "-e" "CARGO_TARGET_DIR=/opt/rustwide/target" "-e" "CARGO_INCREMENTAL=0" "-e" "RUST_BACKTRACE=full" "-e" "RUSTFLAGS=--cap-lints=warn" "-e" "RUSTDOCFLAGS=--cap-lints=warn" "-w" "/opt/rustwide/workdir" "--user" "0:0" "dbb3a9b6df0eb686fdd8c887586337dd3e7bb3774bccd69b335b6b531727a5d8" "/opt/rustwide/cargo-home/bin/cargo" "+1.100.0-beta.1" "build" "--frozen" "--message-format=json" "--release", kill_on_drop: false }`
[INFO] [stderr]    Compiling proc-macro2 v1.0.106
[INFO] [stderr]    Compiling unicode-ident v1.0.24
[INFO] [stderr]    Compiling quote v1.0.45
[INFO] [stderr]    Compiling cfg-if v1.0.4
[INFO] [stderr]    Compiling libc v0.2.186
[INFO] [stderr]    Compiling pin-project-lite v0.2.17
[INFO] [stderr]    Compiling once_cell v1.21.4
[INFO] [stderr]    Compiling futures-core v0.3.32
[INFO] [stderr]    Compiling bytes v1.11.1
[INFO] [stderr]    Compiling itoa v1.0.18
[INFO] [stderr]    Compiling futures-sink v0.3.32
[INFO] [stderr]    Compiling log v0.4.29
[INFO] [stderr]    Compiling slab v0.4.12
[INFO] [stderr]    Compiling memchr v2.8.0
[INFO] [stderr]    Compiling serde_core v1.0.228
[INFO] [stderr]    Compiling futures-io v0.3.32
[INFO] [stderr]    Compiling futures-task v0.3.32
[INFO] [stderr]    Compiling getrandom v0.4.2
[INFO] [stderr]    Compiling serde v1.0.228
[INFO] [stderr]    Compiling find-msvc-tools v0.1.9
[INFO] [stderr]    Compiling stable_deref_trait v1.2.1
[INFO] [stderr]    Compiling futures-channel v0.3.32
[INFO] [stderr]    Compiling zerocopy v0.8.48
[INFO] [stderr]    Compiling cc v1.2.62
[INFO] [stderr]    Compiling zmij v1.0.21
[INFO] [stderr]    Compiling hashbrown v0.17.1
[INFO] [stderr]    Compiling tracing-core v0.1.36
[INFO] [stderr]    Compiling anyhow v1.0.102
[INFO] [stderr]    Compiling serde_json v1.0.149
[INFO] [stderr]    Compiling either v1.15.0
[INFO] [stderr]    Compiling litemap v0.8.2
[INFO] [stderr]    Compiling writeable v0.6.3
[INFO] [stderr]    Compiling httpdate v1.0.3
[INFO] [stderr]    Compiling icu_normalizer_data v2.2.0
[INFO] [stderr]    Compiling icu_properties_data v2.2.0
[INFO] [stderr]    Compiling itertools v0.14.0
[INFO] [stderr]    Compiling sync_wrapper v1.0.2
[INFO] [stderr]    Compiling regex-syntax v0.8.10
[INFO] [stderr]    Compiling rustix v1.1.4
[INFO] [stderr]    Compiling ipnet v2.12.0
[INFO] [stderr]    Compiling rustls-pki-types v1.14.1
[INFO] [stderr]    Compiling http v1.4.0
[INFO] [stderr]    Compiling syn v2.0.117
[INFO] [stderr]    Compiling generic-array v0.14.7
[INFO] [stderr]    Compiling ahash v0.8.12
[INFO] [stderr]    Compiling rustversion v1.0.22
[INFO] [stderr]    Compiling indexmap v2.14.0
[INFO] [stderr]    Compiling errno v0.3.14
[INFO] [stderr]    Compiling parking_lot_core v0.9.12
[INFO] [stderr]    Compiling parking_lot v0.12.5
[INFO] [stderr]    Compiling signal-hook-registry v1.4.8
[INFO] [stderr]    Compiling mio v1.2.0
[INFO] [stderr]    Compiling socket2 v0.6.3
[INFO] [stderr]    Compiling http-body v1.0.1
[INFO] [stderr]    Compiling getrandom v0.2.17
[INFO] [stderr]    Compiling ring v0.17.14
[INFO] [stderr]    Compiling linux-raw-sys v0.12.1
[INFO] [stderr]    Compiling bitflags v2.11.1
[INFO] [stderr]    Compiling equivalent v1.0.2
[INFO] [stderr]    Compiling prettyplease v0.2.37
[INFO] [stderr]    Compiling lazy_static v1.5.0
[INFO] [stderr]    Compiling sharded-slab v0.1.7
[INFO] [stderr]    Compiling http-body-util v0.1.3
[INFO] [stderr]    Compiling regex-automata v0.4.14
[INFO] [stderr]    Compiling tracing-log v0.2.0
[INFO] [stderr]    Compiling thread_local v1.1.9
[INFO] [stderr]    Compiling fastrand v2.4.1
[INFO] [stderr]    Compiling typenum v1.20.0
[INFO] [stderr]    Compiling nu-ansi-term v0.50.3
[INFO] [stderr]    Compiling pkg-config v0.3.33
[INFO] [stderr]    Compiling fixedbitset v0.5.7
[INFO] [stderr]    Compiling rustls v0.23.40
[INFO] [stderr]    Compiling ryu v1.0.23
[INFO] [stderr]    Compiling anstyle-parse v1.0.0
[INFO] [stderr]    Compiling petgraph v0.7.1
[INFO] [stderr]    Compiling indexmap v1.9.3
[INFO] [stderr]    Compiling rand_core v0.6.4
[INFO] [stderr]    Compiling uuid v1.23.1
[INFO] [stderr]    Compiling libsqlite3-sys v0.28.0
[INFO] [stderr]    Compiling anstyle v1.0.14
[INFO] [stderr]    Compiling anstyle-query v1.1.5
[INFO] [stderr]    Compiling colorchoice v1.0.5
[INFO] [stderr]    Compiling multimap v0.10.1
[INFO] [stderr]    Compiling is_terminal_polyfill v1.70.2
[INFO] [stderr]    Compiling anstream v1.0.0
[INFO] [stderr]    Compiling serde_path_to_error v0.1.20
[INFO] [stderr]    Compiling clap_lex v1.1.0
[INFO] [stderr]    Compiling hashbrown v0.12.3
[INFO] [stderr]    Compiling matchit v0.7.3
[INFO] [stderr]    Compiling clap_builder v4.6.0
[INFO] [stderr]    Compiling webpki-roots v1.0.7
[INFO] [stderr]    Compiling toml_write v0.1.2
[INFO] [stderr]    Compiling thiserror v2.0.18
[INFO] [stderr]    Compiling winnow v0.7.15
[INFO] [stderr]    Compiling fallible-iterator v0.3.0
[INFO] [stderr]    Compiling fallible-streaming-iterator v0.1.9
[INFO] [stderr]    Compiling tempfile v3.27.0
[INFO] [stderr]    Compiling socket2 v0.5.10
[INFO] [stderr]    Compiling crypto-common v0.1.7
[INFO] [stderr]    Compiling block-buffer v0.10.4
[INFO] [stderr]    Compiling regex v1.12.3
[INFO] [stderr]    Compiling digest v0.10.7
[INFO] [stderr]    Compiling sha2 v0.10.9
[INFO] [stderr]    Compiling ppv-lite86 v0.2.21
[INFO] [stderr]    Compiling hashbrown v0.14.5
[INFO] [stderr]    Compiling matchers v0.2.0
[INFO] [stderr]    Compiling synstructure v0.13.2
[INFO] [stderr]    Compiling rand_chacha v0.3.1
[INFO] [stderr]    Compiling hashlink v0.9.1
[INFO] [stderr]    Compiling rand v0.8.6
[INFO] [stderr]    Compiling tokio-macros v2.7.0
[INFO] [stderr]    Compiling tracing-attributes v0.1.31
[INFO] [stderr]    Compiling futures-macro v0.3.32
[INFO] [stderr]    Compiling tokio v1.52.3
[INFO] [stderr]    Compiling zerofrom-derive v0.1.7
[INFO] [stderr]    Compiling yoke-derive v0.8.2
[INFO] [stderr]    Compiling serde_derive v1.0.228
[INFO] [stderr]    Compiling zerovec-derive v0.11.3
[INFO] [stderr]    Compiling displaydoc v0.2.5
[INFO] [stderr]    Compiling prost-derive v0.13.5
[INFO] [stderr]    Compiling futures-util v0.3.32
[INFO] [stderr]    Compiling async-trait v0.1.89
[INFO] [stderr]    Compiling pin-project-internal v1.1.13
[INFO] [stderr]    Compiling clap_derive v4.6.1
[INFO] [stderr]    Compiling async-stream-impl v0.3.6
[INFO] [stderr]    Compiling tracing v0.1.44
[INFO] [stderr]    Compiling zerofrom v0.1.8
[INFO] [stderr]    Compiling thiserror-impl v2.0.18
[INFO] [stderr]    Compiling tracing-subscriber v0.3.23
[INFO] [stderr]    Compiling yoke v0.8.2
[INFO] [stderr]    Compiling async-stream v0.3.6
[INFO] [stderr]    Compiling zerovec v0.11.6
[INFO] [stderr]    Compiling zerotrie v0.2.4
[INFO] [stderr]    Compiling tinystr v0.8.3
[INFO] [stderr]    Compiling potential_utf v0.1.5
[INFO] [stderr]    Compiling icu_collections v2.2.0
[INFO] [stderr]    Compiling prost v0.13.5
[INFO] [stderr]    Compiling icu_locale_core v2.2.0
[INFO] [stderr]    Compiling pin-project v1.1.13
[INFO] [stderr]    Compiling prost-types v0.13.5
[INFO] [stderr]    Compiling clap v4.6.1
[INFO] [stderr]    Compiling icu_provider v2.2.0
[INFO] [stderr]    Compiling vasal-protocol v0.1.0 (/opt/rustwide/workdir/crates/vasal-protocol)
[INFO] [stderr]    Compiling serde_urlencoded v0.7.1
[INFO] [stderr]    Compiling toml_datetime v0.6.11
[INFO] [stderr]    Compiling serde_spanned v0.6.9
[INFO] [stderr]    Compiling toml_edit v0.22.27
[INFO] [stderr]    Compiling icu_properties v2.2.0
[INFO] [stderr]    Compiling icu_normalizer v2.2.0
[INFO] [stderr]    Compiling prost-build v0.13.5
[INFO] [stderr]    Compiling tonic-build v0.12.3
[INFO] [stderr]    Compiling futures-executor v0.3.32
[INFO] [stderr]    Compiling axum-core v0.4.5
[INFO] [stderr]    Compiling futures v0.3.32
[INFO] [stderr]    Compiling vasal-core v0.1.0 (/opt/rustwide/workdir/crates/vasal-core)
[INFO] [stderr]    Compiling idna_adapter v1.2.2
[INFO] [stderr]    Compiling idna v1.1.0
[INFO] [stderr]    Compiling toml v0.8.23
[INFO] [stderr]    Compiling tokio-util v0.7.18
[INFO] [stderr]    Compiling tower v0.5.3
[INFO] [stderr]    Compiling url v2.5.8
[INFO] [stderr]    Compiling tokio-stream v0.1.18
[INFO] [stderr]    Compiling h2 v0.4.14
[INFO] [stderr]    Compiling vasal-sidecar-sdk v0.1.0 (/opt/rustwide/workdir/crates/vasal-sidecar-sdk)
[INFO] [stderr]    Compiling tower v0.4.13
[INFO] [stderr]    Compiling tower-http v0.6.10
[INFO] [stderr]    Compiling rustls-webpki v0.103.13
[INFO] [stderr]    Compiling ebpf-observer v0.1.0 (/opt/rustwide/workdir/sidecars/ebpf-observer)
[INFO] [stderr]    Compiling echo-ctrl v0.1.0 (/opt/rustwide/workdir/sidecars/echo-ctrl)
[INFO] [stderr]    Compiling hyper v1.9.0
[INFO] [stderr]    Compiling tokio-rustls v0.26.4
[INFO] [stderr]    Compiling hyper-util v0.1.20
[INFO] [stderr]    Compiling axum v0.7.9
[INFO] [stderr]    Compiling hyper-rustls v0.27.9
[INFO] [stderr]    Compiling hyper-timeout v0.5.2
[INFO] [stderr]    Compiling reqwest v0.12.28
[INFO] [stderr]    Compiling tonic v0.12.3
[INFO] [stderr]    Compiling vasal-server-example v0.1.0 (/opt/rustwide/workdir/vasal-server-example)
[INFO] [stderr]    Compiling rusqlite v0.31.0
[INFO] [stderr]    Compiling sql-ctrl v0.1.0 (/opt/rustwide/workdir/sidecars/sql-ctrl)
[INFO] [stderr]     Finished `release` profile [optimized] target(s) in 4m 41s
[INFO] running `Command { std: "docker" "inspect" "dbb3a9b6df0eb686fdd8c887586337dd3e7bb3774bccd69b335b6b531727a5d8", kill_on_drop: false }`
[INFO] running `Command { std: "docker" "exec" "-e" "SOURCE_DIR=/opt/rustwide/workdir" "-e" "CARGO_HOME=/opt/rustwide/cargo-home" "-e" "RUSTUP_HOME=/opt/rustwide/rustup-home" "-e" "CARGO_TARGET_DIR=/opt/rustwide/target" "-e" "CARGO_INCREMENTAL=0" "-e" "RUST_BACKTRACE=full" "-e" "RUSTFLAGS=--cap-lints=warn" "-e" "RUSTDOCFLAGS=--cap-lints=warn" "-w" "/opt/rustwide/workdir" "--user" "0:0" "dbb3a9b6df0eb686fdd8c887586337dd3e7bb3774bccd69b335b6b531727a5d8" "/opt/rustwide/cargo-home/bin/cargo" "+1.100.0-beta.1" "test" "--frozen" "--no-run" "--message-format=json" "--release", kill_on_drop: false }`
[INFO] [stderr]    Compiling bitflags v2.11.1
[INFO] [stderr]    Compiling regex-syntax v0.8.10
[INFO] [stderr]    Compiling tokio v1.52.3
[INFO] [stderr]    Compiling rustix v1.1.4
[INFO] [stderr]    Compiling linux-raw-sys v0.12.1
[INFO] [stderr]    Compiling fastrand v2.4.1
[INFO] [stderr]    Compiling getrandom v0.3.4
[INFO] [stderr]    Compiling num-traits v0.2.19
[INFO] [stderr]    Compiling wait-timeout v0.2.1
[INFO] [stderr]    Compiling bit-vec v0.8.0
[INFO] [stderr]    Compiling quick-error v1.2.3
[INFO] [stderr]    Compiling unarray v0.1.4
[INFO] [stderr]    Compiling bit-set v0.8.0
[INFO] [stderr]    Compiling rusqlite v0.31.0
[INFO] [stderr]    Compiling rand_core v0.9.5
[INFO] [stderr]    Compiling rand v0.9.4
[INFO] [stderr]    Compiling rand_xorshift v0.4.0
[INFO] [stderr]    Compiling rand_chacha v0.9.0
[INFO] [stderr]    Compiling tempfile v3.27.0
[INFO] [stderr]    Compiling regex-automata v0.4.14
[INFO] [stderr]    Compiling rusty-fork v0.3.1
[INFO] [stderr]    Compiling proptest v1.11.0
[INFO] [stderr]    Compiling matchers v0.2.0
[INFO] [stderr]    Compiling tracing-subscriber v0.3.23
[INFO] [stderr]    Compiling tokio-util v0.7.18
[INFO] [stderr]    Compiling tower v0.5.3
[INFO] [stderr]    Compiling tokio-rustls v0.26.4
[INFO] [stderr]    Compiling tokio-stream v0.1.18
[INFO] [stderr]    Compiling tower-http v0.6.10
[INFO] [stderr]    Compiling h2 v0.4.14
[INFO] [stderr]    Compiling vasal-sidecar-sdk v0.1.0 (/opt/rustwide/workdir/crates/vasal-sidecar-sdk)
[INFO] [stderr]    Compiling tower v0.4.13
[INFO] [stderr]    Compiling ebpf-observer v0.1.0 (/opt/rustwide/workdir/sidecars/ebpf-observer)
[INFO] [stderr]    Compiling echo-ctrl v0.1.0 (/opt/rustwide/workdir/sidecars/echo-ctrl)
[INFO] [stderr]    Compiling sql-ctrl v0.1.0 (/opt/rustwide/workdir/sidecars/sql-ctrl)
[INFO] [stderr]    Compiling vasal-protocol v0.1.0 (/opt/rustwide/workdir/crates/vasal-protocol)
[INFO] [stderr]    Compiling hyper v1.9.0
[INFO] [stderr]    Compiling hyper-util v0.1.20
[INFO] [stderr]    Compiling axum v0.7.9
[INFO] [stderr]    Compiling hyper-rustls v0.27.9
[INFO] [stderr]    Compiling hyper-timeout v0.5.2
[INFO] [stderr]    Compiling reqwest v0.12.28
[INFO] [stderr]    Compiling tonic v0.12.3
[INFO] [stderr]    Compiling vasal-server-example v0.1.0 (/opt/rustwide/workdir/vasal-server-example)
[INFO] [stderr]    Compiling vasal-core v0.1.0 (/opt/rustwide/workdir/crates/vasal-core)
[INFO] [stderr]     Finished `release` profile [optimized] target(s) in 2m 27s
[INFO] running `Command { std: "docker" "inspect" "dbb3a9b6df0eb686fdd8c887586337dd3e7bb3774bccd69b335b6b531727a5d8", kill_on_drop: false }`
[INFO] running `Command { std: "docker" "exec" "-e" "SOURCE_DIR=/opt/rustwide/workdir" "-e" "CARGO_HOME=/opt/rustwide/cargo-home" "-e" "RUSTUP_HOME=/opt/rustwide/rustup-home" "-e" "CARGO_TARGET_DIR=/opt/rustwide/target" "-e" "CARGO_INCREMENTAL=0" "-e" "RUST_BACKTRACE=full" "-e" "RUSTFLAGS=--cap-lints=warn" "-e" "RUSTDOCFLAGS=--cap-lints=warn" "-w" "/opt/rustwide/workdir" "--user" "0:0" "dbb3a9b6df0eb686fdd8c887586337dd3e7bb3774bccd69b335b6b531727a5d8" "/opt/rustwide/cargo-home/bin/cargo" "+1.100.0-beta.1" "test" "--frozen" "--release", kill_on_drop: false }`
[INFO] [stderr]     Finished `release` profile [optimized] target(s) in 0.49s
[INFO] [stderr]      Running unittests src/main.rs (/opt/rustwide/target/release/build/ebpf-observer/e562ce2f2b7a1ca3/out/ebpf_observer-e562ce2f2b7a1ca3)
[INFO] [stdout] 
[INFO] [stdout] running 0 tests
[INFO] [stdout] 
[INFO] [stdout] test result: ok. 0 passed; 0 failed; 0 ignored; 0 measured; 0 filtered out; finished in 0.00s
[INFO] [stdout] 
[INFO] [stderr]      Running unittests src/main.rs (/opt/rustwide/target/release/build/echo-ctrl/f92d77fbbd8c2313/out/echo_ctrl-f92d77fbbd8c2313)
[INFO] [stdout] 
[INFO] [stdout] running 0 tests
[INFO] [stdout] 
[INFO] [stdout] test result: ok. 0 passed; 0 failed; 0 ignored; 0 measured; 0 filtered out; finished in 0.00s
[INFO] [stdout] 
[INFO] [stderr]      Running unittests src/main.rs (/opt/rustwide/target/release/build/sql-ctrl/a353c0c7266f57a6/out/sql_ctrl-a353c0c7266f57a6)
[INFO] [stdout] 
[INFO] [stdout] running 6 tests
[INFO] [stdout] test tests::missing_dsn_returns_error ... ok
[INFO] [stdout] test tests::query_invalid_sql_returns_error ... ok
[INFO] [stdout] test tests::query_with_bind_params ... ok
[INFO] [stdout] test tests::query_returns_rows ... ok
[INFO] [stdout] test tests::discover_returns_schema ... ok
[INFO] [stdout] test tests::exec_insert_returns_affected ... ok
[INFO] [stdout] 
[INFO] [stdout] test result: ok. 6 passed; 0 failed; 0 ignored; 0 measured; 0 filtered out; finished in 0.13s
[INFO] [stdout] 
[INFO] [stderr]      Running unittests src/lib.rs (/opt/rustwide/target/release/build/vasal-core/10897099f22a689a/out/vasal_core-10897099f22a689a)
[INFO] [stdout] 
[INFO] [stdout] running 30 tests
[INFO] [stdout] test auth::tests::save_and_load_roundtrip ... ok
[INFO] [stdout] test auth::tests::expired_token_returns_none ... ok
[INFO] [stdout] test config::tests::config_lint_catches_disabled_auth ... ok
[INFO] [stdout] test config::tests::config_lint_catches_zero_concurrency ... ok
[INFO] [stdout] test auth::tests::empty_store_has_no_token ... ok
[INFO] [stdout] test auth::tests::from_response_and_access ... ok
[INFO] [stdout] test config::tests::transport_mode_default ... ok
[INFO] [stdout] test config::tests::runtime_config_extraction ... ok
[INFO] [stdout] test config::tests::parse_minimal_config ... ok
[INFO] [stdout] test credential::tests::lazy_credentials_json_empty ... ok
[INFO] [stdout] test credential::tests::filter_lazy_credentials ... ok
[INFO] [stdout] test metrics::tests::metrics_increment_and_export ... ok
[INFO] [stdout] test metrics::tests::metrics_textfile_write ... ok
[INFO] [stdout] test state::tests::audit_log_lifecycle ... ok
[INFO] [stdout] test metrics::tests::metrics_to_json ... ok
[INFO] [stdout] test self_upgrade::tests::check_pending_no_file ... ok
[INFO] [stdout] test self_upgrade::tests::check_pending_corrupt_file ... ok
[INFO] [stdout] test state::tests::task_journal_and_prune ... ok
[INFO] [stdout] test self_upgrade::tests::check_pending_valid_file ... ok
[INFO] [stdout] test state::tests::unit_crud ... ok
[INFO] [stdout] test task::shell::tests::echo_hello ... ok
[INFO] [stdout] test task::shell::tests::credentials_as_env_vars ... ok
[INFO] [stdout] test task::shell::tests::stderr_captured ... ok
[INFO] [stdout] test task::shell::tests::exit_code_propagated ... ok
[INFO] [stdout] test task::shell::tests::missing_script_field ... ok
[INFO] [stdout] test task::chain::tests::all_steps_succeed ... ok
[INFO] [stdout] test task::chain::tests::step_fails_aborts_chain ... ok
[INFO] [stdout] test task::shell::tests::cancellation ... ok
[INFO] [stdout] test task::shell::tests::timeout_kills_process ... ok
[INFO] [stdout] test task::continuous::tests::cancellation_stops_continuous_task ... ok
[INFO] [stdout] 
[INFO] [stdout] test result: ok. 30 passed; 0 failed; 0 ignored; 0 measured; 0 filtered out; finished in 0.20s
[INFO] [stdout] 
[INFO] [stderr]      Running unittests src/main.rs (/opt/rustwide/target/release/build/vasal-core/c57c91b227f9de41/out/vasal-c57c91b227f9de41)
[INFO] [stdout] 
[INFO] [stdout] running 0 tests
[INFO] [stdout] 
[INFO] [stdout] test result: ok. 0 passed; 0 failed; 0 ignored; 0 measured; 0 filtered out; finished in 0.00s
[INFO] [stdout] 
[INFO] [stderr]      Running tests/grpc_e2e.rs (/opt/rustwide/target/release/build/vasal-core/ef68719828f5aa5d/out/grpc_e2e-ef68719828f5aa5d)
[INFO] [stdout] 
[INFO] [stdout] running 1 test
[INFO] [stderr]      Running tests/integration.rs (/opt/rustwide/target/release/build/vasal-core/1ca2117bab945166/out/integration-1ca2117bab945166)
[INFO] [stdout] test grpc_roundtrip_task_and_result ... ok
[INFO] [stdout] 
[INFO] [stdout] test result: ok. 1 passed; 0 failed; 0 ignored; 0 measured; 0 filtered out; finished in 0.66s
[INFO] [stdout] 
[INFO] [stdout] 
[INFO] [stdout] running 24 tests
[INFO] [stdout] test config_load_invalid_toml_returns_error ... ok
[INFO] [stdout] test shell_task_nonzero_exit ... ok
[INFO] [stdout] test config_load_from_toml_file ... ok
[INFO] [stdout] test config_load_missing_file_returns_error ... ok
[INFO] [stdout] test shell_task_stderr_captured ... ok
[INFO] [stdout] test shell_task_success ... ok
[INFO] [stdout] test shell_task_credential_injection ... ok
[INFO] [stdout] test audit_record_and_retrieve ... ok
[INFO] [stdout] test state_store_persists_across_reopens ... ok
[INFO] [stdout] test shell_task_cancellation ... ok
[INFO] [stdout] test chain_rollback_failed_only ... ok
[INFO] [stdout] test chain_all_steps_succeed ... ok
[INFO] [stdout] test state_store_unit_list_and_remove ... ok
[INFO] [stdout] test audit_mark_forwarded ... ok
[INFO] [stdout] test chain_rollback_all_on_failure ... ok
[INFO] [stderr]    Compiling proc-macro2 v1.0.106
[INFO] [stdout] test shell_task_timeout ... ok
[INFO] [stdout] test audit_journal_prune ... ok
[INFO] [stderr]    Compiling quote v1.0.45
[INFO] [stderr]    Compiling unicode-ident v1.0.24
[INFO] [stderr]    Compiling libc v0.2.186
[INFO] [stderr]    Compiling cfg-if v1.0.4
[INFO] [stderr]    Compiling pin-project-lite v0.2.17
[INFO] [stderr]    Compiling serde_core v1.0.228
[INFO] [stderr]    Compiling futures-sink v0.3.32
[INFO] [stderr]    Compiling parking_lot_core v0.9.12
[INFO] [stderr]    Compiling futures-core v0.3.32
[INFO] [stderr]    Compiling memchr v2.8.0
[INFO] [stderr]    Compiling smallvec v1.15.1
[INFO] [stderr]    Compiling once_cell v1.21.4
[INFO] [stderr]    Compiling scopeguard v1.2.0
[INFO] [stderr]    Compiling getrandom v0.4.2
[INFO] [stderr]    Compiling zmij v1.0.21
[INFO] [stderr]     Blocking waiting for file lock on build directory
[INFO] [stderr]     Blocking waiting for file lock on build directory
[INFO] [stderr]    Compiling slab v0.4.12
[INFO] [stderr]    Compiling serde v1.0.228
[INFO] [stderr]    Compiling futures-io v0.3.32
[INFO] [stderr]     Blocking waiting for file lock on build directory
[INFO] [stderr]    Compiling lock_api v0.4.14
[INFO] [stderr]    Compiling futures-task v0.3.32
[INFO] [stderr]    Compiling futures-channel v0.3.32
[INFO] [stderr]    Compiling serde_json v1.0.149
[INFO] [stderr]    Compiling itoa v1.0.18
[INFO] [stderr]    Compiling bytes v1.11.1
[INFO] [stderr]    Compiling regex-syntax v0.8.10
[INFO] [stderr]    Compiling lazy_static v1.5.0
[INFO] [stderr]    Compiling log v0.4.29
[INFO] [stderr]    Compiling thread_local v1.1.9
[INFO] [stderr]    Compiling nu-ansi-term v0.50.3
[INFO] [stderr]     Blocking waiting for file lock on build directory
[INFO] [stderr]    Compiling sharded-slab v0.1.7
[INFO] [stdout] test task_manager_shell_submit_and_journal ... ok
[INFO] [stderr]    Compiling tracing-core v0.1.36
[INFO] [stdout] test task_manager_cancel_running_task ... ok
[INFO] [stderr]    Compiling tracing-log v0.2.0
[INFO] [stderr]    Compiling syn v2.0.117
[INFO] [stderr]    Compiling regex-automata v0.4.14
[INFO] [stderr]    Compiling errno v0.3.14
[INFO] [stderr]    Compiling mio v1.2.0
[INFO] [stderr]    Compiling socket2 v0.6.3
[INFO] [stderr]    Compiling signal-hook-registry v1.4.8
[INFO] [stderr]    Compiling parking_lot v0.12.5
[INFO] [stderr]    Compiling matchers v0.2.0
[INFO] [stderr]    Compiling uuid v1.23.1
[INFO] [stderr]    Compiling futures-macro v0.3.32
[INFO] [stderr]    Compiling tokio-macros v2.7.0
[INFO] [stderr]    Compiling tracing-attributes v0.1.31
[INFO] [stderr]    Compiling serde_derive v1.0.228
[INFO] [stderr]    Compiling async-trait v0.1.89
[INFO] [stderr]    Compiling tokio v1.52.3
[INFO] [stderr]    Compiling futures-util v0.3.32
[INFO] [stderr]    Compiling tracing v0.1.44
[INFO] [stderr]    Compiling tracing-subscriber v0.3.23
[INFO] [stderr]    Compiling futures-executor v0.3.32
[INFO] [stderr]    Compiling futures v0.3.32
[INFO] [stderr]    Compiling vasal-protocol v0.1.0 (/opt/rustwide/workdir/crates/vasal-protocol)
[INFO] [stderr]    Compiling tokio-util v0.7.18
[INFO] [stderr]    Compiling vasal-sidecar-sdk v0.1.0 (/opt/rustwide/workdir/crates/vasal-sidecar-sdk)
[INFO] [stderr]    Compiling echo-ctrl v0.1.0 (/opt/rustwide/workdir/sidecars/echo-ctrl)
[INFO] [stderr]     Finished `dev` profile [unoptimized + debuginfo] target(s) in 26.18s
[INFO] [stderr]     Finished `dev` profile [unoptimized + debuginfo] target(s) in 26.20s
[INFO] [stdout] test sidecar_health_check ... FAILED
[INFO] [stdout] test sidecar_execute_full_flow ... FAILED
[INFO] [stderr]     Finished `dev` profile [unoptimized + debuginfo] target(s) in 26.14s
[INFO] [stdout] test task_manager_sidecar_submit ... FAILED
[INFO] [stderr]     Finished `dev` profile [unoptimized + debuginfo] target(s) in 26.26s
[INFO] [stderr]     Finished `dev` profile [unoptimized + debuginfo] target(s) in 26.20s
[INFO] [stdout] test sidecar_submit_echo ... FAILED
[INFO] [stdout] test sidecar_unknown_method_returns_error ... FAILED
[INFO] [stdout] 
[INFO] [stdout] failures:
[INFO] [stdout] 
[INFO] [stdout] ---- sidecar_health_check stdout ----
[INFO] [stdout] 
[INFO] [stdout] thread 'sidecar_health_check' (5323) panicked at crates/vasal-core/tests/integration.rs:81:13:
[INFO] [stdout] failed to spawn echo-ctrl at /opt/rustwide/workdir/target/debug/echo-ctrl: No such file or directory (os error 2)
[INFO] [stdout] stack backtrace:
[INFO] [stdout]    0:     0x60f56419fe81 - <<std[617be2ca0a6fd877]::sys::backtrace::BacktraceLock>::print::DisplayBacktrace as core[a373ad73a504971]::fmt::Display>::fmt
[INFO] [stdout]    1:     0x60f5641b72ba - core[a373ad73a504971]::fmt::write
[INFO] [stdout]    2:     0x60f5641a4abc - <alloc[2e1b2a31b91974c5]::vec::Vec<u8> as core[a373ad73a504971]::io::write::Write>::write_fmt
[INFO] [stdout]    3:     0x60f564178246 - std[617be2ca0a6fd877]::panicking::default_hook::{closure#0}
[INFO] [stdout]    4:     0x60f5641961e9 - std[617be2ca0a6fd877]::panicking::default_hook
[INFO] [stdout]    5:     0x60f563cc5690 - test[aada8e7e76ba119b]::test_main_inner::{closure#0}
[INFO] [stdout]    6:     0x60f564196512 - std[617be2ca0a6fd877]::panicking::panic_with_hook
[INFO] [stdout]    7:     0x60f5641782f2 - std[617be2ca0a6fd877]::panicking::panic_handler::{closure#0}
[INFO] [stdout]    8:     0x60f564170c19 - std[617be2ca0a6fd877]::sys::backtrace::__rust_end_short_backtrace::<std[617be2ca0a6fd877]::panicking::panic_handler::{closure#0}, !>
[INFO] [stdout]    9:     0x60f56417929d - __rustc[ea4f61d10b84890b]::rust_begin_unwind
[INFO] [stdout]   10:     0x60f5641b7a1c - core[a373ad73a504971]::panicking::panic_fmt
[INFO] [stdout]   11:     0x60f563c3ee11 - integration[7e95dbe37caafb3b]::spawn_echo_ctrl::{closure#0}
[INFO] [stdout]   12:     0x60f563c40914 - integration[7e95dbe37caafb3b]::sidecar_health_check::{closure#0}
[INFO] [stdout]   13:     0x60f563c966ab - <tokio[31de3b6084ee07f7]::runtime::scheduler::current_thread::CurrentThread>::block_on::<core[a373ad73a504971]::pin::Pin<&mut dyn core[a373ad73a504971]::future::future::Future<Output = ()>>>
[INFO] [stdout]   14:     0x60f563cb6272 - <tokio[31de3b6084ee07f7]::runtime::runtime::Runtime>::block_on::<core[a373ad73a504971]::pin::Pin<&mut dyn core[a373ad73a504971]::future::future::Future<Output = ()>>>
[INFO] [stdout]   15:     0x60f563c58d9e - <integration[7e95dbe37caafb3b]::sidecar_health_check::{closure#0} as core[a373ad73a504971]::ops::function::FnOnce<()>>::call_once
[INFO] [stdout]   16:     0x60f563cb8adb - test[aada8e7e76ba119b]::__rust_begin_short_backtrace::<core[a373ad73a504971]::result::Result<(), alloc[2e1b2a31b91974c5]::string::String>, fn() -> core[a373ad73a504971]::result::Result<(), alloc[2e1b2a31b91974c5]::string::String>>
[INFO] [stdout]   17:     0x60f563cc5cb5 - test[aada8e7e76ba119b]::run_test::{closure#0}
[INFO] [stdout]   18:     0x60f563cbf5a4 - std[617be2ca0a6fd877]::sys::backtrace::__rust_begin_short_backtrace::<test[aada8e7e76ba119b]::run_test::{closure#1}, ()>
[INFO] [stdout]   19:     0x60f563cc8d42 - <std[617be2ca0a6fd877]::thread::lifecycle::spawn_unchecked<test[aada8e7e76ba119b]::run_test::{closure#1}, ()>::{closure#1} as core[a373ad73a504971]::ops::function::FnOnce<()>>::call_once::{shim:vtable#0}
[INFO] [stdout]   20:     0x60f56419ed2f - <std[617be2ca0a6fd877]::sys::thread::unix::Thread>::new::thread_start
[INFO] [stdout]   21:     0x7700c0123dfa - <unknown>
[INFO] [stdout]   22:     0x7700c01b73d4 - clone
[INFO] [stdout]   23:                0x0 - <unknown>
[INFO] [stdout] 
[INFO] [stdout] ---- sidecar_execute_full_flow stdout ----
[INFO] [stdout] 
[INFO] [stdout] thread 'sidecar_execute_full_flow' (5320) panicked at crates/vasal-core/tests/integration.rs:81:13:
[INFO] [stdout] failed to spawn echo-ctrl at /opt/rustwide/workdir/target/debug/echo-ctrl: No such file or directory (os error 2)
[INFO] [stdout] stack backtrace:
[INFO] [stdout]    0:     0x60f56419fe81 - <<std[617be2ca0a6fd877]::sys::backtrace::BacktraceLock>::print::DisplayBacktrace as core[a373ad73a504971]::fmt::Display>::fmt
[INFO] [stdout]    1:     0x60f5641b72ba - core[a373ad73a504971]::fmt::write
[INFO] [stdout]    2:     0x60f5641a4abc - <alloc[2e1b2a31b91974c5]::vec::Vec<u8> as core[a373ad73a504971]::io::write::Write>::write_fmt
[INFO] [stdout]    3:     0x60f564178246 - std[617be2ca0a6fd877]::panicking::default_hook::{closure#0}
[INFO] [stdout]    4:     0x60f5641961e9 - std[617be2ca0a6fd877]::panicking::default_hook
[INFO] [stdout]    5:     0x60f563cc5690 - test[aada8e7e76ba119b]::test_main_inner::{closure#0}
[INFO] [stdout]    6:     0x60f564196512 - std[617be2ca0a6fd877]::panicking::panic_with_hook
[INFO] [stdout]    7:     0x60f5641782f2 - std[617be2ca0a6fd877]::panicking::panic_handler::{closure#0}
[INFO] [stdout]    8:     0x60f564170c19 - std[617be2ca0a6fd877]::sys::backtrace::__rust_end_short_backtrace::<std[617be2ca0a6fd877]::panicking::panic_handler::{closure#0}, !>
[INFO] [stdout]    9:     0x60f56417929d - __rustc[ea4f61d10b84890b]::rust_begin_unwind
[INFO] [stdout]   10:     0x60f5641b7a1c - core[a373ad73a504971]::panicking::panic_fmt
[INFO] [stdout]   11:     0x60f563c3ee11 - integration[7e95dbe37caafb3b]::spawn_echo_ctrl::{closure#0}
[INFO] [stdout]   12:     0x60f563c422ee - integration[7e95dbe37caafb3b]::sidecar_execute_full_flow::{closure#0}
[INFO] [stdout]   13:     0x60f563c966ab - <tokio[31de3b6084ee07f7]::runtime::scheduler::current_thread::CurrentThread>::block_on::<core[a373ad73a504971]::pin::Pin<&mut dyn core[a373ad73a504971]::future::future::Future<Output = ()>>>
[INFO] [stdout]   14:     0x60f563cb6272 - <tokio[31de3b6084ee07f7]::runtime::runtime::Runtime>::block_on::<core[a373ad73a504971]::pin::Pin<&mut dyn core[a373ad73a504971]::future::future::Future<Output = ()>>>
[INFO] [stdout]   15:     0x60f563c59e6e - <integration[7e95dbe37caafb3b]::sidecar_execute_full_flow::{closure#0} as core[a373ad73a504971]::ops::function::FnOnce<()>>::call_once
[INFO] [stdout]   16:     0x60f563cb8adb - test[aada8e7e76ba119b]::__rust_begin_short_backtrace::<core[a373ad73a504971]::result::Result<(), alloc[2e1b2a31b91974c5]::string::String>, fn() -> core[a373ad73a504971]::result::Result<(), alloc[2e1b2a31b91974c5]::string::String>>
[INFO] [stdout]   17:     0x60f563cc5cb5 - test[aada8e7e76ba119b]::run_test::{closure#0}
[INFO] [stdout]   18:     0x60f563cbf5a4 - std[617be2ca0a6fd877]::sys::backtrace::__rust_begin_short_backtrace::<test[aada8e7e76ba119b]::run_test::{closure#1}, ()>
[INFO] [stdout]   19:     0x60f563cc8d42 - <std[617be2ca0a6fd877]::thread::lifecycle::spawn_unchecked<test[aada8e7e76ba119b]::run_test::{closure#1}, ()>::{closure#1} as core[a373ad73a504971]::ops::function::FnOnce<()>>::call_once::{shim:vtable#0}
[INFO] [stdout]   20:     0x60f56419ed2f - <std[617be2ca0a6fd877]::sys::thread::unix::Thread>::new::thread_start
[INFO] [stdout]   21:     0x7700c0123dfa - <unknown>
[INFO] [stdout]   22:     0x7700c01b73d4 - clone
[INFO] [stdout]   23:                0x0 - <unknown>
[INFO] [stdout] 
[INFO] [stdout] ---- task_manager_sidecar_submit stdout ----
[INFO] [stdout] 
[INFO] [stdout] thread 'task_manager_sidecar_submit' (5378) panicked at crates/vasal-core/tests/integration.rs:81:13:
[INFO] [stdout] failed to spawn echo-ctrl at /opt/rustwide/workdir/target/debug/echo-ctrl: No such file or directory (os error 2)
[INFO] [stdout] stack backtrace:
[INFO] [stdout]    0:     0x60f56419fe81 - <<std[617be2ca0a6fd877]::sys::backtrace::BacktraceLock>::print::DisplayBacktrace as core[a373ad73a504971]::fmt::Display>::fmt
[INFO] [stdout]    1:     0x60f5641b72ba - core[a373ad73a504971]::fmt::write
[INFO] [stdout]    2:     0x60f5641a4abc - <alloc[2e1b2a31b91974c5]::vec::Vec<u8> as core[a373ad73a504971]::io::write::Write>::write_fmt
[INFO] [stdout]    3:     0x60f564178246 - std[617be2ca0a6fd877]::panicking::default_hook::{closure#0}
[INFO] [stdout]    4:     0x60f5641961e9 - std[617be2ca0a6fd877]::panicking::default_hook
[INFO] [stdout]    5:     0x60f563cc5690 - test[aada8e7e76ba119b]::test_main_inner::{closure#0}
[INFO] [stdout]    6:     0x60f564196512 - std[617be2ca0a6fd877]::panicking::panic_with_hook
[INFO] [stdout]    7:     0x60f5641782f2 - std[617be2ca0a6fd877]::panicking::panic_handler::{closure#0}
[INFO] [stdout]    8:     0x60f564170c19 - std[617be2ca0a6fd877]::sys::backtrace::__rust_end_short_backtrace::<std[617be2ca0a6fd877]::panicking::panic_handler::{closure#0}, !>
[INFO] [stdout]    9:     0x60f56417929d - __rustc[ea4f61d10b84890b]::rust_begin_unwind
[INFO] [stdout]   10:     0x60f5641b7a1c - core[a373ad73a504971]::panicking::panic_fmt
[INFO] [stdout]   11:     0x60f563c3ee11 - integration[7e95dbe37caafb3b]::spawn_echo_ctrl::{closure#0}
[INFO] [stdout]   12:     0x60f563c43c62 - integration[7e95dbe37caafb3b]::task_manager_sidecar_submit::{closure#0}
[INFO] [stdout]   13:     0x60f563c966ab - <tokio[31de3b6084ee07f7]::runtime::scheduler::current_thread::CurrentThread>::block_on::<core[a373ad73a504971]::pin::Pin<&mut dyn core[a373ad73a504971]::future::future::Future<Output = ()>>>
[INFO] [stdout]   14:     0x60f563cb6272 - <tokio[31de3b6084ee07f7]::runtime::runtime::Runtime>::block_on::<core[a373ad73a504971]::pin::Pin<&mut dyn core[a373ad73a504971]::future::future::Future<Output = ()>>>
[INFO] [stdout]   15:     0x60f563c5a77e - <integration[7e95dbe37caafb3b]::task_manager_sidecar_submit::{closure#0} as core[a373ad73a504971]::ops::function::FnOnce<()>>::call_once
[INFO] [stdout]   16:     0x60f563cb8adb - test[aada8e7e76ba119b]::__rust_begin_short_backtrace::<core[a373ad73a504971]::result::Result<(), alloc[2e1b2a31b91974c5]::string::String>, fn() -> core[a373ad73a504971]::result::Result<(), alloc[2e1b2a31b91974c5]::string::String>>
[INFO] [stdout]   17:     0x60f563cc5cb5 - test[aada8e7e76ba119b]::run_test::{closure#0}
[INFO] [stdout]   18:     0x60f563cbf5a4 - std[617be2ca0a6fd877]::sys::backtrace::__rust_begin_short_backtrace::<test[aada8e7e76ba119b]::run_test::{closure#1}, ()>
[INFO] [stdout]   19:     0x60f563cc8d42 - <std[617be2ca0a6fd877]::thread::lifecycle::spawn_unchecked<test[aada8e7e76ba119b]::run_test::{closure#1}, ()>::{closure#1} as core[a373ad73a504971]::ops::function::FnOnce<()>>::call_once::{shim:vtable#0}
[INFO] [stdout]   20:     0x60f56419ed2f - <std[617be2ca0a6fd877]::sys::thread::unix::Thread>::new::thread_start
[INFO] [stdout]   21:     0x7700c0123dfa - <unknown>
[INFO] [stdout]   22:     0x7700c01b73d4 - clone
[INFO] [stdout]   23:                0x0 - <unknown>
[INFO] [stdout] 
[INFO] [stdout] ---- sidecar_submit_echo stdout ----
[INFO] [stdout] 
[INFO] [stdout] thread 'sidecar_submit_echo' (5329) panicked at crates/vasal-core/tests/integration.rs:81:13:
[INFO] [stdout] failed to spawn echo-ctrl at /opt/rustwide/workdir/target/debug/echo-ctrl: No such file or directory (os error 2)
[INFO] [stdout] stack backtrace:
[INFO] [stdout]    0:     0x60f56419fe81 - <<std[617be2ca0a6fd877]::sys::backtrace::BacktraceLock>::print::DisplayBacktrace as core[a373ad73a504971]::fmt::Display>::fmt
[INFO] [stdout]    1:     0x60f5641b72ba - core[a373ad73a504971]::fmt::write
[INFO] [stdout]    2:     0x60f5641a4abc - <alloc[2e1b2a31b91974c5]::vec::Vec<u8> as core[a373ad73a504971]::io::write::Write>::write_fmt
[INFO] [stdout]    3:     0x60f564178246 - std[617be2ca0a6fd877]::panicking::default_hook::{closure#0}
[INFO] [stdout]    4:     0x60f5641961e9 - std[617be2ca0a6fd877]::panicking::default_hook
[INFO] [stdout]    5:     0x60f563cc5690 - test[aada8e7e76ba119b]::test_main_inner::{closure#0}
[INFO] [stdout]    6:     0x60f564196512 - std[617be2ca0a6fd877]::panicking::panic_with_hook
[INFO] [stdout]    7:     0x60f5641782f2 - std[617be2ca0a6fd877]::panicking::panic_handler::{closure#0}
[INFO] [stdout]    8:     0x60f564170c19 - std[617be2ca0a6fd877]::sys::backtrace::__rust_end_short_backtrace::<std[617be2ca0a6fd877]::panicking::panic_handler::{closure#0}, !>
[INFO] [stdout]    9:     0x60f56417929d - __rustc[ea4f61d10b84890b]::rust_begin_unwind
[INFO] [stdout]   10:     0x60f5641b7a1c - core[a373ad73a504971]::panicking::panic_fmt
[INFO] [stdout]   11:     0x60f563c3ee11 - integration[7e95dbe37caafb3b]::spawn_echo_ctrl::{closure#0}
[INFO] [stdout]   12:     0x60f563c3fcba - integration[7e95dbe37caafb3b]::sidecar_submit_echo::{closure#0}
[INFO] [stdout]   13:     0x60f563c966ab - <tokio[31de3b6084ee07f7]::runtime::scheduler::current_thread::CurrentThread>::block_on::<core[a373ad73a504971]::pin::Pin<&mut dyn core[a373ad73a504971]::future::future::Future<Output = ()>>>
[INFO] [stdout]   14:     0x60f563cb6272 - <tokio[31de3b6084ee07f7]::runtime::runtime::Runtime>::block_on::<core[a373ad73a504971]::pin::Pin<&mut dyn core[a373ad73a504971]::future::future::Future<Output = ()>>>
[INFO] [stdout]   15:     0x60f563c5817e - <integration[7e95dbe37caafb3b]::sidecar_submit_echo::{closure#0} as core[a373ad73a504971]::ops::function::FnOnce<()>>::call_once
[INFO] [stdout]   16:     0x60f563cb8adb - test[aada8e7e76ba119b]::__rust_begin_short_backtrace::<core[a373ad73a504971]::result::Result<(), alloc[2e1b2a31b91974c5]::string::String>, fn() -> core[a373ad73a504971]::result::Result<(), alloc[2e1b2a31b91974c5]::string::String>>
[INFO] [stdout]   17:     0x60f563cc5cb5 - test[aada8e7e76ba119b]::run_test::{closure#0}
[INFO] [stdout]   18:     0x60f563cbf5a4 - std[617be2ca0a6fd877]::sys::backtrace::__rust_begin_short_backtrace::<test[aada8e7e76ba119b]::run_test::{closure#1}, ()>
[INFO] [stdout]   19:     0x60f563cc8d42 - <std[617be2ca0a6fd877]::thread::lifecycle::spawn_unchecked<test[aada8e7e76ba119b]::run_test::{closure#1}, ()>::{closure#1} as core[a373ad73a504971]::ops::function::FnOnce<()>>::call_once::{shim:vtable#0}
[INFO] [stdout]   20:     0x60f56419ed2f - <std[617be2ca0a6fd877]::sys::thread::unix::Thread>::new::thread_start
[INFO] [stdout]   21:     0x7700c0123dfa - <unknown>
[INFO] [stdout]   22:     0x7700c01b73d4 - clone
[INFO] [stdout]   23:                0x0 - <unknown>
[INFO] [stdout] 
[INFO] [stdout] ---- sidecar_unknown_method_returns_error stdout ----
[INFO] [stdout] 
[INFO] [stdout] thread 'sidecar_unknown_method_returns_error' (5330) panicked at crates/vasal-core/tests/integration.rs:81:13:
[INFO] [stdout] failed to spawn echo-ctrl at /opt/rustwide/workdir/target/debug/echo-ctrl: No such file or directory (os error 2)
[INFO] [stdout] stack backtrace:
[INFO] [stdout]    0:     0x60f56419fe81 - <<std[617be2ca0a6fd877]::sys::backtrace::BacktraceLock>::print::DisplayBacktrace as core[a373ad73a504971]::fmt::Display>::fmt
[INFO] [stdout]    1:     0x60f5641b72ba - core[a373ad73a504971]::fmt::write
[INFO] [stdout]    2:     0x60f5641a4abc - <alloc[2e1b2a31b91974c5]::vec::Vec<u8> as core[a373ad73a504971]::io::write::Write>::write_fmt
[INFO] [stdout]    3:     0x60f564178246 - std[617be2ca0a6fd877]::panicking::default_hook::{closure#0}
[INFO] [stdout]    4:     0x60f5641961e9 - std[617be2ca0a6fd877]::panicking::default_hook
[INFO] [stdout]    5:     0x60f563cc5690 - test[aada8e7e76ba119b]::test_main_inner::{closure#0}
[INFO] [stdout]    6:     0x60f564196512 - std[617be2ca0a6fd877]::panicking::panic_with_hook
[INFO] [stdout]    7:     0x60f5641782f2 - std[617be2ca0a6fd877]::panicking::panic_handler::{closure#0}
[INFO] [stdout]    8:     0x60f564170c19 - std[617be2ca0a6fd877]::sys::backtrace::__rust_end_short_backtrace::<std[617be2ca0a6fd877]::panicking::panic_handler::{closure#0}, !>
[INFO] [stdout]    9:     0x60f56417929d - __rustc[ea4f61d10b84890b]::rust_begin_unwind
[INFO] [stdout]   10:     0x60f5641b7a1c - core[a373ad73a504971]::panicking::panic_fmt
[INFO] [stdout]   11:     0x60f563c3ee11 - integration[7e95dbe37caafb3b]::spawn_echo_ctrl::{closure#0}
[INFO] [stdout]   12:     0x60f563c4756d - integration[7e95dbe37caafb3b]::sidecar_unknown_method_returns_error::{closure#0}
[INFO] [stdout]   13:     0x60f563c966ab - <tokio[31de3b6084ee07f7]::runtime::scheduler::current_thread::CurrentThread>::block_on::<core[a373ad73a504971]::pin::Pin<&mut dyn core[a373ad73a504971]::future::future::Future<Output = ()>>>
[INFO] [stdout]   14:     0x60f563cb6272 - <tokio[31de3b6084ee07f7]::runtime::runtime::Runtime>::block_on::<core[a373ad73a504971]::pin::Pin<&mut dyn core[a373ad73a504971]::future::future::Future<Output = ()>>>
[INFO] [stdout]   15:     0x60f563c5cb2e - <integration[7e95dbe37caafb3b]::sidecar_unknown_method_returns_error::{closure#0} as core[a373ad73a504971]::ops::function::FnOnce<()>>::call_once
[INFO] [stdout]   16:     0x60f563cb8adb - test[aada8e7e76ba119b]::__rust_begin_short_backtrace::<core[a373ad73a504971]::result::Result<(), alloc[2e1b2a31b91974c5]::string::String>, fn() -> core[a373ad73a504971]::result::Result<(), alloc[2e1b2a31b91974c5]::string::String>>
[INFO] [stdout]   17:     0x60f563cc5cb5 - test[aada8e7e76ba119b]::run_test::{closure#0}
[INFO] [stdout]   18:     0x60f563cbf5a4 - std[617be2ca0a6fd877]::sys::backtrace::__rust_begin_short_backtrace::<test[aada8e7e76ba119b]::run_test::{closure#1}, ()>
[INFO] [stdout]   19:     0x60f563cc8d42 - <std[617be2ca0a6fd877]::thread::lifecycle::spawn_unchecked<test[aada8e7e76ba119b]::run_test::{closure#1}, ()>::{closure#1} as core[a373ad73a504971]::ops::function::FnOnce<()>>::call_once::{shim:vtable#0}
[INFO] [stdout]   20:     0x60f56419ed2f - <std[617be2ca0a6fd877]::sys::thread::unix::Thread>::new::thread_start
[INFO] [stdout]   21:     0x7700c0123dfa - <unknown>
[INFO] [stdout]   22:     0x7700c01b73d4 - clone
[INFO] [stdout]   23:                0x0 - <unknown>
[INFO] [stdout] 
[INFO] [stdout] 
[INFO] [stdout] failures:
[INFO] [stdout]     sidecar_execute_full_flow
[INFO] [stdout]     sidecar_health_check
[INFO] [stdout]     sidecar_submit_echo
[INFO] [stdout]     sidecar_unknown_method_returns_error
[INFO] [stdout]     task_manager_sidecar_submit
[INFO] [stdout] 
[INFO] [stdout] test result: FAILED. 19 passed; 5 failed; 0 ignored; 0 measured; 0 filtered out; finished in 26.34s
[INFO] [stdout] 
[INFO] [stderr] error: test failed, to rerun pass `-p vasal-core --test integration`
[INFO] running `Command { std: "docker" "inspect" "dbb3a9b6df0eb686fdd8c887586337dd3e7bb3774bccd69b335b6b531727a5d8", kill_on_drop: false }`
[INFO] running `Command { std: "docker" "rm" "-f" "dbb3a9b6df0eb686fdd8c887586337dd3e7bb3774bccd69b335b6b531727a5d8", kill_on_drop: false }`
[INFO] [stdout] dbb3a9b6df0eb686fdd8c887586337dd3e7bb3774bccd69b335b6b531727a5d8
