[INFO] cloning repository https://github.com/fschutt/printpdf
[INFO] running `Command { std: "git" "-c" "credential.helper=" "-c" "credential.helper=/workspace/cargo-home/bin/git-credential-null" "clone" "--bare" "https://github.com/fschutt/printpdf" "/workspace/cache/git-repos/https%3A%2F%2Fgithub.com%2Ffschutt%2Fprintpdf", kill_on_drop: false }`
[INFO] [stderr] Cloning into bare repository '/workspace/cache/git-repos/https%3A%2F%2Fgithub.com%2Ffschutt%2Fprintpdf'...
[INFO] running `Command { std: "git" "rev-parse" "HEAD", kill_on_drop: false }`
[INFO] [stdout] 5cc7cfd6d37c06862543952fb93aaeb6d1f99bb6
[INFO] testing fschutt/printpdf against 1.100.0-beta.1+cargoflags=--release for beta-release-1.100-2
[INFO] running `Command { std: "git" "clone" "/workspace/cache/git-repos/https%3A%2F%2Fgithub.com%2Ffschutt%2Fprintpdf" "/workspace/builds/worker-4-tc2/source", kill_on_drop: false }`
[INFO] [stderr] Cloning into '/workspace/builds/worker-4-tc2/source'...
[INFO] [stderr] done.
[INFO] started tweaking git repo https://github.com/fschutt/printpdf
[INFO] removed 0 missing examples
[INFO] finished tweaking git repo https://github.com/fschutt/printpdf
[INFO] tweaked toml for git repo https://github.com/fschutt/printpdf written to /workspace/builds/worker-4-tc2/source/Cargo.toml
[INFO] validating manifest of git repo https://github.com/fschutt/printpdf on toolchain 1.100.0-beta.1
[INFO] running `Command { std: CARGO_HOME="/workspace/cargo-home" RUSTUP_HOME="/workspace/rustup-home" "/workspace/cargo-home/bin/cargo" "+1.100.0-beta.1" "metadata" "--manifest-path" "Cargo.toml" "--no-deps", kill_on_drop: false }`
[INFO] running `Command { std: CARGO_HOME="/workspace/cargo-home" RUSTUP_HOME="/workspace/rustup-home" "/workspace/cargo-home/bin/cargo" "+1.100.0-beta.1" "generate-lockfile" "--manifest-path" "Cargo.toml", kill_on_drop: false }`
[INFO] [stderr]     Updating crates.io index
[INFO] [stderr]      Locking 280 packages to highest compatible versions
[INFO] [stderr]       Adding base64 v0.22.1 (available: v0.23.1)
[INFO] [stderr]       Adding lopdf v0.44.0 (available: v0.45.0)
[INFO] running `Command { std: CARGO_HOME="/workspace/cargo-home" RUSTUP_HOME="/workspace/rustup-home" "/workspace/cargo-home/bin/cargo" "+1.100.0-beta.1" "fetch" "--manifest-path" "Cargo.toml", kill_on_drop: false }`
[INFO] [stderr] warning: `package.homepage` is redundant with `package.repository`
[INFO] [stderr]    --> Cargo.toml:257:12
[INFO] [stderr]     |
[INFO] [stderr] 257 | homepage = "https://github.com/fschutt/printpdf"
[INFO] [stderr]     |            ^^^^^^^^^^^^^^^^^^^^^^^^^^^^^^^^^^^^^
[INFO] [stderr] ...
[INFO] [stderr] 262 | repository = "https://github.com/fschutt/printpdf"
[INFO] [stderr]     |              -------------------------------------
[INFO] [stderr]     |
[INFO] [stderr]     = note: `cargo::redundant_homepage` is set to `warn` by default
[INFO] [stderr] help: consider removing `package.homepage`
[INFO] [stderr] warning: `printpdf` (manifest) generated 1 warning
[INFO] running `Command { std: "docker" "create" "-v" "/var/lib/crater-agent-workspace/builds/worker-4-tc2/source:/opt/rustwide/workdir:ro,Z" "-v" "/var/lib/crater-agent-workspace/builds/worker-4-tc2/target:/opt/rustwide/target:rw,Z" "-v" "/var/lib/crater-agent-workspace/cargo-home:/opt/rustwide/cargo-home:ro,Z" "-v" "/var/lib/crater-agent-workspace/rustup-home:/opt/rustwide/rustup-home:ro,Z" "-m" "1610612736" "--network" "none" "ghcr.io/rust-lang/crates-build-env/linux@sha256:77db811e55d90add9212f6832c23229e3de5f1c1f9905e8cb07319ea15df73ac" "sleep" "infinity", kill_on_drop: false }`
[INFO] [stdout] 23af7f494ebbbd0242fc030be7f7c702bcd2dcc8ab591df11fc0fe9554706f0f
[INFO] running `Command { std: "docker" "start" "23af7f494ebbbd0242fc030be7f7c702bcd2dcc8ab591df11fc0fe9554706f0f", kill_on_drop: false }`
[INFO] running `Command { std: "docker" "inspect" "23af7f494ebbbd0242fc030be7f7c702bcd2dcc8ab591df11fc0fe9554706f0f", kill_on_drop: false }`
[INFO] running `Command { std: "docker" "exec" "-e" "SOURCE_DIR=/opt/rustwide/workdir" "-e" "CARGO_HOME=/opt/rustwide/cargo-home" "-e" "RUSTUP_HOME=/opt/rustwide/rustup-home" "-e" "CARGO_TARGET_DIR=/opt/rustwide/target" "-w" "/opt/rustwide/workdir" "--user" "0:0" "23af7f494ebbbd0242fc030be7f7c702bcd2dcc8ab591df11fc0fe9554706f0f" "/opt/rustwide/cargo-home/bin/cargo" "+1.100.0-beta.1" "metadata" "--no-deps" "--format-version=1", kill_on_drop: false }`
[INFO] running `Command { std: "docker" "inspect" "23af7f494ebbbd0242fc030be7f7c702bcd2dcc8ab591df11fc0fe9554706f0f", kill_on_drop: false }`
[INFO] running `Command { std: "docker" "exec" "-e" "SOURCE_DIR=/opt/rustwide/workdir" "-e" "CARGO_HOME=/opt/rustwide/cargo-home" "-e" "RUSTUP_HOME=/opt/rustwide/rustup-home" "-e" "CARGO_TARGET_DIR=/opt/rustwide/target" "-e" "CARGO_INCREMENTAL=0" "-e" "RUST_BACKTRACE=full" "-e" "RUSTFLAGS=--cap-lints=warn" "-e" "RUSTDOCFLAGS=--cap-lints=warn" "-w" "/opt/rustwide/workdir" "--user" "0:0" "23af7f494ebbbd0242fc030be7f7c702bcd2dcc8ab591df11fc0fe9554706f0f" "/opt/rustwide/cargo-home/bin/cargo" "+1.100.0-beta.1" "build" "--frozen" "--message-format=json" "--release", kill_on_drop: false }`
[INFO] [stderr] warning: `package.homepage` is redundant with `package.repository`
[INFO] [stderr]    --> Cargo.toml:257:12
[INFO] [stderr]     |
[INFO] [stderr] 257 | homepage = "https://github.com/fschutt/printpdf"
[INFO] [stderr]     |            ^^^^^^^^^^^^^^^^^^^^^^^^^^^^^^^^^^^^^
[INFO] [stderr] ...
[INFO] [stderr] 262 | repository = "https://github.com/fschutt/printpdf"
[INFO] [stderr]     |              -------------------------------------
[INFO] [stderr]     |
[INFO] [stderr]     = note: `cargo::redundant_homepage` is set to `warn` by default
[INFO] [stderr] help: consider removing `package.homepage`
[INFO] [stderr] warning: `printpdf` (manifest) generated 1 warning
[INFO] [stderr]    Compiling proc-macro2 v1.0.107
[INFO] [stderr]    Compiling unicode-ident v1.0.27
[INFO] [stderr]    Compiling quote v1.0.47
[INFO] [stderr]    Compiling serde_core v1.0.229
[INFO] [stderr]    Compiling typenum v1.20.1
[INFO] [stderr]    Compiling serde v1.0.229
[INFO] [stderr]    Compiling cfg-if v1.0.5
[INFO] [stderr]    Compiling rustversion v1.0.23
[INFO] [stderr]    Compiling fst v0.4.7
[INFO] [stderr]    Compiling semver v1.0.28
[INFO] [stderr]    Compiling libc v0.2.191
[INFO] [stderr]    Compiling crc32fast v1.5.2
[INFO] [stderr]    Compiling simd-adler32 v0.3.10
[INFO] [stderr]    Compiling tinyvec v1.13.3
[INFO] [stderr]    Compiling simdutf8 v0.1.5
[INFO] [stderr]    Compiling log v0.4.34
[INFO] [stderr]    Compiling unicode-general-category v1.1.0
[INFO] [stderr]    Compiling core_detect v1.0.0
[INFO] [stderr]    Compiling multiversion_no_op v1.0.0
[INFO] [stderr]    Compiling unicode-canonical-combining-class v1.0.0
[INFO] [stderr]    Compiling rustc_version v0.4.1
[INFO] [stderr]    Compiling miniz_oxide v0.9.1
[INFO] [stderr]    Compiling unicode-joining-type v1.0.0
[INFO] [stderr]    Compiling alloc-stdlib v0.2.4
[INFO] [stderr]    Compiling pathfinder_simd v0.5.6
[INFO] [stderr]    Compiling memchr v2.8.3
[INFO] [stderr]    Compiling libm v0.2.16
[INFO] [stderr]    Compiling cpufeatures v0.3.1
[INFO] [stderr]    Compiling bitflags v2.13.2
[INFO] [stderr]    Compiling brotli-decompressor v5.0.3
[INFO] [stderr]    Compiling encoding_rs v0.8.42
[INFO] [stderr]    Compiling flate2 v1.1.10
[INFO] [stderr]    Compiling pathfinder_geometry v0.5.1
[INFO] [stderr]    Compiling syn v3.0.9
[INFO] [stderr]    Compiling syn v2.0.119
[INFO] [stderr]    Compiling slotmap v1.1.1
[INFO] [stderr]    Compiling thiserror v2.0.21
[INFO] [stderr]    Compiling const-oid v0.10.2
[INFO] [stderr]    Compiling glyph-names v0.2.0
[INFO] [stderr]    Compiling rustc-hash v2.1.3
[INFO] [stderr]    Compiling pocket-resources v0.3.2
[INFO] [stderr]    Compiling getrandom v0.4.3
[INFO] [stderr]    Compiling ucd-trie v0.1.7
[INFO] [stderr]    Compiling hybrid-array v0.4.15
[INFO] [stderr]    Compiling rand_core v0.10.1
[INFO] [stderr]    Compiling unicode-normalization v0.1.26
[INFO] [stderr]    Compiling mmapio v0.9.1
[INFO] [stderr]    Compiling zmij v1.0.23
[INFO] [stderr]    Compiling xmlparser v0.13.6
[INFO] [stderr]    Compiling azul-simplecss v0.2.2
[INFO] [stderr]    Compiling chacha20 v0.10.2
[INFO] [stderr]    Compiling crypto-common v0.2.2
[INFO] [stderr]    Compiling block-padding v0.4.2
[INFO] [stderr]    Compiling block-buffer v0.12.1
[INFO] [stderr]    Compiling hashbrown v0.17.1
[INFO] [stderr]    Compiling inout v0.2.4
[INFO] [stderr]    Compiling arrayvec v0.7.8
[INFO] [stderr]    Compiling grid v1.0.1
[INFO] [stderr]    Compiling gl-context-loader v0.1.10
[INFO] [stderr]    Compiling cpubits v0.1.1
[INFO] [stderr]    Compiling serde_json v1.0.154
[INFO] [stderr]    Compiling equivalent v1.0.3
[INFO] [stderr]    Compiling stringprep v0.1.5
[INFO] [stderr]    Compiling rand v0.10.3
[INFO] [stderr]    Compiling roxmltree v0.21.1
[INFO] [stderr]    Compiling taffy v0.10.1
[INFO] [stderr]    Compiling nom v8.0.0
[INFO] [stderr]    Compiling weezl v0.2.1
[INFO] [stderr]    Compiling num-conv v0.2.2
[INFO] [stderr]    Compiling rangemap v1.8.0
[INFO] [stderr]    Compiling deranged v0.5.9
[INFO] [stderr]    Compiling xmlwriter v0.1.0
[INFO] [stderr]    Compiling indexmap v2.14.2
[INFO] [stderr]    Compiling cipher v0.5.2
[INFO] [stderr]    Compiling digest v0.11.3
[INFO] [stderr]    Compiling azul-css v0.0.16
[INFO] [stderr]    Compiling sha2 v0.11.1
[INFO] [stderr]    Compiling serde_derive v1.0.229
[INFO] [stderr]    Compiling proc-macro2-diagnostics v0.10.1
[INFO] [stderr]    Compiling thiserror-impl v2.0.21
[INFO] [stderr]    Compiling ecb v0.2.1
[INFO] [stderr]    Compiling cbc v0.2.1
[INFO] [stderr]    Compiling aes v0.9.3
[INFO] [stderr]    Compiling md-5 v0.11.0
[INFO] [stderr]    Compiling powerfmt v0.2.1
[INFO] [stderr]    Compiling lru v0.18.5
[INFO] [stderr]    Compiling time-core v0.1.9
[INFO] [stderr]    Compiling unicode-segmentation v1.13.3
[INFO] [stderr]    Compiling regex-lite v0.1.9
[INFO] [stderr]    Compiling time v0.3.55
[INFO] [stderr]    Compiling enumflags2_derive v0.7.12
[INFO] [stderr]    Compiling ouroboros_macro v0.18.5
[INFO] [stderr]    Compiling enumflags2 v0.7.12
[INFO] [stderr]    Compiling bincode v1.3.3
[INFO] [stderr]    Compiling hyphenation_commons v0.8.4
[INFO] [stderr]    Compiling smallvec v1.16.3
[INFO] [stderr]    Compiling ouroboros v0.18.5
[INFO] [stderr]    Compiling allsorts-azul v0.17.2
[INFO] [stderr]    Compiling lopdf v0.44.0
[INFO] [stderr]    Compiling hyphenation v0.8.4
[INFO] [stderr]    Compiling rust-fontconfig v5.0.1
[INFO] [stderr]    Compiling azul-core v0.0.16
[INFO] [stderr]    Compiling azul-layout v0.0.16
[INFO] [stderr]    Compiling printpdf v0.12.8 (/opt/rustwide/workdir)
[INFO] [stderr]     Finished `release` profile [optimized] target(s) in 4m 30s
[INFO] running `Command { std: "docker" "inspect" "23af7f494ebbbd0242fc030be7f7c702bcd2dcc8ab591df11fc0fe9554706f0f", kill_on_drop: false }`
[INFO] running `Command { std: "docker" "exec" "-e" "SOURCE_DIR=/opt/rustwide/workdir" "-e" "CARGO_HOME=/opt/rustwide/cargo-home" "-e" "RUSTUP_HOME=/opt/rustwide/rustup-home" "-e" "CARGO_TARGET_DIR=/opt/rustwide/target" "-e" "CARGO_INCREMENTAL=0" "-e" "RUST_BACKTRACE=full" "-e" "RUSTFLAGS=--cap-lints=warn" "-e" "RUSTDOCFLAGS=--cap-lints=warn" "-w" "/opt/rustwide/workdir" "--user" "0:0" "23af7f494ebbbd0242fc030be7f7c702bcd2dcc8ab591df11fc0fe9554706f0f" "/opt/rustwide/cargo-home/bin/cargo" "+1.100.0-beta.1" "test" "--frozen" "--no-run" "--message-format=json" "--release", kill_on_drop: false }`
[INFO] [stderr] warning: `package.homepage` is redundant with `package.repository`
[INFO] [stderr]    --> Cargo.toml:257:12
[INFO] [stderr]     |
[INFO] [stderr] 257 | homepage = "https://github.com/fschutt/printpdf"
[INFO] [stderr]     |            ^^^^^^^^^^^^^^^^^^^^^^^^^^^^^^^^^^^^^
[INFO] [stderr] ...
[INFO] [stderr] 262 | repository = "https://github.com/fschutt/printpdf"
[INFO] [stderr]     |              -------------------------------------
[INFO] [stderr]     |
[INFO] [stderr]     = note: `cargo::redundant_homepage` is set to `warn` by default
[INFO] [stderr] help: consider removing `package.homepage`
[INFO] [stderr] warning: `printpdf` (manifest) generated 1 warning
[INFO] [stderr]    Compiling winapi-build v0.1.1
[INFO] [stderr]    Compiling winapi v0.2.8
[INFO] [stderr]    Compiling unicode-width v0.2.2
[INFO] [stderr]    Compiling yansi v1.0.1
[INFO] [stderr]    Compiling diff v0.1.13
[INFO] [stderr]    Compiling getopts v0.2.24
[INFO] [stderr]    Compiling kernel32-sys v0.2.2
[INFO] [stderr]    Compiling pretty_assertions v1.4.1
[INFO] [stderr]    Compiling term v0.2.14
[INFO] [stderr]    Compiling text-diff v0.4.0
[INFO] [stderr]    Compiling printpdf v0.12.8 (/opt/rustwide/workdir)
[INFO] [stdout] warning: unused import: `std::fs::File`
[INFO] [stdout]  --> examples/margin_collapse.rs:5:5
[INFO] [stdout]   |
[INFO] [stdout] 5 | use std::fs::File;
[INFO] [stdout]   |     ^^^^^^^^^^^^^
[INFO] [stdout]   |
[INFO] [stdout]   = note: `#[warn(unused_imports)]` (part of `#[warn(unused)]`) on by default
[INFO] [stdout] 
[INFO] [stdout] 
[INFO] [stdout] warning: unused import: `FontId`
[INFO] [stdout]   --> tests/font_embedding_mock.rs:35:5
[INFO] [stdout]    |
[INFO] [stdout] 35 |     FontId, Op, ParsedFont, PdfDocument, PdfPage, PdfParseErrorSeverity, PdfParseOptions,
[INFO] [stdout]    |     ^^^^^^
[INFO] [stdout]    |
[INFO] [stdout]    = note: `#[warn(unused_imports)]` (part of `#[warn(unused)]`) on by default
[INFO] [stdout] 
[INFO] [stdout] 
[INFO] [stderr]     Finished `release` profile [optimized] target(s) in 1m 18s
[INFO] running `Command { std: "docker" "inspect" "23af7f494ebbbd0242fc030be7f7c702bcd2dcc8ab591df11fc0fe9554706f0f", kill_on_drop: false }`
[INFO] running `Command { std: "docker" "exec" "-e" "SOURCE_DIR=/opt/rustwide/workdir" "-e" "CARGO_HOME=/opt/rustwide/cargo-home" "-e" "RUSTUP_HOME=/opt/rustwide/rustup-home" "-e" "CARGO_TARGET_DIR=/opt/rustwide/target" "-e" "CARGO_INCREMENTAL=0" "-e" "RUST_BACKTRACE=full" "-e" "RUSTFLAGS=--cap-lints=warn" "-e" "RUSTDOCFLAGS=--cap-lints=warn" "-w" "/opt/rustwide/workdir" "--user" "0:0" "23af7f494ebbbd0242fc030be7f7c702bcd2dcc8ab591df11fc0fe9554706f0f" "/opt/rustwide/cargo-home/bin/cargo" "+1.100.0-beta.1" "test" "--frozen" "--release", kill_on_drop: false }`
[INFO] [stderr] warning: `package.homepage` is redundant with `package.repository`
[INFO] [stderr]    --> Cargo.toml:257:12
[INFO] [stderr]     |
[INFO] [stderr] 257 | homepage = "https://github.com/fschutt/printpdf"
[INFO] [stderr]     |            ^^^^^^^^^^^^^^^^^^^^^^^^^^^^^^^^^^^^^
[INFO] [stderr] ...
[INFO] [stderr] 262 | repository = "https://github.com/fschutt/printpdf"
[INFO] [stderr]     |              -------------------------------------
[INFO] [stderr]     |
[INFO] [stderr]     = note: `cargo::redundant_homepage` is set to `warn` by default
[INFO] [stderr] help: consider removing `package.homepage`
[INFO] [stderr] warning: `printpdf` (manifest) generated 1 warning
[INFO] [stderr] warning: unused import: `std::fs::File`
[INFO] [stderr]  --> examples/margin_collapse.rs:5:5
[INFO] [stderr]   |
[INFO] [stderr] 5 | use std::fs::File;
[INFO] [stderr]   |     ^^^^^^^^^^^^^
[INFO] [stderr]   |
[INFO] [stderr]   = note: `#[warn(unused_imports)]` (part of `#[warn(unused)]`) on by default
[INFO] [stderr] 
[INFO] [stderr] warning: `printpdf` (example "margin_collapse") generated 1 warning (run `cargo fix --example "margin_collapse" -p printpdf` to apply 1 suggestion)
[INFO] [stderr] warning: unused import: `FontId`
[INFO] [stderr]   --> tests/font_embedding_mock.rs:35:5
[INFO] [stderr]    |
[INFO] [stderr] 35 |     FontId, Op, ParsedFont, PdfDocument, PdfPage, PdfParseErrorSeverity, PdfParseOptions,
[INFO] [stderr]    |     ^^^^^^
[INFO] [stderr]    |
[INFO] [stderr]    = note: `#[warn(unused_imports)]` (part of `#[warn(unused)]`) on by default
[INFO] [stderr] 
[INFO] [stderr] warning: `printpdf` (test "font_embedding_mock") generated 1 warning (run `cargo fix --test "font_embedding_mock" -p printpdf` to apply 1 suggestion)
[INFO] [stderr]     Finished `release` profile [optimized] target(s) in 0.39s
[INFO] [stderr]      Running unittests src/lib.rs (/opt/rustwide/target/release/build/printpdf/53c9596d9cd9feb0/out/printpdf-53c9596d9cd9feb0)
[INFO] [stdout] 
[INFO] [stdout] running 50 tests
[INFO] [stdout] test font::test::subset_test ... ignored, regenerates bundled subset fonts + FONTS table; run manually with --ignored
[INFO] [stdout] test cmap::tests::single_line_bfchar_is_parsed ... ok
[INFO] [stdout] test html::bridge::tests::image_item_without_bytes_is_noop ... ok
[INFO] [stdout] test cmap::tests::roundtrip_through_cmap_string ... ok
[INFO] [stdout] test font::bare_cff_wrap_test::synthetic_sfnt_upm_follows_font_matrix ... ok
[INFO] [stdout] test deserialize::test_2 ... ok
[INFO] [stdout] test cmap::tests::bfrange_form1_still_works ... ok
[INFO] [stdout] test deserialize::test_bezier_path_parsing ... ok
[INFO] [stdout] test cmap::tests::bfrange_reversed_is_error ... ok
[INFO] [stdout] test cmap::tests::bfrange_huge_range_is_bounded ... ok
[INFO] [stdout] test font::bare_cff_wrap_test::width_scanner_evaluates_escape_arithmetic ... ok
[INFO] [stdout] test cmap::tests::bfrange_form2_array_still_works ... ok
[INFO] [stdout] test graphics::tests::rect_to_array_emits_real_not_rounded ... ok
[INFO] [stdout] test html::bridge::tests::opaque_rect_has_no_extgstate ... ok
[INFO] [stdout] test html::bridge::tests::translucent_rect_emits_extgstate_alpha ... ok
[INFO] [stdout] test cmap::tests::multi_codepoint_bfchar_target ... ok
[INFO] [stdout] test cmap::tests::surrogate_pair_bfchar_target ... ok
[INFO] [stdout] test html::tests::test_clean_html_elements ... ok
[INFO] [stdout] test html::tests::test_default_options ... ok
[INFO] [stdout] test html::tests::test_html_config_extraction ... ok
[INFO] [stdout] test html::tests::test_inline_css ... ok
[INFO] [stdout] test image_types::pixel_wire_tests::pixels_serialize_as_base64_and_accept_legacy_arrays ... ok
[INFO] [stdout] test matrix::test_ctm_translate ... ok
[INFO] [stdout] test serialize::win_ansi_tests::accented_names_become_single_winansi_bytes ... ok
[INFO] [stdout] test serialize::tests::rectangle_honors_paint_mode ... ok
[INFO] [stdout] test serialize::win_ansi_tests::ascii_is_unchanged ... ok
[INFO] [stdout] test serialize::win_ansi_tests::typographic_punctuation_becomes_single_winansi_bytes ... ok
[INFO] [stdout] test serialize::win_ansi_tests::every_encoded_character_is_exactly_one_byte ... ok
[INFO] [stdout] test serialize::win_ansi_tests::does_not_emit_utf8_for_non_ascii ... ok
[INFO] [stdout] test serialize::win_ansi_tests::unrepresentable_characters_do_not_corrupt_the_stream ... ok
[INFO] [stdout] test shading::tests::axial_two_stop_builds_type2_function ... ok
[INFO] [stdout] test shading::tests::leading_constant_segment_for_offset_gradient ... ok
[INFO] [stdout] test html::builtin_font_tests::helvetica_keeps_four_distinct_faces ... ok
[INFO] [stdout] test units::max_mm ... ok
[INFO] [stdout] test shading::tests::multi_stop_builds_stitching_function ... ok
[INFO] [stdout] test units::max_pt ... ok
[INFO] [stdout] test units::min_pt ... ok
[INFO] [stdout] test units::min_mm ... ok
[INFO] [stdout] test units::mm_eq_zero_check ... ok
[INFO] [stdout] test units::mm_to_point_conversion ... ok
[INFO] [stdout] test units::pt_eq_zero_check ... ok
[INFO] [stdout] test units::point_to_mm_conversion ... ok
[INFO] [stdout] test utils::tests::xmp_date_zero_pads_single_digit_month ... ok
[INFO] [stdout] test with_pages_tests::with_pages_replaces ... ok
[INFO] [stdout] test html::builtin_font_tests::every_builtin_face_carries_real_coverage ... ok
[INFO] [stdout] test html::builtin_font_tests::builtin_coverage_is_exact_not_block_rounded ... ok
[INFO] [stdout] test html::builtin_font_tests::the_base_14_are_reachable_by_their_css_names ... ok
[INFO] [stdout] test html::builtin_font_tests::concrete_names_are_primary_and_generics_are_fallback_only ... ok
[INFO] [stdout] test html::memory_font_tests::memory_fonts_passed_from_outside_are_queryable ... ok
[INFO] [stdout] test html::tests::test_simple_xml_rendering ... ok
[INFO] [stdout] 
[INFO] [stdout] test result: ok. 49 passed; 0 failed; 1 ignored; 0 measured; 0 filtered out; finished in 0.42s
[INFO] [stdout] 
[INFO] [stderr]      Running tests/cid_encoding_e2e.rs (/opt/rustwide/target/release/build/printpdf/2b6f7d42820fe83a/out/cid_encoding_e2e-2b6f7d42820fe83a)
[INFO] [stdout] 
[INFO] [stdout] running 1 test
[INFO] [stdout] test one_byte_codes_through_embedded_cmap_decode_and_measure ... ok
[INFO] [stdout] 
[INFO] [stdout] test result: ok. 1 passed; 0 failed; 0 ignored; 0 measured; 0 filtered out; finished in 0.01s
[INFO] [stdout] 
[INFO] [stderr]      Running tests/cmap.rs (/opt/rustwide/target/release/build/printpdf/a72baa511581859e/out/cmap-a72baa511581859e)
[INFO] [stdout] 
[INFO] [stdout] running 12 tests
[INFO] [stdout] test tests::test_to_unicode_cmap_parsing ... ok
[INFO] [stdout] test cid_cmap::identity_cmaps ... ok
[INFO] [stdout] test cid_cmap::splits_variable_width_codes ... ok
[INFO] [stdout] test cid_cmap::hostile_cidrange_span_is_rejected ... ok
[INFO] [stdout] test cid_cmap::usecmap_identity_and_wmode ... ok
[INFO] [stdout] test cid_cmap::unresolvable_usecmap_is_reported ... ok
[INFO] [stdout] test tests::to_unicode_bfrange_huge_range_is_bounded ... ok
[INFO] [stdout] test tests::to_unicode_bfrange_reversed_range_is_error_not_panic ... ok
[INFO] [stdout] test tests::test_manual_cmap_decoding ... ok
[INFO] [stdout] test cid_cmap::maps_codes_to_cids ... ok
[INFO] [stdout] test cid_cmap::empty_codespace_defaults_to_two_bytes ... ok
[INFO] [stdout] test tests::test_tj_operator_decoding ... ok
[INFO] [stdout] 
[INFO] [stdout] test result: ok. 12 passed; 0 failed; 0 ignored; 0 measured; 0 filtered out; finished in 0.06s
[INFO] [stdout] 
[INFO] [stderr]      Running tests/date.rs (/opt/rustwide/target/release/build/printpdf/2a15f70bfcd9c655/out/date-2a15f70bfcd9c655)
[INFO] [stdout] 
[INFO] [stdout] running 11 tests
[INFO] [stdout] test test_month_conversion ... ok
[INFO] [stdout] test test_time_serialization ... ok
[INFO] [stdout] test test_offset_serialization ... ok
[INFO] [stdout] test test_date_serialization ... ok
[INFO] [stdout] test test_datetime_serialization ... ok
[INFO] [stdout] test test_pdf_date_parsing ... ok
[INFO] [stdout] test test_edge_cases ... ok
[INFO] [stdout] test test_parse_pdf_date_multibyte_does_not_panic ... ok
[INFO] [stdout] test test_utc_offset ... ok
[INFO] [stdout] test test_epoch ... ok
[INFO] [stderr]      Running tests/debug_html_bounds.rs (/opt/rustwide/target/release/build/printpdf/77d9acdb572bcdde/out/debug_html_bounds-77d9acdb572bcdde)
[INFO] [stdout] test test_datetime_str_parsing ... ok
[INFO] [stdout] 
[INFO] [stdout] test result: ok. 11 passed; 0 failed; 0 ignored; 0 measured; 0 filtered out; finished in 0.01s
[INFO] [stdout] 
[INFO] [stdout] 
[INFO] [stdout] running 1 test
[INFO] [stdout] test debug_html_bounds ... ok
[INFO] [stdout] 
[INFO] [stdout] test result: ok. 1 passed; 0 failed; 0 ignored; 0 measured; 0 filtered out; finished in 0.08s
[INFO] [stdout] 
[INFO] [stderr]      Running tests/external_tools.rs (/opt/rustwide/target/release/build/printpdf/dc537b323dbeef06/out/external_tools-dc537b323dbeef06)
[INFO] [stdout] 
[INFO] [stdout] running 9 tests
[INFO] [stdout] test pdftotext_roundtrips_external_font_text ... ok
[INFO] [stdout] test pdffonts_accepts_the_embedded_cff_program ... ok
[INFO] [stdout] test pdftotext_roundtrips_builtin_and_external_together ... ok
[INFO] [stdout] test pdffonts_accepts_the_embedded_truetype_program ... ok
[INFO] [stdout] test pdftotext_roundtrips_builtin_font_text ... ok
[INFO] [stdout] test pdftotext_roundtrips_multipage ... ok
[INFO] [stdout] test pdftotext_roundtrips_quote_operators ... ok
[INFO] [stdout] test pdftotext_roundtrips_builtin_font_non_ascii ... ok
[INFO] [stdout] test pdftotext_roundtrips_cjk_text ... ok
[INFO] [stdout] 
[INFO] [stdout] test result: ok. 9 passed; 0 failed; 0 ignored; 0 measured; 0 filtered out; finished in 0.01s
[INFO] [stdout] 
[INFO] [stderr]      Running tests/font.rs (/opt/rustwide/target/release/build/printpdf/45f6ede5cf5c5880/out/font-45f6ede5cf5c5880)
[INFO] [stdout] 
[INFO] [stdout] running 1 test
[INFO] [stdout] test test_custom_font_roundtrip ... ok
[INFO] [stdout] 
[INFO] [stdout] test result: ok. 1 passed; 0 failed; 0 ignored; 0 measured; 0 filtered out; finished in 0.01s
[INFO] [stdout] 
[INFO] [stderr]      Running tests/font_embedding.rs (/opt/rustwide/target/release/build/printpdf/3c9b8fe5367f4c46/out/font_embedding-3c9b8fe5367f4c46)
[INFO] [stdout] 
[INFO] [stdout] running 15 tests
[INFO] [stdout] test font_without_source_bytes_errors_and_omits_the_font_program ... ok
[INFO] [stdout] test builtin_and_external_font_on_the_same_page ... ok
[INFO] [stdout] test builtin_font_is_referenced_not_embedded ... ok
[INFO] [stdout] test truetype_font_program_is_embedded_without_subsetting ... ok
[INFO] [stdout] test font_descriptor_metrics_are_normalised_to_1000_em ... ok
[INFO] [stdout] test content_stream_glyph_ids_exist_in_the_embedded_font ... ok
[INFO] [stdout] test serde_roundtrip_keeps_the_font_embeddable ... ok
[INFO] [stdout] test italic_font_descriptor_reports_the_slant ... ok
[INFO] [stdout] test truetype_font_program_is_embedded_with_subsetting ... ok
[INFO] [stdout] test widths_are_keyed_by_content_glyph_ids_and_normalised ... ok
[INFO] [stdout] test tounicode_maps_content_glyph_ids_back_to_the_source_text ... ok
[INFO] [stdout] test parsed_font_from_bytes_retains_source_bytes ... ok
[INFO] [stdout] test roundtrip_recovers_font_resource_and_text ... ok
[INFO] [stdout] test cff_opentype_font_program_is_embedded ... ok
[INFO] [stdout] test only_one_allsorts_is_linked ... ok
[INFO] [stdout] 
[INFO] [stdout] test result: ok. 15 passed; 0 failed; 0 ignored; 0 measured; 0 filtered out; finished in 0.22s
[INFO] [stdout] 
[INFO] [stderr]      Running tests/font_embedding_mock.rs (/opt/rustwide/target/release/build/printpdf/3870037f12a5560f/out/font_embedding_mock-3870037f12a5560f)
[INFO] [stdout] 
[INFO] [stdout] running 8 tests
[INFO] [stdout] test mock_cff_named_subset ... ok
[INFO] [stdout] test mock_cff_cid_subset ... ok
[INFO] [stdout] test mock_cff_cid_full_embed ... ok
[INFO] [stdout] test cid_keyed_cff_codes_are_charset_cids ... ok
[INFO] [stdout] test mock_cff_named_full_embed ... ok
[INFO] [stdout] test parse_resolves_cids_through_charset ... ok
[INFO] [stdout] test mock_ttf_subset ... ok
[INFO] [stderr]      Running tests/glyph_run_merge.rs (/opt/rustwide/target/release/build/printpdf/ea0909144a8be283/out/glyph_run_merge-ea0909144a8be283)
[INFO] [stdout] test mock_ttf_full_embed ... ok
[INFO] [stdout] 
[INFO] [stdout] test result: ok. 8 passed; 0 failed; 0 ignored; 0 measured; 0 filtered out; finished in 0.01s
[INFO] [stdout] 
[INFO] [stdout] 
[INFO] [stdout] running 2 tests
[INFO] [stdout] test nonzero_character_spacing_disables_merging ... ok
[INFO] [stderr]      Running tests/html_font_resolution.rs (/opt/rustwide/target/release/build/printpdf/de861b91d932fa42/out/html_font_resolution-de861b91d932fa42)
[INFO] [stdout] test per_glyph_matrices_merge_into_kerned_tj_runs ... ok
[INFO] [stdout] 
[INFO] [stdout] test result: ok. 2 passed; 0 failed; 0 ignored; 0 measured; 0 filtered out; finished in 0.00s
[INFO] [stdout] 
[INFO] [stdout] 
[INFO] [stdout] running 1 test
[INFO] [stdout] test multi_word_font_family_from_fonts_map_is_embedded ... ok
[INFO] [stdout] 
[INFO] [stdout] test result: ok. 1 passed; 0 failed; 0 ignored; 0 measured; 0 filtered out; finished in 0.07s
[INFO] [stdout] 
[INFO] [stderr]      Running tests/html_page_breaking.rs (/opt/rustwide/target/release/build/printpdf/590ff46bfe658b28/out/html_page_breaking-590ff46bfe658b28)
[INFO] [stdout] 
[INFO] [stdout] running 6 tests
[INFO] [stdout] test test_page_break_before ... ok
[INFO] [stdout] test test_avoid_page_break_inside ... ok
[INFO] [stdout] test test_page_break_after ... ok
[INFO] [stdout] test test_explicit_page_dimensions ... ok
[INFO] [stdout] test test_basic_text_breaks_across_pages ... ok
[INFO] [stderr]      Running tests/html_text_alpha.rs (/opt/rustwide/target/release/build/printpdf/cc97794a3f41eb40/out/html_text_alpha-cc97794a3f41eb40)
[INFO] [stdout] test test_long_single_text_node_breaks ... ok
[INFO] [stdout] 
[INFO] [stdout] test result: ok. 6 passed; 0 failed; 0 ignored; 0 measured; 0 filtered out; finished in 0.28s
[INFO] [stdout] 
[INFO] [stdout] 
[INFO] [stdout] running 6 tests
[INFO] [stdout] test translucent_inline_background_gets_fill_alpha ... ok
[INFO] [stdout] test opaque_text_is_unchanged ... ok
[INFO] [stdout] test translucent_text_gets_fill_alpha ... ok
[INFO] [stdout] test saved_pdf_contains_invisible_text_and_alpha ... ok
[INFO] [stdout] test scopes_are_balanced ... ok
[INFO] [stdout] test transparent_text_is_invisible_but_present ... ok
[INFO] [stdout] 
[INFO] [stdout] test result: ok. 6 passed; 0 failed; 0 ignored; 0 measured; 0 filtered out; finished in 0.18s
[INFO] [stdout] 
[INFO] [stderr]      Running tests/html_visual_inline_background.rs (/opt/rustwide/target/release/build/printpdf/872d149956682481/out/html_visual_inline_background-872d149956682481)
[INFO] [stdout] 
[INFO] [stdout] running 2 tests
[INFO] [stdout] test highlight_text_is_visible_over_background ... ok
[INFO] [stdout] test inline_background_rects_precede_span_text ... ok
[INFO] [stdout] 
[INFO] [stdout] test result: ok. 2 passed; 0 failed; 0 ignored; 0 measured; 0 filtered out; finished in 0.09s
[INFO] [stdout] 
[INFO] [stderr]      Running tests/html_visual_subset_glyphs.rs (/opt/rustwide/target/release/build/printpdf/2e377057a8a58301/out/html_visual_subset_glyphs-2e377057a8a58301)
[INFO] [stdout] 
[INFO] [stdout] running 4 tests
[INFO] [stdout] test page_rasterizes_with_text_ink ... ok
[INFO] [stdout] test pdftotext_sees_ligated_words ... ok
[INFO] [stdout] test shaper_glyphs_survive_subsetting_ttf ... ok
[INFO] [stdout] test shaper_glyphs_survive_subsetting_cff ... ok
[INFO] [stderr]      Running tests/integration.rs (/opt/rustwide/target/release/build/printpdf/4d0be058637a76a3/out/integration-4d0be058637a76a3)
[INFO] [stdout] 
[INFO] [stdout] test result: ok. 4 passed; 0 failed; 0 ignored; 0 measured; 0 filtered out; finished in 0.21s
[INFO] [stdout] 
[INFO] [stdout] 
[INFO] [stdout] running 9 tests
[INFO] [stdout] test test_resources_for_page ... ok
[INFO] [stdout] test test_document_to_bytes ... ok
[INFO] [stdout] test test_html_uses_positioned_glyphs_not_text_operators ... ok
[INFO] [stdout] test test_html_ordered_list ... ok
[INFO] [stdout] test test_html_mixed_list_styles ... ok
[INFO] [stdout] test test_html_nested_lists ... ok
[INFO] [stdout] test test_html_greek_numerals ... ok
[INFO] [stdout] test test_html_unordered_list ... ok
[INFO] [stdout] test test_html_to_document ... ok
[INFO] [stdout] 
[INFO] [stdout] test result: ok. 9 passed; 0 failed; 0 ignored; 0 measured; 0 filtered out; finished in 0.25s
[INFO] [stdout] 
[INFO] [stderr]      Running tests/issue_repros.rs (/opt/rustwide/target/release/build/printpdf/c77f931c4a7ace8d/out/issue_repros-c77f931c4a7ace8d)
[INFO] [stdout] 
[INFO] [stdout] running 9 tests
[INFO] [stdout] test issue_253_mediabox_survives_fractional_page_size ... ok
[INFO] [stdout] test issue_244_cmyk_roundtrip_through_printpdf ... ok
[INFO] [stdout] test issue_239_line_break_after_explicit_hyphen ... ok
[INFO] [stdout] test issue_254_custom_font_canonical_usage_is_extractable ... ok
[INFO] [stdout] test issue_244_cmyk_fill_and_stroke_ops_are_parsed ... ok
[INFO] [stdout] test issue_216_image_xobject_stream_reference_is_not_rejected ... ok
[INFO] [stdout] test issue_212_otf_cff_font_parses_with_glyphs ... ok
[INFO] [stdout] test issue_212_cff_fontbbox_is_not_zero_height ... ok
[INFO] [stdout] test issue_213_br_tag_does_not_error ... ok
[INFO] [stdout] 
[INFO] [stdout] test result: ok. 9 passed; 0 failed; 0 ignored; 0 measured; 0 filtered out; finished in 0.07s
[INFO] [stdout] 
[INFO] [stderr]      Running tests/no_text_layout.rs (/opt/rustwide/target/release/build/printpdf/9b7a63563c44f04b/out/no_text_layout-9b7a63563c44f04b)
[INFO] [stdout] 
[INFO] [stderr]      Running tests/op.rs (/opt/rustwide/target/release/build/printpdf/14344f164e4b7506/out/op-14344f164e4b7506)
[INFO] [stdout] running 0 tests
[INFO] [stdout] 
[INFO] [stdout] test result: ok. 0 passed; 0 failed; 0 ignored; 0 measured; 0 filtered out; finished in 0.00s
[INFO] [stdout] 
[INFO] [stdout] 
[INFO] [stdout] running 12 tests
[INFO] [stdout] test test_op_layer ... ok
[INFO] [stdout] test test_op_text_section ... ok
[INFO] [stdout] test test_op_marker ... ok
[INFO] [stdout] test test_op_draw_line ... ok
[INFO] [stdout] test test_op_line_style ... ok
[INFO] [stdout] test test_op_transform ... ok
[INFO] [stdout] test show_text_outside_text_section_warns ... ok
[INFO] [stdout] test test_op_graphics_state ... ok
[INFO] [stdout] test test_op_write_text ... ok
[INFO] [stdout] test test_op_draw_polygon ... ok
[INFO] [stderr]      Running tests/parse_roundtrip_corpus.rs (/opt/rustwide/target/release/build/printpdf/be9eeaf4e06edf1f/out/parse_roundtrip_corpus-be9eeaf4e06edf1f)
[INFO] [stdout] test test_op_color_settings ... ok
[INFO] [stdout] test test_op_write_text_without_font_setup ... ok
[INFO] [stdout] 
[INFO] [stdout] test result: ok. 12 passed; 0 failed; 0 ignored; 0 measured; 0 filtered out; finished in 0.02s
[INFO] [stdout] 
[INFO] [stdout] 
[INFO] [stdout] running 1 test
[INFO] [stdout] test corpus_roundtrip_files ... FAILED
[INFO] [stdout] 
[INFO] [stdout] failures:
[INFO] [stdout] 
[INFO] [stdout] ---- corpus_roundtrip_files stdout ----
[INFO] [stdout] 
[INFO] [stdout] thread 'corpus_roundtrip_files' (4714) panicked at tests/parse_roundtrip_corpus.rs:23:35:
[INFO] [stdout] called `Result::unwrap()` on an `Err` value: Os { code: 30, kind: ReadOnlyFilesystem, message: "Read-only file system" }
[INFO] [stdout] stack backtrace:
[INFO] [stdout]    0:     0x5dffdcf86c41 - <<std[617be2ca0a6fd877]::sys::backtrace::BacktraceLock>::print::DisplayBacktrace as core[a373ad73a504971]::fmt::Display>::fmt
[INFO] [stdout]    1:     0x5dffdcf9c8fa - core[a373ad73a504971]::fmt::write
[INFO] [stdout]    2:     0x5dffdcf8b1dc - <alloc[2e1b2a31b91974c5]::vec::Vec<u8> as core[a373ad73a504971]::io::write::Write>::write_fmt
[INFO] [stdout]    3:     0x5dffdcf619d6 - std[617be2ca0a6fd877]::panicking::default_hook::{closure#0}
[INFO] [stdout]    4:     0x5dffdcf7ebd9 - std[617be2ca0a6fd877]::panicking::default_hook
[INFO] [stdout]    5:     0x5dffdcd3a500 - test[aada8e7e76ba119b]::test_main_inner::{closure#0}
[INFO] [stdout]    6:     0x5dffdcf7ed92 - std[617be2ca0a6fd877]::panicking::panic_with_hook
[INFO] [stdout]    7:     0x5dffdcf61a82 - std[617be2ca0a6fd877]::panicking::panic_handler::{closure#0}
[INFO] [stdout]    8:     0x5dffdcf5a419 - std[617be2ca0a6fd877]::sys::backtrace::__rust_end_short_backtrace::<std[617be2ca0a6fd877]::panicking::panic_handler::{closure#0}, !>
[INFO] [stdout]    9:     0x5dffdcf6268d - __rustc[ea4f61d10b84890b]::rust_begin_unwind
[INFO] [stdout]   10:     0x5dffdcf9d02c - core[a373ad73a504971]::panicking::panic_fmt
[INFO] [stdout]   11:     0x5dffdcf9ce02 - core[a373ad73a504971]::result::unwrap_failed
[INFO] [stdout]   12:     0x5dffdcd27128 - <parse_roundtrip_corpus[6844ec76ceb04947]::corpus_roundtrip_files::{closure#0} as core[a373ad73a504971]::ops::function::FnOnce<()>>::call_once
[INFO] [stdout]   13:     0x5dffdcd2d94b - test[aada8e7e76ba119b]::__rust_begin_short_backtrace::<core[a373ad73a504971]::result::Result<(), alloc[2e1b2a31b91974c5]::string::String>, fn() -> core[a373ad73a504971]::result::Result<(), alloc[2e1b2a31b91974c5]::string::String>>
[INFO] [stdout]   14:     0x5dffdcd3ab25 - test[aada8e7e76ba119b]::run_test::{closure#0}
[INFO] [stdout]   15:     0x5dffdcd34414 - std[617be2ca0a6fd877]::sys::backtrace::__rust_begin_short_backtrace::<test[aada8e7e76ba119b]::run_test::{closure#1}, ()>
[INFO] [stdout]   16:     0x5dffdcd3dbb2 - <std[617be2ca0a6fd877]::thread::lifecycle::spawn_unchecked<test[aada8e7e76ba119b]::run_test::{closure#1}, ()>::{closure#1} as core[a373ad73a504971]::ops::function::FnOnce<()>>::call_once::{shim:vtable#0}
[INFO] [stdout]   17:     0x5dffdcf85faf - <std[617be2ca0a6fd877]::sys::thread::unix::Thread>::new::thread_start
[INFO] [stdout]   18:     0x70de0b7f1dfa - <unknown>
[INFO] [stdout]   19:     0x70de0b8853d4 - clone
[INFO] [stdout]   20:                0x0 - <unknown>
[INFO] [stdout] 
[INFO] [stdout] 
[INFO] [stdout] failures:
[INFO] [stdout]     corpus_roundtrip_files
[INFO] [stdout] 
[INFO] [stdout] test result: FAILED. 0 passed; 1 failed; 0 ignored; 0 measured; 0 filtered out; finished in 0.01s
[INFO] [stdout] 
[INFO] [stderr] error: test failed, to rerun pass `--test parse_roundtrip_corpus`
[INFO] running `Command { std: "docker" "inspect" "23af7f494ebbbd0242fc030be7f7c702bcd2dcc8ab591df11fc0fe9554706f0f", kill_on_drop: false }`
[INFO] running `Command { std: "docker" "rm" "-f" "23af7f494ebbbd0242fc030be7f7c702bcd2dcc8ab591df11fc0fe9554706f0f", kill_on_drop: false }`
[INFO] [stdout] 23af7f494ebbbd0242fc030be7f7c702bcd2dcc8ab591df11fc0fe9554706f0f
