[INFO] cloning repository https://github.com/foxfirecodes/airborne
[INFO] running `Command { std: "git" "-c" "credential.helper=" "-c" "credential.helper=/workspace/cargo-home/bin/git-credential-null" "clone" "--bare" "https://github.com/foxfirecodes/airborne" "/workspace/cache/git-repos/https%3A%2F%2Fgithub.com%2Ffoxfirecodes%2Fairborne", kill_on_drop: false }`
[INFO] [stderr] Cloning into bare repository '/workspace/cache/git-repos/https%3A%2F%2Fgithub.com%2Ffoxfirecodes%2Fairborne'...
[INFO] running `Command { std: "git" "rev-parse" "HEAD", kill_on_drop: false }`
[INFO] [stdout] a5e96414038f7ef1519491b3e3123718b34c061f
[INFO] testing foxfirecodes/airborne against 1.100.0-beta.1+cargoflags=--release for beta-release-1.100-2
[INFO] running `Command { std: "git" "clone" "/workspace/cache/git-repos/https%3A%2F%2Fgithub.com%2Ffoxfirecodes%2Fairborne" "/workspace/builds/worker-3-tc2/source", kill_on_drop: false }`
[INFO] [stderr] Cloning into '/workspace/builds/worker-3-tc2/source'...
[INFO] [stderr] done.
[INFO] started tweaking git repo https://github.com/foxfirecodes/airborne
[INFO] finished tweaking git repo https://github.com/foxfirecodes/airborne
[INFO] tweaked toml for git repo https://github.com/foxfirecodes/airborne written to /workspace/builds/worker-3-tc2/source/Cargo.toml
[INFO] validating manifest of git repo https://github.com/foxfirecodes/airborne on toolchain 1.100.0-beta.1
[INFO] running `Command { std: CARGO_HOME="/workspace/cargo-home" RUSTUP_HOME="/workspace/rustup-home" "/workspace/cargo-home/bin/cargo" "+1.100.0-beta.1" "metadata" "--manifest-path" "Cargo.toml" "--no-deps", kill_on_drop: false }`
[INFO] crate git repo https://github.com/foxfirecodes/airborne already has a lockfile, it will not be regenerated
[INFO] running `Command { std: CARGO_HOME="/workspace/cargo-home" RUSTUP_HOME="/workspace/rustup-home" "/workspace/cargo-home/bin/cargo" "+1.100.0-beta.1" "fetch" "--manifest-path" "Cargo.toml", kill_on_drop: false }`
[INFO] running `Command { std: "docker" "create" "-v" "/var/lib/crater-agent-workspace/builds/worker-3-tc2/source:/opt/rustwide/workdir:ro,Z" "-v" "/var/lib/crater-agent-workspace/builds/worker-3-tc2/target:/opt/rustwide/target:rw,Z" "-v" "/var/lib/crater-agent-workspace/cargo-home:/opt/rustwide/cargo-home:ro,Z" "-v" "/var/lib/crater-agent-workspace/rustup-home:/opt/rustwide/rustup-home:ro,Z" "-m" "1610612736" "--network" "none" "ghcr.io/rust-lang/crates-build-env/linux@sha256:77db811e55d90add9212f6832c23229e3de5f1c1f9905e8cb07319ea15df73ac" "sleep" "infinity", kill_on_drop: false }`
[INFO] [stdout] f3304e8ef2b8ff74e921701d4ced665a38556c5b559f80f788705a032b1d63fc
[INFO] running `Command { std: "docker" "start" "f3304e8ef2b8ff74e921701d4ced665a38556c5b559f80f788705a032b1d63fc", kill_on_drop: false }`
[INFO] running `Command { std: "docker" "inspect" "f3304e8ef2b8ff74e921701d4ced665a38556c5b559f80f788705a032b1d63fc", kill_on_drop: false }`
[INFO] running `Command { std: "docker" "exec" "-e" "SOURCE_DIR=/opt/rustwide/workdir" "-e" "CARGO_HOME=/opt/rustwide/cargo-home" "-e" "RUSTUP_HOME=/opt/rustwide/rustup-home" "-e" "CARGO_TARGET_DIR=/opt/rustwide/target" "-w" "/opt/rustwide/workdir" "--user" "0:0" "f3304e8ef2b8ff74e921701d4ced665a38556c5b559f80f788705a032b1d63fc" "/opt/rustwide/cargo-home/bin/cargo" "+1.100.0-beta.1" "metadata" "--no-deps" "--format-version=1", kill_on_drop: false }`
[INFO] running `Command { std: "docker" "inspect" "f3304e8ef2b8ff74e921701d4ced665a38556c5b559f80f788705a032b1d63fc", kill_on_drop: false }`
[INFO] running `Command { std: "docker" "exec" "-e" "SOURCE_DIR=/opt/rustwide/workdir" "-e" "CARGO_HOME=/opt/rustwide/cargo-home" "-e" "RUSTUP_HOME=/opt/rustwide/rustup-home" "-e" "CARGO_TARGET_DIR=/opt/rustwide/target" "-e" "CARGO_INCREMENTAL=0" "-e" "RUST_BACKTRACE=full" "-e" "RUSTFLAGS=--cap-lints=warn" "-e" "RUSTDOCFLAGS=--cap-lints=warn" "-w" "/opt/rustwide/workdir" "--user" "0:0" "f3304e8ef2b8ff74e921701d4ced665a38556c5b559f80f788705a032b1d63fc" "/opt/rustwide/cargo-home/bin/cargo" "+1.100.0-beta.1" "build" "--frozen" "--message-format=json" "--release", kill_on_drop: false }`
[INFO] [stderr]    Compiling proc-macro2 v1.0.107
[INFO] [stderr]    Compiling quote v1.0.47
[INFO] [stderr]    Compiling unicode-ident v1.0.24
[INFO] [stderr]    Compiling libc v0.2.189
[INFO] [stderr]    Compiling serde_core v1.0.229
[INFO] [stderr]    Compiling pin-project-lite v0.2.17
[INFO] [stderr]    Compiling cfg-if v1.0.4
[INFO] [stderr]    Compiling futures-core v0.3.34
[INFO] [stderr]    Compiling serde v1.0.229
[INFO] [stderr]    Compiling version_check v0.9.5
[INFO] [stderr]    Compiling shlex v2.0.1
[INFO] [stderr]    Compiling slab v0.4.12
[INFO] [stderr]    Compiling find-msvc-tools v0.1.12
[INFO] [stderr]    Compiling stable_deref_trait v1.2.1
[INFO] [stderr]    Compiling autocfg v1.5.1
[INFO] [stderr]    Compiling bytes v1.12.1
[INFO] [stderr]    Compiling once_cell v1.21.4
[INFO] [stderr]    Compiling smallvec v1.16.0
[INFO] [stderr]    Compiling itoa v1.0.18
[INFO] [stderr]    Compiling bitflags v2.13.1
[INFO] [stderr]    Compiling parking v2.2.1
[INFO] [stderr]    Compiling cc v1.4.5
[INFO] [stderr]    Compiling zerocopy v0.8.56
[INFO] [stderr]    Compiling futures-task v0.3.34
[INFO] [stderr]    Compiling litemap v0.8.3
[INFO] [stderr]    Compiling winnow v1.0.4
[INFO] [stderr]    Compiling writeable v0.6.4
[INFO] [stderr]    Compiling generic-array v0.14.7
[INFO] [stderr]    Compiling zeroize v1.9.0
[INFO] [stderr]    Compiling icu_properties_data v2.3.0
[INFO] [stderr]    Compiling typenum v1.20.1
[INFO] [stderr]    Compiling crossbeam-utils v0.8.23
[INFO] [stderr]    Compiling atomic-waker v1.1.2
[INFO] [stderr]    Compiling icu_normalizer_data v2.3.0
[INFO] [stderr]    Compiling equivalent v1.0.2
[INFO] [stderr]    Compiling hashbrown v0.17.1
[INFO] [stderr]    Compiling utf8_iter v1.0.4
[INFO] [stderr]    Compiling percent-encoding v2.3.2
[INFO] [stderr]    Compiling toml_datetime v1.1.1+spec-1.1.0
[INFO] [stderr]    Compiling syn v3.0.5
[INFO] [stderr]    Compiling syn v2.0.119
[INFO] [stderr]    Compiling rustls-pki-types v1.15.1
[INFO] [stderr]    Compiling num-traits v0.2.19
[INFO] [stderr]    Compiling tracing-core v0.1.36
[INFO] [stderr]    Compiling futures-io v0.3.34
[INFO] [stderr]    Compiling fastrand v2.5.0
[INFO] [stderr]    Compiling thiserror v2.0.20
[INFO] [stderr]    Compiling untrusted v0.9.0
[INFO] [stderr]    Compiling httparse v1.10.1
[INFO] [stderr]    Compiling http v1.5.0
[INFO] [stderr]    Compiling concurrent-queue v2.5.0
[INFO] [stderr]    Compiling event-listener v5.4.2
[INFO] [stderr]    Compiling rustls v0.23.44
[INFO] [stderr]    Compiling getrandom v0.3.4
[INFO] [stderr]    Compiling try-lock v0.2.5
[INFO] [stderr]    Compiling zmij v1.0.23
[INFO] [stderr]    Compiling rustix v1.1.4
[INFO] [stderr]    Compiling tower-service v0.3.3
[INFO] [stderr]    Compiling want v0.3.1
[INFO] [stderr]    Compiling event-listener-strategy v0.5.4
[INFO] [stderr]    Compiling indexmap v2.14.2
[INFO] [stderr]    Compiling futures-lite v2.6.1
[INFO] [stderr]    Compiling form_urlencoded v1.2.2
[INFO] [stderr]    Compiling errno v0.3.14
[INFO] [stderr]    Compiling signal-hook-registry v1.4.8
[INFO] [stderr]    Compiling socket2 v0.6.5
[INFO] [stderr]    Compiling mio v1.2.3
[INFO] [stderr]    Compiling toml_parser v1.1.3+spec-1.1.0
[INFO] [stderr]    Compiling getrandom v0.2.17
[INFO] [stderr]    Compiling futures-channel v0.3.34
[INFO] [stderr]    Compiling iana-time-zone v0.1.65
[INFO] [stderr]    Compiling ring v0.17.14
[INFO] [stderr]    Compiling serde_json v1.0.151
[INFO] [stderr]    Compiling log v0.4.34
[INFO] [stderr]    Compiling linux-raw-sys v0.12.1
[INFO] [stderr]    Compiling subtle v2.6.1
[INFO] [stderr]    Compiling cpufeatures v0.2.17
[INFO] [stderr]    Compiling toml_edit v0.25.15+spec-1.1.0
[INFO] [stderr]    Compiling async-io v2.6.0
[INFO] [stderr]    Compiling ahash v0.8.12
[INFO] [stderr]    Compiling sync_wrapper v1.0.2
[INFO] [stderr]    Compiling ipnet v2.12.2
[INFO] [stderr]    Compiling block-buffer v0.10.4
[INFO] [stderr]    Compiling crypto-common v0.1.7
[INFO] [stderr]    Compiling base64 v0.22.1
[INFO] [stderr]    Compiling memchr v2.8.3
[INFO] [stderr]    Compiling getrandom v0.4.3
[INFO] [stderr]    Compiling digest v0.10.7
[INFO] [stderr]    Compiling tower-layer v0.3.3
[INFO] [stderr]    Compiling rand_core v0.9.5
[INFO] [stderr]    Compiling http-body v1.1.0
[INFO] [stderr]    Compiling sha2 v0.10.9
[INFO] [stderr]    Compiling webpki-roots v1.0.9
[INFO] [stderr]    Compiling ryu v1.0.23
[INFO] [stderr]    Compiling vcpkg v0.2.15
[INFO] [stderr]    Compiling pkg-config v0.3.34
[INFO] [stderr]    Compiling endi v1.1.1
[INFO] [stderr]    Compiling async-task v4.7.1
[INFO] [stderr]    Compiling http-body-util v0.1.5
[INFO] [stderr]    Compiling proc-macro-crate v3.5.0
[INFO] [stderr]    Compiling async-channel v2.5.0
[INFO] [stderr]    Compiling libsqlite3-sys v0.30.1
[INFO] [stderr]    Compiling utf8parse v0.2.2
[INFO] [stderr]    Compiling anstyle-parse v1.0.0
[INFO] [stderr]    Compiling uuid v1.26.0
[INFO] [stderr]    Compiling async-lock v3.4.2
[INFO] [stderr]    Compiling piper v0.2.5
[INFO] [stderr]    Compiling is_terminal_polyfill v1.70.2
[INFO] [stderr]    Compiling anstyle v1.0.14
[INFO] [stderr]    Compiling anstyle-query v1.1.5
[INFO] [stderr]    Compiling colorchoice v1.0.5
[INFO] [stderr]    Compiling blocking v1.7.0
[INFO] [stderr]    Compiling async-executor v1.14.0
[INFO] [stderr]    Compiling async-broadcast v0.7.2
[INFO] [stderr]    Compiling ordered-stream v0.2.0
[INFO] [stderr]    Compiling anstream v1.0.0
[INFO] [stderr]    Compiling hex v0.4.3
[INFO] [stderr]    Compiling fallible-iterator v0.3.0
[INFO] [stderr]    Compiling fallible-streaming-iterator v0.1.9
[INFO] [stderr]    Compiling clap_lex v1.1.0
[INFO] [stderr]    Compiling strsim v0.11.1
[INFO] [stderr]    Compiling heck v0.5.0
[INFO] [stderr]    Compiling keyring v3.6.3
[INFO] [stderr]    Compiling secrecy v0.10.3
[INFO] [stderr]    Compiling futures-sink v0.3.34
[INFO] [stderr]    Compiling dotenvy v0.15.7
[INFO] [stderr]    Compiling clap_builder v4.6.6
[INFO] [stderr]    Compiling synstructure v0.13.2
[INFO] [stderr]    Compiling serde_derive v1.0.229
[INFO] [stderr]    Compiling zerovec-derive v0.11.6
[INFO] [stderr]    Compiling displaydoc v0.2.7
[INFO] [stderr]    Compiling tokio-macros v2.7.2
[INFO] [stderr]    Compiling futures-macro v0.3.34
[INFO] [stderr]    Compiling thiserror-impl v2.0.20
[INFO] [stderr]    Compiling async-trait v0.1.92
[INFO] [stderr]    Compiling serde_repr v0.1.21
[INFO] [stderr]    Compiling zerofrom-derive v0.1.7
[INFO] [stderr]    Compiling yoke-derive v0.8.2
[INFO] [stderr]    Compiling tokio v1.53.1
[INFO] [stderr]    Compiling enumflags2_derive v0.7.12
[INFO] [stderr]    Compiling futures-util v0.3.34
[INFO] [stderr]    Compiling tracing-attributes v0.1.31
[INFO] [stderr]    Compiling ppv-lite86 v0.2.21
[INFO] [stderr]    Compiling async-recursion v1.1.1
[INFO] [stderr]    Compiling hashbrown v0.14.5
[INFO] [stderr]    Compiling clap_derive v4.6.4
[INFO] [stderr]    Compiling rand_chacha v0.9.0
[INFO] [stderr]    Compiling zerofrom v0.1.8
[INFO] [stderr]    Compiling airborne-credentials-macos v0.1.0 (/opt/rustwide/workdir/crates/airborne-credentials-macos)
[INFO] [stderr]    Compiling rand v0.9.5
[INFO] [stderr]    Compiling yoke v0.8.3
[INFO] [stderr]    Compiling zerovec v0.11.8
[INFO] [stderr]    Compiling zerotrie v0.2.5
[INFO] [stderr]    Compiling tracing v0.1.44
[INFO] [stderr]    Compiling hashlink v0.9.1
[INFO] [stderr]    Compiling zvariant_utils v4.2.0
[INFO] [stderr]    Compiling enumflags2 v0.7.12
[INFO] [stderr]    Compiling zcheapstr v1.1.0
[INFO] [stderr]    Compiling tinystr v0.8.4
[INFO] [stderr]    Compiling potential_utf v0.1.6
[INFO] [stderr]    Compiling icu_collections v2.3.0
[INFO] [stderr]    Compiling icu_locale_core v2.3.0
[INFO] [stderr]    Compiling chrono v0.4.45
[INFO] [stderr]    Compiling serde_urlencoded v0.7.1
[INFO] [stderr]    Compiling clap v4.6.6
[INFO] [stderr]    Compiling zvariant_derive v5.15.0
[INFO] [stderr]    Compiling polling v3.11.0
[INFO] [stderr]    Compiling zvariant v5.15.0
[INFO] [stderr]    Compiling icu_provider v2.3.1
[INFO] [stderr]    Compiling icu_normalizer v2.3.0
[INFO] [stderr]    Compiling icu_properties v2.3.0
[INFO] [stderr]    Compiling async-signal v0.2.14
[INFO] [stderr]    Compiling async-process v2.5.0
[INFO] [stderr]    Compiling airborne-core v0.1.0 (/opt/rustwide/workdir/crates/airborne-core)
[INFO] [stderr]    Compiling idna_adapter v1.2.2
[INFO] [stderr]    Compiling idna v1.1.0
[INFO] [stderr]    Compiling url v2.5.8
[INFO] [stderr]    Compiling zbus_names v4.3.4
[INFO] [stderr]    Compiling hyper v1.11.1
[INFO] [stderr]    Compiling tower v0.5.3
[INFO] [stderr]    Compiling airborne-runtime v0.1.0 (/opt/rustwide/workdir/crates/airborne-runtime)
[INFO] [stderr]    Compiling tokio-util v0.7.19
[INFO] [stderr]    Compiling tower-http v0.6.11
[INFO] [stderr]    Compiling zbus_macros v5.19.0
[INFO] [stderr]    Compiling hyper-util v0.1.20
[INFO] [stderr]    Compiling rustls-webpki v0.103.15
[INFO] [stderr]    Compiling zbus v5.19.0
[INFO] [stderr]    Compiling tokio-rustls v0.26.5
[INFO] [stderr]    Compiling hyper-rustls v0.27.9
[INFO] [stderr]    Compiling reqwest v0.12.28
[INFO] [stderr]    Compiling airborne-github v0.1.0 (/opt/rustwide/workdir/crates/airborne-github)
[INFO] [stderr]    Compiling airborne-buildkite v0.1.0 (/opt/rustwide/workdir/crates/airborne-buildkite)
[INFO] [stderr]    Compiling notify-rust v4.18.0
[INFO] [stderr]    Compiling airborne-pr v0.1.0 (/opt/rustwide/workdir/crates/airborne-pr)
[INFO] [stderr]    Compiling rusqlite v0.32.1
[INFO] [stderr]    Compiling airborne-store-sqlite v0.1.0 (/opt/rustwide/workdir/crates/airborne-store-sqlite)
[INFO] [stderr]    Compiling airborne-cli v0.1.0 (/opt/rustwide/workdir/apps/airborne-cli)
[INFO] [stderr] warning: unused dependency `dotenvy`
[INFO] [stderr]   --> apps/airborne-cli/Cargo.toml:29:1
[INFO] [stderr]    |
[INFO] [stderr] 29 | dotenvy = "0.15"
[INFO] [stderr]    | ^^^^^^^^^^^^^^^^
[INFO] [stderr]    |
[INFO] [stderr]    = note: `cargo::unused_dependencies` is set to `warn` by default
[INFO] [stderr] help: consider removing the dependency on `dotenvy`
[INFO] [stderr] warning: `airborne-cli` (manifest) generated 1 warning
[INFO] [stderr]     Finished `release` profile [optimized] target(s) in 4m 12s
[INFO] running `Command { std: "docker" "inspect" "f3304e8ef2b8ff74e921701d4ced665a38556c5b559f80f788705a032b1d63fc", kill_on_drop: false }`
[INFO] running `Command { std: "docker" "exec" "-e" "SOURCE_DIR=/opt/rustwide/workdir" "-e" "CARGO_HOME=/opt/rustwide/cargo-home" "-e" "RUSTUP_HOME=/opt/rustwide/rustup-home" "-e" "CARGO_TARGET_DIR=/opt/rustwide/target" "-e" "CARGO_INCREMENTAL=0" "-e" "RUST_BACKTRACE=full" "-e" "RUSTFLAGS=--cap-lints=warn" "-e" "RUSTDOCFLAGS=--cap-lints=warn" "-w" "/opt/rustwide/workdir" "--user" "0:0" "f3304e8ef2b8ff74e921701d4ced665a38556c5b559f80f788705a032b1d63fc" "/opt/rustwide/cargo-home/bin/cargo" "+1.100.0-beta.1" "test" "--frozen" "--no-run" "--message-format=json" "--release", kill_on_drop: false }`
[INFO] [stderr]    Compiling memchr v2.8.3
[INFO] [stderr]    Compiling futures-channel v0.3.34
[INFO] [stderr]    Compiling hashbrown v0.17.1
[INFO] [stderr]    Compiling equivalent v1.0.2
[INFO] [stderr]    Compiling fnv v1.0.7
[INFO] [stderr]    Compiling httpdate v1.0.3
[INFO] [stderr]    Compiling rustix v1.1.4
[INFO] [stderr]    Compiling regex-syntax v0.8.11
[INFO] [stderr]    Compiling predicates-core v1.0.10
[INFO] [stderr]    Compiling float-cmp v0.10.0
[INFO] [stderr]    Compiling normalize-line-endings v0.3.0
[INFO] [stderr]    Compiling assert_cmd v2.2.2
[INFO] [stderr]    Compiling difflib v0.4.0
[INFO] [stderr]    Compiling termtree v0.5.1
[INFO] [stderr]    Compiling num_cpus v1.17.0
[INFO] [stderr]    Compiling wait-timeout v0.2.1
[INFO] [stderr]    Compiling deadpool-runtime v0.1.4
[INFO] [stderr]    Compiling lazy_static v1.5.0
[INFO] [stderr]    Compiling airborne-credentials-macos v0.1.0 (/opt/rustwide/workdir/crates/airborne-credentials-macos)
[INFO] [stderr]    Compiling predicates-tree v1.0.13
[INFO] [stderr]    Compiling deadpool v0.12.3
[INFO] [stderr]    Compiling futures-util v0.3.34
[INFO] [stderr]    Compiling serde_json v1.0.151
[INFO] [stderr]    Compiling aho-corasick v1.1.5
[INFO] [stderr]    Compiling indexmap v2.14.2
[INFO] [stderr]    Compiling assert-json-diff v2.0.2
[INFO] [stderr]    Compiling regex-automata v0.4.18
[INFO] [stderr]    Compiling airborne-core v0.1.0 (/opt/rustwide/workdir/crates/airborne-core)
[INFO] [stderr]    Compiling tokio-util v0.7.19
[INFO] [stderr]    Compiling tower v0.5.3
[INFO] [stderr]    Compiling airborne-runtime v0.1.0 (/opt/rustwide/workdir/crates/airborne-runtime)
[INFO] [stderr]    Compiling futures-executor v0.3.34
[INFO] [stderr]    Compiling futures v0.3.34
[INFO] [stderr]    Compiling airborne-store-sqlite v0.1.0 (/opt/rustwide/workdir/crates/airborne-store-sqlite)
[INFO] [stderr]    Compiling polling v3.11.0
[INFO] [stderr]    Compiling tempfile v3.27.0
[INFO] [stderr]    Compiling async-io v2.6.0
[INFO] [stderr]    Compiling tower-http v0.6.11
[INFO] [stderr]    Compiling h2 v0.4.19
[INFO] [stderr]    Compiling async-signal v0.2.14
[INFO] [stderr]    Compiling async-process v2.5.0
[INFO] [stderr]    Compiling zbus v5.19.0
[INFO] [stderr]    Compiling regex v1.13.1
[INFO] [stderr]    Compiling bstr v1.13.1
[INFO] [stderr]    Compiling predicates v3.1.4
[INFO] [stderr]    Compiling hyper v1.11.1
[INFO] [stderr]    Compiling hyper-util v0.1.20
[INFO] [stderr]    Compiling hyper-rustls v0.27.9
[INFO] [stderr]    Compiling wiremock v0.6.5
[INFO] [stderr]    Compiling reqwest v0.12.28
[INFO] [stderr]    Compiling notify-rust v4.18.0
[INFO] [stderr]    Compiling airborne-buildkite v0.1.0 (/opt/rustwide/workdir/crates/airborne-buildkite)
[INFO] [stderr]    Compiling airborne-github v0.1.0 (/opt/rustwide/workdir/crates/airborne-github)
[INFO] [stderr]    Compiling airborne-pr v0.1.0 (/opt/rustwide/workdir/crates/airborne-pr)
[INFO] [stderr]    Compiling airborne-cli v0.1.0 (/opt/rustwide/workdir/apps/airborne-cli)
[INFO] [stderr]     Finished `release` profile [optimized] target(s) in 4m 21s
[INFO] running `Command { std: "docker" "inspect" "f3304e8ef2b8ff74e921701d4ced665a38556c5b559f80f788705a032b1d63fc", kill_on_drop: false }`
[INFO] running `Command { std: "docker" "exec" "-e" "SOURCE_DIR=/opt/rustwide/workdir" "-e" "CARGO_HOME=/opt/rustwide/cargo-home" "-e" "RUSTUP_HOME=/opt/rustwide/rustup-home" "-e" "CARGO_TARGET_DIR=/opt/rustwide/target" "-e" "CARGO_INCREMENTAL=0" "-e" "RUST_BACKTRACE=full" "-e" "RUSTFLAGS=--cap-lints=warn" "-e" "RUSTDOCFLAGS=--cap-lints=warn" "-w" "/opt/rustwide/workdir" "--user" "0:0" "f3304e8ef2b8ff74e921701d4ced665a38556c5b559f80f788705a032b1d63fc" "/opt/rustwide/cargo-home/bin/cargo" "+1.100.0-beta.1" "test" "--frozen" "--release", kill_on_drop: false }`
[INFO] [stderr]     Finished `release` profile [optimized] target(s) in 0.49s
[INFO] [stderr]      Running unittests src/lib.rs (/opt/rustwide/target/release/build/airborne-buildkite/098d88937ec4527f/out/airborne_buildkite-098d88937ec4527f)
[INFO] [stdout] 
[INFO] [stdout] running 13 tests
[INFO] [stdout] test tests::strict_public_url_parser_checks_canonical_identity ... ok
[INFO] [stdout] test tests::captured_shapes_decode_and_reject_missing_or_unknown_fields ... ok
[INFO] [stdout] test tests::completion_uses_state_and_finished_at_not_a_finished_field ... ok
[INFO] [stdout] test tests::http_errors_are_typed_and_redacted ... ok
[INFO] [stdout] test tests::oversized_success_body_is_rejected_before_decoding ... ok
[INFO] [stdout] test tests::retry_after_is_bounded ... ok
[INFO] [stdout] test tests::access_probe_uses_fixed_user_endpoint ... ok
[INFO] [stdout] test tests::http_contract_decodes_captured_success_without_using_public_url ... ok
[INFO] [stdout] test tests::access_probe_reports_rejected_credentials_without_retrying ... ok
[INFO] [stdout] test tests::rate_limit_retries_and_remains_typed ... ok
[INFO] [stdout] test tests::timed_out_operation_is_bounded ... ok
[INFO] [stdout] test tests::hostile_redirect_is_not_followed ... ok
[INFO] [stdout] test tests::transient_gateway_errors_retry_three_times ... ok
[INFO] [stdout] 
[INFO] [stdout] test result: ok. 13 passed; 0 failed; 0 ignored; 0 measured; 0 filtered out; finished in 2.59s
[INFO] [stdout] 
[INFO] [stderr]      Running unittests src/main.rs (/opt/rustwide/target/release/build/airborne-cli/5b6d87af70e06fb6/out/airborne-5b6d87af70e06fb6)
[INFO] [stdout] 
[INFO] [stdout] running 8 tests
[INFO] [stdout] test tests::buildkite_rule_show_includes_organization ... ok
[INFO] [stdout] test tests::notification_shows_alert_details_below_the_subject_title ... ok
[INFO] [stdout] test tests::partial_refresh_json_is_one_complete_document ... ok
[INFO] [stdout] test tests::archived_rule_never_inherits_missing_duration ... ok
[INFO] [stdout] test tests::status_renders_watch_issues_and_one_poll_summary ... ok
[INFO] [stdout] test tests::refresh_exit_codes_follow_the_public_contract ... ok
[INFO] [stdout] test tests::preset_views_render_description_archival_state_and_rule_id ... ok
[INFO] [stdout] test tests::qualified_rule_references_are_stable_and_escape_separators ... ok
[INFO] [stdout] 
[INFO] [stdout] test result: ok. 8 passed; 0 failed; 0 ignored; 0 measured; 0 filtered out; finished in 0.01s
[INFO] [stdout] 
[INFO] [stderr]      Running tests/cli.rs (/opt/rustwide/target/release/build/airborne-cli/7fdde99c8a7b07e5/out/cli-7fdde99c8a7b07e5)
[INFO] [stdout] 
[INFO] [stdout] running 23 tests
[INFO] [stdout] test leaf_help_explains_watch_add ... ok
[INFO] [stdout] test auth_set_never_echoes_an_accidental_token_argument ... ok
[INFO] [stdout] test github_status_help_describes_notify_choices ... ok
[INFO] [stdout] test invalid_duration_is_a_syntax_error ... ok
[INFO] [stdout] test pr_ready_help_describes_the_draft_transition ... ok
[INFO] [stdout] test root_help_has_the_production_command_groups ... ok
[INFO] [stdout] test duplicate_dotenv_credentials_are_rejected_without_exposing_tokens ... FAILED
[INFO] [stdout] test malformed_dotenv_fails_without_exposing_or_persisting_tokens ... FAILED
[INFO] [stdout] test json_errors_use_the_stable_envelope ... ok
[INFO] [stdout] test destructive_command_needs_yes_when_not_a_terminal ... ok
[INFO] [stdout] test preset_add_accepts_a_description ... ok
[INFO] [stdout] test debug_credentials_are_missing_without_process_values_or_dotenv ... ok
[INFO] [stdout] test live_doctor_requires_provider_credentials ... ok
[INFO] [stdout] test debug_credentials_read_the_current_directory_dotenv_after_empty_process_values ... FAILED
[INFO] [stdout] test empty_environment_token_is_not_reported_as_a_credential ... ok
[INFO] [stdout] test complete_process_credentials_do_not_read_a_malformed_dotenv ... ok
[INFO] [stdout] test rule_add_requires_exactly_one_scope_selector ... ok
[INFO] [stdout] test config_path_is_machine_readable_and_uses_selected_data_dir ... ok
[INFO] [stdout] test preset_commands_and_selectors_are_exposed_in_help ... ok
[INFO] [stdout] test debug_credentials_prefer_inherited_environment_over_dotenv ... ok
[INFO] [stdout] test debug_credentials_only_read_dotenv_from_the_exact_current_directory ... ok
[INFO] [stdout] test unreadable_dotenv_fails_without_exposing_credentials ... FAILED
[INFO] [stdout] test preset_rule_lists_reject_runtime_state_filters ... ok
[INFO] [stdout] 
[INFO] [stdout] failures:
[INFO] [stdout] 
[INFO] [stdout] ---- duplicate_dotenv_credentials_are_rejected_without_exposing_tokens stdout ----
[INFO] [stdout] 
[INFO] [stdout] thread 'duplicate_dotenv_credentials_are_rejected_without_exposing_tokens' (5095) panicked at apps/airborne-cli/tests/cli.rs:400:10:
[INFO] [stdout] Unexpected return code, failed var == 1
[INFO] [stdout] └── var: 0
[INFO] [stdout] 
[INFO] [stdout] command=`cd "/tmp/.tmpXz2z3u" && env -u AIRBORNE_GITHUB_TOKEN "/opt/rustwide/target/release/airborne" "--json" "--data-dir" "/tmp/.tmpgr6yOC" "auth" "status"`
[INFO] [stdout] code=0
[INFO] [stdout] stdout="{\"command\":\"auth.status\",\"data\":{\"buildkite\":\"missing\",\"github\":\"missing\"},\"outcome\":\"success\",\"schema_version\":1}\n"
[INFO] [stdout] stderr=""
[INFO] [stdout] 
[INFO] [stdout] stack backtrace:
[INFO] [stdout]    0:     0x5df5ab018036 - <unknown>
[INFO] [stdout]    1:     0x5df5aafc481a - <unknown>
[INFO] [stdout]    2:     0x5df5ab01f96c - <unknown>
[INFO] [stdout]    3:     0x5df5aaff2c32 - <unknown>
[INFO] [stdout]    4:     0x5df5ab00f711 - <unknown>
[INFO] [stdout]    5:     0x5df5ab00f8f2 - <unknown>
[INFO] [stdout]    6:     0x5df5aaff2ce2 - <unknown>
[INFO] [stdout]    7:     0x5df5aafeb829 - <unknown>
[INFO] [stdout]    8:     0x5df5aaff38fd - <unknown>
[INFO] [stdout]    9:     0x5df5aafc4f0c - <unknown>
[INFO] [stdout]   10:     0x5df5aafb2480 - <unknown>
[INFO] [stdout]   11:     0x5df5aafbfc0d - <unknown>
[INFO] [stdout]   12:     0x5df5ab0224cb - <unknown>
[INFO] [stdout]   13:     0x5df5ab030374 - <unknown>
[INFO] [stdout]   14:     0x5df5ab029aa4 - <unknown>
[INFO] [stdout]   15:     0x5df5ab034132 - <unknown>
[INFO] [stdout]   16:     0x5df5ab016ec4 - <unknown>
[INFO] [stdout]   17:     0x73d0ccf69dfa - <unknown>
[INFO] [stdout]   18:     0x73d0ccffd3d4 - clone
[INFO] [stdout]   19:                0x0 - <unknown>
[INFO] [stdout] 
[INFO] [stdout] ---- malformed_dotenv_fails_without_exposing_or_persisting_tokens stdout ----
[INFO] [stdout] 
[INFO] [stdout] thread 'malformed_dotenv_fails_without_exposing_or_persisting_tokens' (5102) panicked at apps/airborne-cli/tests/cli.rs:350:10:
[INFO] [stdout] Unexpected return code, failed var == 1
[INFO] [stdout] └── var: 0
[INFO] [stdout] 
[INFO] [stdout] command=`cd "/tmp/.tmpxr7utN" && "/opt/rustwide/target/release/airborne" "--json" "--data-dir" "/tmp/.tmp8uJw6l" "auth" "status"`
[INFO] [stdout] code=0
[INFO] [stdout] stdout="{\"command\":\"auth.status\",\"data\":{\"buildkite\":\"missing\",\"github\":\"missing\"},\"outcome\":\"success\",\"schema_version\":1}\n"
[INFO] [stdout] stderr=""
[INFO] [stdout] 
[INFO] [stdout] stack backtrace:
[INFO] [stdout]    0:     0x5df5ab018036 - <unknown>
[INFO] [stdout]    1:     0x5df5aafc481a - <unknown>
[INFO] [stdout]    2:     0x5df5ab01f96c - <unknown>
[INFO] [stdout]    3:     0x5df5aaff2c32 - <unknown>
[INFO] [stdout]    4:     0x5df5ab00f711 - <unknown>
[INFO] [stdout]    5:     0x5df5ab00f8f2 - <unknown>
[INFO] [stdout]    6:     0x5df5aaff2ce2 - <unknown>
[INFO] [stdout]    7:     0x5df5aafeb829 - <unknown>
[INFO] [stdout]    8:     0x5df5aaff38fd - <unknown>
[INFO] [stdout]    9:     0x5df5aafc4f0c - <unknown>
[INFO] [stdout]   10:     0x5df5aafb2480 - <unknown>
[INFO] [stdout]   11:     0x5df5aafbe27d - <unknown>
[INFO] [stdout]   12:     0x5df5ab0224cb - <unknown>
[INFO] [stdout]   13:     0x5df5ab030374 - <unknown>
[INFO] [stdout]   14:     0x5df5ab029aa4 - <unknown>
[INFO] [stdout]   15:     0x5df5ab034132 - <unknown>
[INFO] [stdout]   16:     0x5df5ab016ec4 - <unknown>
[INFO] [stdout]   17:     0x73d0ccf69dfa - <unknown>
[INFO] [stdout]   18:     0x73d0ccffd3d4 - clone
[INFO] [stdout]   19:                0x0 - <unknown>
[INFO] [stdout] 
[INFO] [stdout] ---- debug_credentials_read_the_current_directory_dotenv_after_empty_process_values stdout ----
[INFO] [stdout] 
[INFO] [stdout] thread 'debug_credentials_read_the_current_directory_dotenv_after_empty_process_values' (5093) panicked at apps/airborne-cli/tests/cli.rs:242:10:
[INFO] [stdout] Unexpected stdout, failed var.contains("github":".env")
[INFO] [stdout] ├── var: {"command":"auth.status","data":{"buildkite":"missing","github":"missing"},"outcome":"success","schema_version":1}
[INFO] [stdout] └── var as str: {"command":"auth.status","data":{"buildkite":"missing","github":"missing"},"outcome":"success","schema_version":1}
[INFO] [stdout] 
[INFO] [stdout] command=`cd "/tmp/.tmp7whBoP" && AIRBORNE_BUILDKITE_TOKEN="" AIRBORNE_GITHUB_TOKEN="" "/opt/rustwide/target/release/airborne" "--json" "--data-dir" "/tmp/.tmp1JHAni" "auth" "status"`
[INFO] [stdout] code=0
[INFO] [stdout] stdout="{\"command\":\"auth.status\",\"data\":{\"buildkite\":\"missing\",\"github\":\"missing\"},\"outcome\":\"success\",\"schema_version\":1}\n"
[INFO] [stdout] stderr=""
[INFO] [stdout] 
[INFO] [stdout] stack backtrace:
[INFO] [stdout]    0:     0x5df5ab018036 - <unknown>
[INFO] [stdout]    1:     0x5df5aafc481a - <unknown>
[INFO] [stdout]    2:     0x5df5ab01f96c - <unknown>
[INFO] [stdout]    3:     0x5df5aaff2c32 - <unknown>
[INFO] [stdout]    4:     0x5df5ab00f711 - <unknown>
[INFO] [stdout]    5:     0x5df5ab00f8f2 - <unknown>
[INFO] [stdout]    6:     0x5df5aaff2ce2 - <unknown>
[INFO] [stdout]    7:     0x5df5aafeb829 - <unknown>
[INFO] [stdout]    8:     0x5df5aaff38fd - <unknown>
[INFO] [stdout]    9:     0x5df5aafc4f0c - <unknown>
[INFO] [stdout]   10:     0x5df5aafb2480 - <unknown>
[INFO] [stdout]   11:     0x5df5aafc16b8 - <unknown>
[INFO] [stdout]   12:     0x5df5ab0224cb - <unknown>
[INFO] [stdout]   13:     0x5df5ab030374 - <unknown>
[INFO] [stdout]   14:     0x5df5ab029aa4 - <unknown>
[INFO] [stdout]   15:     0x5df5ab034132 - <unknown>
[INFO] [stdout]   16:     0x5df5ab016ec4 - <unknown>
[INFO] [stdout]   17:     0x73d0ccf69dfa - <unknown>
[INFO] [stdout]   18:     0x73d0ccffd3d4 - clone
[INFO] [stdout]   19:                0x0 - <unknown>
[INFO] [stdout] 
[INFO] [stdout] ---- unreadable_dotenv_fails_without_exposing_credentials stdout ----
[INFO] [stdout] 
[INFO] [stdout] thread 'unreadable_dotenv_fails_without_exposing_credentials' (5546) panicked at apps/airborne-cli/tests/cli.rs:378:10:
[INFO] [stdout] Unexpected return code, failed var == 1
[INFO] [stdout] └── var: 0
[INFO] [stdout] 
[INFO] [stdout] command=`cd "/tmp/.tmpES8c1Q" && env -u AIRBORNE_BUILDKITE_TOKEN -u AIRBORNE_GITHUB_TOKEN "/opt/rustwide/target/release/airborne" "--json" "--data-dir" "/tmp/.tmpYAgW6g" "auth" "status"`
[INFO] [stdout] code=0
[INFO] [stdout] stdout="{\"command\":\"auth.status\",\"data\":{\"buildkite\":\"missing\",\"github\":\"missing\"},\"outcome\":\"success\",\"schema_version\":1}\n"
[INFO] [stdout] stderr=""
[INFO] [stdout] 
[INFO] [stdout] stack backtrace:
[INFO] [stdout]    0:     0x5df5ab018036 - <unknown>
[INFO] [stdout]    1:     0x5df5aafc481a - <unknown>
[INFO] [stdout]    2:     0x5df5ab01f96c - <unknown>
[INFO] [stdout]    3:     0x5df5aaff2c32 - <unknown>
[INFO] [stdout]    4:     0x5df5ab00f711 - <unknown>
[INFO] [stdout]    5:     0x5df5ab00f8f2 - <unknown>
[INFO] [stdout]    6:     0x5df5aaff2ce2 - <unknown>
[INFO] [stdout]    7:     0x5df5aafeb829 - <unknown>
[INFO] [stdout]    8:     0x5df5aaff38fd - <unknown>
[INFO] [stdout]    9:     0x5df5aafc4f0c - <unknown>
[INFO] [stdout]   10:     0x5df5aafb2480 - <unknown>
[INFO] [stdout]   11:     0x5df5aafbb4c8 - <unknown>
[INFO] [stdout]   12:     0x5df5ab0224cb - <unknown>
[INFO] [stdout]   13:     0x5df5ab030374 - <unknown>
[INFO] [stdout]   14:     0x5df5ab029aa4 - <unknown>
[INFO] [stdout]   15:     0x5df5ab034132 - <unknown>
[INFO] [stdout]   16:     0x5df5ab016ec4 - <unknown>
[INFO] [stdout]   17:     0x73d0ccf69dfa - <unknown>
[INFO] [stdout]   18:     0x73d0ccffd3d4 - clone
[INFO] [stdout]   19:                0x0 - <unknown>
[INFO] [stdout] 
[INFO] [stdout] 
[INFO] [stdout] failures:
[INFO] [stdout]     debug_credentials_read_the_current_directory_dotenv_after_empty_process_values
[INFO] [stdout]     duplicate_dotenv_credentials_are_rejected_without_exposing_tokens
[INFO] [stdout]     malformed_dotenv_fails_without_exposing_or_persisting_tokens
[INFO] [stdout]     unreadable_dotenv_fails_without_exposing_credentials
[INFO] [stdout] 
[INFO] [stdout] test result: FAILED. 19 passed; 4 failed; 0 ignored; 0 measured; 0 filtered out; finished in 0.27s
[INFO] [stdout] 
[INFO] [stderr] error: test failed, to rerun pass `-p airborne-cli --test cli`
[INFO] running `Command { std: "docker" "inspect" "f3304e8ef2b8ff74e921701d4ced665a38556c5b559f80f788705a032b1d63fc", kill_on_drop: false }`
[INFO] running `Command { std: "docker" "rm" "-f" "f3304e8ef2b8ff74e921701d4ced665a38556c5b559f80f788705a032b1d63fc", kill_on_drop: false }`
[INFO] [stdout] f3304e8ef2b8ff74e921701d4ced665a38556c5b559f80f788705a032b1d63fc
