[INFO] cloning repository https://github.com/dmaax/mikrotui
[INFO] running `Command { std: "git" "-c" "credential.helper=" "-c" "credential.helper=/workspace/cargo-home/bin/git-credential-null" "clone" "--bare" "https://github.com/dmaax/mikrotui" "/workspace/cache/git-repos/https%3A%2F%2Fgithub.com%2Fdmaax%2Fmikrotui", kill_on_drop: false }`
[INFO] [stderr] Cloning into bare repository '/workspace/cache/git-repos/https%3A%2F%2Fgithub.com%2Fdmaax%2Fmikrotui'...
[INFO] running `Command { std: "git" "rev-parse" "HEAD", kill_on_drop: false }`
[INFO] [stdout] 91d653382ef59488953aabb38f298e7140fa5339
[INFO] testing dmaax/mikrotui against 1.100.0-beta.1+cargoflags=--release for beta-release-1.100-2
[INFO] running `Command { std: "git" "clone" "/workspace/cache/git-repos/https%3A%2F%2Fgithub.com%2Fdmaax%2Fmikrotui" "/workspace/builds/worker-5-tc2/source", kill_on_drop: false }`
[INFO] [stderr] Cloning into '/workspace/builds/worker-5-tc2/source'...
[INFO] [stderr] done.
[INFO] started tweaking git repo https://github.com/dmaax/mikrotui
[INFO] finished tweaking git repo https://github.com/dmaax/mikrotui
[INFO] tweaked toml for git repo https://github.com/dmaax/mikrotui written to /workspace/builds/worker-5-tc2/source/Cargo.toml
[INFO] validating manifest of git repo https://github.com/dmaax/mikrotui on toolchain 1.100.0-beta.1
[INFO] running `Command { std: CARGO_HOME="/workspace/cargo-home" RUSTUP_HOME="/workspace/rustup-home" "/workspace/cargo-home/bin/cargo" "+1.100.0-beta.1" "metadata" "--manifest-path" "Cargo.toml" "--no-deps", kill_on_drop: false }`
[INFO] crate git repo https://github.com/dmaax/mikrotui already has a lockfile, it will not be regenerated
[INFO] running `Command { std: CARGO_HOME="/workspace/cargo-home" RUSTUP_HOME="/workspace/rustup-home" "/workspace/cargo-home/bin/cargo" "+1.100.0-beta.1" "fetch" "--manifest-path" "Cargo.toml", kill_on_drop: false }`
[INFO] [stderr] warning: `package.homepage` is redundant with `package.repository`
[INFO] [stderr]   --> Cargo.toml:39:12
[INFO] [stderr]    |
[INFO] [stderr] 39 | homepage = "https://github.com/dmaax/mikrotui"
[INFO] [stderr]    |            ^^^^^^^^^^^^^^^^^^^^^^^^^^^^^^^^^^^
[INFO] [stderr] ...
[INFO] [stderr] 44 | repository = "https://github.com/dmaax/mikrotui"
[INFO] [stderr]    |              -----------------------------------
[INFO] [stderr]    |
[INFO] [stderr]    = note: `cargo::redundant_homepage` is set to `warn` by default
[INFO] [stderr] help: consider removing `package.homepage`
[INFO] [stderr] warning: `mikrotui` (manifest) generated 1 warning
[INFO] [stderr]     Blocking waiting for file lock on package cache
[INFO] [stderr]     Blocking waiting for file lock on package cache
[ERROR] error running command: no output for 300 seconds
[INFO] testing dmaax/mikrotui against 1.100.0-beta.1+cargoflags=--release for beta-release-1.100-2
[INFO] running `Command { std: "git" "clone" "/workspace/cache/git-repos/https%3A%2F%2Fgithub.com%2Fdmaax%2Fmikrotui" "/workspace/builds/worker-5-tc2/source", kill_on_drop: false }`
[INFO] [stderr] Cloning into '/workspace/builds/worker-5-tc2/source'...
[INFO] [stderr] done.
[INFO] started tweaking git repo https://github.com/dmaax/mikrotui
[INFO] finished tweaking git repo https://github.com/dmaax/mikrotui
[INFO] tweaked toml for git repo https://github.com/dmaax/mikrotui written to /workspace/builds/worker-5-tc2/source/Cargo.toml
[INFO] validating manifest of git repo https://github.com/dmaax/mikrotui on toolchain 1.100.0-beta.1
[INFO] running `Command { std: CARGO_HOME="/workspace/cargo-home" RUSTUP_HOME="/workspace/rustup-home" "/workspace/cargo-home/bin/cargo" "+1.100.0-beta.1" "metadata" "--manifest-path" "Cargo.toml" "--no-deps", kill_on_drop: false }`
[INFO] crate git repo https://github.com/dmaax/mikrotui already has a lockfile, it will not be regenerated
[INFO] running `Command { std: CARGO_HOME="/workspace/cargo-home" RUSTUP_HOME="/workspace/rustup-home" "/workspace/cargo-home/bin/cargo" "+1.100.0-beta.1" "fetch" "--manifest-path" "Cargo.toml", kill_on_drop: false }`
[INFO] [stderr] warning: `package.homepage` is redundant with `package.repository`
[INFO] [stderr]   --> Cargo.toml:39:12
[INFO] [stderr]    |
[INFO] [stderr] 39 | homepage = "https://github.com/dmaax/mikrotui"
[INFO] [stderr]    |            ^^^^^^^^^^^^^^^^^^^^^^^^^^^^^^^^^^^
[INFO] [stderr] ...
[INFO] [stderr] 44 | repository = "https://github.com/dmaax/mikrotui"
[INFO] [stderr]    |              -----------------------------------
[INFO] [stderr]    |
[INFO] [stderr]    = note: `cargo::redundant_homepage` is set to `warn` by default
[INFO] [stderr] help: consider removing `package.homepage`
[INFO] [stderr] warning: `mikrotui` (manifest) generated 1 warning
[INFO] [stderr]     Blocking waiting for file lock on package cache
[INFO] [stderr]     Blocking waiting for file lock on package cache
[ERROR] error running command: no output for 300 seconds
[INFO] testing dmaax/mikrotui against 1.100.0-beta.1+cargoflags=--release for beta-release-1.100-2
[INFO] running `Command { std: "git" "clone" "/workspace/cache/git-repos/https%3A%2F%2Fgithub.com%2Fdmaax%2Fmikrotui" "/workspace/builds/worker-5-tc2/source", kill_on_drop: false }`
[INFO] [stderr] Cloning into '/workspace/builds/worker-5-tc2/source'...
[INFO] [stderr] done.
[INFO] started tweaking git repo https://github.com/dmaax/mikrotui
[INFO] finished tweaking git repo https://github.com/dmaax/mikrotui
[INFO] tweaked toml for git repo https://github.com/dmaax/mikrotui written to /workspace/builds/worker-5-tc2/source/Cargo.toml
[INFO] validating manifest of git repo https://github.com/dmaax/mikrotui on toolchain 1.100.0-beta.1
[INFO] running `Command { std: CARGO_HOME="/workspace/cargo-home" RUSTUP_HOME="/workspace/rustup-home" "/workspace/cargo-home/bin/cargo" "+1.100.0-beta.1" "metadata" "--manifest-path" "Cargo.toml" "--no-deps", kill_on_drop: false }`
[INFO] crate git repo https://github.com/dmaax/mikrotui already has a lockfile, it will not be regenerated
[INFO] running `Command { std: CARGO_HOME="/workspace/cargo-home" RUSTUP_HOME="/workspace/rustup-home" "/workspace/cargo-home/bin/cargo" "+1.100.0-beta.1" "fetch" "--manifest-path" "Cargo.toml", kill_on_drop: false }`
[INFO] [stderr] warning: `package.homepage` is redundant with `package.repository`
[INFO] [stderr]   --> Cargo.toml:39:12
[INFO] [stderr]    |
[INFO] [stderr] 39 | homepage = "https://github.com/dmaax/mikrotui"
[INFO] [stderr]    |            ^^^^^^^^^^^^^^^^^^^^^^^^^^^^^^^^^^^
[INFO] [stderr] ...
[INFO] [stderr] 44 | repository = "https://github.com/dmaax/mikrotui"
[INFO] [stderr]    |              -----------------------------------
[INFO] [stderr]    |
[INFO] [stderr]    = note: `cargo::redundant_homepage` is set to `warn` by default
[INFO] [stderr] help: consider removing `package.homepage`
[INFO] [stderr] warning: `mikrotui` (manifest) generated 1 warning
[INFO] [stderr]     Blocking waiting for file lock on package cache
[INFO] [stderr]     Blocking waiting for file lock on package cache
[ERROR] error running command: no output for 300 seconds
[INFO] testing dmaax/mikrotui against 1.100.0-beta.1+cargoflags=--release for beta-release-1.100-2
[INFO] running `Command { std: "git" "clone" "/workspace/cache/git-repos/https%3A%2F%2Fgithub.com%2Fdmaax%2Fmikrotui" "/workspace/builds/worker-5-tc2/source", kill_on_drop: false }`
[INFO] [stderr] Cloning into '/workspace/builds/worker-5-tc2/source'...
[INFO] [stderr] done.
[INFO] started tweaking git repo https://github.com/dmaax/mikrotui
[INFO] finished tweaking git repo https://github.com/dmaax/mikrotui
[INFO] tweaked toml for git repo https://github.com/dmaax/mikrotui written to /workspace/builds/worker-5-tc2/source/Cargo.toml
[INFO] validating manifest of git repo https://github.com/dmaax/mikrotui on toolchain 1.100.0-beta.1
[INFO] running `Command { std: CARGO_HOME="/workspace/cargo-home" RUSTUP_HOME="/workspace/rustup-home" "/workspace/cargo-home/bin/cargo" "+1.100.0-beta.1" "metadata" "--manifest-path" "Cargo.toml" "--no-deps", kill_on_drop: false }`
[INFO] crate git repo https://github.com/dmaax/mikrotui already has a lockfile, it will not be regenerated
[INFO] running `Command { std: CARGO_HOME="/workspace/cargo-home" RUSTUP_HOME="/workspace/rustup-home" "/workspace/cargo-home/bin/cargo" "+1.100.0-beta.1" "fetch" "--manifest-path" "Cargo.toml", kill_on_drop: false }`
[INFO] [stderr] warning: `package.homepage` is redundant with `package.repository`
[INFO] [stderr]   --> Cargo.toml:39:12
[INFO] [stderr]    |
[INFO] [stderr] 39 | homepage = "https://github.com/dmaax/mikrotui"
[INFO] [stderr]    |            ^^^^^^^^^^^^^^^^^^^^^^^^^^^^^^^^^^^
[INFO] [stderr] ...
[INFO] [stderr] 44 | repository = "https://github.com/dmaax/mikrotui"
[INFO] [stderr]    |              -----------------------------------
[INFO] [stderr]    |
[INFO] [stderr]    = note: `cargo::redundant_homepage` is set to `warn` by default
[INFO] [stderr] help: consider removing `package.homepage`
[INFO] [stderr] warning: `mikrotui` (manifest) generated 1 warning
[INFO] [stderr]     Blocking waiting for file lock on package cache
[INFO] [stderr]     Blocking waiting for file lock on package cache
[ERROR] error running command: no output for 300 seconds
[INFO] testing dmaax/mikrotui against 1.100.0-beta.1+cargoflags=--release for beta-release-1.100-2
[INFO] running `Command { std: "git" "clone" "/workspace/cache/git-repos/https%3A%2F%2Fgithub.com%2Fdmaax%2Fmikrotui" "/workspace/builds/worker-5-tc2/source", kill_on_drop: false }`
[INFO] [stderr] Cloning into '/workspace/builds/worker-5-tc2/source'...
[INFO] [stderr] done.
[INFO] started tweaking git repo https://github.com/dmaax/mikrotui
[INFO] finished tweaking git repo https://github.com/dmaax/mikrotui
[INFO] tweaked toml for git repo https://github.com/dmaax/mikrotui written to /workspace/builds/worker-5-tc2/source/Cargo.toml
[INFO] validating manifest of git repo https://github.com/dmaax/mikrotui on toolchain 1.100.0-beta.1
[INFO] running `Command { std: CARGO_HOME="/workspace/cargo-home" RUSTUP_HOME="/workspace/rustup-home" "/workspace/cargo-home/bin/cargo" "+1.100.0-beta.1" "metadata" "--manifest-path" "Cargo.toml" "--no-deps", kill_on_drop: false }`
[INFO] crate git repo https://github.com/dmaax/mikrotui already has a lockfile, it will not be regenerated
[INFO] running `Command { std: CARGO_HOME="/workspace/cargo-home" RUSTUP_HOME="/workspace/rustup-home" "/workspace/cargo-home/bin/cargo" "+1.100.0-beta.1" "fetch" "--manifest-path" "Cargo.toml", kill_on_drop: false }`
[INFO] [stderr] warning: `package.homepage` is redundant with `package.repository`
[INFO] [stderr]   --> Cargo.toml:39:12
[INFO] [stderr]    |
[INFO] [stderr] 39 | homepage = "https://github.com/dmaax/mikrotui"
[INFO] [stderr]    |            ^^^^^^^^^^^^^^^^^^^^^^^^^^^^^^^^^^^
[INFO] [stderr] ...
[INFO] [stderr] 44 | repository = "https://github.com/dmaax/mikrotui"
[INFO] [stderr]    |              -----------------------------------
[INFO] [stderr]    |
[INFO] [stderr]    = note: `cargo::redundant_homepage` is set to `warn` by default
[INFO] [stderr] help: consider removing `package.homepage`
[INFO] [stderr] warning: `mikrotui` (manifest) generated 1 warning
[INFO] [stderr]     Blocking waiting for file lock on package cache
[INFO] [stderr]     Blocking waiting for file lock on package cache
[INFO] running `Command { std: "docker" "create" "-v" "/var/lib/crater-agent-workspace/builds/worker-5-tc2/source:/opt/rustwide/workdir:ro,Z" "-v" "/var/lib/crater-agent-workspace/builds/worker-5-tc2/target:/opt/rustwide/target:rw,Z" "-v" "/var/lib/crater-agent-workspace/cargo-home:/opt/rustwide/cargo-home:ro,Z" "-v" "/var/lib/crater-agent-workspace/rustup-home:/opt/rustwide/rustup-home:ro,Z" "-m" "1610612736" "--network" "none" "ghcr.io/rust-lang/crates-build-env/linux@sha256:77db811e55d90add9212f6832c23229e3de5f1c1f9905e8cb07319ea15df73ac" "sleep" "infinity", kill_on_drop: false }`
[INFO] [stdout] 2be72904c347a00f0d4311ad4e6f9aca1c466f66ac72c588da5182bff8f7132f
[INFO] running `Command { std: "docker" "start" "2be72904c347a00f0d4311ad4e6f9aca1c466f66ac72c588da5182bff8f7132f", kill_on_drop: false }`
[INFO] running `Command { std: "docker" "inspect" "2be72904c347a00f0d4311ad4e6f9aca1c466f66ac72c588da5182bff8f7132f", kill_on_drop: false }`
[INFO] running `Command { std: "docker" "exec" "-e" "SOURCE_DIR=/opt/rustwide/workdir" "-e" "CARGO_HOME=/opt/rustwide/cargo-home" "-e" "RUSTUP_HOME=/opt/rustwide/rustup-home" "-e" "CARGO_TARGET_DIR=/opt/rustwide/target" "-w" "/opt/rustwide/workdir" "--user" "0:0" "2be72904c347a00f0d4311ad4e6f9aca1c466f66ac72c588da5182bff8f7132f" "/opt/rustwide/cargo-home/bin/cargo" "+1.100.0-beta.1" "metadata" "--no-deps" "--format-version=1", kill_on_drop: false }`
[INFO] running `Command { std: "docker" "inspect" "2be72904c347a00f0d4311ad4e6f9aca1c466f66ac72c588da5182bff8f7132f", kill_on_drop: false }`
[INFO] running `Command { std: "docker" "exec" "-e" "SOURCE_DIR=/opt/rustwide/workdir" "-e" "CARGO_HOME=/opt/rustwide/cargo-home" "-e" "RUSTUP_HOME=/opt/rustwide/rustup-home" "-e" "CARGO_TARGET_DIR=/opt/rustwide/target" "-e" "CARGO_INCREMENTAL=0" "-e" "RUST_BACKTRACE=full" "-e" "RUSTFLAGS=--cap-lints=warn" "-e" "RUSTDOCFLAGS=--cap-lints=warn" "-w" "/opt/rustwide/workdir" "--user" "0:0" "2be72904c347a00f0d4311ad4e6f9aca1c466f66ac72c588da5182bff8f7132f" "/opt/rustwide/cargo-home/bin/cargo" "+1.100.0-beta.1" "build" "--frozen" "--message-format=json" "--release", kill_on_drop: false }`
[INFO] [stderr] warning: `package.homepage` is redundant with `package.repository`
[INFO] [stderr]   --> Cargo.toml:39:12
[INFO] [stderr]    |
[INFO] [stderr] 39 | homepage = "https://github.com/dmaax/mikrotui"
[INFO] [stderr]    |            ^^^^^^^^^^^^^^^^^^^^^^^^^^^^^^^^^^^
[INFO] [stderr] ...
[INFO] [stderr] 44 | repository = "https://github.com/dmaax/mikrotui"
[INFO] [stderr]    |              -----------------------------------
[INFO] [stderr]    |
[INFO] [stderr]    = note: `cargo::redundant_homepage` is set to `warn` by default
[INFO] [stderr] help: consider removing `package.homepage`
[INFO] [stderr] warning: `mikrotui` (manifest) generated 1 warning
[INFO] [stderr]    Compiling libc v0.2.189
[INFO] [stderr]    Compiling subtle v2.6.1
[INFO] [stderr]    Compiling typenum v1.20.1
[INFO] [stderr]    Compiling cmov v0.5.4
[INFO] [stderr]    Compiling rand_core v0.10.1
[INFO] [stderr]    Compiling getrandom v0.4.3
[INFO] [stderr]    Compiling const-oid v0.10.2
[INFO] [stderr]    Compiling cpufeatures v0.3.0
[INFO] [stderr]    Compiling cpubits v0.1.1
[INFO] [stderr]    Compiling num-traits v0.2.19
[INFO] [stderr]    Compiling pem-rfc7468 v1.0.0
[INFO] [stderr]    Compiling base16ct v1.0.0
[INFO] [stderr]    Compiling smallvec v1.15.2
[INFO] [stderr]    Compiling rustversion v1.0.23
[INFO] [stderr]    Compiling syn v3.0.3
[INFO] [stderr]    Compiling syn v2.0.119
[INFO] [stderr]    Compiling jobserver v0.1.35
[INFO] [stderr]    Compiling find-msvc-tools v0.1.11
[INFO] [stderr]    Compiling signal-hook v0.3.18
[INFO] [stderr]    Compiling bitflags v2.13.1
[INFO] [stderr]    Compiling ff v0.14.0
[INFO] [stderr]    Compiling der v0.8.1
[INFO] [stderr]    Compiling pkg-config v0.3.34
[INFO] [stderr]    Compiling group v0.14.0
[INFO] [stderr]    Compiling curve25519-dalek v5.0.0
[INFO] [stderr]    Compiling futures-core v0.3.33
[INFO] [stderr]    Compiling ctutils v0.4.2
[INFO] [stderr]    Compiling cc v1.4.4
[INFO] [stderr]    Compiling futures-sink v0.3.33
[INFO] [stderr]    Compiling cfg_aliases v0.2.2
[INFO] [stderr]    Compiling generic-array v0.14.7
[INFO] [stderr]    Compiling nix v0.31.3
[INFO] [stderr]    Compiling futures-channel v0.3.33
[INFO] [stderr]    Compiling keccak v0.2.2
[INFO] [stderr]    Compiling unicode-segmentation v1.13.3
[INFO] [stderr]    Compiling rustix v0.38.44
[INFO] [stderr]    Compiling simd-adler32 v0.3.10
[INFO] [stderr]    Compiling aws-lc-rs v1.18.0
[INFO] [stderr]    Compiling either v1.17.0
[INFO] [stderr]    Compiling instability v0.3.13
[INFO] [stderr]    Compiling linux-raw-sys v0.4.15
[INFO] [stderr]    Compiling castaway v0.2.4
[INFO] [stderr]    Compiling aho-corasick v1.1.5
[INFO] [stderr]    Compiling thread_local v1.1.10
[INFO] [stderr]    Compiling option-ext v0.2.0
[INFO] [stderr]    Compiling miniz_oxide v0.8.9
[INFO] [stderr]    Compiling indoc v2.0.7
[INFO] [stderr]    Compiling itertools v0.13.0
[INFO] [stderr]    Compiling sponge-cursor v0.1.0
[INFO] [stderr]    Compiling hex v0.4.3
[INFO] [stderr]    Compiling clap_builder v4.6.6
[INFO] [stderr]    Compiling newline-converter v0.3.0
[INFO] [stderr]    Compiling hybrid-array v0.4.14
[INFO] [stderr]    Compiling fuzzy-matcher v0.3.7
[INFO] [stderr]    Compiling num-integer v0.1.46
[INFO] [stderr]    Compiling flate2 v1.1.9
[INFO] [stderr]    Compiling compact_str v0.8.2
[INFO] [stderr]    Compiling cmake v0.1.58
[INFO] [stderr]    Compiling generic-array v1.4.5
[INFO] [stderr]    Compiling spki v0.8.0
[INFO] [stderr]    Compiling regex-automata v0.4.18
[INFO] [stderr]    Compiling block-buffer v0.12.1
[INFO] [stderr]    Compiling block-padding v0.4.2
[INFO] [stderr]    Compiling sec1 v0.8.1
[INFO] [stderr]    Compiling wnaf v0.14.0
[INFO] [stderr]    Compiling pkcs1 v0.8.0-rc.4
[INFO] [stderr]    Compiling inout v0.2.2
[INFO] [stderr]    Compiling aws-lc-sys v0.44.0
[INFO] [stderr]    Compiling module-lattice v0.2.3
[INFO] [stderr]    Compiling num-bigint v0.4.8
[INFO] [stderr]    Compiling errno v0.3.14
[INFO] [stderr]    Compiling mio v1.2.2
[INFO] [stderr]    Compiling parking_lot_core v0.9.12
[INFO] [stderr]    Compiling signal-hook-registry v1.4.8
[INFO] [stderr]    Compiling crypto-common v0.2.2
[INFO] [stderr]    Compiling crypto-bigint v0.7.5
[INFO] [stderr]    Compiling parking_lot v0.12.5
[INFO] [stderr]    Compiling mio v0.8.11
[INFO] [stderr]    Compiling socket2 v0.6.5
[INFO] [stderr]    Compiling unicode-truncate v1.1.0
[INFO] [stderr]    Compiling dirs-sys v0.4.1
[INFO] [stderr]    Compiling digest v0.11.3
[INFO] [stderr]    Compiling cipher v0.5.2
[INFO] [stderr]    Compiling universal-hash v0.6.1
[INFO] [stderr]    Compiling polyval v0.7.3
[INFO] [stderr]    Compiling hmac v0.13.0
[INFO] [stderr]    Compiling sha2 v0.11.0
[INFO] [stderr]    Compiling aead v0.6.1
[INFO] [stderr]    Compiling signature v3.0.0
[INFO] [stderr]    Compiling ghash v0.6.0
[INFO] [stderr]    Compiling ctr v0.10.1
[INFO] [stderr]    Compiling pbkdf2 v0.13.0
[INFO] [stderr]    Compiling aes v0.9.2
[INFO] [stderr]    Compiling salsa20 v0.11.0
[INFO] [stderr]    Compiling cbc v0.2.1
[INFO] [stderr]    Compiling hkdf v0.13.0
[INFO] [stderr]    Compiling chacha20 v0.10.1
[INFO] [stderr]    Compiling darling_core v0.24.0
[INFO] [stderr]    Compiling signal-hook-mio v0.2.5
[INFO] [stderr]    Compiling blowfish v0.10.0
[INFO] [stderr]    Compiling blake2 v0.11.0-rc.6
[INFO] [stderr]    Compiling poly1305 v0.9.1
[INFO] [stderr]    Compiling sha1 v0.11.0
[INFO] [stderr]    Compiling sha3 v0.11.0
[INFO] [stderr]    Compiling aes-gcm v0.11.0
[INFO] [stderr]    Compiling argon2 v0.6.0-rc.8
[INFO] [stderr]    Compiling rand v0.10.2
[INFO] [stderr]    Compiling scrypt v0.12.0
[INFO] [stderr]    Compiling bcrypt-pbkdf v0.11.0
[INFO] [stderr]    Compiling pkcs5 v0.8.1
[INFO] [stderr]    Compiling kem v0.3.0
[INFO] [stderr]    Compiling ml-kem v0.3.2
[INFO] [stderr]    Compiling crossterm v0.25.0
[INFO] [stderr]    Compiling crossterm v0.28.1
[INFO] [stderr]    Compiling sha3 v0.12.0
[INFO] [stderr]    Compiling curve25519-dalek-derive v0.1.1
[INFO] [stderr]    Compiling futures-macro v0.3.33
[INFO] [stderr]    Compiling pkcs8 v0.11.0
[INFO] [stderr]    Compiling tokio-macros v2.7.2
[INFO] [stderr]    Compiling thiserror-impl v2.0.20
[INFO] [stderr]    Compiling futures-util v0.3.33
[INFO] [stderr]    Compiling ed25519 v3.0.0
[INFO] [stderr]    Compiling tokio v1.53.1
[INFO] [stderr]    Compiling strum_macros v0.26.4
[INFO] [stderr]    Compiling clap_derive v4.6.4
[INFO] [stderr]    Compiling elliptic-curve v0.14.1
[INFO] [stderr]    Compiling rfc6979 v0.6.0
[INFO] [stderr]    Compiling primefield v0.14.0
[INFO] [stderr]    Compiling ssh-encoding v0.3.0
[INFO] [stderr]    Compiling crypto-primes v0.7.2
[INFO] [stderr]    Compiling ed25519-dalek v3.0.0
[INFO] [stderr]    Compiling ssh-cipher v0.3.0
[INFO] [stderr]    Compiling darling_macro v0.24.0
[INFO] [stderr]    Compiling russh-cryptovec v0.62.0
[INFO] [stderr]    Compiling primeorder v0.14.0
[INFO] [stderr]    Compiling ecdsa v0.17.0
[INFO] [stderr]    Compiling darling v0.24.0
[INFO] [stderr]    Compiling thiserror v2.0.20
[INFO] [stderr]    Compiling serde_derive v1.0.229
[INFO] [stderr]    Compiling delegate v0.13.5
[INFO] [stderr]    Compiling rsa v0.10.0-rc.18
[INFO] [stderr]    Compiling strum v0.26.3
[INFO] [stderr]    Compiling enum_dispatch v0.3.13
[INFO] [stderr]    Compiling internal-russh-num-bigint v0.5.0
[INFO] [stderr]    Compiling lru v0.12.5
[INFO] [stderr]    Compiling p384 v0.14.0
[INFO] [stderr]    Compiling p256 v0.14.0
[INFO] [stderr]    Compiling p521 v0.14.0
[INFO] [stderr]    Compiling fxhash v0.2.1
[INFO] [stderr]    Compiling dyn-clone v1.0.20
[INFO] [stderr]    Compiling cassowary v0.3.0
[INFO] [stderr]    Compiling unicode-width v0.2.0
[INFO] [stderr]    Compiling hex-literal v1.1.0
[INFO] [stderr]    Compiling md5 v0.8.1
[INFO] [stderr]    Compiling inquire v0.7.5
[INFO] [stderr]    Compiling ratatui v0.29.0
[INFO] [stderr]    Compiling clap v4.6.6
[INFO] [stderr]    Compiling async-trait v0.1.91
[INFO] [stderr]    Compiling futures-executor v0.3.33
[INFO] [stderr]    Compiling futures v0.3.33
[INFO] [stderr]    Compiling regex v1.13.1
[INFO] [stderr]    Compiling dirs v5.0.1
[INFO] [stderr]    Compiling serde v1.0.229
[INFO] [stderr]    Compiling ssh-key v0.7.0-rc.11
[INFO] [stderr]    Compiling russh-util v0.52.0
[INFO] [stderr]    Compiling russh v0.63.0
[INFO] [stderr]    Compiling mikrotui v0.4.9 (/opt/rustwide/workdir)
[INFO] [stderr] warning: unused dependency `async-trait`
[INFO] [stderr]  --> Cargo.toml:3:1
[INFO] [stderr]   |
[INFO] [stderr] 3 | async-trait = "0.1"
[INFO] [stderr]   | ^^^^^^^^^^^^^^^^^^^
[INFO] [stderr]   |
[INFO] [stderr]   = note: `cargo::unused_dependencies` is set to `warn` by default
[INFO] [stderr] help: consider removing the dependency on `async-trait`
[INFO] [stderr] warning: unused dependency `regex`
[INFO] [stderr]  --> Cargo.toml:8:1
[INFO] [stderr]   |
[INFO] [stderr] 8 | regex = "1.10"
[INFO] [stderr]   | ^^^^^^^^^^^^^^
[INFO] [stderr]   |
[INFO] [stderr] help: consider removing the dependency on `regex`
[INFO] [stderr] warning: `mikrotui` (manifest) generated 2 warnings
[INFO] [stderr]     Finished `release` profile [optimized] target(s) in 3m 29s
[INFO] running `Command { std: "docker" "inspect" "2be72904c347a00f0d4311ad4e6f9aca1c466f66ac72c588da5182bff8f7132f", kill_on_drop: false }`
[INFO] running `Command { std: "docker" "exec" "-e" "SOURCE_DIR=/opt/rustwide/workdir" "-e" "CARGO_HOME=/opt/rustwide/cargo-home" "-e" "RUSTUP_HOME=/opt/rustwide/rustup-home" "-e" "CARGO_TARGET_DIR=/opt/rustwide/target" "-e" "CARGO_INCREMENTAL=0" "-e" "RUST_BACKTRACE=full" "-e" "RUSTFLAGS=--cap-lints=warn" "-e" "RUSTDOCFLAGS=--cap-lints=warn" "-w" "/opt/rustwide/workdir" "--user" "0:0" "2be72904c347a00f0d4311ad4e6f9aca1c466f66ac72c588da5182bff8f7132f" "/opt/rustwide/cargo-home/bin/cargo" "+1.100.0-beta.1" "test" "--frozen" "--no-run" "--message-format=json" "--release", kill_on_drop: false }`
[INFO] [stderr] warning: `package.homepage` is redundant with `package.repository`
[INFO] [stderr]   --> Cargo.toml:39:12
[INFO] [stderr]    |
[INFO] [stderr] 39 | homepage = "https://github.com/dmaax/mikrotui"
[INFO] [stderr]    |            ^^^^^^^^^^^^^^^^^^^^^^^^^^^^^^^^^^^
[INFO] [stderr] ...
[INFO] [stderr] 44 | repository = "https://github.com/dmaax/mikrotui"
[INFO] [stderr]    |              -----------------------------------
[INFO] [stderr]    |
[INFO] [stderr]    = note: `cargo::redundant_homepage` is set to `warn` by default
[INFO] [stderr] help: consider removing `package.homepage`
[INFO] [stderr] warning: `mikrotui` (manifest) generated 1 warning
[INFO] [stderr]    Compiling mikrotui v0.4.9 (/opt/rustwide/workdir)
[INFO] [stderr] warning: unused dependency `async-trait`
[INFO] [stderr]  --> Cargo.toml:3:1
[INFO] [stderr]   |
[INFO] [stderr] 3 | async-trait = "0.1"
[INFO] [stderr]   | ^^^^^^^^^^^^^^^^^^^
[INFO] [stderr]   |
[INFO] [stderr]   = note: `cargo::unused_dependencies` is set to `warn` by default
[INFO] [stderr] help: consider removing the dependency on `async-trait`
[INFO] [stderr] warning: unused dependency `regex`
[INFO] [stderr]  --> Cargo.toml:8:1
[INFO] [stderr]   |
[INFO] [stderr] 8 | regex = "1.10"
[INFO] [stderr]   | ^^^^^^^^^^^^^^
[INFO] [stderr]   |
[INFO] [stderr] help: consider removing the dependency on `regex`
[INFO] [stderr] warning: `mikrotui` (manifest) generated 2 warnings
[INFO] [stderr]     Finished `release` profile [optimized] target(s) in 17.41s
[INFO] running `Command { std: "docker" "inspect" "2be72904c347a00f0d4311ad4e6f9aca1c466f66ac72c588da5182bff8f7132f", kill_on_drop: false }`
[INFO] running `Command { std: "docker" "exec" "-e" "SOURCE_DIR=/opt/rustwide/workdir" "-e" "CARGO_HOME=/opt/rustwide/cargo-home" "-e" "RUSTUP_HOME=/opt/rustwide/rustup-home" "-e" "CARGO_TARGET_DIR=/opt/rustwide/target" "-e" "CARGO_INCREMENTAL=0" "-e" "RUST_BACKTRACE=full" "-e" "RUSTFLAGS=--cap-lints=warn" "-e" "RUSTDOCFLAGS=--cap-lints=warn" "-w" "/opt/rustwide/workdir" "--user" "0:0" "2be72904c347a00f0d4311ad4e6f9aca1c466f66ac72c588da5182bff8f7132f" "/opt/rustwide/cargo-home/bin/cargo" "+1.100.0-beta.1" "test" "--frozen" "--release", kill_on_drop: false }`
[INFO] [stderr] warning: `package.homepage` is redundant with `package.repository`
[INFO] [stderr]   --> Cargo.toml:39:12
[INFO] [stderr]    |
[INFO] [stderr] 39 | homepage = "https://github.com/dmaax/mikrotui"
[INFO] [stderr]    |            ^^^^^^^^^^^^^^^^^^^^^^^^^^^^^^^^^^^
[INFO] [stderr] ...
[INFO] [stderr] 44 | repository = "https://github.com/dmaax/mikrotui"
[INFO] [stderr]    |              -----------------------------------
[INFO] [stderr]    |
[INFO] [stderr]    = note: `cargo::redundant_homepage` is set to `warn` by default
[INFO] [stderr] help: consider removing `package.homepage`
[INFO] [stderr] warning: `mikrotui` (manifest) generated 1 warning
[INFO] [stderr] warning: unused dependency `async-trait`
[INFO] [stderr]  --> Cargo.toml:3:1
[INFO] [stderr]   |
[INFO] [stderr] 3 | async-trait = "0.1"
[INFO] [stderr]   | ^^^^^^^^^^^^^^^^^^^
[INFO] [stderr]   |
[INFO] [stderr]   = note: `cargo::unused_dependencies` is set to `warn` by default
[INFO] [stderr] help: consider removing the dependency on `async-trait`
[INFO] [stderr] warning: unused dependency `regex`
[INFO] [stderr]  --> Cargo.toml:8:1
[INFO] [stderr]   |
[INFO] [stderr] 8 | regex = "1.10"
[INFO] [stderr]   | ^^^^^^^^^^^^^^
[INFO] [stderr]   |
[INFO] [stderr] help: consider removing the dependency on `regex`
[INFO] [stderr] warning: `mikrotui` (manifest) generated 2 warnings
[INFO] [stderr]     Finished `release` profile [optimized] target(s) in 0.29s
[INFO] [stderr]      Running unittests src/main.rs (/opt/rustwide/target/release/build/mikrotui/5a8140403ef71a29/out/mikrotui-5a8140403ef71a29)
[INFO] [stdout] 
[INFO] [stdout] running 106 tests
[INFO] [stdout] test app::tests::a_failed_fetch_leaves_the_previous_rows_alone ... ok
[INFO] [stdout] test app::tests::a_refresh_fetches_only_the_visible_tab ... ok
[INFO] [stdout] test app::tests::ping_targets_that_are_not_hosts_are_refused ... ok
[INFO] [stdout] test config::tests::clearing_removes_both_field_names ... ok
[INFO] [stdout] test app::tests::a_dismissed_ping_does_not_reopen_when_its_result_arrives ... ok
[INFO] [stdout] test app::tests::a_refresh_marks_the_tab_it_fetched ... ok
[INFO] [stdout] test app::tests::a_resource_that_empties_stops_being_displayed ... ok
[INFO] [stdout] test config::tests::obfuscation_round_trips ... ok
[INFO] [stdout] test app::tests::a_superseded_ping_result_is_dropped ... ok
[INFO] [stdout] test app::tests::an_unvisited_tab_asks_for_its_data ... ok
[INFO] [stdout] test app::tests::applying_data_re_enables_reloading ... ok
[INFO] [stdout] test app::tests::a_ping_the_user_is_waiting_for_still_shows_its_result ... ok
[INFO] [stdout] test app::tests::a_failed_refresh_re_enables_reloading ... ok
[INFO] [stdout] test app::tests::auto_refresh_is_off_unless_asked_for ... ok
[INFO] [stdout] test app::tests::results_from_a_superseded_refresh_are_discarded ... ok
[INFO] [stdout] test app::tests::starting_a_refresh_resets_the_auto_refresh_timer ... ok
[INFO] [stdout] test app::tests::the_number_keys_map_onto_the_tabs ... ok
[INFO] [stdout] test app::tests::a_ping_that_cannot_run_closes_the_modal ... ok
[INFO] [stdout] test config::tests::new_hosts_carry_no_password_by_default ... ok
[INFO] [stdout] test secrets::tests::account_id_is_stable_and_alias_independent ... ok
[INFO] [stdout] test secrets::tests::keyring_calls_are_safe_inside_a_tokio_runtime ... ok
[INFO] [stdout] test secrets::tests::keyring_is_opt_in ... ok
[INFO] [stdout] test app::tests::the_ping_target_follows_the_clamped_selection ... ok
[INFO] [stdout] test ssh::guard::tests::accepts_the_commands_the_app_actually_issues ... ok
[INFO] [stdout] test ssh::guard::tests::argument_values_are_not_parsed_as_paths ... ok
[INFO] [stdout] test ssh::guard::tests::error_message_names_the_offending_action ... ok
[INFO] [stdout] test ssh::guard::tests::ordinary_path_segments_are_not_read_as_abbreviations ... ok
[INFO] [stdout] test ssh::guard::tests::rejects_a_write_smuggled_through_the_ping_target ... ok
[INFO] [stdout] test ssh::guard::tests::rejects_abbreviated_write_verbs ... ok
[INFO] [stdout] test ssh::client::tests::the_refresh_budget_exceeds_a_single_command ... ok
[INFO] [stdout] test ssh::guard::tests::rejects_arguments_that_write_a_file ... ok
[INFO] [stdout] test ssh::client::tests::a_command_that_replies_in_time_is_untouched ... ok
[INFO] [stdout] test ssh::guard::tests::rejects_destructive_system_commands ... ok
[INFO] [stdout] test ssh::guard::tests::rejects_scripting_wrappers ... ok
[INFO] [stdout] test ssh::guard::tests::rejects_slash_form_writes ... ok
[INFO] [stdout] test ssh::guard::tests::rejects_space_form_writes ... ok
[INFO] [stdout] test ssh::guard::tests::rejects_unknown_commands_by_default ... ok
[INFO] [stdout] test ssh::guard::tests::rejects_write_hidden_after_a_read ... ok
[INFO] [stdout] test ssh::guard::tests::rejects_write_verbs_that_are_not_print_or_set ... ok
[INFO] [stdout] test ssh::guard::tests::rejects_command_substitution ... ok
[INFO] [stdout] test ssh::hostkey::tests::a_known_host_offering_another_algorithm_is_not_first_contact ... ok
[INFO] [stdout] test ssh::identity::tests::a_missing_key_is_reported_clearly ... ok
[INFO] [stdout] test ssh::hostkey::tests::a_matching_key_is_trusted_and_a_differing_one_of_the_same_type_is_a_change ... ok
[INFO] [stdout] test ssh::hostkey::tests::an_unseen_host_is_first_contact ... ok
[INFO] [stdout] test ssh::parser::tests::dated_log_lines_keep_their_columns ... ok
[INFO] [stdout] test ssh::parser::tests::a_message_without_topics_is_not_mistaken_for_one ... ok
[INFO] [stdout] test config::tests::saved_config_is_never_world_readable ... ok
[INFO] [stdout] test ssh::parser::tests::test_system_resource_colon_parser ... ok
[INFO] [stdout] test ssh::parser::tests::test_ip_address_tabular_parser ... ok
[INFO] [stdout] test ssh::parser::tests::test_neighbor_parser ... ok
[INFO] [stdout] test ui::format::tests::small_values_are_left_alone ... ok
[INFO] [stdout] test ssh::parser::tests::untimestamped_log_lines_are_left_intact ... ok
[INFO] [stdout] test ui::format::tests::the_counts_that_used_to_be_clipped_now_fit ... ok
[INFO] [stdout] test ui::format::tests::the_magnitude_survives ... ok
[INFO] [stdout] test ssh::parser::tests::test_ping_parser ... ok
[INFO] [stdout] test config::tests::reads_the_legacy_field_name ... ok
[INFO] [stdout] test ssh::parser::tests::test_terse_interface_parser ... ok
[INFO] [stdout] test ui::format::tests::units_step_at_the_right_boundaries ... ok
[INFO] [stdout] test ui::tests::a_wide_terminal_announces_no_hidden_columns ... ok
[INFO] [stdout] test ssh::client::tests::a_command_that_never_replies_fails_instead_of_hanging ... ok
[INFO] [stdout] test config::tests::private_files_are_created_owner_only ... ok
[INFO] [stdout] test ui::tests::a_shrinking_refresh_pulls_the_selection_back_into_range ... ok
[INFO] [stdout] test ssh::parser::tests::iso_dated_log_lines_are_understood_too ... ok
[INFO] [stdout] test ui::tests::selection_in_is_clamped_and_empty_safe ... ok
[INFO] [stdout] test ui::tests::short_lists_are_left_alone ... ok
[INFO] [stdout] test ui::tests::the_read_only_badge_survives_a_narrow_terminal ... ok
[INFO] [stdout] test ui::theme::base16::tests::a_bare_url_author_becomes_its_last_segment ... ok
[INFO] [stdout] test ui::theme::base16::tests::a_bundle_splits_into_its_schemes ... ok
[INFO] [stdout] test ui::theme::base16::tests::a_malformed_colour_is_rejected ... ok
[INFO] [stdout] test ui::theme::base16::tests::a_missing_slot_is_an_error_rather_than_a_default_colour ... ok
[INFO] [stdout] test ui::theme::base16::tests::a_trailing_comment_is_not_part_of_the_value ... ok
[INFO] [stdout] test ui::theme::base16::tests::a_url_is_stripped_from_the_author ... ok
[INFO] [stdout] test ui::theme::base16::tests::parses_a_scheme ... ok
[INFO] [stdout] test ui::theme::base16::tests::unquoted_scalars_are_accepted ... ok
[INFO] [stdout] test ui::theme::tests::a_slug_round_trips ... ok
[INFO] [stdout] test ui::theme::tests::every_bundled_scheme_parses ... ok
[INFO] [stdout] test ui::theme::tests::an_unknown_slug_falls_back_to_the_default ... ok
[INFO] [stdout] test ui::theme::tests::semantic_roles_follow_the_spec ... ok
[INFO] [stdout] test ui::theme::tests::the_famous_schemes_are_present ... ok
[INFO] [stdout] test ui::theme_modal::tests::an_empty_list_does_not_panic ... ok
[INFO] [stdout] test ui::theme_modal::tests::the_last_theme_is_reachable ... ok
[INFO] [stdout] test ui::views::tests::a_wide_terminal_keeps_every_column ... ok
[INFO] [stdout] test ui::views::tests::essential_columns_are_never_dropped ... ok
[INFO] [stdout] test ui::views::tests::keeps_the_offset_when_the_selection_is_already_visible ... ok
[INFO] [stdout] test ui::views::tests::never_scrolls_past_the_end ... ok
[INFO] [stdout] test ui::views::tests::scrolls_down_just_enough_to_reveal_the_selection ... ok
[INFO] [stdout] test ui::tests::the_sidebar_labels_line_up ... ok
[INFO] [stdout] test ui::views::tests::scrolls_up_to_the_selection ... ok
[INFO] [stdout] test ui::views::tests::the_last_row_is_reachable ... ok
[INFO] [stdout] test ui::views::tests::the_least_useful_column_is_dropped_first ... ok
[INFO] [stdout] test ui::views::tests::title_reports_the_visible_range_only_when_it_is_partial ... ok
[INFO] [stdout] test ui::views::tests::useful_columns_outlast_extras_even_when_wider ... ok
[INFO] [stdout] test ui::theme::tests::the_catalogue_leads_with_the_default ... ok
[INFO] [stdout] test ui::tests::a_narrow_terminal_shows_fewer_columns_but_whole_values ... ok
[INFO] [stdout] test ui::tests::the_sidebar_collapses_on_a_narrow_terminal ... ok
[INFO] [stdout] test ui::tests::the_title_reports_the_visible_range ... ok
[INFO] [stdout] test ui::tests::large_counts_are_abbreviated_not_clipped ... ok
[INFO] [stdout] test ui::tests::rows_past_the_first_screenful_are_reachable ... ok
[INFO] [stdout] test ui::tests::chrome_costs_two_rows_not_six ... ok
[INFO] [stdout] test ui::tests::a_scrollbar_appears_only_when_the_list_overflows ... ok
[INFO] [stdout] test ui::tests::paging_moves_by_a_screenful_and_stops_at_the_ends ... ok
[INFO] [stdout] test ui::tests::the_status_message_survives_a_narrow_terminal ... ok
[INFO] [stdout] test ssh::identity::tests::an_unencrypted_ed25519_key_needs_no_passphrase ... ok
[INFO] [stdout] test ssh::identity::tests::ecdsa_is_accepted ... ok
[INFO] [stdout] test ssh::identity::tests::rsa_keys_are_refused_with_the_reason ... ok
[INFO] [stdout] test ssh::identity::tests::an_encrypted_key_returns_the_passphrase_it_needed ... ok
[INFO] [stdout] 
[INFO] [stdout] test result: ok. 106 passed; 0 failed; 0 ignored; 0 measured; 0 filtered out; finished in 0.94s
[INFO] [stdout] 
[INFO] running `Command { std: "docker" "inspect" "2be72904c347a00f0d4311ad4e6f9aca1c466f66ac72c588da5182bff8f7132f", kill_on_drop: false }`
[INFO] running `Command { std: "docker" "rm" "-f" "2be72904c347a00f0d4311ad4e6f9aca1c466f66ac72c588da5182bff8f7132f", kill_on_drop: false }`
[INFO] [stdout] 2be72904c347a00f0d4311ad4e6f9aca1c466f66ac72c588da5182bff8f7132f
