[INFO] cloning repository https://github.com/codekaya/pacta
[INFO] running `Command { std: "git" "-c" "credential.helper=" "-c" "credential.helper=/workspace/cargo-home/bin/git-credential-null" "clone" "--bare" "https://github.com/codekaya/pacta" "/workspace/cache/git-repos/https%3A%2F%2Fgithub.com%2Fcodekaya%2Fpacta", kill_on_drop: false }`
[INFO] [stderr] Cloning into bare repository '/workspace/cache/git-repos/https%3A%2F%2Fgithub.com%2Fcodekaya%2Fpacta'...
[INFO] running `Command { std: "git" "rev-parse" "HEAD", kill_on_drop: false }`
[INFO] [stdout] 697f21ef3de3aa22d0f77acee9d44e3f64bf9f34
[INFO] testing codekaya/pacta against 1.100.0-beta.1+cargoflags=--release for beta-release-1.100-2
[INFO] running `Command { std: "git" "clone" "/workspace/cache/git-repos/https%3A%2F%2Fgithub.com%2Fcodekaya%2Fpacta" "/workspace/builds/worker-1-tc2/source", kill_on_drop: false }`
[INFO] [stderr] Cloning into '/workspace/builds/worker-1-tc2/source'...
[INFO] [stderr] done.
[INFO] removed /workspace/builds/worker-1-tc2/source/rust-toolchain.toml
[INFO] started tweaking git repo https://github.com/codekaya/pacta
[INFO] finished tweaking git repo https://github.com/codekaya/pacta
[INFO] tweaked toml for git repo https://github.com/codekaya/pacta written to /workspace/builds/worker-1-tc2/source/Cargo.toml
[INFO] validating manifest of git repo https://github.com/codekaya/pacta on toolchain 1.100.0-beta.1
[INFO] running `Command { std: CARGO_HOME="/workspace/cargo-home" RUSTUP_HOME="/workspace/rustup-home" "/workspace/cargo-home/bin/cargo" "+1.100.0-beta.1" "metadata" "--manifest-path" "Cargo.toml" "--no-deps", kill_on_drop: false }`
[INFO] crate git repo https://github.com/codekaya/pacta already has a lockfile, it will not be regenerated
[INFO] running `Command { std: CARGO_HOME="/workspace/cargo-home" RUSTUP_HOME="/workspace/rustup-home" "/workspace/cargo-home/bin/cargo" "+1.100.0-beta.1" "fetch" "--manifest-path" "Cargo.toml", kill_on_drop: false }`
[INFO] running `Command { std: "docker" "create" "-v" "/var/lib/crater-agent-workspace/builds/worker-1-tc2/source:/opt/rustwide/workdir:ro,Z" "-v" "/var/lib/crater-agent-workspace/builds/worker-1-tc2/target:/opt/rustwide/target:rw,Z" "-v" "/var/lib/crater-agent-workspace/cargo-home:/opt/rustwide/cargo-home:ro,Z" "-v" "/var/lib/crater-agent-workspace/rustup-home:/opt/rustwide/rustup-home:ro,Z" "-m" "1610612736" "--network" "none" "ghcr.io/rust-lang/crates-build-env/linux@sha256:77db811e55d90add9212f6832c23229e3de5f1c1f9905e8cb07319ea15df73ac" "sleep" "infinity", kill_on_drop: false }`
[INFO] [stdout] cb9751eba61a1894f2da6edb0db66275dbfe2d64f473e221db30e481354a385b
[INFO] running `Command { std: "docker" "start" "cb9751eba61a1894f2da6edb0db66275dbfe2d64f473e221db30e481354a385b", kill_on_drop: false }`
[INFO] running `Command { std: "docker" "inspect" "cb9751eba61a1894f2da6edb0db66275dbfe2d64f473e221db30e481354a385b", kill_on_drop: false }`
[INFO] running `Command { std: "docker" "exec" "-e" "SOURCE_DIR=/opt/rustwide/workdir" "-e" "CARGO_HOME=/opt/rustwide/cargo-home" "-e" "RUSTUP_HOME=/opt/rustwide/rustup-home" "-e" "CARGO_TARGET_DIR=/opt/rustwide/target" "-w" "/opt/rustwide/workdir" "--user" "0:0" "cb9751eba61a1894f2da6edb0db66275dbfe2d64f473e221db30e481354a385b" "/opt/rustwide/cargo-home/bin/cargo" "+1.100.0-beta.1" "metadata" "--no-deps" "--format-version=1", kill_on_drop: false }`
[INFO] running `Command { std: "docker" "inspect" "cb9751eba61a1894f2da6edb0db66275dbfe2d64f473e221db30e481354a385b", kill_on_drop: false }`
[INFO] running `Command { std: "docker" "exec" "-e" "SOURCE_DIR=/opt/rustwide/workdir" "-e" "CARGO_HOME=/opt/rustwide/cargo-home" "-e" "RUSTUP_HOME=/opt/rustwide/rustup-home" "-e" "CARGO_TARGET_DIR=/opt/rustwide/target" "-e" "CARGO_INCREMENTAL=0" "-e" "RUST_BACKTRACE=full" "-e" "RUSTFLAGS=--cap-lints=warn" "-e" "RUSTDOCFLAGS=--cap-lints=warn" "-w" "/opt/rustwide/workdir" "--user" "0:0" "cb9751eba61a1894f2da6edb0db66275dbfe2d64f473e221db30e481354a385b" "/opt/rustwide/cargo-home/bin/cargo" "+1.100.0-beta.1" "build" "--frozen" "--message-format=json" "--release", kill_on_drop: false }`
[INFO] [stderr]    Compiling proc-macro2 v1.0.107
[INFO] [stderr]    Compiling unicode-ident v1.0.24
[INFO] [stderr]    Compiling quote v1.0.47
[INFO] [stderr]    Compiling version_check v0.9.5
[INFO] [stderr]    Compiling zmij v1.0.23
[INFO] [stderr]    Compiling serde v1.0.229
[INFO] [stderr]    Compiling serde_core v1.0.229
[INFO] [stderr]    Compiling serde_json v1.0.151
[INFO] [stderr]    Compiling typenum v1.20.1
[INFO] [stderr]    Compiling memchr v2.8.3
[INFO] [stderr]    Compiling itoa v1.0.18
[INFO] [stderr]    Compiling cfg-if v1.0.4
[INFO] [stderr]    Compiling subtle v2.6.1
[INFO] [stderr]    Compiling const-oid v0.9.6
[INFO] [stderr]    Compiling autocfg v1.5.1
[INFO] [stderr]    Compiling libc v0.2.189
[INFO] [stderr]    Compiling strsim v0.11.1
[INFO] [stderr]    Compiling ident_case v1.0.1
[INFO] [stderr]    Compiling semver v1.0.28
[INFO] [stderr]    Compiling zerocopy v0.8.56
[INFO] [stderr]    Compiling schemars v0.8.22
[INFO] [stderr]    Compiling generic-array v0.14.9
[INFO] [stderr]    Compiling paste v1.0.15
[INFO] [stderr]    Compiling dyn-clone v1.0.20
[INFO] [stderr]    Compiling cpufeatures v0.2.17
[INFO] [stderr]    Compiling data-encoding v2.11.1
[INFO] [stderr]    Compiling escape-bytes v0.1.1
[INFO] [stderr]    Compiling ethnum v1.5.3
[INFO] [stderr]    Compiling ahash v0.8.12
[INFO] [stderr]    Compiling rustc_version v0.4.1
[INFO] [stderr]    Compiling base16ct v0.2.0
[INFO] [stderr]    Compiling arrayvec v0.7.8
[INFO] [stderr]    Compiling either v1.18.0
[INFO] [stderr]    Compiling num-traits v0.2.19
[INFO] [stderr]    Compiling allocator-api2 v0.2.21
[INFO] [stderr]    Compiling itertools v0.13.0
[INFO] [stderr]    Compiling libm v0.2.16
[INFO] [stderr]    Compiling once_cell v1.21.4
[INFO] [stderr]    Compiling equivalent v1.0.2
[INFO] [stderr]    Compiling hashbrown v0.17.1
[INFO] [stderr]    Compiling hashbrown v0.15.5
[INFO] [stderr]    Compiling thiserror v1.0.69
[INFO] [stderr]    Compiling syn v2.0.119
[INFO] [stderr]    Compiling syn v3.0.4
[INFO] [stderr]    Compiling hybrid-array v0.4.14
[INFO] [stderr]    Compiling num-integer v0.1.47
[INFO] [stderr]    Compiling curve25519-dalek v4.1.3
[INFO] [stderr]    Compiling crypto-common v0.1.6
[INFO] [stderr]    Compiling block-buffer v0.10.4
[INFO] [stderr]    Compiling prettyplease v0.2.37
[INFO] [stderr]    Compiling fnv v1.0.7
[INFO] [stderr]    Compiling digest v0.10.7
[INFO] [stderr]    Compiling num-bigint v0.4.8
[INFO] [stderr]    Compiling indexmap v2.14.1
[INFO] [stderr]    Compiling sha2 v0.10.9
[INFO] [stderr]    Compiling indexmap-nostd v0.4.0
[INFO] [stderr]    Compiling downcast-rs v1.2.1
[INFO] [stderr]    Compiling wasmparser-nostd v0.100.2
[INFO] [stderr]    Compiling crypto-common v0.2.2
[INFO] [stderr]    Compiling getrandom v0.2.17
[INFO] [stderr]    Compiling block-buffer v0.12.1
[INFO] [stderr]    Compiling rand_core v0.6.4
[INFO] [stderr]    Compiling curve25519-dalek v5.0.0
[INFO] [stderr]    Compiling smallvec v1.16.0
[INFO] [stderr]    Compiling ff v0.13.1
[INFO] [stderr]    Compiling base64 v0.22.1
[INFO] [stderr]    Compiling group v0.13.0
[INFO] [stderr]    Compiling spin v0.9.9
[INFO] [stderr]    Compiling wasmparser v0.116.1
[INFO] [stderr]    Compiling wasmi_core v0.13.0
[INFO] [stderr]    Compiling hex v0.4.3
[INFO] [stderr]    Compiling heapless v0.8.0
[INFO] [stderr]    Compiling wasmi_arena v0.4.1
[INFO] [stderr]    Compiling byteorder v1.5.0
[INFO] [stderr]    Compiling digest v0.11.3
[INFO] [stderr]    Compiling hash32 v0.3.1
[INFO] [stderr]    Compiling static_assertions v1.1.0
[INFO] [stderr]    Compiling cpufeatures v0.3.1
[INFO] [stderr]    Compiling stable_deref_trait v1.2.1
[INFO] [stderr]    Compiling soroban-env-host v27.0.1
[INFO] [stderr]    Compiling keccak v0.1.6
[INFO] [stderr]    Compiling hex-literal v0.4.1
[INFO] [stderr]    Compiling heck v0.5.0
[INFO] [stderr]    Compiling serde_derive v1.0.229
[INFO] [stderr]    Compiling enum-ordinalize-derive v4.4.2
[INFO] [stderr]    Compiling enum-ordinalize v4.4.2
[INFO] [stderr]    Compiling ppv-lite86 v0.2.21
[INFO] [stderr]    Compiling rand_chacha v0.3.1
[INFO] [stderr]    Compiling rand v0.8.8
[INFO] [stderr]    Compiling darling_core v0.23.0
[INFO] [stderr]    Compiling darling_core v0.20.11
[INFO] [stderr]    Compiling macro-string v0.1.4
[INFO] [stderr]    Compiling zeroize_derive v1.5.0
[INFO] [stderr]    Compiling cfg_eval v0.1.2
[INFO] [stderr]    Compiling ark-serialize-derive v0.5.0
[INFO] [stderr]    Compiling ark-ff-macros v0.5.0
[INFO] [stderr]    Compiling ark-ff-asm v0.5.0
[INFO] [stderr]    Compiling educe v0.6.0
[INFO] [stderr]    Compiling num-derive v0.4.2
[INFO] [stderr]    Compiling curve25519-dalek-derive v0.1.1
[INFO] [stderr]    Compiling ark-std v0.5.0
[INFO] [stderr]    Compiling thiserror-impl v1.0.69
[INFO] [stderr]    Compiling soroban-builtin-sdk-macros v27.0.1
[INFO] [stderr]    Compiling zeroize v1.9.0
[INFO] [stderr]    Compiling bytes-lit v0.0.6
[INFO] [stderr]    Compiling der v0.7.10
[INFO] [stderr]    Compiling soroban-wasmi v0.31.1-soroban.20.0.1
[INFO] [stderr]    Compiling visibility v0.1.1
[INFO] [stderr]    Compiling sec1 v0.7.3
[INFO] [stderr]    Compiling crypto-bigint v0.5.5
[INFO] [stderr]    Compiling ark-serialize v0.5.0
[INFO] [stderr]    Compiling darling_macro v0.23.0
[INFO] [stderr]    Compiling signature v2.2.0
[INFO] [stderr]    Compiling darling v0.23.0
[INFO] [stderr]    Compiling serde_with_macros v3.22.0
[INFO] [stderr]    Compiling hmac v0.12.1
[INFO] [stderr]    Compiling ed25519 v2.2.3
[INFO] [stderr]    Compiling rfc6979 v0.4.0
[INFO] [stderr]    Compiling crate-git-revision v0.0.6
[INFO] [stderr]    Compiling stellar-strkey v0.0.13
[INFO] [stderr]    Compiling stellar-xdr v27.0.0
[INFO] [stderr]    Compiling soroban-env-common v27.0.1
[INFO] [stderr]    Compiling stellar-strkey v0.0.16
[INFO] [stderr]    Compiling crate-git-revision v0.0.9
[INFO] [stderr]    Compiling sha3 v0.10.9
[INFO] [stderr]    Compiling darling_macro v0.20.11
[INFO] [stderr]    Compiling soroban-sdk v27.0.6
[INFO] [stderr]    Compiling ark-ff v0.5.0
[INFO] [stderr]    Compiling darling v0.20.11
[INFO] [stderr]    Compiling ed25519-dalek v2.2.0
[INFO] [stderr]    Compiling elliptic-curve v0.13.8
[INFO] [stderr]    Compiling ecdsa v0.16.9
[INFO] [stderr]    Compiling primeorder v0.13.6
[INFO] [stderr]    Compiling serde_with v3.22.0
[INFO] [stderr]    Compiling k256 v0.13.4
[INFO] [stderr]    Compiling p256 v0.13.2
[INFO] [stderr]    Compiling ark-poly v0.5.0
[INFO] [stderr]    Compiling ark-ec v0.5.0
[INFO] [stderr]    Compiling ark-bn254 v0.5.0
[INFO] [stderr]    Compiling ark-bls12-381 v0.5.0
[INFO] [stderr]    Compiling soroban-spec v27.0.6
[INFO] [stderr]    Compiling soroban-spec-rust v27.0.6
[INFO] [stderr]    Compiling soroban-env-macros v27.0.1
[INFO] [stderr]    Compiling soroban-sdk-macros v27.0.6
[INFO] [stderr]    Compiling pacta-policy v0.1.0 (/opt/rustwide/workdir/contracts/policy)
[INFO] [stderr]    Compiling x402-upto v0.1.0 (/opt/rustwide/workdir/contracts/upto)
[INFO] [stderr]     Finished `release` profile [optimized] target(s) in 2m 14s
[INFO] running `Command { std: "docker" "inspect" "cb9751eba61a1894f2da6edb0db66275dbfe2d64f473e221db30e481354a385b", kill_on_drop: false }`
[INFO] running `Command { std: "docker" "exec" "-e" "SOURCE_DIR=/opt/rustwide/workdir" "-e" "CARGO_HOME=/opt/rustwide/cargo-home" "-e" "RUSTUP_HOME=/opt/rustwide/rustup-home" "-e" "CARGO_TARGET_DIR=/opt/rustwide/target" "-e" "CARGO_INCREMENTAL=0" "-e" "RUST_BACKTRACE=full" "-e" "RUSTFLAGS=--cap-lints=warn" "-e" "RUSTDOCFLAGS=--cap-lints=warn" "-w" "/opt/rustwide/workdir" "--user" "0:0" "cb9751eba61a1894f2da6edb0db66275dbfe2d64f473e221db30e481354a385b" "/opt/rustwide/cargo-home/bin/cargo" "+1.100.0-beta.1" "test" "--frozen" "--no-run" "--message-format=json" "--release", kill_on_drop: false }`
[INFO] [stderr]    Compiling typenum v1.20.1
[INFO] [stderr]    Compiling cfg-if v1.0.4
[INFO] [stderr]    Compiling subtle v2.6.1
[INFO] [stderr]    Compiling const-oid v0.9.6
[INFO] [stderr]    Compiling libc v0.2.189
[INFO] [stderr]    Compiling num-traits v0.2.19
[INFO] [stderr]    Compiling serde_core v1.0.229
[INFO] [stderr]    Compiling zerocopy v0.8.56
[INFO] [stderr]    Compiling zeroize v1.9.0
[INFO] [stderr]    Compiling cpufeatures v0.2.17
[INFO] [stderr]    Compiling arrayvec v0.7.8
[INFO] [stderr]    Compiling either v1.18.0
[INFO] [stderr]    Compiling base16ct v0.2.0
[INFO] [stderr]    Compiling zmij v1.0.23
[INFO] [stderr]    Compiling serde_json v1.0.151
[INFO] [stderr]    Compiling once_cell v1.21.4
[INFO] [stderr]    Compiling memchr v2.8.3
[INFO] [stderr]    Compiling itoa v1.0.18
[INFO] [stderr]    Compiling allocator-api2 v0.2.21
[INFO] [stderr]    Compiling schemars v0.8.22
[INFO] [stderr]    Compiling data-encoding v2.11.1
[INFO] [stderr]    Compiling der v0.7.10
[INFO] [stderr]    Compiling dyn-clone v1.0.20
[INFO] [stderr]    Compiling libm v0.2.16
[INFO] [stderr]    Compiling stellar-xdr v27.0.0
[INFO] [stderr]    Compiling derive_arbitrary v1.3.2
[INFO] [stderr]    Compiling itertools v0.13.0
[INFO] [stderr]    Compiling hashbrown v0.17.1
[INFO] [stderr]    Compiling indexmap-nostd v0.4.0
[INFO] [stderr]    Compiling downcast-rs v1.2.1
[INFO] [stderr]    Compiling equivalent v1.0.2
[INFO] [stderr]    Compiling wasmparser-nostd v0.100.2
[INFO] [stderr]    Compiling stellar-strkey v0.0.13
[INFO] [stderr]    Compiling soroban-env-common v27.0.1
[INFO] [stderr]    Compiling spin v0.9.9
[INFO] [stderr]    Compiling arbitrary v1.3.2
[INFO] [stderr]    Compiling ethnum v1.5.3
[INFO] [stderr]    Compiling generic-array v0.14.9
[INFO] [stderr]    Compiling hybrid-array v0.4.14
[INFO] [stderr]    Compiling hashbrown v0.15.5
[INFO] [stderr]    Compiling base64 v0.22.1
[INFO] [stderr]    Compiling semver v1.0.28
[INFO] [stderr]    Compiling wasmi_arena v0.4.1
[INFO] [stderr]    Compiling escape-bytes v0.1.1
[INFO] [stderr]    Compiling smallvec v1.16.0
[INFO] [stderr]    Compiling keccak v0.1.6
[INFO] [stderr]    Compiling num-integer v0.1.47
[INFO] [stderr]    Compiling wasmi_core v0.13.0
[INFO] [stderr]    Compiling indexmap v2.14.1
[INFO] [stderr]    Compiling byteorder v1.5.0
[INFO] [stderr]    Compiling soroban-env-host v27.0.1
[INFO] [stderr]    Compiling static_assertions v1.1.0
[INFO] [stderr]    Compiling num-bigint v0.4.8
[INFO] [stderr]    Compiling cpufeatures v0.3.1
[INFO] [stderr]    Compiling hash32 v0.3.1
[INFO] [stderr]    Compiling thiserror v1.0.69
[INFO] [stderr]    Compiling dtor-proc-macro v0.0.6
[INFO] [stderr]    Compiling crypto-common v0.2.2
[INFO] [stderr]    Compiling block-buffer v0.12.1
[INFO] [stderr]    Compiling stable_deref_trait v1.2.1
[INFO] [stderr]    Compiling hex-literal v0.4.1
[INFO] [stderr]    Compiling dtor v0.1.1
[INFO] [stderr]    Compiling heapless v0.8.0
[INFO] [stderr]    Compiling soroban-sdk v27.0.6
[INFO] [stderr]    Compiling ctor-proc-macro v0.0.6
[INFO] [stderr]    Compiling soroban-sdk-macros v27.0.6
[INFO] [stderr]    Compiling getrandom v0.2.17
[INFO] [stderr]    Compiling ctor v0.5.0
[INFO] [stderr]    Compiling rand_core v0.6.4
[INFO] [stderr]    Compiling crypto-common v0.1.6
[INFO] [stderr]    Compiling block-buffer v0.10.4
[INFO] [stderr]    Compiling sec1 v0.7.3
[INFO] [stderr]    Compiling digest v0.10.7
[INFO] [stderr]    Compiling ff v0.13.1
[INFO] [stderr]    Compiling crypto-bigint v0.5.5
[INFO] [stderr]    Compiling digest v0.11.3
[INFO] [stderr]    Compiling stellar-strkey v0.0.16
[INFO] [stderr]    Compiling signature v2.2.0
[INFO] [stderr]    Compiling sha2 v0.10.9
[INFO] [stderr]    Compiling group v0.13.0
[INFO] [stderr]    Compiling hmac v0.12.1
[INFO] [stderr]    Compiling curve25519-dalek v4.1.3
[INFO] [stderr]    Compiling sha3 v0.10.9
[INFO] [stderr]    Compiling rfc6979 v0.4.0
[INFO] [stderr]    Compiling curve25519-dalek v5.0.0
[INFO] [stderr]    Compiling ed25519 v2.2.3
[INFO] [stderr]    Compiling wasmparser v0.116.1
[INFO] [stderr]    Compiling serde v1.0.229
[INFO] [stderr]    Compiling hex v0.4.3
[INFO] [stderr]    Compiling elliptic-curve v0.13.8
[INFO] [stderr]    Compiling ed25519-dalek v2.2.0
[INFO] [stderr]    Compiling ecdsa v0.16.9
[INFO] [stderr]    Compiling primeorder v0.13.6
[INFO] [stderr]    Compiling soroban-wasmi v0.31.1-soroban.20.0.1
[INFO] [stderr]    Compiling k256 v0.13.4
[INFO] [stderr]    Compiling p256 v0.13.2
[INFO] [stderr]    Compiling ppv-lite86 v0.2.21
[INFO] [stderr]    Compiling ahash v0.8.12
[INFO] [stderr]    Compiling serde_with v3.22.0
[INFO] [stderr]    Compiling rand_chacha v0.3.1
[INFO] [stderr]    Compiling rand v0.8.8
[INFO] [stderr]    Compiling ark-std v0.5.0
[INFO] [stderr]    Compiling ark-serialize v0.5.0
[INFO] [stderr]    Compiling ark-ff v0.5.0
[INFO] [stderr]    Compiling ark-poly v0.5.0
[INFO] [stderr]    Compiling ark-ec v0.5.0
[INFO] [stderr]    Compiling ark-bls12-381 v0.5.0
[INFO] [stderr]    Compiling ark-bn254 v0.5.0
[INFO] [stderr]    Compiling soroban-ledger-snapshot v27.0.6
[INFO] [stderr]    Compiling pacta-policy v0.1.0 (/opt/rustwide/workdir/contracts/policy)
[INFO] [stderr]    Compiling x402-upto v0.1.0 (/opt/rustwide/workdir/contracts/upto)
[INFO] [stderr]     Finished `release` profile [optimized] target(s) in 2m 29s
[INFO] running `Command { std: "docker" "inspect" "cb9751eba61a1894f2da6edb0db66275dbfe2d64f473e221db30e481354a385b", kill_on_drop: false }`
[INFO] running `Command { std: "docker" "exec" "-e" "SOURCE_DIR=/opt/rustwide/workdir" "-e" "CARGO_HOME=/opt/rustwide/cargo-home" "-e" "RUSTUP_HOME=/opt/rustwide/rustup-home" "-e" "CARGO_TARGET_DIR=/opt/rustwide/target" "-e" "CARGO_INCREMENTAL=0" "-e" "RUST_BACKTRACE=full" "-e" "RUSTFLAGS=--cap-lints=warn" "-e" "RUSTDOCFLAGS=--cap-lints=warn" "-w" "/opt/rustwide/workdir" "--user" "0:0" "cb9751eba61a1894f2da6edb0db66275dbfe2d64f473e221db30e481354a385b" "/opt/rustwide/cargo-home/bin/cargo" "+1.100.0-beta.1" "test" "--frozen" "--release", kill_on_drop: false }`
[INFO] [stderr]     Finished `release` profile [optimized] target(s) in 0.37s
[INFO] [stderr]      Running unittests src/lib.rs (/opt/rustwide/target/release/build/pacta-policy/9677e69fc0d5730d/out/pacta_policy-9677e69fc0d5730d)
[INFO] [stdout] 
[INFO] [stdout] running 19 tests
[INFO] [stdout] test test::half_refund_matches_policy_ts_exactly ... FAILED
[INFO] [stdout] test test::commit_requires_the_operator ... FAILED
[INFO] [stdout] test test::after_the_procedure_the_narrowest_tier_applies ... FAILED
[INFO] [stdout] test test::settle_rejects_back_dated_and_future_times ... FAILED
[INFO] [stdout] test test::clinic_cancel_ignores_tiers_and_arrival_refunds_nothing ... FAILED
[INFO] [stdout] test test::an_escrow_binds_to_one_policy_only ... FAILED
[INFO] [stdout] test test::unknown_deal_is_not_found ... FAILED
[INFO] [stdout] test test::no_refund_leaves_the_patient_off_the_list ... FAILED
[INFO] [stdout] test test::without_an_agency_its_share_goes_to_the_clinic ... FAILED
[INFO] [stdout] test test::full_refund_lists_only_the_patient ... FAILED
[INFO] [stdout] test test::committed_terms_cannot_be_written_twice ... FAILED
[INFO] [stdout] test test::invalid_terms_are_rejected ... FAILED
[INFO] [stdout] test test::tier_order_in_terms_does_not_matter ... FAILED
[INFO] [stdout] test test::zero_balance_is_rejected ... FAILED
[INFO] [stdout] test test::shares_always_sum_to_10000 ... FAILED
[INFO] [stdout] test test::settle_records_once_and_emits_the_split ... FAILED
[INFO] [stdout] test test::commit_returns_the_derived_id_and_stores_terms ... FAILED
[INFO] [stdout] test test::distributions_sum_to_balance_with_no_zero_rows ... FAILED
[INFO] [stdout] test test::tier_cutoff_is_inclusive ... FAILED
[INFO] [stdout] 
[INFO] [stdout] failures:
[INFO] [stdout] 
[INFO] [stdout] ---- test::half_refund_matches_policy_ts_exactly stdout ----
[INFO] [stdout] Writing test snapshot file for test "test::half_refund_matches_policy_ts_exactly" to "test_snapshots/test/half_refund_matches_policy_ts_exactly.1.json".
[INFO] [stdout] 
[INFO] [stdout] thread 'test::half_refund_matches_policy_ts_exactly' (4014) panicked at /opt/rustwide/cargo-home/registry/src/index.crates.io-1949cf8c6b5b557f/soroban-sdk-27.0.6/src/env.rs:2100:32:
[INFO] [stdout] called `Result::unwrap()` on an `Err` value: Os { code: 30, kind: ReadOnlyFilesystem, message: "Read-only file system" }
[INFO] [stdout] stack backtrace:
[INFO] [stdout]    0:     0x5a19175ee957 - <unknown>
[INFO] [stdout]    1:     0x5a1917477724 - <unknown>
[INFO] [stdout]    2:     0x5a19175edf1b - <unknown>
[INFO] [stdout]    3:     0x5a19175edb19 - <unknown>
[INFO] [stdout]    4:     0x5a19175ed79a - <unknown>
[INFO] [stdout]    5:     0x5a19175ed2cb - <unknown>
[INFO] [stdout]    6:     0x5a1917613131 - <unknown>
[INFO] [stdout]    7:     0x5a19176130e9 - <unknown>
[INFO] [stdout]    8:     0x5a19176135dc - <unknown>
[INFO] [stdout]    9:     0x5a19174775bb - <unknown>
[INFO] [stdout]   10:     0x5a191747b0f1 - <unknown>
[INFO] [stdout]   11:     0x5a19175b5699 - <unknown>
[INFO] [stdout]   12:     0x5a19174616c4 - <unknown>
[INFO] [stdout]   13:     0x5a191746f625 - <unknown>
[INFO] [stdout]   14:     0x5a191762d3fb - <unknown>
[INFO] [stdout]   15:     0x5a1917628ad2 - <unknown>
[INFO] [stdout]   16:     0x5a191762857c - <unknown>
[INFO] [stdout]   17:     0x5a191764727c - <unknown>
[INFO] [stdout]   18:     0x5a1917614dc8 - <unknown>
[INFO] [stdout]   19:     0x7f75ab13bdfa - <unknown>
[INFO] [stdout]   20:     0x7f75ab1cf3d4 - clone
[INFO] [stdout]   21:                0x0 - <unknown>
[INFO] [stdout] 
[INFO] [stdout] ---- test::commit_requires_the_operator stdout ----
[INFO] [stdout] Writing test snapshot file for test "test::commit_requires_the_operator" to "test_snapshots/test/commit_requires_the_operator.1.json".
[INFO] [stdout] 
[INFO] [stdout] thread 'test::commit_requires_the_operator' (4009) panicked at /opt/rustwide/cargo-home/registry/src/index.crates.io-1949cf8c6b5b557f/soroban-sdk-27.0.6/src/env.rs:2100:32:
[INFO] [stdout] called `Result::unwrap()` on an `Err` value: Os { code: 30, kind: ReadOnlyFilesystem, message: "Read-only file system" }
[INFO] [stdout] stack backtrace:
[INFO] [stdout]    0:     0x5a19175ee957 - <unknown>
[INFO] [stdout]    1:     0x5a1917477724 - <unknown>
[INFO] [stdout]    2:     0x5a19175edf1b - <unknown>
[INFO] [stdout]    3:     0x5a19175edb19 - <unknown>
[INFO] [stdout]    4:     0x5a19175ed79a - <unknown>
[INFO] [stdout]    5:     0x5a19175ed2cb - <unknown>
[INFO] [stdout]    6:     0x5a1917613131 - <unknown>
[INFO] [stdout]    7:     0x5a19176130e9 - <unknown>
[INFO] [stdout]    8:     0x5a19176135dc - <unknown>
[INFO] [stdout]    9:     0x5a19174775bb - <unknown>
[INFO] [stdout]   10:     0x5a191747b0f1 - <unknown>
[INFO] [stdout]   11:     0x5a19175b5699 - <unknown>
[INFO] [stdout]   12:     0x5a19174616c4 - <unknown>
[INFO] [stdout]   13:     0x5a191746ea1b - <unknown>
[INFO] [stdout]   14:     0x5a191762d3fb - <unknown>
[INFO] [stdout]   15:     0x5a1917628ad2 - <unknown>
[INFO] [stdout]   16:     0x5a191762857c - <unknown>
[INFO] [stdout]   17:     0x5a191764727c - <unknown>
[INFO] [stdout]   18:     0x5a1917614dc8 - <unknown>
[INFO] [stdout]   19:     0x7f75ab13bdfa - <unknown>
[INFO] [stdout]   20:     0x7f75ab1cf3d4 - clone
[INFO] [stdout]   21:                0x0 - <unknown>
[INFO] [stdout] 
[INFO] [stdout] ---- test::after_the_procedure_the_narrowest_tier_applies stdout ----
[INFO] [stdout] Writing test snapshot file for test "test::after_the_procedure_the_narrowest_tier_applies" to "test_snapshots/test/after_the_procedure_the_narrowest_tier_applies.1.json".
[INFO] [stdout] 
[INFO] [stdout] thread 'test::after_the_procedure_the_narrowest_tier_applies' (4006) panicked at /opt/rustwide/cargo-home/registry/src/index.crates.io-1949cf8c6b5b557f/soroban-sdk-27.0.6/src/env.rs:2100:32:
[INFO] [stdout] called `Result::unwrap()` on an `Err` value: Os { code: 30, kind: ReadOnlyFilesystem, message: "Read-only file system" }
[INFO] [stdout] stack backtrace:
[INFO] [stdout]    0:     0x5a19175ee957 - <unknown>
[INFO] [stdout]    1:     0x5a1917477724 - <unknown>
[INFO] [stdout]    2:     0x5a19175edf1b - <unknown>
[INFO] [stdout]    3:     0x5a19175edb19 - <unknown>
[INFO] [stdout]    4:     0x5a19175ed79a - <unknown>
[INFO] [stdout]    5:     0x5a19175ed2cb - <unknown>
[INFO] [stdout]    6:     0x5a1917613131 - <unknown>
[INFO] [stdout]    7:     0x5a19176130e9 - <unknown>
[INFO] [stdout]    8:     0x5a19176135dc - <unknown>
[INFO] [stdout]    9:     0x5a19174775bb - <unknown>
[INFO] [stdout]   10:     0x5a191747b0f1 - <unknown>
[INFO] [stdout]   11:     0x5a19175b5699 - <unknown>
[INFO] [stdout]   12:     0x5a19174616c4 - <unknown>
[INFO] [stdout]   13:     0x5a1917470848 - <unknown>
[INFO] [stdout]   14:     0x5a191762d3fb - <unknown>
[INFO] [stdout]   15:     0x5a1917628ad2 - <unknown>
[INFO] [stdout]   16:     0x5a191762857c - <unknown>
[INFO] [stdout]   17:     0x5a191764727c - <unknown>
[INFO] [stdout]   18:     0x5a1917614dc8 - <unknown>
[INFO] [stdout]   19:     0x7f75ab13bdfa - <unknown>
[INFO] [stdout]   20:     0x7f75ab1cf3d4 - clone
[INFO] [stdout]   21:                0x0 - <unknown>
[INFO] [stdout] 
[INFO] [stdout] ---- test::settle_rejects_back_dated_and_future_times stdout ----
[INFO] [stdout] Writing test snapshot file for test "test::settle_rejects_back_dated_and_future_times" to "test_snapshots/test/settle_rejects_back_dated_and_future_times.1.json".
[INFO] [stdout] 
[INFO] [stdout] thread 'test::settle_rejects_back_dated_and_future_times' (4018) panicked at /opt/rustwide/cargo-home/registry/src/index.crates.io-1949cf8c6b5b557f/soroban-sdk-27.0.6/src/env.rs:2100:32:
[INFO] [stdout] called `Result::unwrap()` on an `Err` value: Os { code: 30, kind: ReadOnlyFilesystem, message: "Read-only file system" }
[INFO] [stdout] stack backtrace:
[INFO] [stdout]    0:     0x5a19175ee957 - <unknown>
[INFO] [stdout]    1:     0x5a1917477724 - <unknown>
[INFO] [stdout]    2:     0x5a19175edf1b - <unknown>
[INFO] [stdout]    3:     0x5a19175edb19 - <unknown>
[INFO] [stdout]    4:     0x5a19175ed79a - <unknown>
[INFO] [stdout]    5:     0x5a19175ed2cb - <unknown>
[INFO] [stdout]    6:     0x5a1917613131 - <unknown>
[INFO] [stdout]    7:     0x5a19176130e9 - <unknown>
[INFO] [stdout]    8:     0x5a19176135dc - <unknown>
[INFO] [stdout]    9:     0x5a19174775bb - <unknown>
[INFO] [stdout]   10:     0x5a191747b0f1 - <unknown>
[INFO] [stdout]   11:     0x5a19175b5699 - <unknown>
[INFO] [stdout]   12:     0x5a19174616c4 - <unknown>
[INFO] [stdout]   13:     0x5a19174706b5 - <unknown>
[INFO] [stdout]   14:     0x5a191762d3fb - <unknown>
[INFO] [stdout]   15:     0x5a1917628ad2 - <unknown>
[INFO] [stdout]   16:     0x5a191762857c - <unknown>
[INFO] [stdout]   17:     0x5a191764727c - <unknown>
[INFO] [stdout]   18:     0x5a1917614dc8 - <unknown>
[INFO] [stdout]   19:     0x7f75ab13bdfa - <unknown>
[INFO] [stdout]   20:     0x7f75ab1cf3d4 - clone
[INFO] [stdout]   21:                0x0 - <unknown>
[INFO] [stdout] 
[INFO] [stdout] ---- test::clinic_cancel_ignores_tiers_and_arrival_refunds_nothing stdout ----
[INFO] [stdout] Writing test snapshot file for test "test::clinic_cancel_ignores_tiers_and_arrival_refunds_nothing" to "test_snapshots/test/clinic_cancel_ignores_tiers_and_arrival_refunds_nothing.1.json".
[INFO] [stdout] 
[INFO] [stdout] thread 'test::clinic_cancel_ignores_tiers_and_arrival_refunds_nothing' (4008) panicked at /opt/rustwide/cargo-home/registry/src/index.crates.io-1949cf8c6b5b557f/soroban-sdk-27.0.6/src/env.rs:2100:32:
[INFO] [stdout] called `Result::unwrap()` on an `Err` value: Os { code: 30, kind: ReadOnlyFilesystem, message: "Read-only file system" }
[INFO] [stdout] stack backtrace:
[INFO] [stdout]    0:     0x5a19175ee957 - <unknown>
[INFO] [stdout]    1:     0x5a1917477724 - <unknown>
[INFO] [stdout]    2:     0x5a19175edf1b - <unknown>
[INFO] [stdout]    3:     0x5a19175edb19 - <unknown>
[INFO] [stdout]    4:     0x5a19175ed79a - <unknown>
[INFO] [stdout]    5:     0x5a19175ed2cb - <unknown>
[INFO] [stdout]    6:     0x5a1917613131 - <unknown>
[INFO] [stdout]    7:     0x5a19176130e9 - <unknown>
[INFO] [stdout]    8:     0x5a19176135dc - <unknown>
[INFO] [stdout]    9:     0x5a19174775bb - <unknown>
[INFO] [stdout]   10:     0x5a191747b0f1 - <unknown>
[INFO] [stdout]   11:     0x5a19175b5699 - <unknown>
[INFO] [stdout]   12:     0x5a19174616c4 - <unknown>
[INFO] [stdout]   13:     0x5a1917471617 - <unknown>
[INFO] [stdout]   14:     0x5a191762d3fb - <unknown>
[INFO] [stdout]   15:     0x5a1917628ad2 - <unknown>
[INFO] [stdout]   16:     0x5a191762857c - <unknown>
[INFO] [stdout]   17:     0x5a191764727c - <unknown>
[INFO] [stdout]   18:     0x5a1917614dc8 - <unknown>
[INFO] [stdout]   19:     0x7f75ab13bdfa - <unknown>
[INFO] [stdout]   20:     0x7f75ab1cf3d4 - clone
[INFO] [stdout]   21:                0x0 - <unknown>
[INFO] [stdout] 
[INFO] [stdout] ---- test::an_escrow_binds_to_one_policy_only stdout ----
[INFO] [stdout] Writing test snapshot file for test "test::an_escrow_binds_to_one_policy_only" to "test_snapshots/test/an_escrow_binds_to_one_policy_only.1.json".
[INFO] [stdout] 
[INFO] [stdout] thread 'test::an_escrow_binds_to_one_policy_only' (4007) panicked at /opt/rustwide/cargo-home/registry/src/index.crates.io-1949cf8c6b5b557f/soroban-sdk-27.0.6/src/env.rs:2100:32:
[INFO] [stdout] called `Result::unwrap()` on an `Err` value: Os { code: 30, kind: ReadOnlyFilesystem, message: "Read-only file system" }
[INFO] [stdout] stack backtrace:
[INFO] [stdout]    0:     0x5a19175ee957 - <unknown>
[INFO] [stdout]    1:     0x5a1917477724 - <unknown>
[INFO] [stdout]    2:     0x5a19175edf1b - <unknown>
[INFO] [stdout]    3:     0x5a19175edb19 - <unknown>
[INFO] [stdout]    4:     0x5a19175ed79a - <unknown>
[INFO] [stdout]    5:     0x5a19175ed2cb - <unknown>
[INFO] [stdout]    6:     0x5a1917613131 - <unknown>
[INFO] [stdout]    7:     0x5a19176130e9 - <unknown>
[INFO] [stdout]    8:     0x5a19176135dc - <unknown>
[INFO] [stdout]    9:     0x5a19174775bb - <unknown>
[INFO] [stdout]   10:     0x5a191747b0f1 - <unknown>
[INFO] [stdout]   11:     0x5a19175b5699 - <unknown>
[INFO] [stdout]   12:     0x5a19174616c4 - <unknown>
[INFO] [stdout]   13:     0x5a191746eea3 - <unknown>
[INFO] [stdout]   14:     0x5a191762d3fb - <unknown>
[INFO] [stdout]   15:     0x5a1917628ad2 - <unknown>
[INFO] [stdout]   16:     0x5a191762857c - <unknown>
[INFO] [stdout]   17:     0x5a191764727c - <unknown>
[INFO] [stdout]   18:     0x5a1917614dc8 - <unknown>
[INFO] [stdout]   19:     0x7f75ab13bdfa - <unknown>
[INFO] [stdout]   20:     0x7f75ab1cf3d4 - clone
[INFO] [stdout]   21:                0x0 - <unknown>
[INFO] [stdout] 
[INFO] [stdout] ---- test::unknown_deal_is_not_found stdout ----
[INFO] [stdout] Writing test snapshot file for test "test::unknown_deal_is_not_found" to "test_snapshots/test/unknown_deal_is_not_found.1.json".
[INFO] [stdout] 
[INFO] [stdout] thread 'test::unknown_deal_is_not_found' (4022) panicked at /opt/rustwide/cargo-home/registry/src/index.crates.io-1949cf8c6b5b557f/soroban-sdk-27.0.6/src/env.rs:2100:32:
[INFO] [stdout] called `Result::unwrap()` on an `Err` value: Os { code: 30, kind: ReadOnlyFilesystem, message: "Read-only file system" }
[INFO] [stdout] stack backtrace:
[INFO] [stdout]    0:     0x5a19175ee957 - <unknown>
[INFO] [stdout]    1:     0x5a1917477724 - <unknown>
[INFO] [stdout]    2:     0x5a19175edf1b - <unknown>
[INFO] [stdout]    3:     0x5a19175edb19 - <unknown>
[INFO] [stdout]    4:     0x5a19175ed79a - <unknown>
[INFO] [stdout]    5:     0x5a19175ed2cb - <unknown>
[INFO] [stdout]    6:     0x5a1917613131 - <unknown>
[INFO] [stdout]    7:     0x5a19176130e9 - <unknown>
[INFO] [stdout]    8:     0x5a19176135dc - <unknown>
[INFO] [stdout]    9:     0x5a19174775bb - <unknown>
[INFO] [stdout]   10:     0x5a191747b0f1 - <unknown>
[INFO] [stdout]   11:     0x5a19175b5699 - <unknown>
[INFO] [stdout]   12:     0x5a19174616c4 - <unknown>
[INFO] [stdout]   13:     0x5a191746db90 - <unknown>
[INFO] [stdout]   14:     0x5a191762d3fb - <unknown>
[INFO] [stdout]   15:     0x5a1917628ad2 - <unknown>
[INFO] [stdout]   16:     0x5a191762857c - <unknown>
[INFO] [stdout]   17:     0x5a191764727c - <unknown>
[INFO] [stdout]   18:     0x5a1917614dc8 - <unknown>
[INFO] [stdout]   19:     0x7f75ab13bdfa - <unknown>
[INFO] [stdout]   20:     0x7f75ab1cf3d4 - clone
[INFO] [stdout]   21:                0x0 - <unknown>
[INFO] [stdout] 
[INFO] [stdout] ---- test::no_refund_leaves_the_patient_off_the_list stdout ----
[INFO] [stdout] Writing test snapshot file for test "test::no_refund_leaves_the_patient_off_the_list" to "test_snapshots/test/no_refund_leaves_the_patient_off_the_list.1.json".
[INFO] [stdout] 
[INFO] [stdout] thread 'test::no_refund_leaves_the_patient_off_the_list' (4016) panicked at /opt/rustwide/cargo-home/registry/src/index.crates.io-1949cf8c6b5b557f/soroban-sdk-27.0.6/src/env.rs:2100:32:
[INFO] [stdout] called `Result::unwrap()` on an `Err` value: Os { code: 30, kind: ReadOnlyFilesystem, message: "Read-only file system" }
[INFO] [stdout] stack backtrace:
[INFO] [stdout]    0:     0x5a19175ee957 - <unknown>
[INFO] [stdout]    1:     0x5a1917477724 - <unknown>
[INFO] [stdout]    2:     0x5a19175edf1b - <unknown>
[INFO] [stdout]    3:     0x5a19175edb19 - <unknown>
[INFO] [stdout]    4:     0x5a19175ed79a - <unknown>
[INFO] [stdout]    5:     0x5a19175ed2cb - <unknown>
[INFO] [stdout]    6:     0x5a1917613131 - <unknown>
[INFO] [stdout]    7:     0x5a19176130e9 - <unknown>
[INFO] [stdout]    8:     0x5a19176135dc - <unknown>
[INFO] [stdout]    9:     0x5a19174775bb - <unknown>
[INFO] [stdout]   10:     0x5a191747b0f1 - <unknown>
[INFO] [stdout]   11:     0x5a19175b5699 - <unknown>
[INFO] [stdout]   12:     0x5a19174616c4 - <unknown>
[INFO] [stdout]   13:     0x5a1917470430 - <unknown>
[INFO] [stdout]   14:     0x5a191762d3fb - <unknown>
[INFO] [stdout]   15:     0x5a1917628ad2 - <unknown>
[INFO] [stdout]   16:     0x5a191762857c - <unknown>
[INFO] [stdout]   17:     0x5a191764727c - <unknown>
[INFO] [stdout]   18:     0x5a1917614dc8 - <unknown>
[INFO] [stdout]   19:     0x7f75ab13bdfa - <unknown>
[INFO] [stdout]   20:     0x7f75ab1cf3d4 - clone
[INFO] [stdout]   21:                0x0 - <unknown>
[INFO] [stdout] 
[INFO] [stdout] ---- test::without_an_agency_its_share_goes_to_the_clinic stdout ----
[INFO] [stdout] Writing test snapshot file for test "test::without_an_agency_its_share_goes_to_the_clinic" to "test_snapshots/test/without_an_agency_its_share_goes_to_the_clinic.1.json".
[INFO] [stdout] 
[INFO] [stdout] thread 'test::without_an_agency_its_share_goes_to_the_clinic' (4023) panicked at /opt/rustwide/cargo-home/registry/src/index.crates.io-1949cf8c6b5b557f/soroban-sdk-27.0.6/src/env.rs:2100:32:
[INFO] [stdout] called `Result::unwrap()` on an `Err` value: Os { code: 30, kind: ReadOnlyFilesystem, message: "Read-only file system" }
[INFO] [stdout] stack backtrace:
[INFO] [stdout]    0:     0x5a19175ee957 - <unknown>
[INFO] [stdout]    1:     0x5a1917477724 - <unknown>
[INFO] [stdout]    2:     0x5a19175edf1b - <unknown>
[INFO] [stdout]    3:     0x5a19175edb19 - <unknown>
[INFO] [stdout]    4:     0x5a19175ed79a - <unknown>
[INFO] [stdout]    5:     0x5a19175ed2cb - <unknown>
[INFO] [stdout]    6:     0x5a1917613131 - <unknown>
[INFO] [stdout]    7:     0x5a19176130e9 - <unknown>
[INFO] [stdout]    8:     0x5a19176135dc - <unknown>
[INFO] [stdout]    9:     0x5a19174775bb - <unknown>
[INFO] [stdout]   10:     0x5a191747b0f1 - <unknown>
[INFO] [stdout]   11:     0x5a19175b5699 - <unknown>
[INFO] [stdout]   12:     0x5a19174616c4 - <unknown>
[INFO] [stdout]   13:     0x5a19174714a6 - <unknown>
[INFO] [stdout]   14:     0x5a191762d3fb - <unknown>
[INFO] [stdout]   15:     0x5a1917628ad2 - <unknown>
[INFO] [stdout]   16:     0x5a191762857c - <unknown>
[INFO] [stdout]   17:     0x5a191764727c - <unknown>
[INFO] [stdout]   18:     0x5a1917614dc8 - <unknown>
[INFO] [stdout]   19:     0x7f75ab13bdfa - <unknown>
[INFO] [stdout]   20:     0x7f75ab1cf3d4 - clone
[INFO] [stdout]   21:                0x0 - <unknown>
[INFO] [stdout] 
[INFO] [stdout] ---- test::full_refund_lists_only_the_patient stdout ----
[INFO] [stdout] Writing test snapshot file for test "test::full_refund_lists_only_the_patient" to "test_snapshots/test/full_refund_lists_only_the_patient.1.json".
[INFO] [stdout] 
[INFO] [stdout] thread 'test::full_refund_lists_only_the_patient' (4013) panicked at /opt/rustwide/cargo-home/registry/src/index.crates.io-1949cf8c6b5b557f/soroban-sdk-27.0.6/src/env.rs:2100:32:
[INFO] [stdout] called `Result::unwrap()` on an `Err` value: Os { code: 30, kind: ReadOnlyFilesystem, message: "Read-only file system" }
[INFO] [stdout] stack backtrace:
[INFO] [stdout]    0:     0x5a19175ee957 - <unknown>
[INFO] [stdout]    1:     0x5a1917477724 - <unknown>
[INFO] [stdout]    2:     0x5a19175edf1b - <unknown>
[INFO] [stdout]    3:     0x5a19175edb19 - <unknown>
[INFO] [stdout]    4:     0x5a19175ed79a - <unknown>
[INFO] [stdout]    5:     0x5a19175ed2cb - <unknown>
[INFO] [stdout]    6:     0x5a1917613131 - <unknown>
[INFO] [stdout]    7:     0x5a19176130e9 - <unknown>
[INFO] [stdout]    8:     0x5a19176135dc - <unknown>
[INFO] [stdout]    9:     0x5a19174775bb - <unknown>
[INFO] [stdout]   10:     0x5a191747b0f1 - <unknown>
[INFO] [stdout]   11:     0x5a19175b5699 - <unknown>
[INFO] [stdout]   12:     0x5a19174616c4 - <unknown>
[INFO] [stdout]   13:     0x5a191746f098 - <unknown>
[INFO] [stdout]   14:     0x5a191762d3fb - <unknown>
[INFO] [stdout]   15:     0x5a1917628ad2 - <unknown>
[INFO] [stdout]   16:     0x5a191762857c - <unknown>
[INFO] [stdout]   17:     0x5a191764727c - <unknown>
[INFO] [stdout]   18:     0x5a1917614dc8 - <unknown>
[INFO] [stdout]   19:     0x7f75ab13bdfa - <unknown>
[INFO] [stdout]   20:     0x7f75ab1cf3d4 - clone
[INFO] [stdout]   21:                0x0 - <unknown>
[INFO] [stdout] 
[INFO] [stdout] ---- test::committed_terms_cannot_be_written_twice stdout ----
[INFO] [stdout] Writing test snapshot file for test "test::committed_terms_cannot_be_written_twice" to "test_snapshots/test/committed_terms_cannot_be_written_twice.1.json".
[INFO] [stdout] 
[INFO] [stdout] thread 'test::committed_terms_cannot_be_written_twice' (4011) panicked at /opt/rustwide/cargo-home/registry/src/index.crates.io-1949cf8c6b5b557f/soroban-sdk-27.0.6/src/env.rs:2100:32:
[INFO] [stdout] called `Result::unwrap()` on an `Err` value: Os { code: 30, kind: ReadOnlyFilesystem, message: "Read-only file system" }
[INFO] [stdout] stack backtrace:
[INFO] [stdout]    0:     0x5a19175ee957 - <unknown>
[INFO] [stdout]    1:     0x5a1917477724 - <unknown>
[INFO] [stdout]    2:     0x5a19175edf1b - <unknown>
[INFO] [stdout]    3:     0x5a19175edb19 - <unknown>
[INFO] [stdout]    4:     0x5a19175ed79a - <unknown>
[INFO] [stdout]    5:     0x5a19175ed2cb - <unknown>
[INFO] [stdout]    6:     0x5a1917613131 - <unknown>
[INFO] [stdout]    7:     0x5a19176130e9 - <unknown>
[INFO] [stdout]    8:     0x5a19176135dc - <unknown>
[INFO] [stdout]    9:     0x5a19174775bb - <unknown>
[INFO] [stdout]   10:     0x5a191747b0f1 - <unknown>
[INFO] [stdout]   11:     0x5a19175b5699 - <unknown>
[INFO] [stdout]   12:     0x5a19174616c4 - <unknown>
[INFO] [stdout]   13:     0x5a191746f77c - <unknown>
[INFO] [stdout]   14:     0x5a191762d3fb - <unknown>
[INFO] [stdout]   15:     0x5a1917628ad2 - <unknown>
[INFO] [stdout]   16:     0x5a191762857c - <unknown>
[INFO] [stdout]   17:     0x5a191764727c - <unknown>
[INFO] [stdout]   18:     0x5a1917614dc8 - <unknown>
[INFO] [stdout]   19:     0x7f75ab13bdfa - <unknown>
[INFO] [stdout]   20:     0x7f75ab1cf3d4 - clone
[INFO] [stdout]   21:                0x0 - <unknown>
[INFO] [stdout] 
[INFO] [stdout] ---- test::invalid_terms_are_rejected stdout ----
[INFO] [stdout] Writing test snapshot file for test "test::invalid_terms_are_rejected" to "test_snapshots/test/invalid_terms_are_rejected.1.json".
[INFO] [stdout] 
[INFO] [stdout] thread 'test::invalid_terms_are_rejected' (4015) panicked at /opt/rustwide/cargo-home/registry/src/index.crates.io-1949cf8c6b5b557f/soroban-sdk-27.0.6/src/env.rs:2100:32:
[INFO] [stdout] called `Result::unwrap()` on an `Err` value: Os { code: 30, kind: ReadOnlyFilesystem, message: "Read-only file system" }
[INFO] [stdout] stack backtrace:
[INFO] [stdout]    0:     0x5a19175ee957 - <unknown>
[INFO] [stdout]    1:     0x5a1917477724 - <unknown>
[INFO] [stdout]    2:     0x5a19175edf1b - <unknown>
[INFO] [stdout]    3:     0x5a19175edb19 - <unknown>
[INFO] [stdout]    4:     0x5a19175ed79a - <unknown>
[INFO] [stdout]    5:     0x5a19175ed2cb - <unknown>
[INFO] [stdout]    6:     0x5a1917613131 - <unknown>
[INFO] [stdout]    7:     0x5a19176130e9 - <unknown>
[INFO] [stdout]    8:     0x5a19176135dc - <unknown>
[INFO] [stdout]    9:     0x5a19174775bb - <unknown>
[INFO] [stdout]   10:     0x5a191747b0f1 - <unknown>
[INFO] [stdout]   11:     0x5a19175b5699 - <unknown>
[INFO] [stdout]   12:     0x5a19174616c4 - <unknown>
[INFO] [stdout]   13:     0x5a191746e14f - <unknown>
[INFO] [stdout]   14:     0x5a191762d3fb - <unknown>
[INFO] [stdout]   15:     0x5a1917628ad2 - <unknown>
[INFO] [stdout]   16:     0x5a191762857c - <unknown>
[INFO] [stdout]   17:     0x5a191764727c - <unknown>
[INFO] [stdout]   18:     0x5a1917614dc8 - <unknown>
[INFO] [stdout]   19:     0x7f75ab13bdfa - <unknown>
[INFO] [stdout]   20:     0x7f75ab1cf3d4 - clone
[INFO] [stdout]   21:                0x0 - <unknown>
[INFO] [stdout] 
[INFO] [stdout] ---- test::tier_order_in_terms_does_not_matter stdout ----
[INFO] [stdout] Writing test snapshot file for test "test::tier_order_in_terms_does_not_matter" to "test_snapshots/test/tier_order_in_terms_does_not_matter.1.json".
[INFO] [stdout] 
[INFO] [stdout] thread 'test::tier_order_in_terms_does_not_matter' (4021) panicked at /opt/rustwide/cargo-home/registry/src/index.crates.io-1949cf8c6b5b557f/soroban-sdk-27.0.6/src/env.rs:2100:32:
[INFO] [stdout] called `Result::unwrap()` on an `Err` value: Os { code: 30, kind: ReadOnlyFilesystem, message: "Read-only file system" }
[INFO] [stdout] stack backtrace:
[INFO] [stdout]    0:     0x5a19175ee957 - <unknown>
[INFO] [stdout]    1:     0x5a1917477724 - <unknown>
[INFO] [stdout]    2:     0x5a19175edf1b - <unknown>
[INFO] [stdout]    3:     0x5a19175edb19 - <unknown>
[INFO] [stdout]    4:     0x5a19175ed79a - <unknown>
[INFO] [stdout]    5:     0x5a19175ed2cb - <unknown>
[INFO] [stdout]    6:     0x5a1917613131 - <unknown>
[INFO] [stdout]    7:     0x5a19176130e9 - <unknown>
[INFO] [stdout]    8:     0x5a19176135dc - <unknown>
[INFO] [stdout]    9:     0x5a19174775bb - <unknown>
[INFO] [stdout]   10:     0x5a191747b0f1 - <unknown>
[INFO] [stdout]   11:     0x5a19175b5699 - <unknown>
[INFO] [stdout]   12:     0x5a19174616c4 - <unknown>
[INFO] [stdout]   13:     0x5a191746f2d1 - <unknown>
[INFO] [stdout]   14:     0x5a191762d3fb - <unknown>
[INFO] [stdout]   15:     0x5a1917628ad2 - <unknown>
[INFO] [stdout]   16:     0x5a191762857c - <unknown>
[INFO] [stdout]   17:     0x5a191764727c - <unknown>
[INFO] [stdout]   18:     0x5a1917614dc8 - <unknown>
[INFO] [stdout]   19:     0x7f75ab13bdfa - <unknown>
[INFO] [stdout]   20:     0x7f75ab1cf3d4 - clone
[INFO] [stdout]   21:                0x0 - <unknown>
[INFO] [stdout] 
[INFO] [stdout] ---- test::zero_balance_is_rejected stdout ----
[INFO] [stdout] Writing test snapshot file for test "test::zero_balance_is_rejected" to "test_snapshots/test/zero_balance_is_rejected.1.json".
[INFO] [stdout] 
[INFO] [stdout] thread 'test::zero_balance_is_rejected' (4024) panicked at /opt/rustwide/cargo-home/registry/src/index.crates.io-1949cf8c6b5b557f/soroban-sdk-27.0.6/src/env.rs:2100:32:
[INFO] [stdout] called `Result::unwrap()` on an `Err` value: Os { code: 30, kind: ReadOnlyFilesystem, message: "Read-only file system" }
[INFO] [stdout] stack backtrace:
[INFO] [stdout]    0:     0x5a19175ee957 - <unknown>
[INFO] [stdout]    1:     0x5a1917477724 - <unknown>
[INFO] [stdout]    2:     0x5a19175edf1b - <unknown>
[INFO] [stdout]    3:     0x5a19175edb19 - <unknown>
[INFO] [stdout]    4:     0x5a19175ed79a - <unknown>
[INFO] [stdout]    5:     0x5a19175ed2cb - <unknown>
[INFO] [stdout]    6:     0x5a1917613131 - <unknown>
[INFO] [stdout]    7:     0x5a19176130e9 - <unknown>
[INFO] [stdout]    8:     0x5a19176135dc - <unknown>
[INFO] [stdout]    9:     0x5a19174775bb - <unknown>
[INFO] [stdout]   10:     0x5a191747b0f1 - <unknown>
[INFO] [stdout]   11:     0x5a19175b5699 - <unknown>
[INFO] [stdout]   12:     0x5a19174616c4 - <unknown>
[INFO] [stdout]   13:     0x5a191746d723 - <unknown>
[INFO] [stdout]   14:     0x5a191762d3fb - <unknown>
[INFO] [stdout]   15:     0x5a1917628ad2 - <unknown>
[INFO] [stdout]   16:     0x5a191762857c - <unknown>
[INFO] [stdout]   17:     0x5a191764727c - <unknown>
[INFO] [stdout]   18:     0x5a1917614dc8 - <unknown>
[INFO] [stdout]   19:     0x7f75ab13bdfa - <unknown>
[INFO] [stdout]   20:     0x7f75ab1cf3d4 - clone
[INFO] [stdout]   21:                0x0 - <unknown>
[INFO] [stdout] 
[INFO] [stdout] ---- test::shares_always_sum_to_10000 stdout ----
[INFO] [stdout] Writing test snapshot file for test "test::shares_always_sum_to_10000" to "test_snapshots/test/shares_always_sum_to_10000.1.json".
[INFO] [stdout] 
[INFO] [stdout] thread 'test::shares_always_sum_to_10000' (4019) panicked at /opt/rustwide/cargo-home/registry/src/index.crates.io-1949cf8c6b5b557f/soroban-sdk-27.0.6/src/env.rs:2100:32:
[INFO] [stdout] called `Result::unwrap()` on an `Err` value: Os { code: 30, kind: ReadOnlyFilesystem, message: "Read-only file system" }
[INFO] [stdout] stack backtrace:
[INFO] [stdout]    0:     0x5a19175ee957 - <unknown>
[INFO] [stdout]    1:     0x5a1917477724 - <unknown>
[INFO] [stdout]    2:     0x5a19175edf1b - <unknown>
[INFO] [stdout]    3:     0x5a19175edb19 - <unknown>
[INFO] [stdout]    4:     0x5a19175ed79a - <unknown>
[INFO] [stdout]    5:     0x5a19175ed2cb - <unknown>
[INFO] [stdout]    6:     0x5a1917613131 - <unknown>
[INFO] [stdout]    7:     0x5a19176130e9 - <unknown>
[INFO] [stdout]    8:     0x5a19176135dc - <unknown>
[INFO] [stdout]    9:     0x5a19174775bb - <unknown>
[INFO] [stdout]   10:     0x5a191747b0f1 - <unknown>
[INFO] [stdout]   11:     0x5a19175b5699 - <unknown>
[INFO] [stdout]   12:     0x5a19174616c4 - <unknown>
[INFO] [stdout]   13:     0x5a191746e4d2 - <unknown>
[INFO] [stdout]   14:     0x5a191762d3fb - <unknown>
[INFO] [stdout]   15:     0x5a1917628ad2 - <unknown>
[INFO] [stdout]   16:     0x5a191762857c - <unknown>
[INFO] [stdout]   17:     0x5a191764727c - <unknown>
[INFO] [stdout]   18:     0x5a1917614dc8 - <unknown>
[INFO] [stdout]   19:     0x7f75ab13bdfa - <unknown>
[INFO] [stdout]   20:     0x7f75ab1cf3d4 - clone
[INFO] [stdout]   21:                0x0 - <unknown>
[INFO] [stdout] 
[INFO] [stdout] ---- test::settle_records_once_and_emits_the_split stdout ----
[INFO] [stdout] Writing test snapshot file for test "test::settle_records_once_and_emits_the_split" to "test_snapshots/test/settle_records_once_and_emits_the_split.1.json".
[INFO] [stdout] 
[INFO] [stdout] thread 'test::settle_records_once_and_emits_the_split' (4017) panicked at /opt/rustwide/cargo-home/registry/src/index.crates.io-1949cf8c6b5b557f/soroban-sdk-27.0.6/src/env.rs:2100:32:
[INFO] [stdout] called `Result::unwrap()` on an `Err` value: Os { code: 30, kind: ReadOnlyFilesystem, message: "Read-only file system" }
[INFO] [stdout] stack backtrace:
[INFO] [stdout]    0:     0x5a19175ee957 - <unknown>
[INFO] [stdout]    1:     0x5a1917477724 - <unknown>
[INFO] [stdout]    2:     0x5a19175edf1b - <unknown>
[INFO] [stdout]    3:     0x5a19175edb19 - <unknown>
[INFO] [stdout]    4:     0x5a19175ed79a - <unknown>
[INFO] [stdout]    5:     0x5a19175ed2cb - <unknown>
[INFO] [stdout]    6:     0x5a1917613131 - <unknown>
[INFO] [stdout]    7:     0x5a19176130e9 - <unknown>
[INFO] [stdout]    8:     0x5a19176135dc - <unknown>
[INFO] [stdout]    9:     0x5a19174775bb - <unknown>
[INFO] [stdout]   10:     0x5a191747b0f1 - <unknown>
[INFO] [stdout]   11:     0x5a19175b5699 - <unknown>
[INFO] [stdout]   12:     0x5a19174616c4 - <unknown>
[INFO] [stdout]   13:     0x5a191746fd55 - <unknown>
[INFO] [stdout]   14:     0x5a191762d3fb - <unknown>
[INFO] [stdout]   15:     0x5a1917628ad2 - <unknown>
[INFO] [stdout]   16:     0x5a191762857c - <unknown>
[INFO] [stdout]   17:     0x5a191764727c - <unknown>
[INFO] [stdout]   18:     0x5a1917614dc8 - <unknown>
[INFO] [stdout]   19:     0x7f75ab13bdfa - <unknown>
[INFO] [stdout]   20:     0x7f75ab1cf3d4 - clone
[INFO] [stdout]   21:                0x0 - <unknown>
[INFO] [stdout] 
[INFO] [stdout] ---- test::commit_returns_the_derived_id_and_stores_terms stdout ----
[INFO] [stdout] Writing test snapshot file for test "test::commit_returns_the_derived_id_and_stores_terms" to "test_snapshots/test/commit_returns_the_derived_id_and_stores_terms.1.json".
[INFO] [stdout] 
[INFO] [stdout] thread 'test::commit_returns_the_derived_id_and_stores_terms' (4010) panicked at /opt/rustwide/cargo-home/registry/src/index.crates.io-1949cf8c6b5b557f/soroban-sdk-27.0.6/src/env.rs:2100:32:
[INFO] [stdout] called `Result::unwrap()` on an `Err` value: Os { code: 30, kind: ReadOnlyFilesystem, message: "Read-only file system" }
[INFO] [stdout] stack backtrace:
[INFO] [stdout]    0:     0x5a19175ee957 - <unknown>
[INFO] [stdout]    1:     0x5a1917477724 - <unknown>
[INFO] [stdout]    2:     0x5a19175edf1b - <unknown>
[INFO] [stdout]    3:     0x5a19175edb19 - <unknown>
[INFO] [stdout]    4:     0x5a19175ed79a - <unknown>
[INFO] [stdout]    5:     0x5a19175ed2cb - <unknown>
[INFO] [stdout]    6:     0x5a1917613131 - <unknown>
[INFO] [stdout]    7:     0x5a19176130e9 - <unknown>
[INFO] [stdout]    8:     0x5a19176135dc - <unknown>
[INFO] [stdout]    9:     0x5a19174775bb - <unknown>
[INFO] [stdout]   10:     0x5a191747b0f1 - <unknown>
[INFO] [stdout]   11:     0x5a19175b5699 - <unknown>
[INFO] [stdout]   12:     0x5a19174616c4 - <unknown>
[INFO] [stdout]   13:     0x5a1917470d56 - <unknown>
[INFO] [stdout]   14:     0x5a191762d3fb - <unknown>
[INFO] [stdout]   15:     0x5a1917628ad2 - <unknown>
[INFO] [stdout]   16:     0x5a191762857c - <unknown>
[INFO] [stdout]   17:     0x5a191764727c - <unknown>
[INFO] [stdout]   18:     0x5a1917614dc8 - <unknown>
[INFO] [stdout]   19:     0x7f75ab13bdfa - <unknown>
[INFO] [stdout]   20:     0x7f75ab1cf3d4 - clone
[INFO] [stdout]   21:                0x0 - <unknown>
[INFO] [stdout] 
[INFO] [stdout] ---- test::distributions_sum_to_balance_with_no_zero_rows stdout ----
[INFO] [stdout] Writing test snapshot file for test "test::distributions_sum_to_balance_with_no_zero_rows" to "test_snapshots/test/distributions_sum_to_balance_with_no_zero_rows.1.json".
[INFO] [stdout] 
[INFO] [stdout] thread 'test::distributions_sum_to_balance_with_no_zero_rows' (4012) panicked at /opt/rustwide/cargo-home/registry/src/index.crates.io-1949cf8c6b5b557f/soroban-sdk-27.0.6/src/env.rs:2100:32:
[INFO] [stdout] called `Result::unwrap()` on an `Err` value: Os { code: 30, kind: ReadOnlyFilesystem, message: "Read-only file system" }
[INFO] [stdout] stack backtrace:
[INFO] [stdout]    0:     0x5a19175ee957 - <unknown>
[INFO] [stdout]    1:     0x5a1917477724 - <unknown>
[INFO] [stdout]    2:     0x5a19175edf1b - <unknown>
[INFO] [stdout]    3:     0x5a19175edb19 - <unknown>
[INFO] [stdout]    4:     0x5a19175ed79a - <unknown>
[INFO] [stdout]    5:     0x5a19175ed2cb - <unknown>
[INFO] [stdout]    6:     0x5a1917613131 - <unknown>
[INFO] [stdout]    7:     0x5a19176130e9 - <unknown>
[INFO] [stdout]    8:     0x5a19176135dc - <unknown>
[INFO] [stdout]    9:     0x5a19174775bb - <unknown>
[INFO] [stdout]   10:     0x5a191747b0f1 - <unknown>
[INFO] [stdout]   11:     0x5a19175b5699 - <unknown>
[INFO] [stdout]   12:     0x5a19174616c4 - <unknown>
[INFO] [stdout]   13:     0x5a1917471271 - <unknown>
[INFO] [stdout]   14:     0x5a191762d3fb - <unknown>
[INFO] [stdout]   15:     0x5a1917628ad2 - <unknown>
[INFO] [stdout]   16:     0x5a191762857c - <unknown>
[INFO] [stdout]   17:     0x5a191764727c - <unknown>
[INFO] [stdout]   18:     0x5a1917614dc8 - <unknown>
[INFO] [stdout]   19:     0x7f75ab13bdfa - <unknown>
[INFO] [stdout]   20:     0x7f75ab1cf3d4 - clone
[INFO] [stdout]   21:                0x0 - <unknown>
[INFO] [stdout] 
[INFO] [stdout] ---- test::tier_cutoff_is_inclusive stdout ----
[INFO] [stdout] Writing test snapshot file for test "test::tier_cutoff_is_inclusive" to "test_snapshots/test/tier_cutoff_is_inclusive.1.json".
[INFO] [stdout] 
[INFO] [stdout] thread 'test::tier_cutoff_is_inclusive' (4020) panicked at /opt/rustwide/cargo-home/registry/src/index.crates.io-1949cf8c6b5b557f/soroban-sdk-27.0.6/src/env.rs:2100:32:
[INFO] [stdout] called `Result::unwrap()` on an `Err` value: Os { code: 30, kind: ReadOnlyFilesystem, message: "Read-only file system" }
[INFO] [stdout] stack backtrace:
[INFO] [stdout]    0:     0x5a19175ee957 - <unknown>
[INFO] [stdout]    1:     0x5a1917477724 - <unknown>
[INFO] [stdout]    2:     0x5a19175edf1b - <unknown>
[INFO] [stdout]    3:     0x5a19175edb19 - <unknown>
[INFO] [stdout]    4:     0x5a19175ed79a - <unknown>
[INFO] [stdout]    5:     0x5a19175ed2cb - <unknown>
[INFO] [stdout]    6:     0x5a1917613131 - <unknown>
[INFO] [stdout]    7:     0x5a19176130e9 - <unknown>
[INFO] [stdout]    8:     0x5a19176135dc - <unknown>
[INFO] [stdout]    9:     0x5a19174775bb - <unknown>
[INFO] [stdout]   10:     0x5a191747b0f1 - <unknown>
[INFO] [stdout]   11:     0x5a19175b5699 - <unknown>
[INFO] [stdout]   12:     0x5a19174616c4 - <unknown>
[INFO] [stdout]   13:     0x5a191746d380 - <unknown>
[INFO] [stdout]   14:     0x5a191762d3fb - <unknown>
[INFO] [stdout]   15:     0x5a1917628ad2 - <unknown>
[INFO] [stdout]   16:     0x5a191762857c - <unknown>
[INFO] [stdout]   17:     0x5a191764727c - <unknown>
[INFO] [stdout]   18:     0x5a1917614dc8 - <unknown>
[INFO] [stdout]   19:     0x7f75ab13bdfa - <unknown>
[INFO] [stdout]   20:     0x7f75ab1cf3d4 - clone
[INFO] [stdout]   21:                0x0 - <unknown>
[INFO] [stdout] 
[INFO] [stdout] 
[INFO] [stdout] failures:
[INFO] [stdout]     test::after_the_procedure_the_narrowest_tier_applies
[INFO] [stdout]     test::an_escrow_binds_to_one_policy_only
[INFO] [stdout]     test::clinic_cancel_ignores_tiers_and_arrival_refunds_nothing
[INFO] [stdout]     test::commit_requires_the_operator
[INFO] [stdout]     test::commit_returns_the_derived_id_and_stores_terms
[INFO] [stdout]     test::committed_terms_cannot_be_written_twice
[INFO] [stdout]     test::distributions_sum_to_balance_with_no_zero_rows
[INFO] [stdout]     test::full_refund_lists_only_the_patient
[INFO] [stdout]     test::half_refund_matches_policy_ts_exactly
[INFO] [stdout]     test::invalid_terms_are_rejected
[INFO] [stdout]     test::no_refund_leaves_the_patient_off_the_list
[INFO] [stdout]     test::settle_records_once_and_emits_the_split
[INFO] [stdout]     test::settle_rejects_back_dated_and_future_times
[INFO] [stdout]     test::shares_always_sum_to_10000
[INFO] [stdout]     test::tier_cutoff_is_inclusive
[INFO] [stdout]     test::tier_order_in_terms_does_not_matter
[INFO] [stdout]     test::unknown_deal_is_not_found
[INFO] [stdout]     test::without_an_agency_its_share_goes_to_the_clinic
[INFO] [stdout]     test::zero_balance_is_rejected
[INFO] [stdout] 
[INFO] [stdout] test result: FAILED. 0 passed; 19 failed; 0 ignored; 0 measured; 0 filtered out; finished in 0.02s
[INFO] [stdout] 
[INFO] [stderr] error: test failed, to rerun pass `-p pacta-policy --lib`
[INFO] running `Command { std: "docker" "inspect" "cb9751eba61a1894f2da6edb0db66275dbfe2d64f473e221db30e481354a385b", kill_on_drop: false }`
[INFO] running `Command { std: "docker" "rm" "-f" "cb9751eba61a1894f2da6edb0db66275dbfe2d64f473e221db30e481354a385b", kill_on_drop: false }`
[INFO] [stdout] cb9751eba61a1894f2da6edb0db66275dbfe2d64f473e221db30e481354a385b
