[INFO] cloning repository https://github.com/baiyulong/financial-analysis
[INFO] running `Command { std: "git" "-c" "credential.helper=" "-c" "credential.helper=/workspace/cargo-home/bin/git-credential-null" "clone" "--bare" "https://github.com/baiyulong/financial-analysis" "/workspace/cache/git-repos/https%3A%2F%2Fgithub.com%2Fbaiyulong%2Ffinancial-analysis", kill_on_drop: false }`
[INFO] [stderr] Cloning into bare repository '/workspace/cache/git-repos/https%3A%2F%2Fgithub.com%2Fbaiyulong%2Ffinancial-analysis'...
[INFO] running `Command { std: "git" "rev-parse" "HEAD", kill_on_drop: false }`
[INFO] [stdout] d74293fe0cb3dbf6f54bf980dc93da1ac65d2438
[INFO] testing baiyulong/financial-analysis against 1.100.0-beta.1+cargoflags=--release for beta-release-1.100-2
[INFO] running `Command { std: "git" "clone" "/workspace/cache/git-repos/https%3A%2F%2Fgithub.com%2Fbaiyulong%2Ffinancial-analysis" "/workspace/builds/worker-3-tc2/source", kill_on_drop: false }`
[INFO] [stderr] Cloning into '/workspace/builds/worker-3-tc2/source'...
[INFO] [stderr] done.
[INFO] started tweaking git repo https://github.com/baiyulong/financial-analysis
[INFO] finished tweaking git repo https://github.com/baiyulong/financial-analysis
[INFO] tweaked toml for git repo https://github.com/baiyulong/financial-analysis written to /workspace/builds/worker-3-tc2/source/Cargo.toml
[INFO] validating manifest of git repo https://github.com/baiyulong/financial-analysis on toolchain 1.100.0-beta.1
[INFO] running `Command { std: CARGO_HOME="/workspace/cargo-home" RUSTUP_HOME="/workspace/rustup-home" "/workspace/cargo-home/bin/cargo" "+1.100.0-beta.1" "metadata" "--manifest-path" "Cargo.toml" "--no-deps", kill_on_drop: false }`
[INFO] crate git repo https://github.com/baiyulong/financial-analysis already has a lockfile, it will not be regenerated
[INFO] running `Command { std: CARGO_HOME="/workspace/cargo-home" RUSTUP_HOME="/workspace/rustup-home" "/workspace/cargo-home/bin/cargo" "+1.100.0-beta.1" "fetch" "--manifest-path" "Cargo.toml", kill_on_drop: false }`
[INFO] running `Command { std: "docker" "create" "-v" "/var/lib/crater-agent-workspace/builds/worker-3-tc2/source:/opt/rustwide/workdir:ro,Z" "-v" "/var/lib/crater-agent-workspace/builds/worker-3-tc2/target:/opt/rustwide/target:rw,Z" "-v" "/var/lib/crater-agent-workspace/cargo-home:/opt/rustwide/cargo-home:ro,Z" "-v" "/var/lib/crater-agent-workspace/rustup-home:/opt/rustwide/rustup-home:ro,Z" "-m" "1610612736" "--network" "none" "ghcr.io/rust-lang/crates-build-env/linux@sha256:77db811e55d90add9212f6832c23229e3de5f1c1f9905e8cb07319ea15df73ac" "sleep" "infinity", kill_on_drop: false }`
[INFO] [stdout] 7d744118c871b883f4138e59294fcf25536650c97b3f815fcabe609e18bbf9f4
[INFO] running `Command { std: "docker" "start" "7d744118c871b883f4138e59294fcf25536650c97b3f815fcabe609e18bbf9f4", kill_on_drop: false }`
[INFO] running `Command { std: "docker" "inspect" "7d744118c871b883f4138e59294fcf25536650c97b3f815fcabe609e18bbf9f4", kill_on_drop: false }`
[INFO] running `Command { std: "docker" "exec" "-e" "SOURCE_DIR=/opt/rustwide/workdir" "-e" "CARGO_HOME=/opt/rustwide/cargo-home" "-e" "RUSTUP_HOME=/opt/rustwide/rustup-home" "-e" "CARGO_TARGET_DIR=/opt/rustwide/target" "-w" "/opt/rustwide/workdir" "--user" "0:0" "7d744118c871b883f4138e59294fcf25536650c97b3f815fcabe609e18bbf9f4" "/opt/rustwide/cargo-home/bin/cargo" "+1.100.0-beta.1" "metadata" "--no-deps" "--format-version=1", kill_on_drop: false }`
[INFO] running `Command { std: "docker" "inspect" "7d744118c871b883f4138e59294fcf25536650c97b3f815fcabe609e18bbf9f4", kill_on_drop: false }`
[INFO] running `Command { std: "docker" "exec" "-e" "SOURCE_DIR=/opt/rustwide/workdir" "-e" "CARGO_HOME=/opt/rustwide/cargo-home" "-e" "RUSTUP_HOME=/opt/rustwide/rustup-home" "-e" "CARGO_TARGET_DIR=/opt/rustwide/target" "-e" "CARGO_INCREMENTAL=0" "-e" "RUST_BACKTRACE=full" "-e" "RUSTFLAGS=--cap-lints=warn" "-e" "RUSTDOCFLAGS=--cap-lints=warn" "-w" "/opt/rustwide/workdir" "--user" "0:0" "7d744118c871b883f4138e59294fcf25536650c97b3f815fcabe609e18bbf9f4" "/opt/rustwide/cargo-home/bin/cargo" "+1.100.0-beta.1" "build" "--frozen" "--message-format=json" "--release", kill_on_drop: false }`
[INFO] [stderr]    Compiling log v0.4.30
[INFO] [stderr]    Compiling shlex v2.0.1
[INFO] [stderr]    Compiling displaydoc v0.2.6
[INFO] [stderr]    Compiling bitflags v2.11.1
[INFO] [stderr]    Compiling http v1.4.1
[INFO] [stderr]    Compiling parking_lot_core v0.9.12
[INFO] [stderr]    Compiling serde v1.0.228
[INFO] [stderr]    Compiling socket2 v0.6.4
[INFO] [stderr]    Compiling autocfg v1.5.1
[INFO] [stderr]    Compiling futures-task v0.3.32
[INFO] [stderr]    Compiling openssl v0.10.80
[INFO] [stderr]    Compiling tracing v0.1.44
[INFO] [stderr]    Compiling openssl-macros v0.1.1
[INFO] [stderr]    Compiling rust_decimal v1.42.0
[INFO] [stderr]    Compiling native-tls v0.2.18
[INFO] [stderr]    Compiling futures-channel v0.3.32
[INFO] [stderr]    Compiling cc v1.2.63
[INFO] [stderr]    Compiling mio v1.2.1
[INFO] [stderr]    Compiling futures-util v0.3.32
[INFO] [stderr]    Compiling thiserror-impl v1.0.69
[INFO] [stderr]    Compiling strsim v0.11.1
[INFO] [stderr]    Compiling signal-hook v0.3.18
[INFO] [stderr]    Compiling parking_lot v0.12.5
[INFO] [stderr]    Compiling ident_case v1.0.1
[INFO] [stderr]    Compiling arrayvec v0.7.6
[INFO] [stderr]    Compiling zerocopy v0.8.50
[INFO] [stderr]    Compiling openssl-probe v0.2.1
[INFO] [stderr]    Compiling darling_core v0.23.0
[INFO] [stderr]    Compiling ahash v0.8.12
[INFO] [stderr]    Compiling rust_decimal_macros v1.40.0
[INFO] [stderr]    Compiling num-traits v0.2.19
[INFO] [stderr]    Compiling async-trait v0.1.89
[INFO] [stderr]    Compiling serde_json v1.0.150
[INFO] [stderr]    Compiling rustix v0.38.44
[INFO] [stderr]    Compiling ipnet v2.12.0
[INFO] [stderr]    Compiling tinystr v0.8.3
[INFO] [stderr]    Compiling zerotrie v0.2.4
[INFO] [stderr]    Compiling icu_collections v2.2.0
[INFO] [stderr]    Compiling icu_locale_core v2.2.0
[INFO] [stderr]    Compiling tokio v1.52.3
[INFO] [stderr]    Compiling either v1.16.0
[INFO] [stderr]    Compiling linux-raw-sys v0.4.15
[INFO] [stderr]    Compiling icu_provider v2.2.0
[INFO] [stderr]    Compiling thiserror v1.0.69
[INFO] [stderr]    Compiling instability v0.3.12
[INFO] [stderr]    Compiling memchr v2.8.1
[INFO] [stderr]    Compiling strum_macros v0.26.4
[INFO] [stderr]    Compiling itertools v0.13.0
[INFO] [stderr]    Compiling http-body v1.0.1
[INFO] [stderr]    Compiling chrono v0.4.44
[INFO] [stderr]    Compiling http-body-util v0.1.3
[INFO] [stderr]    Compiling serde_urlencoded v0.7.1
[INFO] [stderr]    Compiling openssl-sys v0.9.116
[INFO] [stderr]    Compiling icu_normalizer v2.2.0
[INFO] [stderr]    Compiling icu_properties v2.2.0
[INFO] [stderr]    Compiling libsqlite3-sys v0.28.0
[INFO] [stderr]    Compiling signal-hook-mio v0.2.5
[INFO] [stderr]    Compiling castaway v0.2.4
[INFO] [stderr]    Compiling encoding_rs v0.8.35
[INFO] [stderr]    Compiling indoc v2.0.7
[INFO] [stderr]    Compiling unicode-width v0.1.14
[INFO] [stderr]    Compiling fa-core v0.1.0 (/opt/rustwide/workdir/crates/fa-core)
[INFO] [stderr]    Compiling compact_str v0.8.2
[INFO] [stderr]    Compiling strum v0.26.3
[INFO] [stderr]    Compiling fa-indicator v0.1.0 (/opt/rustwide/workdir/crates/fa-indicator)
[INFO] [stderr]    Compiling crossterm v0.28.1
[INFO] [stderr]    Compiling lru v0.12.5
[INFO] [stderr]    Compiling idna_adapter v1.2.2
[INFO] [stderr]    Compiling unicode-truncate v1.1.0
[INFO] [stderr]    Compiling toml_datetime v0.6.11
[INFO] [stderr]    Compiling idna v1.1.0
[INFO] [stderr]    Compiling serde_spanned v0.6.9
[INFO] [stderr]    Compiling urlencoding v2.1.3
[INFO] [stderr]    Compiling winnow v0.7.15
[INFO] [stderr]    Compiling darling_macro v0.23.0
[INFO] [stderr]    Compiling option-ext v0.2.0
[INFO] [stderr]    Compiling toml_write v0.1.2
[INFO] [stderr]    Compiling darling v0.23.0
[INFO] [stderr]    Compiling cassowary v0.3.0
[INFO] [stderr]    Compiling dirs-sys v0.4.1
[INFO] [stderr]    Compiling url v2.5.8
[INFO] [stderr]    Compiling fa-backtest v0.1.0 (/opt/rustwide/workdir/crates/fa-backtest)
[INFO] [stderr]    Compiling fallible-iterator v0.3.0
[INFO] [stderr]    Compiling ratatui v0.28.1
[INFO] [stderr]    Compiling fallible-streaming-iterator v0.1.9
[INFO] [stderr]    Compiling dirs v5.0.1
[INFO] [stderr]    Compiling hashbrown v0.14.5
[INFO] [stderr]    Compiling hashlink v0.9.1
[INFO] [stderr]    Compiling toml_edit v0.22.27
[INFO] [stderr]    Compiling tokio-util v0.7.18
[INFO] [stderr]    Compiling tokio-native-tls v0.3.1
[INFO] [stderr]    Compiling tower v0.5.3
[INFO] [stderr]    Compiling toml v0.8.23
[INFO] [stderr]    Compiling h2 v0.4.14
[INFO] [stderr]    Compiling tower-http v0.6.11
[INFO] [stderr]    Compiling hyper v1.10.1
[INFO] [stderr]    Compiling hyper-util v0.1.20
[INFO] [stderr]    Compiling hyper-tls v0.6.0
[INFO] [stderr]    Compiling reqwest v0.12.28
[INFO] [stderr]    Compiling fa-data v0.1.0 (/opt/rustwide/workdir/crates/fa-data)
[INFO] [stderr]    Compiling fa-tui v0.1.0 (/opt/rustwide/workdir/crates/fa-tui)
[INFO] [stderr]    Compiling rusqlite v0.31.0
[INFO] [stderr]    Compiling financial-analysis v0.1.0 (/opt/rustwide/workdir)
[INFO] [stdout] warning: associated items `config_path`, `load`, `save_data_source`, `to_watchlist_symbols`, and `to_portfolio` are never used
[INFO] [stdout]    --> src/config.rs:68:12
[INFO] [stdout]     |
[INFO] [stdout]  61 | impl Config {
[INFO] [stdout]     | ----------- associated items in this implementation
[INFO] [stdout] ...
[INFO] [stdout]  68 |     pub fn config_path() -> Result<PathBuf, Box<dyn std::error::Error>> {
[INFO] [stdout]     |            ^^^^^^^^^^^
[INFO] [stdout] ...
[INFO] [stdout]  73 |     pub fn load() -> Result<Self, DataError> {
[INFO] [stdout]     |            ^^^^
[INFO] [stdout] ...
[INFO] [stdout]  82 |     pub fn save_data_source(
[INFO] [stdout]     |            ^^^^^^^^^^^^^^^^
[INFO] [stdout] ...
[INFO] [stdout] 110 |     pub fn to_watchlist_symbols(&self) -> Vec<Symbol> {
[INFO] [stdout]     |            ^^^^^^^^^^^^^^^^^^^^
[INFO] [stdout] ...
[INFO] [stdout] 120 |     pub fn to_portfolio(&self) -> Portfolio {
[INFO] [stdout]     |            ^^^^^^^^^^^^
[INFO] [stdout]     |
[INFO] [stdout]     = note: `#[warn(dead_code)]` (part of `#[warn(unused)]`) on by default
[INFO] [stdout] 
[INFO] [stdout] 
[INFO] [stdout] warning: function `remove_toml_section` is never used
[INFO] [stdout]    --> src/config.rs:166:4
[INFO] [stdout]     |
[INFO] [stdout] 166 | fn remove_toml_section(content: &str, section: &str) -> String {
[INFO] [stdout]     |    ^^^^^^^^^^^^^^^^^^^
[INFO] [stdout] 
[INFO] [stdout] 
[INFO] [stdout] warning: method `save_zhitu_token` is never used
[INFO] [stdout]    --> src/storage.rs:113:12
[INFO] [stdout]     |
[INFO] [stdout]  27 | impl Storage {
[INFO] [stdout]     | ------------ method in this implementation
[INFO] [stdout] ...
[INFO] [stdout] 113 |     pub fn save_zhitu_token(&self, token: &str) -> Result<()> {
[INFO] [stdout]     |            ^^^^^^^^^^^^^^^^
[INFO] [stdout] 
[INFO] [stdout] 
[INFO] [stderr]     Finished `release` profile [optimized] target(s) in 2m 58s
[INFO] running `Command { std: "docker" "inspect" "7d744118c871b883f4138e59294fcf25536650c97b3f815fcabe609e18bbf9f4", kill_on_drop: false }`
[INFO] running `Command { std: "docker" "exec" "-e" "SOURCE_DIR=/opt/rustwide/workdir" "-e" "CARGO_HOME=/opt/rustwide/cargo-home" "-e" "RUSTUP_HOME=/opt/rustwide/rustup-home" "-e" "CARGO_TARGET_DIR=/opt/rustwide/target" "-e" "CARGO_INCREMENTAL=0" "-e" "RUST_BACKTRACE=full" "-e" "RUSTFLAGS=--cap-lints=warn" "-e" "RUSTDOCFLAGS=--cap-lints=warn" "-w" "/opt/rustwide/workdir" "--user" "0:0" "7d744118c871b883f4138e59294fcf25536650c97b3f815fcabe609e18bbf9f4" "/opt/rustwide/cargo-home/bin/cargo" "+1.100.0-beta.1" "test" "--frozen" "--no-run" "--message-format=json" "--release", kill_on_drop: false }`
[INFO] [stderr]    Compiling financial-analysis v0.1.0 (/opt/rustwide/workdir)
[INFO] [stdout] warning: method `to_portfolio` is never used
[INFO] [stdout]    --> src/config.rs:120:12
[INFO] [stdout]     |
[INFO] [stdout]  61 | impl Config {
[INFO] [stdout]     | ----------- method in this implementation
[INFO] [stdout] ...
[INFO] [stdout] 120 |     pub fn to_portfolio(&self) -> Portfolio {
[INFO] [stdout]     |            ^^^^^^^^^^^^
[INFO] [stdout]     |
[INFO] [stdout]     = note: `#[warn(dead_code)]` (part of `#[warn(unused)]`) on by default
[INFO] [stdout] 
[INFO] [stdout] 
[INFO] [stderr]     Finished `release` profile [optimized] target(s) in 5.21s
[INFO] running `Command { std: "docker" "inspect" "7d744118c871b883f4138e59294fcf25536650c97b3f815fcabe609e18bbf9f4", kill_on_drop: false }`
[INFO] running `Command { std: "docker" "exec" "-e" "SOURCE_DIR=/opt/rustwide/workdir" "-e" "CARGO_HOME=/opt/rustwide/cargo-home" "-e" "RUSTUP_HOME=/opt/rustwide/rustup-home" "-e" "CARGO_TARGET_DIR=/opt/rustwide/target" "-e" "CARGO_INCREMENTAL=0" "-e" "RUST_BACKTRACE=full" "-e" "RUSTFLAGS=--cap-lints=warn" "-e" "RUSTDOCFLAGS=--cap-lints=warn" "-w" "/opt/rustwide/workdir" "--user" "0:0" "7d744118c871b883f4138e59294fcf25536650c97b3f815fcabe609e18bbf9f4" "/opt/rustwide/cargo-home/bin/cargo" "+1.100.0-beta.1" "test" "--frozen" "--release", kill_on_drop: false }`
[INFO] [stderr] warning: method `to_portfolio` is never used
[INFO] [stderr]    --> src/config.rs:120:12
[INFO] [stderr]     |
[INFO] [stderr]  61 | impl Config {
[INFO] [stderr]     | ----------- method in this implementation
[INFO] [stderr] ...
[INFO] [stderr] 120 |     pub fn to_portfolio(&self) -> Portfolio {
[INFO] [stderr]     |            ^^^^^^^^^^^^
[INFO] [stderr]     |
[INFO] [stderr]     = note: `#[warn(dead_code)]` (part of `#[warn(unused)]`) on by default
[INFO] [stderr] 
[INFO] [stderr] warning: `financial-analysis` (bin "financial-analysis" test) generated 1 warning
[INFO] [stderr]     Finished `release` profile [optimized] target(s) in 0.25s
[INFO] [stderr]      Running unittests src/main.rs (/opt/rustwide/target/release/build/financial-analysis/bbe2a25dc6b1acee/out/financial_analysis-bbe2a25dc6b1acee)
[INFO] [stdout] 
[INFO] [stdout] running 22 tests
[INFO] [stdout] test config::tests::test_remove_toml_section_drops_only_target_section ... ok
[INFO] [stdout] test storage::tests::test_seed_if_empty_populates_watchlist ... ok
[INFO] [stdout] test config::tests::test_save_data_source_escapes_toml_values ... FAILED
[INFO] [stdout] test storage::tests::test_watchlist_save_symbol_name ... ok
[INFO] [stdout] test config::tests::test_default_config ... ok
[INFO] [stdout] test config::tests::test_save_data_source_replaces_existing_section ... FAILED
[INFO] [stdout] test config::tests::test_load_missing_config_does_not_create_config_dir ... FAILED
[INFO] [stdout] test storage::tests::test_watchlist_duplicate_ignored ... ok
[INFO] [stdout] test config::tests::test_to_watchlist_symbols ... ok
[INFO] [stdout] test config::tests::test_parse_config_toml ... ok
[INFO] [stdout] test storage::tests::test_settings_roundtrip ... ok
[INFO] [stdout] test storage::tests::test_watchlist_remove ... ok
[INFO] [stdout] test tests::settings_saved_outside_settings_screen_does_not_rebuild_router ... ok
[INFO] [stdout] test storage::tests::test_data_source_roundtrip ... ok
[INFO] [stdout] test storage::tests::test_language_roundtrip ... ok
[INFO] [stdout] test storage::tests::test_zhitu_token_roundtrip ... ok
[INFO] [stdout] test tests::build_initial_state_applies_persisted_data_source_config ... ok
[INFO] [stdout] test storage::tests::test_watchlist_add_and_load ... ok
[INFO] [stdout] test storage::tests::test_watchlist_preserves_order ... ok
[INFO] [stdout] test storage::tests::test_portfolio_roundtrip ... ok
[INFO] [stdout] test tests::build_router_sina_only_supports_a_share ... ok
[INFO] [stdout] test tests::shared_router_can_be_rebuilt_for_different_data_sources ... ok
[INFO] [stderr] error: test failed, to rerun pass `--bin financial-analysis`
[INFO] [stdout] 
[INFO] [stdout] failures:
[INFO] [stdout] 
[INFO] [stdout] ---- config::tests::test_save_data_source_escapes_toml_values stdout ----
[INFO] [stdout] 
[INFO] [stdout] thread 'config::tests::test_save_data_source_escapes_toml_values' (2173) panicked at src/config.rs:316:50:
[INFO] [stdout] called `Result::unwrap()` on an `Err` value: Os { code: 30, kind: ReadOnlyFilesystem, message: "Read-only file system" }
[INFO] [stdout] stack backtrace:
[INFO] [stdout]    0:     0x5d166e5141d1 - <<std[617be2ca0a6fd877]::sys::backtrace::BacktraceLock>::print::DisplayBacktrace as core[a373ad73a504971]::fmt::Display>::fmt
[INFO] [stdout]    1:     0x5d166e52cd6a - core[a373ad73a504971]::fmt::write
[INFO] [stdout]    2:     0x5d166e51929c - <alloc[2e1b2a31b91974c5]::vec::Vec<u8> as core[a373ad73a504971]::io::write::Write>::write_fmt
[INFO] [stdout]    3:     0x5d166e4ed096 - std[617be2ca0a6fd877]::panicking::default_hook::{closure#0}
[INFO] [stdout]    4:     0x5d166e50ada9 - std[617be2ca0a6fd877]::panicking::default_hook
[INFO] [stdout]    5:     0x5d166e194600 - test[aada8e7e76ba119b]::test_main_inner::{closure#0}
[INFO] [stdout]    6:     0x5d166e50b0d2 - std[617be2ca0a6fd877]::panicking::panic_with_hook
[INFO] [stdout]    7:     0x5d166e4ed142 - std[617be2ca0a6fd877]::panicking::panic_handler::{closure#0}
[INFO] [stdout]    8:     0x5d166e4e53a9 - std[617be2ca0a6fd877]::sys::backtrace::__rust_end_short_backtrace::<std[617be2ca0a6fd877]::panicking::panic_handler::{closure#0}, !>
[INFO] [stdout]    9:     0x5d166e4ee26d - __rustc[ea4f61d10b84890b]::rust_begin_unwind
[INFO] [stdout]   10:     0x5d166e52d4cc - core[a373ad73a504971]::panicking::panic_fmt
[INFO] [stdout]   11:     0x5d166e52d2a2 - core[a373ad73a504971]::result::unwrap_failed
[INFO] [stdout]   12:     0x5d166e131fad - <financial_analysis[231c60724ffc16ae]::config::tests::test_save_data_source_escapes_toml_values::{closure#0} as core[a373ad73a504971]::ops::function::FnOnce<()>>::call_once
[INFO] [stdout]   13:     0x5d166e187a4b - test[aada8e7e76ba119b]::__rust_begin_short_backtrace::<core[a373ad73a504971]::result::Result<(), alloc[2e1b2a31b91974c5]::string::String>, fn() -> core[a373ad73a504971]::result::Result<(), alloc[2e1b2a31b91974c5]::string::String>>
[INFO] [stdout]   14:     0x5d166e194c25 - test[aada8e7e76ba119b]::run_test::{closure#0}
[INFO] [stdout]   15:     0x5d166e18e514 - std[617be2ca0a6fd877]::sys::backtrace::__rust_begin_short_backtrace::<test[aada8e7e76ba119b]::run_test::{closure#1}, ()>
[INFO] [stdout]   16:     0x5d166e197cb2 - <std[617be2ca0a6fd877]::thread::lifecycle::spawn_unchecked<test[aada8e7e76ba119b]::run_test::{closure#1}, ()>::{closure#1} as core[a373ad73a504971]::ops::function::FnOnce<()>>::call_once::{shim:vtable#0}
[INFO] [stdout]   17:     0x5d166e512e2f - <std[617be2ca0a6fd877]::sys::thread::unix::Thread>::new::thread_start
[INFO] [stdout]   18:     0x7890b8c7fdfa - <unknown>
[INFO] [stdout]   19:     0x7890b8d133d4 - clone
[INFO] [stdout]   20:                0x0 - <unknown>
[INFO] [stdout] 
[INFO] [stdout] ---- config::tests::test_save_data_source_replaces_existing_section stdout ----
[INFO] [stdout] 
[INFO] [stdout] thread 'config::tests::test_save_data_source_replaces_existing_section' (2174) panicked at src/config.rs:272:41:
[INFO] [stdout] called `Result::unwrap()` on an `Err` value: PoisonError { .. }
[INFO] [stdout] stack backtrace:
[INFO] [stdout]    0:     0x5d166e5141d1 - <<std[617be2ca0a6fd877]::sys::backtrace::BacktraceLock>::print::DisplayBacktrace as core[a373ad73a504971]::fmt::Display>::fmt
[INFO] [stdout]    1:     0x5d166e52cd6a - core[a373ad73a504971]::fmt::write
[INFO] [stdout]    2:     0x5d166e51929c - <alloc[2e1b2a31b91974c5]::vec::Vec<u8> as core[a373ad73a504971]::io::write::Write>::write_fmt
[INFO] [stdout]    3:     0x5d166e4ed096 - std[617be2ca0a6fd877]::panicking::default_hook::{closure#0}
[INFO] [stdout]    4:     0x5d166e50ada9 - std[617be2ca0a6fd877]::panicking::default_hook
[INFO] [stdout]    5:     0x5d166e194600 - test[aada8e7e76ba119b]::test_main_inner::{closure#0}
[INFO] [stdout]    6:     0x5d166e50b0d2 - std[617be2ca0a6fd877]::panicking::panic_with_hook
[INFO] [stdout]    7:     0x5d166e4ed142 - std[617be2ca0a6fd877]::panicking::panic_handler::{closure#0}
[INFO] [stdout]    8:     0x5d166e4e53a9 - std[617be2ca0a6fd877]::sys::backtrace::__rust_end_short_backtrace::<std[617be2ca0a6fd877]::panicking::panic_handler::{closure#0}, !>
[INFO] [stdout]    9:     0x5d166e4ee26d - __rustc[ea4f61d10b84890b]::rust_begin_unwind
[INFO] [stdout]   10:     0x5d166e52d4cc - core[a373ad73a504971]::panicking::panic_fmt
[INFO] [stdout]   11:     0x5d166e52d2a2 - core[a373ad73a504971]::result::unwrap_failed
[INFO] [stdout]   12:     0x5d166e132b02 - <financial_analysis[231c60724ffc16ae]::config::tests::test_save_data_source_replaces_existing_section::{closure#0} as core[a373ad73a504971]::ops::function::FnOnce<()>>::call_once
[INFO] [stdout]   13:     0x5d166e187a4b - test[aada8e7e76ba119b]::__rust_begin_short_backtrace::<core[a373ad73a504971]::result::Result<(), alloc[2e1b2a31b91974c5]::string::String>, fn() -> core[a373ad73a504971]::result::Result<(), alloc[2e1b2a31b91974c5]::string::String>>
[INFO] [stdout]   14:     0x5d166e194c25 - test[aada8e7e76ba119b]::run_test::{closure#0}
[INFO] [stdout]   15:     0x5d166e18e514 - std[617be2ca0a6fd877]::sys::backtrace::__rust_begin_short_backtrace::<test[aada8e7e76ba119b]::run_test::{closure#1}, ()>
[INFO] [stdout]   16:     0x5d166e197cb2 - <std[617be2ca0a6fd877]::thread::lifecycle::spawn_unchecked<test[aada8e7e76ba119b]::run_test::{closure#1}, ()>::{closure#1} as core[a373ad73a504971]::ops::function::FnOnce<()>>::call_once::{shim:vtable#0}
[INFO] [stdout]   17:     0x5d166e512e2f - <std[617be2ca0a6fd877]::sys::thread::unix::Thread>::new::thread_start
[INFO] [stdout]   18:     0x7890b8c7fdfa - <unknown>
[INFO] [stdout]   19:     0x7890b8d133d4 - clone
[INFO] [stdout]   20:                0x0 - <unknown>
[INFO] [stdout] 
[INFO] [stdout] ---- config::tests::test_load_missing_config_does_not_create_config_dir stdout ----
[INFO] [stdout] 
[INFO] [stdout] thread 'config::tests::test_load_missing_config_does_not_create_config_dir' (2170) panicked at src/config.rs:334:41:
[INFO] [stdout] called `Result::unwrap()` on an `Err` value: PoisonError { .. }
[INFO] [stdout] stack backtrace:
[INFO] [stdout]    0:     0x5d166e5141d1 - <<std[617be2ca0a6fd877]::sys::backtrace::BacktraceLock>::print::DisplayBacktrace as core[a373ad73a504971]::fmt::Display>::fmt
[INFO] [stdout]    1:     0x5d166e52cd6a - core[a373ad73a504971]::fmt::write
[INFO] [stdout]    2:     0x5d166e51929c - <alloc[2e1b2a31b91974c5]::vec::Vec<u8> as core[a373ad73a504971]::io::write::Write>::write_fmt
[INFO] [stdout]    3:     0x5d166e4ed096 - std[617be2ca0a6fd877]::panicking::default_hook::{closure#0}
[INFO] [stdout]    4:     0x5d166e50ada9 - std[617be2ca0a6fd877]::panicking::default_hook
[INFO] [stdout]    5:     0x5d166e194600 - test[aada8e7e76ba119b]::test_main_inner::{closure#0}
[INFO] [stdout]    6:     0x5d166e50b0d2 - std[617be2ca0a6fd877]::panicking::panic_with_hook
[INFO] [stdout]    7:     0x5d166e4ed142 - std[617be2ca0a6fd877]::panicking::panic_handler::{closure#0}
[INFO] [stdout]    8:     0x5d166e4e53a9 - std[617be2ca0a6fd877]::sys::backtrace::__rust_end_short_backtrace::<std[617be2ca0a6fd877]::panicking::panic_handler::{closure#0}, !>
[INFO] [stdout]    9:     0x5d166e4ee26d - __rustc[ea4f61d10b84890b]::rust_begin_unwind
[INFO] [stdout]   10:     0x5d166e52d4cc - core[a373ad73a504971]::panicking::panic_fmt
[INFO] [stdout]   11:     0x5d166e52d2a2 - core[a373ad73a504971]::result::unwrap_failed
[INFO] [stdout]   12:     0x5d166e13340e - <financial_analysis[231c60724ffc16ae]::config::tests::test_load_missing_config_does_not_create_config_dir::{closure#0} as core[a373ad73a504971]::ops::function::FnOnce<()>>::call_once
[INFO] [stdout]   13:     0x5d166e187a4b - test[aada8e7e76ba119b]::__rust_begin_short_backtrace::<core[a373ad73a504971]::result::Result<(), alloc[2e1b2a31b91974c5]::string::String>, fn() -> core[a373ad73a504971]::result::Result<(), alloc[2e1b2a31b91974c5]::string::String>>
[INFO] [stdout]   14:     0x5d166e194c25 - test[aada8e7e76ba119b]::run_test::{closure#0}
[INFO] [stdout]   15:     0x5d166e18e514 - std[617be2ca0a6fd877]::sys::backtrace::__rust_begin_short_backtrace::<test[aada8e7e76ba119b]::run_test::{closure#1}, ()>
[INFO] [stdout]   16:     0x5d166e197cb2 - <std[617be2ca0a6fd877]::thread::lifecycle::spawn_unchecked<test[aada8e7e76ba119b]::run_test::{closure#1}, ()>::{closure#1} as core[a373ad73a504971]::ops::function::FnOnce<()>>::call_once::{shim:vtable#0}
[INFO] [stdout]   17:     0x5d166e512e2f - <std[617be2ca0a6fd877]::sys::thread::unix::Thread>::new::thread_start
[INFO] [stdout]   18:     0x7890b8c7fdfa - <unknown>
[INFO] [stdout]   19:     0x7890b8d133d4 - clone
[INFO] [stdout]   20:                0x0 - <unknown>
[INFO] [stdout] 
[INFO] [stdout] 
[INFO] [stdout] failures:
[INFO] [stdout]     config::tests::test_load_missing_config_does_not_create_config_dir
[INFO] [stdout]     config::tests::test_save_data_source_escapes_toml_values
[INFO] [stdout]     config::tests::test_save_data_source_replaces_existing_section
[INFO] [stdout] 
[INFO] [stdout] test result: FAILED. 19 passed; 3 failed; 0 ignored; 0 measured; 0 filtered out; finished in 0.21s
[INFO] [stdout] 
[INFO] running `Command { std: "docker" "inspect" "7d744118c871b883f4138e59294fcf25536650c97b3f815fcabe609e18bbf9f4", kill_on_drop: false }`
[INFO] running `Command { std: "docker" "rm" "-f" "7d744118c871b883f4138e59294fcf25536650c97b3f815fcabe609e18bbf9f4", kill_on_drop: false }`
[INFO] [stdout] 7d744118c871b883f4138e59294fcf25536650c97b3f815fcabe609e18bbf9f4
