[INFO] cloning repository https://github.com/ararog/uget
[INFO] running `Command { std: "git" "-c" "credential.helper=" "-c" "credential.helper=/workspace/cargo-home/bin/git-credential-null" "clone" "--bare" "https://github.com/ararog/uget" "/workspace/cache/git-repos/https%3A%2F%2Fgithub.com%2Fararog%2Fuget", kill_on_drop: false }`
[INFO] [stderr] Cloning into bare repository '/workspace/cache/git-repos/https%3A%2F%2Fgithub.com%2Fararog%2Fuget'...
[INFO] running `Command { std: "git" "rev-parse" "HEAD", kill_on_drop: false }`
[INFO] [stdout] 7313cf12a65b7dafebee68715866ce51b3557cb7
[INFO] testing ararog/uget against 1.100.0-beta.1+cargoflags=--release for beta-release-1.100-2
[INFO] running `Command { std: "git" "clone" "/workspace/cache/git-repos/https%3A%2F%2Fgithub.com%2Fararog%2Fuget" "/workspace/builds/worker-1-tc2/source", kill_on_drop: false }`
[INFO] [stderr] Cloning into '/workspace/builds/worker-1-tc2/source'...
[INFO] [stderr] done.
[INFO] started tweaking git repo https://github.com/ararog/uget
[INFO] finished tweaking git repo https://github.com/ararog/uget
[INFO] tweaked toml for git repo https://github.com/ararog/uget written to /workspace/builds/worker-1-tc2/source/Cargo.toml
[INFO] validating manifest of git repo https://github.com/ararog/uget on toolchain 1.100.0-beta.1
[INFO] running `Command { std: CARGO_HOME="/workspace/cargo-home" RUSTUP_HOME="/workspace/rustup-home" "/workspace/cargo-home/bin/cargo" "+1.100.0-beta.1" "metadata" "--manifest-path" "Cargo.toml" "--no-deps", kill_on_drop: false }`
[INFO] crate git repo https://github.com/ararog/uget already has a lockfile, it will not be regenerated
[INFO] running `Command { std: CARGO_HOME="/workspace/cargo-home" RUSTUP_HOME="/workspace/rustup-home" "/workspace/cargo-home/bin/cargo" "+1.100.0-beta.1" "fetch" "--manifest-path" "Cargo.toml", kill_on_drop: false }`
[INFO] [stderr]     Blocking waiting for file lock on package cache
[INFO] [stderr]     Blocking waiting for file lock on package cache
[INFO] running `Command { std: "docker" "create" "-v" "/var/lib/crater-agent-workspace/builds/worker-1-tc2/source:/opt/rustwide/workdir:ro,Z" "-v" "/var/lib/crater-agent-workspace/builds/worker-1-tc2/target:/opt/rustwide/target:rw,Z" "-v" "/var/lib/crater-agent-workspace/cargo-home:/opt/rustwide/cargo-home:ro,Z" "-v" "/var/lib/crater-agent-workspace/rustup-home:/opt/rustwide/rustup-home:ro,Z" "-m" "1610612736" "--network" "none" "ghcr.io/rust-lang/crates-build-env/linux@sha256:77db811e55d90add9212f6832c23229e3de5f1c1f9905e8cb07319ea15df73ac" "sleep" "infinity", kill_on_drop: false }`
[INFO] [stdout] 0cf338838b130b85e6095d5dadcbafb508d57e39acb3e8c9127d6c31865e40ab
[INFO] running `Command { std: "docker" "start" "0cf338838b130b85e6095d5dadcbafb508d57e39acb3e8c9127d6c31865e40ab", kill_on_drop: false }`
[INFO] running `Command { std: "docker" "inspect" "0cf338838b130b85e6095d5dadcbafb508d57e39acb3e8c9127d6c31865e40ab", kill_on_drop: false }`
[INFO] running `Command { std: "docker" "exec" "-e" "SOURCE_DIR=/opt/rustwide/workdir" "-e" "CARGO_HOME=/opt/rustwide/cargo-home" "-e" "RUSTUP_HOME=/opt/rustwide/rustup-home" "-e" "CARGO_TARGET_DIR=/opt/rustwide/target" "-w" "/opt/rustwide/workdir" "--user" "0:0" "0cf338838b130b85e6095d5dadcbafb508d57e39acb3e8c9127d6c31865e40ab" "/opt/rustwide/cargo-home/bin/cargo" "+1.100.0-beta.1" "metadata" "--no-deps" "--format-version=1", kill_on_drop: false }`
[INFO] running `Command { std: "docker" "inspect" "0cf338838b130b85e6095d5dadcbafb508d57e39acb3e8c9127d6c31865e40ab", kill_on_drop: false }`
[INFO] running `Command { std: "docker" "exec" "-e" "SOURCE_DIR=/opt/rustwide/workdir" "-e" "CARGO_HOME=/opt/rustwide/cargo-home" "-e" "RUSTUP_HOME=/opt/rustwide/rustup-home" "-e" "CARGO_TARGET_DIR=/opt/rustwide/target" "-e" "CARGO_INCREMENTAL=0" "-e" "RUST_BACKTRACE=full" "-e" "RUSTFLAGS=--cap-lints=warn" "-e" "RUSTDOCFLAGS=--cap-lints=warn" "-w" "/opt/rustwide/workdir" "--user" "0:0" "0cf338838b130b85e6095d5dadcbafb508d57e39acb3e8c9127d6c31865e40ab" "/opt/rustwide/cargo-home/bin/cargo" "+1.100.0-beta.1" "build" "--frozen" "--message-format=json" "--release", kill_on_drop: false }`
[INFO] [stderr]    Compiling proc-macro2 v1.0.107
[INFO] [stderr]    Compiling unicode-ident v1.0.27
[INFO] [stderr]    Compiling quote v1.0.47
[INFO] [stderr]    Compiling libc v0.2.190
[INFO] [stderr]    Compiling pin-project-lite v0.2.17
[INFO] [stderr]    Compiling find-msvc-tools v0.1.14
[INFO] [stderr]    Compiling shlex v2.0.1
[INFO] [stderr]    Compiling bytes v1.12.1
[INFO] [stderr]    Compiling futures-core v0.3.34
[INFO] [stderr]    Compiling pkg-config v0.3.34
[INFO] [stderr]    Compiling fs_extra v1.3.0
[INFO] [stderr]    Compiling dunce v1.0.5
[INFO] [stderr]    Compiling itoa v1.0.18
[INFO] [stderr]    Compiling stable_deref_trait v1.2.1
[INFO] [stderr]    Compiling once_cell v1.21.4
[INFO] [stderr]    Compiling slab v0.4.12
[INFO] [stderr]    Compiling zeroize v1.9.1
[INFO] [stderr]    Compiling futures-sink v0.3.34
[INFO] [stderr]    Compiling aws-lc-rs v1.18.2
[INFO] [stderr]    Compiling memchr v2.8.3
[INFO] [stderr]    Compiling equivalent v1.0.3
[INFO] [stderr]    Compiling foldhash v0.2.0
[INFO] [stderr]    Compiling rustls-pki-types v1.15.1
[INFO] [stderr]    Compiling allocator-api2 v0.2.21
[INFO] [stderr]    Compiling futures-channel v0.3.34
[INFO] [stderr]    Compiling serde_core v1.0.229
[INFO] [stderr]    Compiling futures-io v0.3.34
[INFO] [stderr]    Compiling untrusted v0.9.0
[INFO] [stderr]    Compiling rand_core v0.10.1
[INFO] [stderr]    Compiling cfg_aliases v0.2.2
[INFO] [stderr]    Compiling smallvec v1.16.3
[INFO] [stderr]    Compiling rustls v0.23.46
[INFO] [stderr]    Compiling futures-task v0.3.34
[INFO] [stderr]    Compiling litemap v0.8.3
[INFO] [stderr]    Compiling writeable v0.6.4
[INFO] [stderr]    Compiling subtle v2.6.1
[INFO] [stderr]    Compiling tracing-core v0.1.36
[INFO] [stderr]    Compiling serde v1.0.229
[INFO] [stderr]    Compiling getrandom v0.4.3
[INFO] [stderr]    Compiling cfg-if v1.0.5
[INFO] [stderr]    Compiling thiserror v2.0.21
[INFO] [stderr]    Compiling cpufeatures v0.3.1
[INFO] [stderr]    Compiling icu_properties_data v2.3.0
[INFO] [stderr]    Compiling utf8_iter v1.0.4
[INFO] [stderr]    Compiling icu_normalizer_data v2.3.0
[INFO] [stderr]    Compiling chacha20 v0.10.2
[INFO] [stderr]    Compiling quinn-udp v0.5.16
[INFO] [stderr]    Compiling httparse v1.10.1
[INFO] [stderr]    Compiling http v1.5.0
[INFO] [stderr]    Compiling hashbrown v0.17.1
[INFO] [stderr]    Compiling rand_pcg v0.10.2
[INFO] [stderr]    Compiling quinn v0.11.12
[INFO] [stderr]    Compiling fnv v1.0.7
[INFO] [stderr]    Compiling try-lock v0.2.5
[INFO] [stderr]    Compiling atomic-waker v1.1.2
[INFO] [stderr]    Compiling tinyvec v1.13.3
[INFO] [stderr]    Compiling lru-slab v0.1.3
[INFO] [stderr]    Compiling rustc-hash v2.1.3
[INFO] [stderr]    Compiling want v0.3.2
[INFO] [stderr]    Compiling fastrand v2.5.0
[INFO] [stderr]    Compiling parking v2.2.1
[INFO] [stderr]    Compiling percent-encoding v2.3.2
[INFO] [stderr]    Compiling regex-syntax v0.8.11
[INFO] [stderr]    Compiling autocfg v1.5.1
[INFO] [stderr]    Compiling log v0.4.34
[INFO] [stderr]    Compiling tracing v0.1.44
[INFO] [stderr]    Compiling event-listener v5.4.2
[INFO] [stderr]    Compiling zmij v1.0.23
[INFO] [stderr]    Compiling form_urlencoded v1.2.2
[INFO] [stderr]    Compiling tackle v0.1.3
[INFO] [stderr]    Compiling urlencoding v2.1.3
[INFO] [stderr]    Compiling base64 v0.23.1
[INFO] [stderr]    Compiling event-listener-strategy v0.5.4
[INFO] [stderr]    Compiling serde_json v1.0.154
[INFO] [stderr]    Compiling syn v3.0.9
[INFO] [stderr]    Compiling syn v2.0.119
[INFO] [stderr]    Compiling hashbrown v0.16.1
[INFO] [stderr]    Compiling thiserror v1.0.69
[INFO] [stderr]    Compiling ref-cast v1.0.27
[INFO] [stderr]    Compiling async-lock v3.4.2
[INFO] [stderr]    Compiling ryu v1.0.23
[INFO] [stderr]    Compiling num-traits v0.2.19
[INFO] [stderr]    Compiling indexmap v2.14.2
[INFO] [stderr]    Compiling openssl-probe v0.2.1
[INFO] [stderr]    Compiling portable-atomic v1.15.0
[INFO] [stderr]    Compiling webpki-roots v1.0.9
[INFO] [stderr]    Compiling simdutf8 v0.1.5
[INFO] [stderr]    Compiling rustls-native-certs v0.8.5
[INFO] [stderr]    Compiling anstyle v1.0.14
[INFO] [stderr]    Compiling socket2 v0.6.5
[INFO] [stderr]    Compiling mio v1.2.4
[INFO] [stderr]    Compiling http-body v1.1.0
[INFO] [stderr]    Compiling heck v0.5.0
[INFO] [stderr]    Compiling jobserver v0.1.35
[INFO] [stderr]    Compiling rand v0.10.3
[INFO] [stderr]    Compiling http-body-util v0.1.5
[INFO] [stderr]    Compiling tower-service v0.3.3
[INFO] [stderr]    Compiling xml-rs v0.8.29
[INFO] [stderr]    Compiling unicode-width v0.2.2
[INFO] [stderr]    Compiling clap_lex v1.1.1
[INFO] [stderr]    Compiling cc v1.8.0
[INFO] [stderr]    Compiling regex-automata v0.4.18
[INFO] [stderr]    Compiling console v0.16.6
[INFO] [stderr]    Compiling clap_builder v4.6.7
[INFO] [stderr]    Compiling yansi v1.0.1
[INFO] [stderr]    Compiling unit-prefix v0.5.2
[INFO] [stderr]    Compiling mime_typed v0.1.7
[INFO] [stderr]    Compiling float-cmp v0.10.0
[INFO] [stderr]    Compiling mime v0.3.17
[INFO] [stderr]    Compiling colored v3.1.1
[INFO] [stderr]    Compiling indicatif v0.18.6
[INFO] [stderr]    Compiling cmake v0.1.58
[INFO] [stderr]    Compiling aws-lc-sys v0.46.0
[INFO] [stderr]    Compiling regex v1.13.1
[INFO] [stderr]    Compiling async-stream-impl v0.3.6
[INFO] [stderr]    Compiling thiserror-impl v1.0.69
[INFO] [stderr]    Compiling async-stream v0.3.6
[INFO] [stderr]    Compiling synstructure v0.14.0
[INFO] [stderr]    Compiling zerofrom-derive v0.1.8
[INFO] [stderr]    Compiling yoke-derive v0.8.4
[INFO] [stderr]    Compiling zerovec-derive v0.11.6
[INFO] [stderr]    Compiling tokio-macros v2.7.2
[INFO] [stderr]    Compiling displaydoc v0.2.7
[INFO] [stderr]    Compiling futures-macro v0.3.34
[INFO] [stderr]    Compiling serde_derive v1.0.229
[INFO] [stderr]    Compiling thiserror-impl v2.0.21
[INFO] [stderr]    Compiling ref-cast-impl v1.0.27
[INFO] [stderr]    Compiling clap_derive v4.6.7
[INFO] [stderr]    Compiling tokio v1.53.3
[INFO] [stderr]    Compiling futures-util v0.3.34
[INFO] [stderr]    Compiling zerofrom v0.1.8
[INFO] [stderr]    Compiling yoke v0.8.3
[INFO] [stderr]    Compiling zerovec v0.11.8
[INFO] [stderr]    Compiling zerotrie v0.2.5
[INFO] [stderr]    Compiling tinystr v0.8.4
[INFO] [stderr]    Compiling potential_utf v0.1.6
[INFO] [stderr]    Compiling icu_locale_core v2.3.0
[INFO] [stderr]    Compiling icu_collections v2.3.0
[INFO] [stderr]    Compiling clap v4.6.7
[INFO] [stderr]    Compiling icu_provider v2.3.1
[INFO] [stderr]    Compiling icu_properties v2.3.0
[INFO] [stderr]    Compiling icu_normalizer v2.3.0
[INFO] [stderr]    Compiling halfbrown v0.4.0
[INFO] [stderr]    Compiling value-trait v0.12.2
[INFO] [stderr]    Compiling simd-json v0.18.1
[INFO] [stderr]    Compiling serde-xml-rust v0.6.0
[INFO] [stderr]    Compiling futures-executor v0.3.34
[INFO] [stderr]    Compiling async-fn-stream v0.3.2
[INFO] [stderr]    Compiling colored_json v5.0.0
[INFO] [stderr]    Compiling futures v0.3.34
[INFO] [stderr]    Compiling idna_adapter v1.2.2
[INFO] [stderr]    Compiling idna v1.1.0
[INFO] [stderr]    Compiling url v2.5.8
[INFO] [stderr]    Compiling tokio-util v0.7.20
[INFO] [stderr]    Compiling h3 v0.0.8
[INFO] [stderr]    Compiling h2 v0.4.20
[INFO] [stderr]    Compiling hyper v1.12.0
[INFO] [stderr]    Compiling hyper-util v0.1.21
[INFO] [stderr]    Compiling rustls-webpki v0.103.15
[INFO] [stderr]    Compiling quinn-proto v0.11.19
[INFO] [stderr]    Compiling futures-rustls v0.26.0
[INFO] [stderr]    Compiling tokio-rustls v0.26.6
[INFO] [stderr]    Compiling h3-quinn v0.0.10
[INFO] [stderr]    Compiling hyper-body-utils v0.1.18
[INFO] [stderr]    Compiling deboa v0.1.5-beta.7
[INFO] [stderr]    Compiling deboa-h3 v0.1.3-beta.3
[INFO] [stderr]    Compiling deboa-tls v0.1.0-beta.5
[INFO] [stderr]    Compiling deboa-multipart v0.1.0-beta.1
[INFO] [stderr]    Compiling deboa-extras v0.1.1-beta.6
[INFO] [stderr]    Compiling deboa-tokio v0.1.4-beta.8
[INFO] [stderr]    Compiling uget v0.1.10-beta.2 (/opt/rustwide/workdir)
[INFO] [stderr] warning: unused dependency `mime`
[INFO] [stderr]  --> Cargo.toml:7:1
[INFO] [stderr]   |
[INFO] [stderr] 7 | mime = "0.3.17"
[INFO] [stderr]   | ^^^^^^^^^^^^^^^
[INFO] [stderr]   |
[INFO] [stderr]   = note: `cargo::unused_dependencies` is set to `warn` by default
[INFO] [stderr] help: consider removing the dependency on `mime`
[INFO] [stderr] warning: `uget` (manifest) generated 1 warning
[INFO] [stderr]     Finished `release` profile [optimized] target(s) in 2m 18s
[INFO] running `Command { std: "docker" "inspect" "0cf338838b130b85e6095d5dadcbafb508d57e39acb3e8c9127d6c31865e40ab", kill_on_drop: false }`
[INFO] running `Command { std: "docker" "exec" "-e" "SOURCE_DIR=/opt/rustwide/workdir" "-e" "CARGO_HOME=/opt/rustwide/cargo-home" "-e" "RUSTUP_HOME=/opt/rustwide/rustup-home" "-e" "CARGO_TARGET_DIR=/opt/rustwide/target" "-e" "CARGO_INCREMENTAL=0" "-e" "RUST_BACKTRACE=full" "-e" "RUSTFLAGS=--cap-lints=warn" "-e" "RUSTDOCFLAGS=--cap-lints=warn" "-w" "/opt/rustwide/workdir" "--user" "0:0" "0cf338838b130b85e6095d5dadcbafb508d57e39acb3e8c9127d6c31865e40ab" "/opt/rustwide/cargo-home/bin/cargo" "+1.100.0-beta.1" "test" "--frozen" "--no-run" "--message-format=json" "--release", kill_on_drop: false }`
[INFO] [stderr]    Compiling pin-project-lite v0.2.17
[INFO] [stderr]    Compiling memchr v2.8.3
[INFO] [stderr]    Compiling futures-core v0.3.34
[INFO] [stderr]    Compiling libc v0.2.190
[INFO] [stderr]    Compiling bytes v1.12.1
[INFO] [stderr]    Compiling itoa v1.0.18
[INFO] [stderr]    Compiling once_cell v1.21.4
[INFO] [stderr]    Compiling stable_deref_trait v1.2.1
[INFO] [stderr]    Compiling slab v0.4.12
[INFO] [stderr]    Compiling zeroize v1.9.1
[INFO] [stderr]    Compiling futures-sink v0.3.34
[INFO] [stderr]    Compiling zerofrom v0.1.8
[INFO] [stderr]    Compiling equivalent v1.0.3
[INFO] [stderr]    Compiling foldhash v0.2.0
[INFO] [stderr]    Compiling allocator-api2 v0.2.21
[INFO] [stderr]    Compiling aws-lc-sys v0.46.0
[INFO] [stderr]    Compiling futures-io v0.3.34
[INFO] [stderr]    Compiling untrusted v0.9.0
[INFO] [stderr]    Compiling smallvec v1.16.3
[INFO] [stderr]    Compiling yoke v0.8.3
[INFO] [stderr]    Compiling rand_core v0.10.1
[INFO] [stderr]    Compiling futures-channel v0.3.34
[INFO] [stderr]    Compiling serde_core v1.0.229
[INFO] [stderr]    Compiling futures-task v0.3.34
[INFO] [stderr]    Compiling cfg-if v1.0.5
[INFO] [stderr]    Compiling subtle v2.6.1
[INFO] [stderr]    Compiling litemap v0.8.3
[INFO] [stderr]    Compiling tracing-core v0.1.36
[INFO] [stderr]    Compiling writeable v0.6.4
[INFO] [stderr]    Compiling rustls-pki-types v1.15.1
[INFO] [stderr]    Compiling cpufeatures v0.3.1
[INFO] [stderr]    Compiling utf8_iter v1.0.4
[INFO] [stderr]    Compiling aho-corasick v1.1.5
[INFO] [stderr]    Compiling regex-syntax v0.8.11
[INFO] [stderr]    Compiling zerovec v0.11.8
[INFO] [stderr]    Compiling zerotrie v0.2.5
[INFO] [stderr]    Compiling futures-util v0.3.34
[INFO] [stderr]    Compiling chacha20 v0.10.2
[INFO] [stderr]    Compiling rand_pcg v0.10.2
[INFO] [stderr]    Compiling hashbrown v0.17.1
[INFO] [stderr]    Compiling thiserror v2.0.21
[INFO] [stderr]    Compiling icu_properties_data v2.3.0
[INFO] [stderr]    Compiling icu_normalizer_data v2.3.0
[INFO] [stderr]    Compiling tracing v0.1.44
[INFO] [stderr]    Compiling tinyvec v1.13.3
[INFO] [stderr]    Compiling try-lock v0.2.5
[INFO] [stderr]    Compiling rustc-hash v2.1.3
[INFO] [stderr]    Compiling atomic-waker v1.1.2
[INFO] [stderr]    Compiling lru-slab v0.1.3
[INFO] [stderr]    Compiling fnv v1.0.7
[INFO] [stderr]    Compiling http v1.5.0
[INFO] [stderr]    Compiling want v0.3.2
[INFO] [stderr]    Compiling httparse v1.10.1
[INFO] [stderr]    Compiling fastrand v2.5.0
[INFO] [stderr]    Compiling socket2 v0.6.5
[INFO] [stderr]    Compiling mio v1.2.4
[INFO] [stderr]    Compiling getrandom v0.4.3
[INFO] [stderr]    Compiling parking v2.2.1
[INFO] [stderr]    Compiling rand v0.10.3
[INFO] [stderr]    Compiling percent-encoding v2.3.2
[INFO] [stderr]    Compiling aws-lc-rs v1.18.2
[INFO] [stderr]    Compiling quinn-udp v0.5.16
[INFO] [stderr]    Compiling event-listener v5.4.2
[INFO] [stderr]    Compiling form_urlencoded v1.2.2
[INFO] [stderr]    Compiling tinystr v0.8.4
[INFO] [stderr]    Compiling potential_utf v0.1.6
[INFO] [stderr]    Compiling icu_locale_core v2.3.0
[INFO] [stderr]    Compiling indexmap v2.14.2
[INFO] [stderr]    Compiling icu_collections v2.3.0
[INFO] [stderr]    Compiling num-traits v0.2.19
[INFO] [stderr]    Compiling tokio v1.53.3
[INFO] [stderr]    Compiling event-listener-strategy v0.5.4
[INFO] [stderr]    Compiling base64 v0.23.1
[INFO] [stderr]    Compiling async-lock v3.4.2
[INFO] [stderr]    Compiling http-body v1.1.0
[INFO] [stderr]    Compiling log v0.4.34
[INFO] [stderr]    Compiling http-body-util v0.1.5
[INFO] [stderr]    Compiling urlencoding v2.1.3
[INFO] [stderr]    Compiling tackle v0.1.3
[INFO] [stderr]    Compiling hashbrown v0.16.1
[INFO] [stderr]    Compiling zmij v1.0.23
[INFO] [stderr]    Compiling anstyle v1.0.14
[INFO] [stderr]    Compiling float-cmp v0.10.0
[INFO] [stderr]    Compiling predicates-core v1.0.10
[INFO] [stderr]    Compiling openssl-probe v0.2.1
[INFO] [stderr]    Compiling ryu v1.0.23
[INFO] [stderr]    Compiling ref-cast v1.0.27
[INFO] [stderr]    Compiling thiserror v1.0.69
[INFO] [stderr]    Compiling async-stream v0.3.6
[INFO] [stderr]    Compiling rustls-native-certs v0.8.5
[INFO] [stderr]    Compiling webpki-roots v1.0.9
[INFO] [stderr]    Compiling rustls-webpki v0.103.15
[INFO] [stderr]    Compiling regex-automata v0.4.18
[INFO] [stderr]    Compiling normalize-line-endings v0.3.0
[INFO] [stderr]    Compiling assert_cmd v2.2.2
[INFO] [stderr]    Compiling termtree v0.5.1
[INFO] [stderr]    Compiling tower-service v0.3.3
[INFO] [stderr]    Compiling xml-rs v0.8.29
[INFO] [stderr]    Compiling clap_lex v1.1.1
[INFO] [stderr]    Compiling simdutf8 v0.1.5
[INFO] [stderr]    Compiling unicode-width v0.2.2
[INFO] [stderr]    Compiling difflib v0.4.0
[INFO] [stderr]    Compiling icu_provider v2.3.1
[INFO] [stderr]    Compiling clap_builder v4.6.7
[INFO] [stderr]    Compiling icu_normalizer v2.3.0
[INFO] [stderr]    Compiling icu_properties v2.3.0
[INFO] [stderr]    Compiling console v0.16.6
[INFO] [stderr]    Compiling predicates-tree v1.0.13
[INFO] [stderr]    Compiling portable-atomic v1.15.0
[INFO] [stderr]    Compiling wait-timeout v0.2.1
[INFO] [stderr]    Compiling futures-executor v0.3.34
[INFO] [stderr]    Compiling rustls v0.23.46
[INFO] [stderr]    Compiling async-fn-stream v0.3.2
[INFO] [stderr]    Compiling futures v0.3.34
[INFO] [stderr]    Compiling mime_typed v0.1.7
[INFO] [stderr]    Compiling yansi v1.0.1
[INFO] [stderr]    Compiling unit-prefix v0.5.2
[INFO] [stderr]    Compiling indicatif v0.18.6
[INFO] [stderr]    Compiling mime v0.3.17
[INFO] [stderr]    Compiling colored v3.1.1
[INFO] [stderr]    Compiling serde v1.0.229
[INFO] [stderr]    Compiling serde_json v1.0.154
[INFO] [stderr]    Compiling halfbrown v0.4.0
[INFO] [stderr]    Compiling serde-xml-rust v0.6.0
[INFO] [stderr]    Compiling idna_adapter v1.2.2
[INFO] [stderr]    Compiling clap v4.6.7
[INFO] [stderr]    Compiling idna v1.1.0
[INFO] [stderr]    Compiling value-trait v0.12.2
[INFO] [stderr]    Compiling url v2.5.8
[INFO] [stderr]    Compiling simd-json v0.18.1
[INFO] [stderr]    Compiling colored_json v5.0.0
[INFO] [stderr]    Compiling regex v1.13.1
[INFO] [stderr]    Compiling bstr v1.13.1
[INFO] [stderr]    Compiling predicates v3.1.4
[INFO] [stderr]    Compiling quinn-proto v0.11.19
[INFO] [stderr]    Compiling futures-rustls v0.26.0
[INFO] [stderr]    Compiling deboa v0.1.5-beta.7
[INFO] [stderr]    Compiling tokio-util v0.7.20
[INFO] [stderr]    Compiling h3 v0.0.8
[INFO] [stderr]    Compiling tokio-rustls v0.26.6
[INFO] [stderr]    Compiling deboa-tls v0.1.0-beta.5
[INFO] [stderr]    Compiling deboa-h3 v0.1.3-beta.3
[INFO] [stderr]    Compiling deboa-multipart v0.1.0-beta.1
[INFO] [stderr]    Compiling deboa-extras v0.1.1-beta.6
[INFO] [stderr]    Compiling deboa-tokio v0.1.4-beta.8
[INFO] [stderr]    Compiling h2 v0.4.20
[INFO] [stderr]    Compiling quinn v0.11.12
[INFO] [stderr]    Compiling uget v0.1.10-beta.2 (/opt/rustwide/workdir)
[INFO] [stderr]    Compiling h3-quinn v0.0.10
[INFO] [stderr]    Compiling hyper v1.12.0
[INFO] [stderr]    Compiling hyper-body-utils v0.1.18
[INFO] [stderr]    Compiling hyper-util v0.1.21
[INFO] [stderr]     Finished `release` profile [optimized] target(s) in 1m 10s
[INFO] running `Command { std: "docker" "inspect" "0cf338838b130b85e6095d5dadcbafb508d57e39acb3e8c9127d6c31865e40ab", kill_on_drop: false }`
[INFO] running `Command { std: "docker" "exec" "-e" "SOURCE_DIR=/opt/rustwide/workdir" "-e" "CARGO_HOME=/opt/rustwide/cargo-home" "-e" "RUSTUP_HOME=/opt/rustwide/rustup-home" "-e" "CARGO_TARGET_DIR=/opt/rustwide/target" "-e" "CARGO_INCREMENTAL=0" "-e" "RUST_BACKTRACE=full" "-e" "RUSTFLAGS=--cap-lints=warn" "-e" "RUSTDOCFLAGS=--cap-lints=warn" "-w" "/opt/rustwide/workdir" "--user" "0:0" "0cf338838b130b85e6095d5dadcbafb508d57e39acb3e8c9127d6c31865e40ab" "/opt/rustwide/cargo-home/bin/cargo" "+1.100.0-beta.1" "test" "--frozen" "--release", kill_on_drop: false }`
[INFO] [stderr]     Finished `release` profile [optimized] target(s) in 0.44s
[INFO] [stderr]      Running unittests src/main.rs (/opt/rustwide/target/release/build/uget/9637f82de057bb2d/out/uget-9637f82de057bb2d)
[INFO] [stderr]      Running tests/get.rs (/opt/rustwide/target/release/build/uget/0bc0c983a449ae7c/out/get-0bc0c983a449ae7c)
[INFO] [stdout] 
[INFO] [stdout] running 0 tests
[INFO] [stdout] 
[INFO] [stdout] test result: ok. 0 passed; 0 failed; 0 ignored; 0 measured; 0 filtered out; finished in 0.00s
[INFO] [stdout] 
[INFO] [stdout] 
[INFO] [stdout] running 4 tests
[INFO] [stdout] test test_simple_get ... ok
[INFO] [stderr] error: test failed, to rerun pass `--test get`
[INFO] [stdout] test test_no_follow ... FAILED
[INFO] [stdout] test test_follow ... FAILED
[INFO] [stdout] test test_simple_get_with_args ... ok
[INFO] [stdout] 
[INFO] [stdout] failures:
[INFO] [stdout] 
[INFO] [stdout] ---- test_no_follow stdout ----
[INFO] [stdout] 
[INFO] [stdout] thread 'test_no_follow' (4843) panicked at tests/get.rs:32:10:
[INFO] [stdout] Unexpected stdout, failed var.contains(301 Moved Permanently)
[INFO] [stdout] ├── var: 
[INFO] [stdout] └── var as str: 
[INFO] [stdout] 
[INFO] [stdout] command=`"/opt/rustwide/target/release/uget" "https://uol.com" "--method" "GET"`
[INFO] [stdout] code=0
[INFO] [stdout] stdout=""
[INFO] [stdout] stderr="DNS resolve error: Failed to resolve DNS: failed to lookup address information: Temporary failure in name resolution\n"
[INFO] [stdout] 
[INFO] [stdout] stack backtrace:
[INFO] [stdout]    0:     0x63bbfc11a027 - <unknown>
[INFO] [stdout]    1:     0x63bbfc101114 - <unknown>
[INFO] [stdout]    2:     0x63bbfc1195eb - <unknown>
[INFO] [stdout]    3:     0x63bbfc1191e9 - <unknown>
[INFO] [stdout]    4:     0x63bbfc118e6a - <unknown>
[INFO] [stdout]    5:     0x63bbfc11899b - <unknown>
[INFO] [stdout]    6:     0x63bbfc13e761 - <unknown>
[INFO] [stdout]    7:     0x63bbfc13e719 - <unknown>
[INFO] [stdout]    8:     0x63bbfc13ec0c - <unknown>
[INFO] [stdout]    9:     0x63bbfc100fab - <unknown>
[INFO] [stdout]   10:     0x63bbfc0fd3e0 - <unknown>
[INFO] [stdout]   11:     0x63bbfc0fd37e - <unknown>
[INFO] [stdout]   12:     0x63bbfc0f7e9b - <unknown>
[INFO] [stdout]   13:     0x63bbfc0f99d4 - <unknown>
[INFO] [stdout]   14:     0x63bbfc157f3b - <unknown>
[INFO] [stdout]   15:     0x63bbfc153c76 - <unknown>
[INFO] [stdout]   16:     0x63bbfc1533dc - <unknown>
[INFO] [stdout]   17:     0x63bbfc1717dc - <unknown>
[INFO] [stdout]   18:     0x63bbfc140788 - <unknown>
[INFO] [stdout]   19:     0x74137216adfa - <unknown>
[INFO] [stdout]   20:     0x7413721fe3d4 - clone
[INFO] [stdout]   21:                0x0 - <unknown>
[INFO] [stdout] 
[INFO] [stdout] ---- test_follow stdout ----
[INFO] [stdout] 
[INFO] [stdout] thread 'test_follow' (4842) panicked at tests/get.rs:43:18:
[INFO] [stdout] Unexpected stdout, failed var.contains(<title>UOL - Seu universo online</title>)
[INFO] [stdout] ├── var: 
[INFO] [stdout] └── var as str: 
[INFO] [stdout] 
[INFO] [stdout] command=`"/opt/rustwide/target/release/uget" "https://uol.com" "--follow" "--method" "GET"`
[INFO] [stdout] code=0
[INFO] [stdout] stdout=""
[INFO] [stdout] stderr="DNS resolve error: Failed to resolve DNS: failed to lookup address information: Temporary failure in name resolution\n"
[INFO] [stdout] 
[INFO] [stdout] stack backtrace:
[INFO] [stdout]    0:     0x63bbfc11a027 - <unknown>
[INFO] [stdout]    1:     0x63bbfc101114 - <unknown>
[INFO] [stdout]    2:     0x63bbfc1195eb - <unknown>
[INFO] [stdout]    3:     0x63bbfc1191e9 - <unknown>
[INFO] [stdout]    4:     0x63bbfc118e6a - <unknown>
[INFO] [stdout]    5:     0x63bbfc11899b - <unknown>
[INFO] [stdout]    6:     0x63bbfc13e761 - <unknown>
[INFO] [stdout]    7:     0x63bbfc13e719 - <unknown>
[INFO] [stdout]    8:     0x63bbfc13ec0c - <unknown>
[INFO] [stdout]    9:     0x63bbfc100fab - <unknown>
[INFO] [stdout]   10:     0x63bbfc0fd3e0 - <unknown>
[INFO] [stdout]   11:     0x63bbfc0fd37e - <unknown>
[INFO] [stdout]   12:     0x63bbfc0f7e9b - <unknown>
[INFO] [stdout]   13:     0x63bbfc0f9878 - <unknown>
[INFO] [stdout]   14:     0x63bbfc157f3b - <unknown>
[INFO] [stdout]   15:     0x63bbfc153c76 - <unknown>
[INFO] [stdout]   16:     0x63bbfc1533dc - <unknown>
[INFO] [stdout]   17:     0x63bbfc1717dc - <unknown>
[INFO] [stdout]   18:     0x63bbfc140788 - <unknown>
[INFO] [stdout]   19:     0x74137216adfa - <unknown>
[INFO] [stdout]   20:     0x7413721fe3d4 - clone
[INFO] [stdout]   21:                0x0 - <unknown>
[INFO] [stdout] 
[INFO] [stdout] 
[INFO] [stdout] failures:
[INFO] [stdout]     test_follow
[INFO] [stdout]     test_no_follow
[INFO] [stdout] 
[INFO] [stdout] test result: FAILED. 2 passed; 2 failed; 0 ignored; 0 measured; 0 filtered out; finished in 0.01s
[INFO] [stdout] 
[INFO] running `Command { std: "docker" "inspect" "0cf338838b130b85e6095d5dadcbafb508d57e39acb3e8c9127d6c31865e40ab", kill_on_drop: false }`
[INFO] running `Command { std: "docker" "rm" "-f" "0cf338838b130b85e6095d5dadcbafb508d57e39acb3e8c9127d6c31865e40ab", kill_on_drop: false }`
[INFO] [stdout] 0cf338838b130b85e6095d5dadcbafb508d57e39acb3e8c9127d6c31865e40ab
