[INFO] cloning repository https://github.com/SuPerCxyz/locus
[INFO] running `Command { std: "git" "-c" "credential.helper=" "-c" "credential.helper=/workspace/cargo-home/bin/git-credential-null" "clone" "--bare" "https://github.com/SuPerCxyz/locus" "/workspace/cache/git-repos/https%3A%2F%2Fgithub.com%2FSuPerCxyz%2Flocus", kill_on_drop: false }`
[INFO] [stderr] Cloning into bare repository '/workspace/cache/git-repos/https%3A%2F%2Fgithub.com%2FSuPerCxyz%2Flocus'...
[INFO] running `Command { std: "git" "rev-parse" "HEAD", kill_on_drop: false }`
[INFO] [stdout] decd43091d665f49f812e53182126e563f41855d
[INFO] testing SuPerCxyz/locus against 1.100.0-beta.1+cargoflags=--release for beta-release-1.100-2
[INFO] running `Command { std: "git" "clone" "/workspace/cache/git-repos/https%3A%2F%2Fgithub.com%2FSuPerCxyz%2Flocus" "/workspace/builds/worker-1-tc2/source", kill_on_drop: false }`
[INFO] [stderr] Cloning into '/workspace/builds/worker-1-tc2/source'...
[INFO] [stderr] done.
[INFO] started tweaking git repo https://github.com/SuPerCxyz/locus
[INFO] finished tweaking git repo https://github.com/SuPerCxyz/locus
[INFO] tweaked toml for git repo https://github.com/SuPerCxyz/locus written to /workspace/builds/worker-1-tc2/source/Cargo.toml
[INFO] validating manifest of git repo https://github.com/SuPerCxyz/locus on toolchain 1.100.0-beta.1
[INFO] running `Command { std: CARGO_HOME="/workspace/cargo-home" RUSTUP_HOME="/workspace/rustup-home" "/workspace/cargo-home/bin/cargo" "+1.100.0-beta.1" "metadata" "--manifest-path" "Cargo.toml" "--no-deps", kill_on_drop: false }`
[INFO] crate git repo https://github.com/SuPerCxyz/locus already has a lockfile, it will not be regenerated
[INFO] running `Command { std: CARGO_HOME="/workspace/cargo-home" RUSTUP_HOME="/workspace/rustup-home" "/workspace/cargo-home/bin/cargo" "+1.100.0-beta.1" "fetch" "--manifest-path" "Cargo.toml", kill_on_drop: false }`
[INFO] [stderr] warning: unused field `license` in `workspace.package`
[INFO] [stderr]   --> Cargo.toml:40:1
[INFO] [stderr]    |
[INFO] [stderr] 40 | license = "MIT"
[INFO] [stderr]    | ^^^^^^^
[INFO] [stderr]    |
[INFO] [stderr]    = note: `cargo::unused_workspace_package_fields` is set to `warn` by default
[INFO] [stderr] help: consider removing the field `workspace.package.license`
[INFO] [stderr] warning: workspace (manifest) generated 1 warning
[INFO] [stderr]     Blocking waiting for file lock on package cache
[INFO] running `Command { std: "docker" "create" "-v" "/var/lib/crater-agent-workspace/builds/worker-1-tc2/source:/opt/rustwide/workdir:ro,Z" "-v" "/var/lib/crater-agent-workspace/builds/worker-1-tc2/target:/opt/rustwide/target:rw,Z" "-v" "/var/lib/crater-agent-workspace/cargo-home:/opt/rustwide/cargo-home:ro,Z" "-v" "/var/lib/crater-agent-workspace/rustup-home:/opt/rustwide/rustup-home:ro,Z" "-m" "1610612736" "--network" "none" "ghcr.io/rust-lang/crates-build-env/linux@sha256:77db811e55d90add9212f6832c23229e3de5f1c1f9905e8cb07319ea15df73ac" "sleep" "infinity", kill_on_drop: false }`
[INFO] [stdout] c9e2be77791798443a9a46ce292b112d4bda9fcd68bf8a1ca7e8a6585aa8f259
[INFO] running `Command { std: "docker" "start" "c9e2be77791798443a9a46ce292b112d4bda9fcd68bf8a1ca7e8a6585aa8f259", kill_on_drop: false }`
[INFO] running `Command { std: "docker" "inspect" "c9e2be77791798443a9a46ce292b112d4bda9fcd68bf8a1ca7e8a6585aa8f259", kill_on_drop: false }`
[INFO] running `Command { std: "docker" "exec" "-e" "SOURCE_DIR=/opt/rustwide/workdir" "-e" "CARGO_HOME=/opt/rustwide/cargo-home" "-e" "RUSTUP_HOME=/opt/rustwide/rustup-home" "-e" "CARGO_TARGET_DIR=/opt/rustwide/target" "-w" "/opt/rustwide/workdir" "--user" "0:0" "c9e2be77791798443a9a46ce292b112d4bda9fcd68bf8a1ca7e8a6585aa8f259" "/opt/rustwide/cargo-home/bin/cargo" "+1.100.0-beta.1" "metadata" "--no-deps" "--format-version=1", kill_on_drop: false }`
[INFO] running `Command { std: "docker" "inspect" "c9e2be77791798443a9a46ce292b112d4bda9fcd68bf8a1ca7e8a6585aa8f259", kill_on_drop: false }`
[INFO] running `Command { std: "docker" "exec" "-e" "SOURCE_DIR=/opt/rustwide/workdir" "-e" "CARGO_HOME=/opt/rustwide/cargo-home" "-e" "RUSTUP_HOME=/opt/rustwide/rustup-home" "-e" "CARGO_TARGET_DIR=/opt/rustwide/target" "-e" "CARGO_INCREMENTAL=0" "-e" "RUST_BACKTRACE=full" "-e" "RUSTFLAGS=--cap-lints=warn" "-e" "RUSTDOCFLAGS=--cap-lints=warn" "-w" "/opt/rustwide/workdir" "--user" "0:0" "c9e2be77791798443a9a46ce292b112d4bda9fcd68bf8a1ca7e8a6585aa8f259" "/opt/rustwide/cargo-home/bin/cargo" "+1.100.0-beta.1" "build" "--frozen" "--message-format=json" "--release", kill_on_drop: false }`
[INFO] [stderr] warning: unused field `license` in `workspace.package`
[INFO] [stderr]   --> Cargo.toml:40:1
[INFO] [stderr]    |
[INFO] [stderr] 40 | license = "MIT"
[INFO] [stderr]    | ^^^^^^^
[INFO] [stderr]    |
[INFO] [stderr]    = note: `cargo::unused_workspace_package_fields` is set to `warn` by default
[INFO] [stderr] help: consider removing the field `workspace.package.license`
[INFO] [stderr] warning: workspace (manifest) generated 1 warning
[INFO] [stderr]    Compiling proc-macro2 v1.0.107
[INFO] [stderr]    Compiling libc v0.2.189
[INFO] [stderr]    Compiling serde_core v1.0.229
[INFO] [stderr]    Compiling find-msvc-tools v0.1.11
[INFO] [stderr]    Compiling futures-core v0.3.34
[INFO] [stderr]    Compiling zerocopy v0.8.56
[INFO] [stderr]    Compiling http v1.5.0
[INFO] [stderr]    Compiling bitflags v2.13.1
[INFO] [stderr]    Compiling futures-task v0.3.34
[INFO] [stderr]    Compiling thiserror v2.0.20
[INFO] [stderr]    Compiling getrandom v0.3.4
[INFO] [stderr]    Compiling futures-sink v0.3.34
[INFO] [stderr]    Compiling litemap v0.8.3
[INFO] [stderr]    Compiling writeable v0.6.4
[INFO] [stderr]    Compiling serde_json v1.0.151
[INFO] [stderr]    Compiling tracing v0.1.44
[INFO] [stderr]    Compiling winnow v0.7.15
[INFO] [stderr]    Compiling sync_wrapper v1.0.2
[INFO] [stderr]    Compiling futures-channel v0.3.34
[INFO] [stderr]    Compiling nix v0.28.0
[INFO] [stderr]    Compiling cc v1.4.4
[INFO] [stderr]    Compiling digest v0.10.7
[INFO] [stderr]    Compiling unicode-width v0.2.0
[INFO] [stderr]    Compiling anyhow v1.0.104
[INFO] [stderr]    Compiling rustls v0.23.43
[INFO] [stderr]    Compiling signal-hook v0.3.18
[INFO] [stderr]    Compiling ipnet v2.12.1
[INFO] [stderr]    Compiling data-encoding v2.11.1
[INFO] [stderr]    Compiling shell-words v1.1.1
[INFO] [stderr]    Compiling sha1 v0.10.7
[INFO] [stderr]    Compiling rustix v0.38.44
[INFO] [stderr]    Compiling quote v1.0.47
[INFO] [stderr]    Compiling webpki-roots v1.0.9
[INFO] [stderr]    Compiling either v1.18.0
[INFO] [stderr]    Compiling syn v3.0.4
[INFO] [stderr]    Compiling syn v2.0.119
[INFO] [stderr]    Compiling instability v0.3.13
[INFO] [stderr]    Compiling linux-raw-sys v0.4.15
[INFO] [stderr]    Compiling castaway v0.2.4
[INFO] [stderr]    Compiling matchit v0.8.4
[INFO] [stderr]    Compiling itertools v0.13.0
[INFO] [stderr]    Compiling unicode-segmentation v1.13.3
[INFO] [stderr]    Compiling indoc v2.0.7
[INFO] [stderr]    Compiling fallible-iterator v0.3.0
[INFO] [stderr]    Compiling fallible-streaming-iterator v0.1.9
[INFO] [stderr]    Compiling compact_str v0.8.2
[INFO] [stderr]    Compiling http-body v1.1.0
[INFO] [stderr]    Compiling http-body-util v0.1.5
[INFO] [stderr]    Compiling lru v0.12.5
[INFO] [stderr]    Compiling cassowary v0.3.0
[INFO] [stderr]    Compiling axum-core v0.5.6
[INFO] [stderr]    Compiling ring v0.17.14
[INFO] [stderr]    Compiling libsqlite3-sys v0.30.1
[INFO] [stderr]    Compiling errno v0.3.14
[INFO] [stderr]    Compiling parking_lot_core v0.9.12
[INFO] [stderr]    Compiling mio v1.2.2
[INFO] [stderr]    Compiling socket2 v0.6.5
[INFO] [stderr]    Compiling getrandom v0.2.17
[INFO] [stderr]    Compiling signal-hook-registry v1.4.8
[INFO] [stderr]    Compiling serial2 v0.2.38
[INFO] [stderr]    Compiling parking_lot v0.12.5
[INFO] [stderr]    Compiling rand_core v0.9.5
[INFO] [stderr]    Compiling serde_path_to_error v0.1.20
[INFO] [stderr]    Compiling signal-hook-mio v0.2.5
[INFO] [stderr]    Compiling unicode-truncate v1.1.0
[INFO] [stderr]    Compiling crossterm v0.28.1
[INFO] [stderr]    Compiling synstructure v0.13.2
[INFO] [stderr]    Compiling darling_core v0.24.1
[INFO] [stderr]    Compiling zerofrom-derive v0.1.7
[INFO] [stderr]    Compiling yoke-derive v0.8.2
[INFO] [stderr]    Compiling thiserror-impl v1.0.69
[INFO] [stderr]    Compiling strum_macros v0.26.4
[INFO] [stderr]    Compiling zerovec-derive v0.11.6
[INFO] [stderr]    Compiling serde_derive v1.0.229
[INFO] [stderr]    Compiling displaydoc v0.2.7
[INFO] [stderr]    Compiling tokio-macros v2.7.2
[INFO] [stderr]    Compiling futures-macro v0.3.34
[INFO] [stderr]    Compiling thiserror-impl v2.0.20
[INFO] [stderr]    Compiling zerofrom v0.1.8
[INFO] [stderr]    Compiling yoke v0.8.3
[INFO] [stderr]    Compiling tokio v1.53.1
[INFO] [stderr]    Compiling futures-util v0.3.34
[INFO] [stderr]    Compiling zerotrie v0.2.5
[INFO] [stderr]    Compiling ppv-lite86 v0.2.21
[INFO] [stderr]    Compiling thiserror v1.0.69
[INFO] [stderr]    Compiling filedescriptor v0.8.3
[INFO] [stderr]    Compiling ahash v0.8.12
[INFO] [stderr]    Compiling zerovec v0.11.8
[INFO] [stderr]    Compiling hashbrown v0.14.5
[INFO] [stderr]    Compiling portable-pty v0.9.0
[INFO] [stderr]    Compiling rand_chacha v0.9.0
[INFO] [stderr]    Compiling rand v0.9.5
[INFO] [stderr]    Compiling strum v0.26.3
[INFO] [stderr]    Compiling tinystr v0.8.4
[INFO] [stderr]    Compiling potential_utf v0.1.6
[INFO] [stderr]    Compiling hashlink v0.9.1
[INFO] [stderr]    Compiling icu_locale_core v2.3.0
[INFO] [stderr]    Compiling icu_collections v2.3.0
[INFO] [stderr]    Compiling tungstenite v0.29.0
[INFO] [stderr]    Compiling darling_macro v0.24.1
[INFO] [stderr]    Compiling darling v0.24.1
[INFO] [stderr]    Compiling serde v1.0.229
[INFO] [stderr]    Compiling ratatui v0.29.0
[INFO] [stderr]    Compiling toml_datetime v0.6.11
[INFO] [stderr]    Compiling serde_spanned v0.6.9
[INFO] [stderr]    Compiling serde_yaml v0.9.34+deprecated
[INFO] [stderr]    Compiling serde_urlencoded v0.7.1
[INFO] [stderr]    Compiling icu_provider v2.3.1
[INFO] [stderr]    Compiling toml_edit v0.22.27
[INFO] [stderr]    Compiling icu_properties v2.3.0
[INFO] [stderr]    Compiling icu_normalizer v2.3.0
[INFO] [stderr]    Compiling idna_adapter v1.2.2
[INFO] [stderr]    Compiling idna v1.1.0
[INFO] [stderr]    Compiling url v2.5.8
[INFO] [stderr]    Compiling toml v0.8.23
[INFO] [stderr]    Compiling hyper v1.11.0
[INFO] [stderr]    Compiling tower v0.5.3
[INFO] [stderr]    Compiling tokio-tungstenite v0.29.0
[INFO] [stderr]    Compiling locus-core v0.1.0 (/opt/rustwide/workdir/crates/locus-core)
[INFO] [stderr]    Compiling tower-http v0.6.11
[INFO] [stderr]    Compiling hyper-util v0.1.20
[INFO] [stderr]    Compiling rustls-webpki v0.103.15
[INFO] [stderr]    Compiling axum v0.8.9
[INFO] [stderr]    Compiling locus-worker v0.1.0 (/opt/rustwide/workdir/crates/locus-worker)
[INFO] [stderr]    Compiling locus-client v0.1.0 (/opt/rustwide/workdir/crates/locus-client)
[INFO] [stderr]    Compiling tokio-rustls v0.26.4
[INFO] [stderr]    Compiling hyper-rustls v0.27.9
[INFO] [stderr]    Compiling reqwest v0.12.28
[INFO] [stderr]    Compiling rusqlite v0.32.1
[INFO] [stderr]    Compiling locus-server v0.1.0 (/opt/rustwide/workdir/crates/locus-server)
[INFO] [stderr] warning: unused dependency `serde_json`
[INFO] [stderr]  --> crates/locus-core/Cargo.toml:8:1
[INFO] [stderr]   |
[INFO] [stderr] 8 | serde_json.workspace = true
[INFO] [stderr]   | ^^^^^^^^^^
[INFO] [stderr]   |
[INFO] [stderr]   = note: `cargo::unused_dependencies` is set to `warn` by default
[INFO] [stderr] help: consider removing the dependency on `serde_json`
[INFO] [stderr] warning: `locus-core` (manifest) generated 1 warning
[INFO] [stderr]     Finished `release` profile [optimized] target(s) in 3m 58s
[INFO] [stderr] warning: the following packages contain code that will be rejected by a future version of Rust: nix v0.28.0
[INFO] [stderr] note: to see what the problems were, use the option `--future-incompat-report`, or run `cargo report future-incompatibilities --id 5`
[INFO] running `Command { std: "docker" "inspect" "c9e2be77791798443a9a46ce292b112d4bda9fcd68bf8a1ca7e8a6585aa8f259", kill_on_drop: false }`
[INFO] running `Command { std: "docker" "exec" "-e" "SOURCE_DIR=/opt/rustwide/workdir" "-e" "CARGO_HOME=/opt/rustwide/cargo-home" "-e" "RUSTUP_HOME=/opt/rustwide/rustup-home" "-e" "CARGO_TARGET_DIR=/opt/rustwide/target" "-e" "CARGO_INCREMENTAL=0" "-e" "RUST_BACKTRACE=full" "-e" "RUSTFLAGS=--cap-lints=warn" "-e" "RUSTDOCFLAGS=--cap-lints=warn" "-w" "/opt/rustwide/workdir" "--user" "0:0" "c9e2be77791798443a9a46ce292b112d4bda9fcd68bf8a1ca7e8a6585aa8f259" "/opt/rustwide/cargo-home/bin/cargo" "+1.100.0-beta.1" "test" "--frozen" "--no-run" "--message-format=json" "--release", kill_on_drop: false }`
[INFO] [stderr] warning: unused field `license` in `workspace.package`
[INFO] [stderr]   --> Cargo.toml:40:1
[INFO] [stderr]    |
[INFO] [stderr] 40 | license = "MIT"
[INFO] [stderr]    | ^^^^^^^
[INFO] [stderr]    |
[INFO] [stderr]    = note: `cargo::unused_workspace_package_fields` is set to `warn` by default
[INFO] [stderr] help: consider removing the field `workspace.package.license`
[INFO] [stderr] warning: workspace (manifest) generated 1 warning
[INFO] [stderr]    Compiling locus-worker v0.1.0 (/opt/rustwide/workdir/crates/locus-worker)
[INFO] [stderr]    Compiling locus-core v0.1.0 (/opt/rustwide/workdir/crates/locus-core)
[INFO] [stderr]    Compiling locus-client v0.1.0 (/opt/rustwide/workdir/crates/locus-client)
[INFO] [stderr]    Compiling locus-server v0.1.0 (/opt/rustwide/workdir/crates/locus-server)
[INFO] [stderr] warning: unused dependency `serde_json`
[INFO] [stderr]  --> crates/locus-core/Cargo.toml:8:1
[INFO] [stderr]   |
[INFO] [stderr] 8 | serde_json.workspace = true
[INFO] [stderr]   | ^^^^^^^^^^
[INFO] [stderr]   |
[INFO] [stderr]   = note: `cargo::unused_dependencies` is set to `warn` by default
[INFO] [stderr] help: consider removing the dependency on `serde_json`
[INFO] [stderr] help: to still use for development builds, move to `dev-dependencies`
[INFO] [stderr] warning: `locus-core` (manifest) generated 1 warning
[INFO] [stderr]     Finished `release` profile [optimized] target(s) in 21.97s
[INFO] [stderr] warning: the following packages contain code that will be rejected by a future version of Rust: nix v0.28.0
[INFO] [stderr] note: to see what the problems were, use the option `--future-incompat-report`, or run `cargo report future-incompatibilities --id 5`
[INFO] running `Command { std: "docker" "inspect" "c9e2be77791798443a9a46ce292b112d4bda9fcd68bf8a1ca7e8a6585aa8f259", kill_on_drop: false }`
[INFO] running `Command { std: "docker" "exec" "-e" "SOURCE_DIR=/opt/rustwide/workdir" "-e" "CARGO_HOME=/opt/rustwide/cargo-home" "-e" "RUSTUP_HOME=/opt/rustwide/rustup-home" "-e" "CARGO_TARGET_DIR=/opt/rustwide/target" "-e" "CARGO_INCREMENTAL=0" "-e" "RUST_BACKTRACE=full" "-e" "RUSTFLAGS=--cap-lints=warn" "-e" "RUSTDOCFLAGS=--cap-lints=warn" "-w" "/opt/rustwide/workdir" "--user" "0:0" "c9e2be77791798443a9a46ce292b112d4bda9fcd68bf8a1ca7e8a6585aa8f259" "/opt/rustwide/cargo-home/bin/cargo" "+1.100.0-beta.1" "test" "--frozen" "--release", kill_on_drop: false }`
[INFO] [stderr] warning: unused field `license` in `workspace.package`
[INFO] [stderr]   --> Cargo.toml:40:1
[INFO] [stderr]    |
[INFO] [stderr] 40 | license = "MIT"
[INFO] [stderr]    | ^^^^^^^
[INFO] [stderr]    |
[INFO] [stderr]    = note: `cargo::unused_workspace_package_fields` is set to `warn` by default
[INFO] [stderr] help: consider removing the field `workspace.package.license`
[INFO] [stderr] warning: workspace (manifest) generated 1 warning
[INFO] [stderr] warning: unused dependency `serde_json`
[INFO] [stderr]  --> crates/locus-core/Cargo.toml:8:1
[INFO] [stderr]   |
[INFO] [stderr] 8 | serde_json.workspace = true
[INFO] [stderr]   | ^^^^^^^^^^
[INFO] [stderr]   |
[INFO] [stderr]   = note: `cargo::unused_dependencies` is set to `warn` by default
[INFO] [stderr] help: consider removing the dependency on `serde_json`
[INFO] [stderr] help: to still use for development builds, move to `dev-dependencies`
[INFO] [stderr] warning: `locus-core` (manifest) generated 1 warning
[INFO] [stderr]     Finished `release` profile [optimized] target(s) in 0.40s
[INFO] [stderr] warning: the following packages contain code that will be rejected by a future version of Rust: nix v0.28.0
[INFO] [stderr] note: to see what the problems were, use the option `--future-incompat-report`, or run `cargo report future-incompatibilities --id 5`
[INFO] [stdout] 
[INFO] [stderr]      Running unittests src/main.rs (/opt/rustwide/target/release/build/locus-client/9fe854ebbd6311f0/out/locus_client-9fe854ebbd6311f0)
[INFO] [stdout] running 5 tests
[INFO] [stdout] test tests::task_status_cycle_is_exactly_four_states ... ok
[INFO] [stdout] test tests::mouse_task_click_cycles_status_and_right_click_handoffs_prompt ... ok
[INFO] [stdout] test tests::terminal_key_translation_preserves_shell_control_sequences ... ok
[INFO] [stdout] test tests::project_filter_matches_name_path_tags_and_source_folder ... ok
[INFO] [stdout] test tests::server_errors_are_visible_in_client_status ... ok
[INFO] [stderr]      Running unittests src/lib.rs (/opt/rustwide/target/release/build/locus-core/b563f383d5cfc42b/out/locus_core-b563f383d5cfc42b)
[INFO] [stdout] 
[INFO] [stdout] test result: ok. 5 passed; 0 failed; 0 ignored; 0 measured; 0 filtered out; finished in 0.13s
[INFO] [stdout] 
[INFO] [stdout] 
[INFO] [stdout] running 21 tests
[INFO] [stdout] test agent::tests::structured_events_are_explicit ... ok
[INFO] [stdout] test config::tests::defaults_and_validation_work ... ok
[INFO] [stdout] test agent::tests::heuristic_only_warns_and_never_answers ... ok
[INFO] [stdout] test config::tests::empty_data_directory_is_rejected ... ok
[INFO] [stdout] test git::tests::push_strategy_is_explicit_and_non_mirror ... ok
[INFO] [stdout] test git::tests::remote_names_are_not_roles ... ok
[INFO] [stdout] test terminal::tests::checkpoint_can_restore_screen_and_style ... ok
[INFO] [stdout] test agent::tests::structured_events_survive_terminal_echo_prefixes ... ok
[INFO] [stdout] test config::tests::credentials_are_referenced_by_environment_name_only ... ok
[INFO] [stdout] test terminal::tests::snapshot_survives_resize_and_output ... ok
[INFO] [stdout] test ui::tests::layout_and_safe_markers_are_cell_friendly ... ok
[INFO] [stdout] test git::tests::sync_status_does_not_hide_partial_divergence ... ok
[INFO] [stdout] test git::tests::actions_are_bound_to_github_sha ... ok
[INFO] [stdout] test config::tests::invalid_listen_address_is_rejected ... ok
[INFO] [stdout] test terminal::tests::repeated_resize_keeps_new_grid_width ... ok
[INFO] [stdout] test model::recovery_tests::recovery_does_not_claim_reconnect_after_reboot ... ok
[INFO] [stdout] test terminal::tests::parses_cursor_clear_and_styles ... ok
[INFO] [stdout] test terminal::tests::preserves_scrollback_and_detects_gaps ... ok
[INFO] [stdout] test model::task_scope_tests::basic_task_stays_lightweight ... ok
[INFO] [stdout] test width::tests::cjk_uses_cell_width ... ok
[INFO] [stdout] test agent::tests::additional_args_follow_profile_args ... ok
[INFO] [stdout] 
[INFO] [stdout] test result: ok. 21 passed; 0 failed; 0 ignored; 0 measured; 0 filtered out; finished in 0.01s
[INFO] [stdout] 
[INFO] [stderr]      Running unittests src/lib.rs (/opt/rustwide/target/release/build/locus-server/ef7beea077c1d820/out/locus_server-ef7beea077c1d820)
[INFO] [stdout] 
[INFO] [stdout] running 26 tests
[INFO] [stdout] test supervisor::tests::missing_manifest_is_lost ... ok
[INFO] [stdout] test git::tests::remote_role_mapping_is_name_independent ... ok
[INFO] [stdout] test ci::tests::polling_and_cache_are_sha_scoped ... ok
[INFO] [stdout] test tests::log_rotation_is_size_bounded_and_recoverable ... ok
[INFO] [stdout] test discovery::tests::scans_git_and_worktree_without_scanning_source_root ... ok
[INFO] [stdout] test ci::tests::mock_api_returns_runs_for_requested_github_sha ... ok
[INFO] [stdout] test tests::authenticates_tokens_without_accepting_prefixes ... ok
[INFO] [stdout] test tests::enforces_controller ... ok
[INFO] [stdout] test ci::tests::resolves_repository_and_keeps_sha_from_github_response ... ok
[INFO] [stdout] test ci::tests::api_timeout_is_reported_without_exposing_token ... ok
[INFO] [stdout] test websocket::tests::attention_updates_are_visible_in_future_snapshots ... ok
[INFO] [stdout] test tests::rejects_wrong_protocol ... ok
[INFO] [stdout] test websocket::tests::client_snapshot_caps_aggregate_scrollback ... ok
[INFO] [stdout] test tests::migration_is_idempotent ... ok
[INFO] [stdout] test supervisor::tests::worker_client_reconnects_to_same_daemon ... FAILED
[INFO] [stdout] test supervisor::tests::two_project_workers_run_in_parallel ... FAILED
[INFO] [stdout] test supervisor::tests::worker_crash_or_stop_is_reported_and_can_be_reaped ... FAILED
[INFO] [stdout] test git::tests::unavailable_remote_is_returned_as_visible_error_source ... ok
[INFO] [stderr] hint: Using 'master' as the name for the initial branch. This default branch name
[INFO] [stderr] hint: will change to "main" in Git 3.0. To configure the initial branch name
[INFO] [stderr] hint: to use in all of your new repositories, which will suppress this warning,
[INFO] [stderr] hint: call:
[INFO] [stderr] hint:
[INFO] [stderr] hint: 	git config --global init.defaultBranch <name>
[INFO] [stderr] hint:
[INFO] [stderr] hint: Names commonly chosen instead of 'master' are 'main', 'trunk' and
[INFO] [stderr] hint: 'development'. The just-created branch can be renamed via this command:
[INFO] [stderr] hint:
[INFO] [stderr] hint: 	git branch -m <name>
[INFO] [stderr] hint:
[INFO] [stderr] hint: Disable this message with "git config set advice.defaultBranchName false"
[INFO] [stdout] Initialized empty Git repository in /tmp/locus-git-remote-3089/remote.git/
[INFO] [stdout] test git::tests::diff_is_read_only ... ok
[INFO] [stdout] test git::tests::reads_local_state_without_mutating_worktree ... ok
[INFO] [stdout] test git::tests::discovers_remote_and_pushes_explicit_branch ... ok
[INFO] [stdout] test tests::storage_creates_runtime_layout_and_schema ... ok
[INFO] [stdout] test tests::storage_exposes_validated_schema_version ... ok
[INFO] [stdout] test attention::tests::needs_input_is_persisted_and_resolvable ... ok
[INFO] [stdout] test tests::task_crud_is_persistent ... ok
[INFO] [stdout] test workspace::tests::scan_reconciles_available_and_unavailable_projects ... ok
[INFO] [stdout] 
[INFO] [stdout] failures:
[INFO] [stdout] 
[INFO] [stdout] ---- supervisor::tests::worker_client_reconnects_to_same_daemon stdout ----
[INFO] [stdout] 
[INFO] [stdout] thread 'supervisor::tests::worker_client_reconnects_to_same_daemon' (3104) panicked at crates/locus-server/src/supervisor.rs:284:10:
[INFO] [stdout] called `Result::unwrap()` on an `Err` value: Custom { kind: NotFound, error: "cannot spawn worker locus-worker: No such file or directory (os error 2)" }
[INFO] [stdout] stack backtrace:
[INFO] [stdout]    0:     0x5884f082b171 - <<std[617be2ca0a6fd877]::sys::backtrace::BacktraceLock>::print::DisplayBacktrace as core[a373ad73a504971]::fmt::Display>::fmt
[INFO] [stdout]    1:     0x5884f084271a - core[a373ad73a504971]::fmt::write
[INFO] [stdout]    2:     0x5884f08301cc - <alloc[2e1b2a31b91974c5]::vec::Vec<u8> as core[a373ad73a504971]::io::write::Write>::write_fmt
[INFO] [stdout]    3:     0x5884f08037e6 - std[617be2ca0a6fd877]::panicking::default_hook::{closure#0}
[INFO] [stdout]    4:     0x5884f0821f99 - std[617be2ca0a6fd877]::panicking::default_hook
[INFO] [stdout]    5:     0x5884f041a760 - test[aada8e7e76ba119b]::test_main_inner::{closure#0}
[INFO] [stdout]    6:     0x5884f08222c2 - std[617be2ca0a6fd877]::panicking::panic_with_hook
[INFO] [stdout]    7:     0x5884f0803892 - std[617be2ca0a6fd877]::panicking::panic_handler::{closure#0}
[INFO] [stdout]    8:     0x5884f07fc119 - std[617be2ca0a6fd877]::sys::backtrace::__rust_end_short_backtrace::<std[617be2ca0a6fd877]::panicking::panic_handler::{closure#0}, !>
[INFO] [stdout]    9:     0x5884f080477d - __rustc[ea4f61d10b84890b]::rust_begin_unwind
[INFO] [stdout]   10:     0x5884f0842e7c - core[a373ad73a504971]::panicking::panic_fmt
[INFO] [stdout]   11:     0x5884f0842c52 - core[a373ad73a504971]::result::unwrap_failed
[INFO] [stdout]   12:     0x5884f03b708f - <locus_server[9610bc648ce6dcb8]::supervisor::tests::worker_client_reconnects_to_same_daemon::{closure#0} as core[a373ad73a504971]::ops::function::FnOnce<()>>::call_once
[INFO] [stdout]   13:     0x5884f040dbab - test[aada8e7e76ba119b]::__rust_begin_short_backtrace::<core[a373ad73a504971]::result::Result<(), alloc[2e1b2a31b91974c5]::string::String>, fn() -> core[a373ad73a504971]::result::Result<(), alloc[2e1b2a31b91974c5]::string::String>>
[INFO] [stdout]   14:     0x5884f041ad85 - test[aada8e7e76ba119b]::run_test::{closure#0}
[INFO] [stdout]   15:     0x5884f0414674 - std[617be2ca0a6fd877]::sys::backtrace::__rust_begin_short_backtrace::<test[aada8e7e76ba119b]::run_test::{closure#1}, ()>
[INFO] [stdout]   16:     0x5884f041de12 - <std[617be2ca0a6fd877]::thread::lifecycle::spawn_unchecked<test[aada8e7e76ba119b]::run_test::{closure#1}, ()>::{closure#1} as core[a373ad73a504971]::ops::function::FnOnce<()>>::call_once::{shim:vtable#0}
[INFO] [stdout]   17:     0x5884f082a12f - <std[617be2ca0a6fd877]::sys::thread::unix::Thread>::new::thread_start
[INFO] [stdout]   18:     0x71913f8a1dfa - <unknown>
[INFO] [stdout]   19:     0x71913f9353d4 - clone
[INFO] [stdout]   20:                0x0 - <unknown>
[INFO] [stdout] 
[INFO] [stdout] ---- supervisor::tests::two_project_workers_run_in_parallel stdout ----
[INFO] [stdout] 
[INFO] [stdout] thread 'supervisor::tests::two_project_workers_run_in_parallel' (3103) panicked at crates/locus-server/src/supervisor.rs:356:10:
[INFO] [stdout] called `Result::unwrap()` on an `Err` value: Custom { kind: NotFound, error: "cannot spawn worker locus-worker: No such file or directory (os error 2)" }
[INFO] [stdout] stack backtrace:
[INFO] [stdout]    0:     0x5884f082b171 - <<std[617be2ca0a6fd877]::sys::backtrace::BacktraceLock>::print::DisplayBacktrace as core[a373ad73a504971]::fmt::Display>::fmt
[INFO] [stdout]    1:     0x5884f084271a - core[a373ad73a504971]::fmt::write
[INFO] [stdout]    2:     0x5884f08301cc - <alloc[2e1b2a31b91974c5]::vec::Vec<u8> as core[a373ad73a504971]::io::write::Write>::write_fmt
[INFO] [stdout]    3:     0x5884f08037e6 - std[617be2ca0a6fd877]::panicking::default_hook::{closure#0}
[INFO] [stdout]    4:     0x5884f0821f99 - std[617be2ca0a6fd877]::panicking::default_hook
[INFO] [stdout]    5:     0x5884f041a760 - test[aada8e7e76ba119b]::test_main_inner::{closure#0}
[INFO] [stdout]    6:     0x5884f08222c2 - std[617be2ca0a6fd877]::panicking::panic_with_hook
[INFO] [stdout]    7:     0x5884f0803892 - std[617be2ca0a6fd877]::panicking::panic_handler::{closure#0}
[INFO] [stdout]    8:     0x5884f07fc119 - std[617be2ca0a6fd877]::sys::backtrace::__rust_end_short_backtrace::<std[617be2ca0a6fd877]::panicking::panic_handler::{closure#0}, !>
[INFO] [stdout]    9:     0x5884f080477d - __rustc[ea4f61d10b84890b]::rust_begin_unwind
[INFO] [stdout]   10:     0x5884f0842e7c - core[a373ad73a504971]::panicking::panic_fmt
[INFO] [stdout]   11:     0x5884f0842c52 - core[a373ad73a504971]::result::unwrap_failed
[INFO] [stdout]   12:     0x5884f03b5e83 - <locus_server[9610bc648ce6dcb8]::supervisor::tests::two_project_workers_run_in_parallel::{closure#0} as core[a373ad73a504971]::ops::function::FnOnce<()>>::call_once
[INFO] [stdout]   13:     0x5884f040dbab - test[aada8e7e76ba119b]::__rust_begin_short_backtrace::<core[a373ad73a504971]::result::Result<(), alloc[2e1b2a31b91974c5]::string::String>, fn() -> core[a373ad73a504971]::result::Result<(), alloc[2e1b2a31b91974c5]::string::String>>
[INFO] [stdout]   14:     0x5884f041ad85 - test[aada8e7e76ba119b]::run_test::{closure#0}
[INFO] [stdout]   15:     0x5884f0414674 - std[617be2ca0a6fd877]::sys::backtrace::__rust_begin_short_backtrace::<test[aada8e7e76ba119b]::run_test::{closure#1}, ()>
[INFO] [stdout]   16:     0x5884f041de12 - <std[617be2ca0a6fd877]::thread::lifecycle::spawn_unchecked<test[aada8e7e76ba119b]::run_test::{closure#1}, ()>::{closure#1} as core[a373ad73a504971]::ops::function::FnOnce<()>>::call_once::{shim:vtable#0}
[INFO] [stdout]   17:     0x5884f082a12f - <std[617be2ca0a6fd877]::sys::thread::unix::Thread>::new::thread_start
[INFO] [stdout]   18:     0x71913f8a1dfa - <unknown>
[INFO] [stdout]   19:     0x71913f9353d4 - clone
[INFO] [stdout]   20:                0x0 - <unknown>
[INFO] [stdout] 
[INFO] [stdout] ---- supervisor::tests::worker_crash_or_stop_is_reported_and_can_be_reaped stdout ----
[INFO] [stdout] 
[INFO] [stdout] thread 'supervisor::tests::worker_crash_or_stop_is_reported_and_can_be_reaped' (3105) panicked at crates/locus-server/src/supervisor.rs:435:10:
[INFO] [stdout] called `Result::unwrap()` on an `Err` value: Custom { kind: NotFound, error: "cannot spawn worker locus-worker: No such file or directory (os error 2)" }
[INFO] [stdout] stack backtrace:
[INFO] [stdout]    0:     0x5884f082b171 - <<std[617be2ca0a6fd877]::sys::backtrace::BacktraceLock>::print::DisplayBacktrace as core[a373ad73a504971]::fmt::Display>::fmt
[INFO] [stdout]    1:     0x5884f084271a - core[a373ad73a504971]::fmt::write
[INFO] [stdout]    2:     0x5884f08301cc - <alloc[2e1b2a31b91974c5]::vec::Vec<u8> as core[a373ad73a504971]::io::write::Write>::write_fmt
[INFO] [stdout]    3:     0x5884f08037e6 - std[617be2ca0a6fd877]::panicking::default_hook::{closure#0}
[INFO] [stdout]    4:     0x5884f0821f99 - std[617be2ca0a6fd877]::panicking::default_hook
[INFO] [stdout]    5:     0x5884f041a760 - test[aada8e7e76ba119b]::test_main_inner::{closure#0}
[INFO] [stdout]    6:     0x5884f08222c2 - std[617be2ca0a6fd877]::panicking::panic_with_hook
[INFO] [stdout]    7:     0x5884f0803892 - std[617be2ca0a6fd877]::panicking::panic_handler::{closure#0}
[INFO] [stdout]    8:     0x5884f07fc119 - std[617be2ca0a6fd877]::sys::backtrace::__rust_end_short_backtrace::<std[617be2ca0a6fd877]::panicking::panic_handler::{closure#0}, !>
[INFO] [stdout]    9:     0x5884f080477d - __rustc[ea4f61d10b84890b]::rust_begin_unwind
[INFO] [stdout]   10:     0x5884f0842e7c - core[a373ad73a504971]::panicking::panic_fmt
[INFO] [stdout]   11:     0x5884f0842c52 - core[a373ad73a504971]::result::unwrap_failed
[INFO] [stdout]   12:     0x5884f03b7f72 - <locus_server[9610bc648ce6dcb8]::supervisor::tests::worker_crash_or_stop_is_reported_and_can_be_reaped::{closure#0} as core[a373ad73a504971]::ops::function::FnOnce<()>>::call_once
[INFO] [stdout]   13:     0x5884f040dbab - test[aada8e7e76ba119b]::__rust_begin_short_backtrace::<core[a373ad73a504971]::result::Result<(), alloc[2e1b2a31b91974c5]::string::String>, fn() -> core[a373ad73a504971]::result::Result<(), alloc[2e1b2a31b91974c5]::string::String>>
[INFO] [stdout]   14:     0x5884f041ad85 - test[aada8e7e76ba119b]::run_test::{closure#0}
[INFO] [stdout]   15:     0x5884f0414674 - std[617be2ca0a6fd877]::sys::backtrace::__rust_begin_short_backtrace::<test[aada8e7e76ba119b]::run_test::{closure#1}, ()>
[INFO] [stdout]   16:     0x5884f041de12 - <std[617be2ca0a6fd877]::thread::lifecycle::spawn_unchecked<test[aada8e7e76ba119b]::run_test::{closure#1}, ()>::{closure#1} as core[a373ad73a504971]::ops::function::FnOnce<()>>::call_once::{shim:vtable#0}
[INFO] [stdout]   17:     0x5884f082a12f - <std[617be2ca0a6fd877]::sys::thread::unix::Thread>::new::thread_start
[INFO] [stdout]   18:     0x71913f8a1dfa - <unknown>
[INFO] [stdout]   19:     0x71913f9353d4 - clone
[INFO] [stdout]   20:                0x0 - <unknown>
[INFO] [stdout] 
[INFO] [stdout] 
[INFO] [stdout] failures:
[INFO] [stdout]     supervisor::tests::two_project_workers_run_in_parallel
[INFO] [stdout]     supervisor::tests::worker_client_reconnects_to_same_daemon
[INFO] [stdout]     supervisor::tests::worker_crash_or_stop_is_reported_and_can_be_reaped
[INFO] [stdout] 
[INFO] [stdout] test result: FAILED. 23 passed; 3 failed; 0 ignored; 0 measured; 0 filtered out; finished in 0.46s
[INFO] [stdout] 
[INFO] [stderr] error: test failed, to rerun pass `-p locus-server --lib`
[INFO] running `Command { std: "docker" "inspect" "c9e2be77791798443a9a46ce292b112d4bda9fcd68bf8a1ca7e8a6585aa8f259", kill_on_drop: false }`
[INFO] running `Command { std: "docker" "rm" "-f" "c9e2be77791798443a9a46ce292b112d4bda9fcd68bf8a1ca7e8a6585aa8f259", kill_on_drop: false }`
[INFO] [stdout] c9e2be77791798443a9a46ce292b112d4bda9fcd68bf8a1ca7e8a6585aa8f259
