[INFO] cloning repository https://github.com/KayzenRoot/core
[INFO] running `Command { std: "git" "-c" "credential.helper=" "-c" "credential.helper=/workspace/cargo-home/bin/git-credential-null" "clone" "--bare" "https://github.com/KayzenRoot/core" "/workspace/cache/git-repos/https%3A%2F%2Fgithub.com%2FKayzenRoot%2Fcore", kill_on_drop: false }`
[INFO] [stderr] Cloning into bare repository '/workspace/cache/git-repos/https%3A%2F%2Fgithub.com%2FKayzenRoot%2Fcore'...
[INFO] running `Command { std: "git" "rev-parse" "HEAD", kill_on_drop: false }`
[INFO] [stdout] 5c0a0ccf293bf1d430656b527a836da8b20821f0
[INFO] testing KayzenRoot/core/5c0a0ccf293bf1d430656b527a836da8b20821f0 against 1.100.0-beta.1+cargoflags=--release for beta-release-1.100-2
[INFO] running `Command { std: "git" "clone" "/workspace/cache/git-repos/https%3A%2F%2Fgithub.com%2FKayzenRoot%2Fcore" "/workspace/builds/worker-3-tc2/source", kill_on_drop: false }`
[INFO] [stderr] Cloning into '/workspace/builds/worker-3-tc2/source'...
[INFO] [stderr] done.
[INFO] removed /workspace/builds/worker-3-tc2/source/rust-toolchain.toml
[INFO] started tweaking git repo https://github.com/KayzenRoot/core
[INFO] finished tweaking git repo https://github.com/KayzenRoot/core
[INFO] tweaked toml for git repo https://github.com/KayzenRoot/core written to /workspace/builds/worker-3-tc2/source/Cargo.toml
[INFO] validating manifest of git repo https://github.com/KayzenRoot/core on toolchain 1.100.0-beta.1
[INFO] running `Command { std: CARGO_HOME="/workspace/cargo-home" RUSTUP_HOME="/workspace/rustup-home" "/workspace/cargo-home/bin/cargo" "+1.100.0-beta.1" "metadata" "--manifest-path" "Cargo.toml" "--no-deps", kill_on_drop: false }`
[INFO] crate git repo https://github.com/KayzenRoot/core already has a lockfile, it will not be regenerated
[INFO] running `Command { std: CARGO_HOME="/workspace/cargo-home" RUSTUP_HOME="/workspace/rustup-home" "/workspace/cargo-home/bin/cargo" "+1.100.0-beta.1" "fetch" "--manifest-path" "Cargo.toml", kill_on_drop: false }`
[INFO] running `Command { std: "docker" "create" "-v" "/var/lib/crater-agent-workspace/builds/worker-3-tc2/source:/opt/rustwide/workdir:ro,Z" "-v" "/var/lib/crater-agent-workspace/builds/worker-3-tc2/target:/opt/rustwide/target:rw,Z" "-v" "/var/lib/crater-agent-workspace/cargo-home:/opt/rustwide/cargo-home:ro,Z" "-v" "/var/lib/crater-agent-workspace/rustup-home:/opt/rustwide/rustup-home:ro,Z" "-m" "1610612736" "--network" "none" "ghcr.io/rust-lang/crates-build-env/linux@sha256:77db811e55d90add9212f6832c23229e3de5f1c1f9905e8cb07319ea15df73ac" "sleep" "infinity", kill_on_drop: false }`
[INFO] [stdout] 9cd8238d8b03d5d2df176b622daaf41d88754fb36e7b7bcc118548027095de13
[INFO] running `Command { std: "docker" "start" "9cd8238d8b03d5d2df176b622daaf41d88754fb36e7b7bcc118548027095de13", kill_on_drop: false }`
[INFO] running `Command { std: "docker" "inspect" "9cd8238d8b03d5d2df176b622daaf41d88754fb36e7b7bcc118548027095de13", kill_on_drop: false }`
[INFO] running `Command { std: "docker" "exec" "-e" "SOURCE_DIR=/opt/rustwide/workdir" "-e" "CARGO_HOME=/opt/rustwide/cargo-home" "-e" "RUSTUP_HOME=/opt/rustwide/rustup-home" "-e" "CARGO_TARGET_DIR=/opt/rustwide/target" "-w" "/opt/rustwide/workdir" "--user" "0:0" "9cd8238d8b03d5d2df176b622daaf41d88754fb36e7b7bcc118548027095de13" "/opt/rustwide/cargo-home/bin/cargo" "+1.100.0-beta.1" "metadata" "--no-deps" "--format-version=1", kill_on_drop: false }`
[INFO] running `Command { std: "docker" "inspect" "9cd8238d8b03d5d2df176b622daaf41d88754fb36e7b7bcc118548027095de13", kill_on_drop: false }`
[INFO] running `Command { std: "docker" "exec" "-e" "SOURCE_DIR=/opt/rustwide/workdir" "-e" "CARGO_HOME=/opt/rustwide/cargo-home" "-e" "RUSTUP_HOME=/opt/rustwide/rustup-home" "-e" "CARGO_TARGET_DIR=/opt/rustwide/target" "-e" "CARGO_INCREMENTAL=0" "-e" "RUST_BACKTRACE=full" "-e" "RUSTFLAGS=--cap-lints=warn" "-e" "RUSTDOCFLAGS=--cap-lints=warn" "-w" "/opt/rustwide/workdir" "--user" "0:0" "9cd8238d8b03d5d2df176b622daaf41d88754fb36e7b7bcc118548027095de13" "/opt/rustwide/cargo-home/bin/cargo" "+1.100.0-beta.1" "build" "--frozen" "--message-format=json" "--release", kill_on_drop: false }`
[INFO] [stderr]    Compiling proc-macro2 v1.0.107
[INFO] [stderr]    Compiling quote v1.0.47
[INFO] [stderr]    Compiling unicode-ident v1.0.26
[INFO] [stderr]    Compiling serde_core v1.0.229
[INFO] [stderr]    Compiling serde v1.0.229
[INFO] [stderr]    Compiling version_check v0.9.5
[INFO] [stderr]    Compiling zmij v1.0.23
[INFO] [stderr]    Compiling thiserror v2.0.20
[INFO] [stderr]    Compiling typenum v1.20.1
[INFO] [stderr]    Compiling serde_json v1.0.151
[INFO] [stderr]    Compiling libc v0.2.189
[INFO] [stderr]    Compiling itoa v1.0.18
[INFO] [stderr]    Compiling memchr v2.8.3
[INFO] [stderr]    Compiling cfg-if v1.0.5
[INFO] [stderr]    Compiling cpufeatures v0.2.17
[INFO] [stderr]    Compiling equivalent v1.0.2
[INFO] [stderr]    Compiling hashbrown v0.17.1
[INFO] [stderr]    Compiling winnow v0.7.15
[INFO] [stderr]    Compiling bytes v1.12.1
[INFO] [stderr]    Compiling toml_write v0.1.2
[INFO] [stderr]    Compiling pin-project-lite v0.2.17
[INFO] [stderr]    Compiling utf8parse v0.2.2
[INFO] [stderr]    Compiling anstyle-parse v1.0.0
[INFO] [stderr]    Compiling anstyle v1.0.14
[INFO] [stderr]    Compiling colorchoice v1.0.5
[INFO] [stderr]    Compiling anstyle-query v1.1.5
[INFO] [stderr]    Compiling is_terminal_polyfill v1.70.2
[INFO] [stderr]    Compiling strsim v0.11.1
[INFO] [stderr]    Compiling generic-array v0.14.7
[INFO] [stderr]    Compiling heck v0.5.0
[INFO] [stderr]    Compiling clap_lex v1.1.1
[INFO] [stderr]    Compiling anstream v1.0.0
[INFO] [stderr]    Compiling clap_builder v4.6.7
[INFO] [stderr]    Compiling syn v3.0.6
[INFO] [stderr]    Compiling indexmap v2.14.2
[INFO] [stderr]    Compiling block-buffer v0.10.4
[INFO] [stderr]    Compiling crypto-common v0.1.7
[INFO] [stderr]    Compiling digest v0.10.7
[INFO] [stderr]    Compiling sha2 v0.10.9
[INFO] [stderr]    Compiling errno v0.3.14
[INFO] [stderr]    Compiling mio v1.2.3
[INFO] [stderr]    Compiling socket2 v0.6.5
[INFO] [stderr]    Compiling signal-hook-registry v1.4.8
[INFO] [stderr]    Compiling serde_derive v1.0.229
[INFO] [stderr]    Compiling thiserror-impl v2.0.20
[INFO] [stderr]    Compiling tokio-macros v2.7.2
[INFO] [stderr]    Compiling clap_derive v4.6.7
[INFO] [stderr]    Compiling tokio v1.53.1
[INFO] [stderr]    Compiling clap v4.6.7
[INFO] [stderr]    Compiling core-contracts v0.1.0 (/opt/rustwide/workdir/crates/core-contracts)
[INFO] [stderr]    Compiling toml_datetime v0.6.11
[INFO] [stderr]    Compiling serde_spanned v0.6.9
[INFO] [stderr]    Compiling toml_edit v0.22.27
[INFO] [stderr]    Compiling core-identity v0.1.0 (/opt/rustwide/workdir/crates/core-identity)
[INFO] [stderr]    Compiling core-journal v0.1.0 (/opt/rustwide/workdir/crates/core-journal)
[INFO] [stderr]    Compiling core-health v0.1.0 (/opt/rustwide/workdir/crates/core-health)
[INFO] [stderr]    Compiling core-work-order v0.1.0 (/opt/rustwide/workdir/crates/core-work-order)
[INFO] [stderr]    Compiling toml v0.8.23
[INFO] [stderr]    Compiling core-config v0.1.0 (/opt/rustwide/workdir/crates/core-config)
[INFO] [stderr]    Compiling core-registry v0.1.0 (/opt/rustwide/workdir/crates/core-registry)
[INFO] [stderr]    Compiling core-ipc v0.1.0 (/opt/rustwide/workdir/crates/core-ipc)
[INFO] [stderr]    Compiling core-workspace v0.1.0 (/opt/rustwide/workdir/crates/core-workspace)
[INFO] [stderr]    Compiling core-runtime v0.1.0 (/opt/rustwide/workdir/crates/core-runtime)
[INFO] [stderr]    Compiling core-cli v0.1.0 (/opt/rustwide/workdir/crates/core-cli)
[INFO] [stderr] warning: unused dependency `serde_json`
[INFO] [stderr]   --> crates/core-contracts/Cargo.toml:10:1
[INFO] [stderr]    |
[INFO] [stderr] 10 | serde_json.workspace = true
[INFO] [stderr]    | ^^^^^^^^^^
[INFO] [stderr]    |
[INFO] [stderr]    = note: `cargo::unused_dependencies` is set to `warn` by default
[INFO] [stderr] help: consider removing the dependency on `serde_json`
[INFO] [stderr] warning: `core-contracts` (manifest) generated 1 warning
[INFO] [stderr]     Finished `release` profile [optimized] target(s) in 1m 14s
[INFO] running `Command { std: "docker" "inspect" "9cd8238d8b03d5d2df176b622daaf41d88754fb36e7b7bcc118548027095de13", kill_on_drop: false }`
[INFO] running `Command { std: "docker" "exec" "-e" "SOURCE_DIR=/opt/rustwide/workdir" "-e" "CARGO_HOME=/opt/rustwide/cargo-home" "-e" "RUSTUP_HOME=/opt/rustwide/rustup-home" "-e" "CARGO_TARGET_DIR=/opt/rustwide/target" "-e" "CARGO_INCREMENTAL=0" "-e" "RUST_BACKTRACE=full" "-e" "RUSTFLAGS=--cap-lints=warn" "-e" "RUSTDOCFLAGS=--cap-lints=warn" "-w" "/opt/rustwide/workdir" "--user" "0:0" "9cd8238d8b03d5d2df176b622daaf41d88754fb36e7b7bcc118548027095de13" "/opt/rustwide/cargo-home/bin/cargo" "+1.100.0-beta.1" "test" "--frozen" "--no-run" "--message-format=json" "--release", kill_on_drop: false }`
[INFO] [stderr]    Compiling itoa v1.0.18
[INFO] [stderr]    Compiling memchr v2.8.3
[INFO] [stderr]    Compiling typenum v1.20.1
[INFO] [stderr]    Compiling cpufeatures v0.2.17
[INFO] [stderr]    Compiling cfg-if v1.0.5
[INFO] [stderr]    Compiling bytes v1.12.1
[INFO] [stderr]    Compiling pin-project-lite v0.2.17
[INFO] [stderr]    Compiling serde_core v1.0.229
[INFO] [stderr]    Compiling zmij v1.0.23
[INFO] [stderr]    Compiling libc v0.2.189
[INFO] [stderr]    Compiling hashbrown v0.17.1
[INFO] [stderr]    Compiling equivalent v1.0.2
[INFO] [stderr]    Compiling toml_write v0.1.2
[INFO] [stderr]    Compiling winnow v0.7.15
[INFO] [stderr]    Compiling utf8parse v0.2.2
[INFO] [stderr]    Compiling thiserror v2.0.20
[INFO] [stderr]    Compiling anstyle v1.0.14
[INFO] [stderr]    Compiling colorchoice v1.0.5
[INFO] [stderr]    Compiling is_terminal_polyfill v1.70.2
[INFO] [stderr]    Compiling anstyle-query v1.1.5
[INFO] [stderr]    Compiling anstyle-parse v1.0.0
[INFO] [stderr]    Compiling clap_lex v1.1.1
[INFO] [stderr]    Compiling strsim v0.11.1
[INFO] [stderr]    Compiling anstream v1.0.0
[INFO] [stderr]    Compiling clap_builder v4.6.7
[INFO] [stderr]    Compiling indexmap v2.14.2
[INFO] [stderr]    Compiling generic-array v0.14.7
[INFO] [stderr]    Compiling crypto-common v0.1.7
[INFO] [stderr]    Compiling block-buffer v0.10.4
[INFO] [stderr]    Compiling digest v0.10.7
[INFO] [stderr]    Compiling sha2 v0.10.9
[INFO] [stderr]    Compiling errno v0.3.14
[INFO] [stderr]    Compiling socket2 v0.6.5
[INFO] [stderr]    Compiling mio v1.2.3
[INFO] [stderr]    Compiling signal-hook-registry v1.4.8
[INFO] [stderr]    Compiling tokio v1.53.1
[INFO] [stderr]    Compiling serde v1.0.229
[INFO] [stderr]    Compiling serde_json v1.0.151
[INFO] [stderr]    Compiling clap v4.6.7
[INFO] [stderr]    Compiling serde_spanned v0.6.9
[INFO] [stderr]    Compiling toml_datetime v0.6.11
[INFO] [stderr]    Compiling toml_edit v0.22.27
[INFO] [stderr]    Compiling core-contracts v0.1.0 (/opt/rustwide/workdir/crates/core-contracts)
[INFO] [stderr]    Compiling toml v0.8.23
[INFO] [stderr]    Compiling core-identity v0.1.0 (/opt/rustwide/workdir/crates/core-identity)
[INFO] [stderr]    Compiling core-config v0.1.0 (/opt/rustwide/workdir/crates/core-config)
[INFO] [stderr]    Compiling core-work-order v0.1.0 (/opt/rustwide/workdir/crates/core-work-order)
[INFO] [stderr]    Compiling core-health v0.1.0 (/opt/rustwide/workdir/crates/core-health)
[INFO] [stderr]    Compiling core-journal v0.1.0 (/opt/rustwide/workdir/crates/core-journal)
[INFO] [stderr]    Compiling core-workspace v0.1.0 (/opt/rustwide/workdir/crates/core-workspace)
[INFO] [stderr]    Compiling core-registry v0.1.0 (/opt/rustwide/workdir/crates/core-registry)
[INFO] [stderr]    Compiling core-ipc v0.1.0 (/opt/rustwide/workdir/crates/core-ipc)
[INFO] [stderr]    Compiling core-runtime v0.1.0 (/opt/rustwide/workdir/crates/core-runtime)
[INFO] [stderr]    Compiling core-cli v0.1.0 (/opt/rustwide/workdir/crates/core-cli)
[INFO] [stderr] warning: unused dependency `serde_json`
[INFO] [stderr]   --> crates/core-contracts/Cargo.toml:10:1
[INFO] [stderr]    |
[INFO] [stderr] 10 | serde_json.workspace = true
[INFO] [stderr]    | ^^^^^^^^^^
[INFO] [stderr]    |
[INFO] [stderr]    = note: `cargo::unused_dependencies` is set to `warn` by default
[INFO] [stderr] help: consider removing the dependency on `serde_json`
[INFO] [stderr] warning: `core-contracts` (manifest) generated 1 warning
[INFO] [stderr]     Finished `release` profile [optimized] target(s) in 5m 54s
[INFO] running `Command { std: "docker" "inspect" "9cd8238d8b03d5d2df176b622daaf41d88754fb36e7b7bcc118548027095de13", kill_on_drop: false }`
[INFO] running `Command { std: "docker" "exec" "-e" "SOURCE_DIR=/opt/rustwide/workdir" "-e" "CARGO_HOME=/opt/rustwide/cargo-home" "-e" "RUSTUP_HOME=/opt/rustwide/rustup-home" "-e" "CARGO_TARGET_DIR=/opt/rustwide/target" "-e" "CARGO_INCREMENTAL=0" "-e" "RUST_BACKTRACE=full" "-e" "RUSTFLAGS=--cap-lints=warn" "-e" "RUSTDOCFLAGS=--cap-lints=warn" "-w" "/opt/rustwide/workdir" "--user" "0:0" "9cd8238d8b03d5d2df176b622daaf41d88754fb36e7b7bcc118548027095de13" "/opt/rustwide/cargo-home/bin/cargo" "+1.100.0-beta.1" "test" "--frozen" "--release", kill_on_drop: false }`
[INFO] [stderr] warning: unused dependency `serde_json`
[INFO] [stderr]   --> crates/core-contracts/Cargo.toml:10:1
[INFO] [stderr]    |
[INFO] [stderr] 10 | serde_json.workspace = true
[INFO] [stderr]    | ^^^^^^^^^^
[INFO] [stderr]    |
[INFO] [stderr]    = note: `cargo::unused_dependencies` is set to `warn` by default
[INFO] [stderr] help: consider removing the dependency on `serde_json`
[INFO] [stderr] warning: `core-contracts` (manifest) generated 1 warning
[INFO] [stderr]     Finished `release` profile [optimized] target(s) in 0.16s
[INFO] [stderr]      Running unittests src/main.rs (/opt/rustwide/target/release/build/core-cli/049aa3ef8cff635f/out/core-049aa3ef8cff635f)
[INFO] [stdout] 
[INFO] [stdout] running 0 tests
[INFO] [stdout] 
[INFO] [stdout] test result: ok. 0 passed; 0 failed; 0 ignored; 0 measured; 0 filtered out; finished in 0.00s
[INFO] [stdout] 
[INFO] [stderr]      Running unittests src/lib.rs (/opt/rustwide/target/release/build/core-config/7c64f253fff38323/out/core_config-7c64f253fff38323)
[INFO] [stdout] 
[INFO] [stdout] running 5 tests
[INFO] [stdout] test tests::invalid_safety_key_fails_closed ... ok
[INFO] [stdout] test tests::precedence_is_default_file_env_cli ... ok
[INFO] [stdout] test tests::safe_reload_advances_only_configuration_generation ... ok
[INFO] [stdout] test tests::retired_project_server_config_is_not_accepted ... ok
[INFO] [stdout] test tests::diagnostics_do_not_contain_secret_value ... ok
[INFO] [stdout] 
[INFO] [stdout] test result: ok. 5 passed; 0 failed; 0 ignored; 0 measured; 0 filtered out; finished in 0.01s
[INFO] [stdout] 
[INFO] [stderr]      Running unittests src/lib.rs (/opt/rustwide/target/release/build/core-contracts/9705c120050e45f5/out/core_contracts-9705c120050e45f5)
[INFO] [stderr]      Running unittests src/lib.rs (/opt/rustwide/target/release/build/core-health/19c856b12e33f5ac/out/core_health-19c856b12e33f5ac)
[INFO] [stdout] 
[INFO] [stdout] running 0 tests
[INFO] [stdout] 
[INFO] [stdout] test result: ok. 0 passed; 0 failed; 0 ignored; 0 measured; 0 filtered out; finished in 0.00s
[INFO] [stdout] 
[INFO] [stdout] 
[INFO] [stdout] running 5 tests
[INFO] [stdout] test tests::quality_floor_blocks_unsafe_fallback ... ok
[INFO] [stdout] test tests::observability_is_delta_based ... ok
[INFO] [stdout] test tests::critical_pressure_closes_admission ... ok
[INFO] [stdout] test tests::stale_health_cannot_authorize_safety_transition ... ok
[INFO] [stdout] test tests::probe_herd_runs_once ... ok
[INFO] [stderr]      Running unittests src/lib.rs (/opt/rustwide/target/release/build/core-identity/44a6085315fe3b4f/out/core_identity-44a6085315fe3b4f)
[INFO] [stdout] 
[INFO] [stdout] test result: ok. 5 passed; 0 failed; 0 ignored; 0 measured; 0 filtered out; finished in 0.01s
[INFO] [stdout] 
[INFO] [stdout] 
[INFO] [stdout] running 5 tests
[INFO] [stderr]      Running unittests src/lib.rs (/opt/rustwide/target/release/build/core-ipc/412d9d9a88e78ee6/out/core_ipc-412d9d9a88e78ee6)
[INFO] [stdout] test tests::content_handles_are_immutable_identity ... ok
[INFO] [stdout] test tests::map_order_is_canonical ... ok
[INFO] [stdout] test tests::safety_identity_rejects_same_count_different_content ... ok
[INFO] [stdout] test tests::golden_vector_is_stable ... ok
[INFO] [stdout] test tests::dependency_and_policy_changes_invalidate_security_evidence ... ok
[INFO] [stdout] 
[INFO] [stdout] test result: ok. 5 passed; 0 failed; 0 ignored; 0 measured; 0 filtered out; finished in 0.01s
[INFO] [stdout] 
[INFO] [stdout] 
[INFO] [stdout] running 5 tests
[INFO] [stdout] test tests::malformed_and_allocation_bomb_frames_fail_before_allocation ... ok
[INFO] [stdout] test tests::handshake_uses_common_minor_and_rejects_epoch_mismatch ... ok
[INFO] [stdout] test tests::unix_domain_socket_round_trip_uses_bounded_framing ... ok
[INFO] [stdout] test tests::round_trip_is_bounded_and_epoch_bound ... ok
[INFO] [stderr]      Running unittests src/lib.rs (/opt/rustwide/target/release/build/core-journal/4256e83306ed3596/out/core_journal-4256e83306ed3596)
[INFO] [stdout] test tests::invalid_stream_headers_are_rejected_before_attempting_body_read ... ok
[INFO] [stdout] 
[INFO] [stdout] test result: ok. 5 passed; 0 failed; 0 ignored; 0 measured; 0 filtered out; finished in 0.00s
[INFO] [stdout] 
[INFO] [stdout] 
[INFO] [stdout] running 3 tests
[INFO] [stdout] test tests::truncation_fails_closed ... ok
[INFO] [stdout] test tests::hash_chain_and_recovery_survive_reopen ... ok
[INFO] [stdout] test tests::bounded_compaction_rebuilds_the_chain ... ok
[INFO] [stdout] 
[INFO] [stdout] test result: ok. 3 passed; 0 failed; 0 ignored; 0 measured; 0 filtered out; finished in 0.01s
[INFO] [stdout] 
[INFO] [stderr]      Running unittests src/lib.rs (/opt/rustwide/target/release/build/core-registry/8daedafe9ff12a5a/out/core_registry-8daedafe9ff12a5a)
[INFO] [stdout] 
[INFO] [stdout] running 20 tests
[INFO] [stdout] test tests::dependency_cycle_fails_closed ... ok
[INFO] [stdout] test tests::failed_registration_rolls_back_only_inserted_module ... ok
[INFO] [stdout] test tests::cloned_registries_cannot_acquire_after_admission_closes ... ok
[INFO] [stdout] test tests::degraded_unknown_unavailable_or_unready_bound_provider_cannot_get_new_leases ... ok
[INFO] [stdout] test tests::old_generation_remains_valid_until_lease_release ... ok
[INFO] [stdout] test tests::preferred_provider_is_a_preference_and_can_fall_back ... ok
[INFO] [stdout] test tests::lease_expiration_is_monotonic_and_enforced ... ok
[INFO] [stdout] test tests::generation_coherence_reports_each_dimension_without_scalar_comparison ... ok
[INFO] [stdout] test tests::missing_or_identity_changed_registered_provider_fails_closed_on_new_lease ... ok
[INFO] [stdout] test tests::acs_applies_policy_authority_and_deterministic_tie_breaks ... ok
[INFO] [stdout] test tests::local_provider_preferred_over_optional_generic_external_without_llm ... ok
[INFO] [stdout] test tests::quarantine_after_binding_refuses_new_leases_but_preserves_existing_lease ... ok
[INFO] [stdout] test tests::provider_flap_and_generation_coherence_are_bounded ... ok
[INFO] [stdout] test tests::shared_provider_quarantine_blocks_new_leases_across_all_capabilities ... ok
[INFO] [stdout] test tests::sir_calculates_dependency_radius_and_cache_affinity ... ok
[INFO] [stdout] test tests::stale_epoch_lease_is_rejected ... ok
[INFO] [stdout] test tests::concurrent_readers_keep_old_lease_generation_coherent_during_substitution ... ok
[INFO] [stdout] test tests::lease_change_notifications_cover_lifecycle_and_boundaries ... ok
[INFO] [stdout] test tests::shared_provider_health_propagates_to_all_capabilities_and_can_recover ... ok
[INFO] [stdout] test tests::concurrent_acquire_and_close_have_one_registry_linearization_point ... ok
[INFO] [stderr]      Running unittests src/lib.rs (/opt/rustwide/target/release/build/core-runtime/2345dd27c920eb0a/out/core_runtime-2345dd27c920eb0a)
[INFO] [stdout] 
[INFO] [stdout] test result: ok. 20 passed; 0 failed; 0 ignored; 0 measured; 0 filtered out; finished in 0.02s
[INFO] [stdout] 
[INFO] [stdout] 
[INFO] [stdout] running 20 tests
[INFO] [stdout] test tests::cancellation_propagates_hierarchically ... ok
[INFO] [stdout] test tests::rlc_returns_typed_allow_deny_and_defer_without_mutation ... ok
[INFO] [stdout] test tests::bootstrap_is_zero_llm_and_ready_only_with_receipt ... ok
[INFO] [stdout] test tests::registry_clone_cannot_admit_after_qds_closes_capability_admission ... ok
[INFO] [stdout] test tests::lease_expiration_completes_before_shutdown_deadline ... ok
[INFO] [stdout] test tests::forced_shutdown_records_residuals ... ok
[INFO] [stdout] test tests::crash_loop_quarantines_and_explicit_reset_reenters_worker ... ok
[INFO] [stdout] test tests::standalone_boot_does_not_require_a_project_server ... ok
[INFO] [stdout] test tests::qvm_detects_active_lease_without_caller_claim ... ok
[INFO] [stdout] test tests::shutdown_completion_records_follow_proof ... ok
[INFO] [stdout] test tests::shutdown_timeout_escalates_only_after_deadline ... ok
[INFO] [stdout] test tests::unreleased_lease_times_out_only_after_shutdown_deadline ... ok
[INFO] [stdout] test tests::lease_released_from_separate_task_wakes_qds_before_deadline ... ok
[INFO] [stdout] test tests::worker_admission_cannot_bypass_backoff_or_quarantine ... ok
[INFO] [stdout] test tests::multiple_workers_report_completion_without_lost_notifications ... ok
[INFO] [stdout] test tests::multiple_leases_release_in_different_order_without_lost_notifications ... ok
[INFO] [stdout] test tests::worker_finishes_after_cancel_before_shutdown_deadline ... ok
[INFO] [stdout] test tests::safety_receipt_fingerprint_tracks_semantic_configuration ... ok
[INFO] [stdout] test tests::worker_completion_at_deadline_boundary_is_fail_closed ... ok
[INFO] [stdout] test tests::in_drain_clone_acquire_is_rejected_during_repeated_shutdowns ... ok
[INFO] [stdout] 
[INFO] [stdout] test result: ok. 20 passed; 0 failed; 0 ignored; 0 measured; 0 filtered out; finished in 1.75s
[INFO] [stdout] 
[INFO] [stderr]      Running unittests src/lib.rs (/opt/rustwide/target/release/build/core-work-order/400ab9fdbb7fd840/out/core_work_order-400ab9fdbb7fd840)
[INFO] [stdout] 
[INFO] [stdout] running 4 tests
[INFO] [stdout] test identity::tests::typed_ids_and_revisions_reject_invalid_values ... ok
[INFO] [stdout] test budget::tests::zero_or_unbounded_sentinel_budgets_are_rejected ... ok
[INFO] [stdout] test budget::tests::calibrated_profile_accepts_its_ceiling_and_rejects_every_larger_dimension ... ok
[INFO] [stdout] test identity::tests::logical_key_identity_is_deterministic_and_domain_separated ... ok
[INFO] [stderr]      Running tests/acceptance_context.rs (/opt/rustwide/target/release/build/core-work-order/b448a6b2a4ce1668/out/acceptance_context-b448a6b2a4ce1668)
[INFO] [stdout] 
[INFO] [stdout] test result: ok. 4 passed; 0 failed; 0 ignored; 0 measured; 0 filtered out; finished in 0.00s
[INFO] [stdout] 
[INFO] [stdout] 
[INFO] [stdout] running 3 tests
[INFO] [stderr]      Running tests/adapters_no_io.rs (/opt/rustwide/target/release/build/core-work-order/7d34e827ef97933d/out/adapters_no_io-7d34e827ef97933d)
[INFO] [stdout] test unexplained_orphans_and_packet_obligation_mismatches_fail_closed ... ok
[INFO] [stdout] test blocking_criteria_require_resolvable_evidence_edges ... ok
[INFO] [stdout] test mandatory_pcm_reconstruction_is_lossless_and_bounded ... ok
[INFO] [stdout] 
[INFO] [stdout] test result: ok. 3 passed; 0 failed; 0 ignored; 0 measured; 0 filtered out; finished in 0.11s
[INFO] [stdout] 
[INFO] [stdout] 
[INFO] [stdout] running 2 tests
[INFO] [stdout] test external_interfaces_are_separate_from_public_service_inputs ... ok
[INFO] [stdout] test service_uses_only_explicit_values_after_outer_resolution ... ok
[INFO] [stderr]      Running tests/admission_replay.rs (/opt/rustwide/target/release/build/core-work-order/ee10dd146f52473f/out/admission_replay-ee10dd146f52473f)
[INFO] [stdout] 
[INFO] [stdout] test result: ok. 2 passed; 0 failed; 0 ignored; 0 measured; 0 filtered out; finished in 0.01s
[INFO] [stdout] 
[INFO] [stdout] 
[INFO] [stdout] running 5 tests
[INFO] [stdout] test receipt_identity_mismatch_and_serialized_tampering_are_rejected ... ok
[INFO] [stdout] test admission_receipts_are_deterministic_and_handoff_binds_all_revalidation_fields ... ok
[INFO] [stdout] test blocked_receipt_cannot_materialize_a_handoff ... ok
[INFO] [stdout] test caller_deadline_discards_late_compilation_before_admission ... ok
[INFO] [stdout] test stale_unknown_substituted_and_mismatched_proofs_never_become_ready ... ok
[INFO] [stdout] 
[INFO] [stdout] test result: ok. 5 passed; 0 failed; 0 ignored; 0 measured; 0 filtered out; finished in 0.01s
[INFO] [stdout] 
[INFO] [stderr]      Running tests/canonical_identity.rs (/opt/rustwide/target/release/build/core-work-order/08b9db4ed52cfc20/out/canonical_identity-08b9db4ed52cfc20)
[INFO] [stdout] 
[INFO] [stdout] running 5 tests
[INFO] [stdout] test diagnostic_changes_are_outside_frozen_semantic_identity ... ok
[INFO] [stdout] test compilation_context_generation_changes_only_compilation_identity ... ok
[INFO] [stdout] test local_context_is_advisory_and_only_changes_compilation_provenance ... ok
[INFO] [stdout] test semantic_input_permutations_preserve_bytes_and_fingerprints ... ok
[INFO] [stderr]      Running tests/lineage_corrections.rs (/opt/rustwide/target/release/build/core-work-order/f183ad91472a4668/out/lineage_corrections-f183ad91472a4668)
[INFO] [stdout] test semantic_change_alters_work_order_fingerprint_and_is_revision_scoped ... ok
[INFO] [stdout] 
[INFO] [stdout] test result: ok. 5 passed; 0 failed; 0 ignored; 0 measured; 0 filtered out; finished in 0.01s
[INFO] [stdout] 
[INFO] [stdout] 
[INFO] [stdout] running 4 tests
[INFO] [stdout] test lineage_edges_reject_dangling_endpoints_and_duplicate_ids ... ok
[INFO] [stdout] test stale_lineage_snapshot_and_invalid_next_revision_are_rejected ... ok
[INFO] [stdout] test lineage_capsules_bind_monotonic_revisions_and_external_cas ... ok
[INFO] [stderr]      Running tests/public_contracts.rs (/opt/rustwide/target/release/build/core-work-order/b15808c667fb8f9a/out/public_contracts-b15808c667fb8f9a)
[INFO] [stdout] test semantic_diff_requires_next_revision_and_same_revision_corrections_are_policy_bound ... ok
[INFO] [stdout] 
[INFO] [stdout] test result: ok. 4 passed; 0 failed; 0 ignored; 0 measured; 0 filtered out; finished in 0.01s
[INFO] [stdout] 
[INFO] [stdout] 
[INFO] [stdout] running 5 tests
[INFO] [stdout] test typed_ids_and_revisions_are_bounded_and_positive ... ok
[INFO] [stdout] test parser_rejects_unknown_schema_version_kind_and_enum ... ok
[INFO] [stdout] test logical_key_allocates_a_repeatable_work_order_id ... ok
[INFO] [stdout] test request_envelope_round_trips_and_services_are_public ... ok
[INFO] [stdout] test malformed_duplicate_packet_ids_fail_without_partial_compilation ... ok
[INFO] [stdout] 
[INFO] [stdout] test result: ok. 5 passed; 0 failed; 0 ignored; 0 measured; 0 filtered out; finished in 0.03s
[INFO] [stdout] 
[INFO] [stderr]      Running tests/resources_redaction.rs (/opt/rustwide/target/release/build/core-work-order/976e1d4627d91f44/out/resources_redaction-976e1d4627d91f44)
[INFO] [stdout] 
[INFO] [stdout] running 5 tests
[INFO] [stderr]      Running tests/scope_packets.rs (/opt/rustwide/target/release/build/core-work-order/ce01b647fc698efc/out/scope_packets-ce01b647fc698efc)
[INFO] [stdout] test malformed_external_payload_is_not_echoed_by_typed_errors ... ok
[INFO] [stdout] test parser_enforces_bounded_depth_and_never_returns_partial_values ... ok
[INFO] [stdout] test legacy_v1_hostile_payload_is_rejected_without_echo ... ok
[INFO] [stdout] test safe_subjects_and_diagnostics_do_not_serialize_secret_canaries ... ok
[INFO] [stdout] test finite_positive_budgets_and_cap_plus_one_fail_atomically ... ok
[INFO] [stdout] 
[INFO] [stdout] test result: ok. 5 passed; 0 failed; 0 ignored; 0 measured; 0 filtered out; finished in 0.00s
[INFO] [stdout] 
[INFO] [stdout] 
[INFO] [stdout] running 4 tests
[INFO] [stdout] test dangling_edges_cycles_and_widening_context_are_rejected ... ok
[INFO] [stdout] test path_prefix_matching_respects_segment_boundaries ... ok
[INFO] [stdout] test denied_rules_override_allow_and_empty_allow_sets_are_ambiguous ... ok
[INFO] [stdout] test packet_scope_is_intersected_with_parent_and_dag_order_is_stable ... ok
[INFO] [stdout] 
[INFO] [stdout] test result: ok. 4 passed; 0 failed; 0 ignored; 0 measured; 0 filtered out; finished in 0.01s
[INFO] [stdout] 
[INFO] [stderr]      Running tests/source_workspace.rs (/opt/rustwide/target/release/build/core-work-order/b38a4165e4b8b158/out/source_workspace-b38a4165e4b8b158)
[INFO] [stdout] 
[INFO] [stdout] running 4 tests
[INFO] [stdout] test missing_and_extra_source_entries_fail_closed ... ok
[INFO] [stdout] test source_locators_reject_traversal_and_uri_credentials_without_blocking_at_signs ... ok
[INFO] [stdout] test source_evidence_rejects_stale_unknown_substituted_and_unbound_values ... ok
[INFO] [stdout] test workspace_schema_profile_components_and_proof_are_bound ... ok
[INFO] [stdout] 
[INFO] [stdout] test result: ok. 4 passed; 0 failed; 0 ignored; 0 measured; 0 filtered out; finished in 0.00s
[INFO] [stdout] 
[INFO] [stderr]      Running unittests src/lib.rs (/opt/rustwide/target/release/build/core-workspace/c770eece807bb354/out/core_workspace-c770eece807bb354)
[INFO] [stdout] 
[INFO] [stdout] running 16 tests
[INFO] [stdout] test cache::tests::cache_hit_has_provenance_and_generation_invalidation ... ok
[INFO] [stdout] test authority::tests::traversal_is_rejected_without_writing_source ... ok
[INFO] [stdout] test authority::tests::filesystem_case_semantics_do_not_follow_unix_family ... ok
[INFO] [stdout] test authority::tests::non_existing_path_requires_use_time_revalidation ... ok
[INFO] [stdout] test invalidation::tests::zero_events_do_not_create_freshness ... ok
[INFO] [stdout] test invalidation::tests::overflow_broadens_invalidation ... ok
[INFO] [stdout] test hashing::tests::conveyor_revalidates_same_path_after_rewrite ... ok
[INFO] [stdout] test repository::tests::graph_fingerprint_is_order_independent ... ok
[INFO] [stdout] test state::tests::illegal_transition_is_typed ... ok
[INFO] [stdout] test hashing::tests::timestamp_independent_content_proof_changes_on_content ... ok
[INFO] [stdout] test identity::tests::linked_worktrees_are_distinct_but_repository_is_shared ... ok
[INFO] [stdout] test authority::tests::relative_collision_uses_authority_resolved_target ... FAILED
[INFO] [stdout] test identity::tests::remote_is_not_repository_identity ... ok
[INFO] [stdout] test state::tests::legal_attach_lifecycle_is_explicit ... ok
[INFO] [stdout] test hashing::tests::conveyor_deadline_does_not_poison_following_hash ... ok
[INFO] [stdout] test hashing::tests::concurrent_same_path_requests_share_one_hash_and_leave_no_pending_entry ... ok
[INFO] [stdout] 
[INFO] [stderr] error: test failed, to rerun pass `-p core-workspace --lib`
[INFO] [stdout] failures:
[INFO] [stdout] 
[INFO] [stdout] ---- authority::tests::relative_collision_uses_authority_resolved_target stdout ----
[INFO] [stdout] 
[INFO] [stdout] thread 'authority::tests::relative_collision_uses_authority_resolved_target' (3969) panicked at crates/core-workspace/src/authority.rs:265:46:
[INFO] [stdout] called `Result::unwrap()` on an `Err` value: Os { code: 30, kind: ReadOnlyFilesystem, message: "Read-only file system" }
[INFO] [stdout] stack backtrace:
[INFO] [stdout]    0:     0x60b3a8f775f6 - <<std[617be2ca0a6fd877]::sys::backtrace::BacktraceLock>::print::DisplayBacktrace as core[a373ad73a504971]::fmt::Display>::fmt
[INFO] [stdout]    1:     0x60b3a8ee4d8a - core[a373ad73a504971]::fmt::write
[INFO] [stdout]    2:     0x60b3a8f7cd8c - <alloc[2e1b2a31b91974c5]::vec::Vec<u8> as core[a373ad73a504971]::io::write::Write>::write_fmt
[INFO] [stdout]    3:     0x60b3a8f528b2 - std[617be2ca0a6fd877]::panicking::default_hook::{closure#0}
[INFO] [stdout]    4:     0x60b3a8f6f4a1 - std[617be2ca0a6fd877]::panicking::default_hook
[INFO] [stdout]    5:     0x60b3a8f6f682 - std[617be2ca0a6fd877]::panicking::panic_with_hook
[INFO] [stdout]    6:     0x60b3a8f52962 - std[617be2ca0a6fd877]::panicking::panic_handler::{closure#0}
[INFO] [stdout]    7:     0x60b3a8f4b499 - std[617be2ca0a6fd877]::sys::backtrace::__rust_end_short_backtrace::<std[617be2ca0a6fd877]::panicking::panic_handler::{closure#0}, !>
[INFO] [stdout]    8:     0x60b3a8f5357d - __rustc[ea4f61d10b84890b]::rust_begin_unwind
[INFO] [stdout]    9:     0x60b3a8ee54ac - core[a373ad73a504971]::panicking::panic_fmt
[INFO] [stdout]   10:     0x60b3a8ee5282 - core[a373ad73a504971]::result::unwrap_failed
[INFO] [stdout]   11:     0x60b3a8f2aae3 - <core_workspace[4af44fcc3fbb967d]::authority::tests::relative_collision_uses_authority_resolved_target::{closure#0} as core[a373ad73a504971]::ops::function::FnOnce<()>>::call_once
[INFO] [stdout]   12:     0x60b3a8f7e3cb - test[aada8e7e76ba119b]::__rust_begin_short_backtrace::<core[a373ad73a504971]::result::Result<(), alloc[2e1b2a31b91974c5]::string::String>, fn() -> core[a373ad73a504971]::result::Result<(), alloc[2e1b2a31b91974c5]::string::String>>
[INFO] [stdout]   13:     0x60b3a8f8c274 - test[aada8e7e76ba119b]::run_test::{closure#0}
[INFO] [stdout]   14:     0x60b3a8f859a4 - std[617be2ca0a6fd877]::sys::backtrace::__rust_begin_short_backtrace::<test[aada8e7e76ba119b]::run_test::{closure#1}, ()>
[INFO] [stdout]   15:     0x60b3a8f90032 - <std[617be2ca0a6fd877]::thread::lifecycle::spawn_unchecked<test[aada8e7e76ba119b]::run_test::{closure#1}, ()>::{closure#1} as core[a373ad73a504971]::ops::function::FnOnce<()>>::call_once::{shim:vtable#0}
[INFO] [stdout]   16:     0x60b3a8f764a4 - <std[617be2ca0a6fd877]::sys::thread::unix::Thread>::new::thread_start
[INFO] [stdout]   17:     0x7586a399bdfa - <unknown>
[INFO] [stdout]   18:     0x7586a3a2f3d4 - clone
[INFO] [stdout]   19:                0x0 - <unknown>
[INFO] [stdout] 
[INFO] [stdout] 
[INFO] [stdout] failures:
[INFO] [stdout]     authority::tests::relative_collision_uses_authority_resolved_target
[INFO] [stdout] 
[INFO] [stdout] test result: FAILED. 15 passed; 1 failed; 0 ignored; 0 measured; 0 filtered out; finished in 0.18s
[INFO] [stdout] 
[INFO] running `Command { std: "docker" "inspect" "9cd8238d8b03d5d2df176b622daaf41d88754fb36e7b7bcc118548027095de13", kill_on_drop: false }`
[INFO] running `Command { std: "docker" "rm" "-f" "9cd8238d8b03d5d2df176b622daaf41d88754fb36e7b7bcc118548027095de13", kill_on_drop: false }`
[INFO] [stdout] 9cd8238d8b03d5d2df176b622daaf41d88754fb36e7b7bcc118548027095de13
