[INFO] cloning repository https://github.com/Emotions-Research/LunarFS
[INFO] running `Command { std: "git" "-c" "credential.helper=" "-c" "credential.helper=/workspace/cargo-home/bin/git-credential-null" "clone" "--bare" "https://github.com/Emotions-Research/LunarFS" "/workspace/cache/git-repos/https%3A%2F%2Fgithub.com%2FEmotions-Research%2FLunarFS", kill_on_drop: false }`
[INFO] [stderr] Cloning into bare repository '/workspace/cache/git-repos/https%3A%2F%2Fgithub.com%2FEmotions-Research%2FLunarFS'...
[INFO] running `Command { std: "git" "rev-parse" "HEAD", kill_on_drop: false }`
[INFO] [stdout] 9c0bc5ecd2e54868be6947355c7d1f4e3530c6a8
[INFO] testing Emotions-Research/LunarFS against 1.100.0-beta.1+cargoflags=--release for beta-release-1.100-2
[INFO] running `Command { std: "git" "clone" "/workspace/cache/git-repos/https%3A%2F%2Fgithub.com%2FEmotions-Research%2FLunarFS" "/workspace/builds/worker-5-tc2/source", kill_on_drop: false }`
[INFO] [stderr] Cloning into '/workspace/builds/worker-5-tc2/source'...
[INFO] [stderr] done.
[INFO] started tweaking git repo https://github.com/Emotions-Research/LunarFS
[INFO] finished tweaking git repo https://github.com/Emotions-Research/LunarFS
[INFO] tweaked toml for git repo https://github.com/Emotions-Research/LunarFS written to /workspace/builds/worker-5-tc2/source/Cargo.toml
[INFO] validating manifest of git repo https://github.com/Emotions-Research/LunarFS on toolchain 1.100.0-beta.1
[INFO] running `Command { std: CARGO_HOME="/workspace/cargo-home" RUSTUP_HOME="/workspace/rustup-home" "/workspace/cargo-home/bin/cargo" "+1.100.0-beta.1" "metadata" "--manifest-path" "Cargo.toml" "--no-deps", kill_on_drop: false }`
[INFO] crate git repo https://github.com/Emotions-Research/LunarFS already has a lockfile, it will not be regenerated
[INFO] running `Command { std: CARGO_HOME="/workspace/cargo-home" RUSTUP_HOME="/workspace/rustup-home" "/workspace/cargo-home/bin/cargo" "+1.100.0-beta.1" "fetch" "--manifest-path" "Cargo.toml", kill_on_drop: false }`
[INFO] running `Command { std: "docker" "create" "-v" "/var/lib/crater-agent-workspace/builds/worker-5-tc2/source:/opt/rustwide/workdir:ro,Z" "-v" "/var/lib/crater-agent-workspace/builds/worker-5-tc2/target:/opt/rustwide/target:rw,Z" "-v" "/var/lib/crater-agent-workspace/cargo-home:/opt/rustwide/cargo-home:ro,Z" "-v" "/var/lib/crater-agent-workspace/rustup-home:/opt/rustwide/rustup-home:ro,Z" "-m" "1610612736" "--network" "none" "ghcr.io/rust-lang/crates-build-env/linux@sha256:77db811e55d90add9212f6832c23229e3de5f1c1f9905e8cb07319ea15df73ac" "sleep" "infinity", kill_on_drop: false }`
[INFO] [stdout] 339d81a157ddecacec0197acae0e1d1ba0fe5a6f47a3993a7585f48c93c70a70
[INFO] running `Command { std: "docker" "start" "339d81a157ddecacec0197acae0e1d1ba0fe5a6f47a3993a7585f48c93c70a70", kill_on_drop: false }`
[INFO] running `Command { std: "docker" "inspect" "339d81a157ddecacec0197acae0e1d1ba0fe5a6f47a3993a7585f48c93c70a70", kill_on_drop: false }`
[INFO] running `Command { std: "docker" "exec" "-e" "SOURCE_DIR=/opt/rustwide/workdir" "-e" "CARGO_HOME=/opt/rustwide/cargo-home" "-e" "RUSTUP_HOME=/opt/rustwide/rustup-home" "-e" "CARGO_TARGET_DIR=/opt/rustwide/target" "-w" "/opt/rustwide/workdir" "--user" "0:0" "339d81a157ddecacec0197acae0e1d1ba0fe5a6f47a3993a7585f48c93c70a70" "/opt/rustwide/cargo-home/bin/cargo" "+1.100.0-beta.1" "metadata" "--no-deps" "--format-version=1", kill_on_drop: false }`
[INFO] running `Command { std: "docker" "inspect" "339d81a157ddecacec0197acae0e1d1ba0fe5a6f47a3993a7585f48c93c70a70", kill_on_drop: false }`
[INFO] running `Command { std: "docker" "exec" "-e" "SOURCE_DIR=/opt/rustwide/workdir" "-e" "CARGO_HOME=/opt/rustwide/cargo-home" "-e" "RUSTUP_HOME=/opt/rustwide/rustup-home" "-e" "CARGO_TARGET_DIR=/opt/rustwide/target" "-e" "CARGO_INCREMENTAL=0" "-e" "RUST_BACKTRACE=full" "-e" "RUSTFLAGS=--cap-lints=warn" "-e" "RUSTDOCFLAGS=--cap-lints=warn" "-w" "/opt/rustwide/workdir" "--user" "0:0" "339d81a157ddecacec0197acae0e1d1ba0fe5a6f47a3993a7585f48c93c70a70" "/opt/rustwide/cargo-home/bin/cargo" "+1.100.0-beta.1" "build" "--frozen" "--message-format=json" "--release", kill_on_drop: false }`
[INFO] [stderr]    Compiling syn v2.0.118
[INFO] [stderr]    Compiling bytes v1.12.0
[INFO] [stderr]    Compiling pkg-config v0.3.33
[INFO] [stderr]    Compiling memchr v2.8.2
[INFO] [stderr]    Compiling cc v1.2.65
[INFO] [stderr]    Compiling smallvec v1.15.2
[INFO] [stderr]    Compiling futures-io v0.3.32
[INFO] [stderr]    Compiling zerocopy v0.8.52
[INFO] [stderr]    Compiling bitflags v2.13.0
[INFO] [stderr]    Compiling hashbrown v0.17.1
[INFO] [stderr]    Compiling num-traits v0.2.19
[INFO] [stderr]    Compiling rustls-pki-types v1.14.1
[INFO] [stderr]    Compiling openssl v0.10.81
[INFO] [stderr]    Compiling native-tls v0.2.18
[INFO] [stderr]    Compiling serde_json v1.0.150
[INFO] [stderr]    Compiling crypto-common v0.1.7
[INFO] [stderr]    Compiling digest v0.10.7
[INFO] [stderr]    Compiling crossbeam-utils v0.8.21
[INFO] [stderr]    Compiling thiserror v2.0.18
[INFO] [stderr]    Compiling time-macros v0.2.30
[INFO] [stderr]    Compiling deranged v0.5.8
[INFO] [stderr]    Compiling parking_lot_core v0.9.12
[INFO] [stderr]    Compiling nix v0.29.0
[INFO] [stderr]    Compiling inotify-sys v0.1.5
[INFO] [stderr]    Compiling encoding_rs v0.8.35
[INFO] [stderr]    Compiling iana-time-zone v0.1.65
[INFO] [stderr]    Compiling rustls-native-certs v0.8.4
[INFO] [stderr]    Compiling anyhow v1.0.103
[INFO] [stderr]    Compiling either v1.16.0
[INFO] [stderr]    Compiling inotify v0.9.6
[INFO] [stderr]    Compiling http v1.4.2
[INFO] [stderr]    Compiling itertools v0.13.0
[INFO] [stderr]    Compiling indexmap v2.14.0
[INFO] [stderr]    Compiling clap_builder v4.6.0
[INFO] [stderr]    Compiling crossbeam-channel v0.5.15
[INFO] [stderr]    Compiling num-integer v0.1.46
[INFO] [stderr]    Compiling devdropbox v0.1.1 (/opt/rustwide/workdir)
[INFO] [stderr]    Compiling parking_lot v0.12.5
[INFO] [stderr]    Compiling md-5 v0.10.6
[INFO] [stderr]    Compiling pem v3.0.6
[INFO] [stderr]    Compiling openssl-sys v0.9.117
[INFO] [stderr]    Compiling ring v0.17.14
[INFO] [stderr]    Compiling libsqlite3-sys v0.28.0
[INFO] [stderr]    Compiling time v0.3.51
[INFO] [stderr]    Compiling num-bigint v0.4.6
[INFO] [stderr]    Compiling blake3 v1.8.5
[INFO] [stderr]    Compiling mio v0.8.11
[INFO] [stderr]    Compiling filetime v0.2.29
[INFO] [stderr]    Compiling http-body v1.0.1
[INFO] [stderr]    Compiling http-body-util v0.1.3
[INFO] [stderr]    Compiling arrayvec v0.7.7
[INFO] [stderr]    Compiling constant_time_eq v0.4.2
[INFO] [stderr]    Compiling humantime v2.3.0
[INFO] [stderr]    Compiling sha2 v0.10.9
[INFO] [stderr]    Compiling notify v6.1.1
[INFO] [stderr]    Compiling hmac v0.12.1
[INFO] [stderr]    Compiling ppv-lite86 v0.2.21
[INFO] [stderr]    Compiling ahash v0.8.12
[INFO] [stderr]    Compiling hashbrown v0.14.5
[INFO] [stderr]    Compiling synstructure v0.13.2
[INFO] [stderr]    Compiling rand_chacha v0.3.1
[INFO] [stderr]    Compiling zerovec-derive v0.11.3
[INFO] [stderr]    Compiling zerofrom-derive v0.1.7
[INFO] [stderr]    Compiling yoke-derive v0.8.2
[INFO] [stderr]    Compiling tokio-macros v2.7.0
[INFO] [stderr]    Compiling displaydoc v0.2.6
[INFO] [stderr]    Compiling futures-macro v0.3.32
[INFO] [stderr]    Compiling tracing-attributes v0.1.31
[INFO] [stderr]    Compiling serde_derive v1.0.228
[INFO] [stderr]    Compiling openssl-macros v0.1.1
[INFO] [stderr]    Compiling tokio v1.52.3
[INFO] [stderr]    Compiling async-trait v0.1.89
[INFO] [stderr]    Compiling thiserror-impl v2.0.18
[INFO] [stderr]    Compiling snafu-derive v0.8.9
[INFO] [stderr]    Compiling hashlink v0.9.1
[INFO] [stderr]    Compiling clap_derive v4.6.1
[INFO] [stderr]    Compiling rand v0.8.6
[INFO] [stderr]    Compiling zerofrom v0.1.8
[INFO] [stderr]    Compiling yoke v0.8.3
[INFO] [stderr]    Compiling futures-util v0.3.32
[INFO] [stderr]    Compiling zerovec v0.11.6
[INFO] [stderr]    Compiling zerotrie v0.2.4
[INFO] [stderr]    Compiling tinystr v0.8.3
[INFO] [stderr]    Compiling potential_utf v0.1.5
[INFO] [stderr]    Compiling simple_asn1 v0.6.4
[INFO] [stderr]    Compiling icu_collections v2.2.0
[INFO] [stderr]    Compiling icu_locale_core v2.2.0
[INFO] [stderr]    Compiling tracing v0.1.44
[INFO] [stderr]    Compiling snafu v0.8.9
[INFO] [stderr]    Compiling clap v4.6.1
[INFO] [stderr]    Compiling icu_provider v2.2.0
[INFO] [stderr]    Compiling serde v1.0.228
[INFO] [stderr]    Compiling icu_normalizer v2.2.0
[INFO] [stderr]    Compiling icu_properties v2.2.0
[INFO] [stderr]    Compiling serde_urlencoded v0.7.1
[INFO] [stderr]    Compiling chrono v0.4.45
[INFO] [stderr]    Compiling quick-xml v0.37.5
[INFO] [stderr]    Compiling idna_adapter v1.2.2
[INFO] [stderr]    Compiling idna v1.1.0
[INFO] [stderr]    Compiling url v2.5.8
[INFO] [stderr]    Compiling futures-executor v0.3.32
[INFO] [stderr]    Compiling axum-core v0.4.5
[INFO] [stderr]    Compiling futures v0.3.32
[INFO] [stderr]    Compiling rustls v0.23.41
[INFO] [stderr]    Compiling tokio-util v0.7.18
[INFO] [stderr]    Compiling tower v0.5.3
[INFO] [stderr]    Compiling tokio-native-tls v0.3.1
[INFO] [stderr]    Compiling tower-http v0.6.11
[INFO] [stderr]    Compiling h2 v0.4.15
[INFO] [stderr]    Compiling rustls-webpki v0.103.13
[INFO] [stderr]    Compiling jsonwebtoken v9.3.1
[INFO] [stderr]    Compiling tokio-rustls v0.26.4
[INFO] [stderr]    Compiling hyper v1.10.1
[INFO] [stderr]    Compiling hyper-util v0.1.20
[INFO] [stderr]    Compiling hyper-tls v0.6.0
[INFO] [stderr]    Compiling hyper-rustls v0.27.9
[INFO] [stderr]    Compiling axum v0.7.9
[INFO] [stderr]    Compiling reqwest v0.12.28
[INFO] [stderr]    Compiling object_store v0.11.2
[INFO] [stderr]    Compiling rusqlite v0.31.0
[INFO] [stderr] warning: unused dependency `hex`
[INFO] [stderr]   --> Cargo.toml:14:1
[INFO] [stderr]    |
[INFO] [stderr] 14 | hex = "0.4"
[INFO] [stderr]    | ^^^^^^^^^^^
[INFO] [stderr]    |
[INFO] [stderr]    = note: `cargo::unused_dependencies` is set to `warn` by default
[INFO] [stderr] help: consider removing the dependency on `hex`
[INFO] [stderr] warning: unused dependency `hmac`
[INFO] [stderr]   --> Cargo.toml:15:1
[INFO] [stderr]    |
[INFO] [stderr] 15 | hmac = "0.12"
[INFO] [stderr]    | ^^^^^^^^^^^^^
[INFO] [stderr]    |
[INFO] [stderr] help: consider removing the dependency on `hmac`
[INFO] [stderr] warning: unused dependency `jsonwebtoken`
[INFO] [stderr]   --> Cargo.toml:16:1
[INFO] [stderr]    |
[INFO] [stderr] 16 | jsonwebtoken = "9"
[INFO] [stderr]    | ^^^^^^^^^^^^^^^^^^
[INFO] [stderr]    |
[INFO] [stderr] help: consider removing the dependency on `jsonwebtoken`
[INFO] [stderr] warning: `devdropbox` (manifest) generated 3 warnings
[INFO] [stderr]     Finished `release` profile [optimized] target(s) in 4m 11s
[INFO] [stderr] warning: the following packages contain code that will be rejected by a future version of Rust: nix v0.29.0
[INFO] [stderr] note: to see what the problems were, use the option `--future-incompat-report`, or run `cargo report future-incompatibilities --id 3`
[INFO] running `Command { std: "docker" "inspect" "339d81a157ddecacec0197acae0e1d1ba0fe5a6f47a3993a7585f48c93c70a70", kill_on_drop: false }`
[INFO] running `Command { std: "docker" "exec" "-e" "SOURCE_DIR=/opt/rustwide/workdir" "-e" "CARGO_HOME=/opt/rustwide/cargo-home" "-e" "RUSTUP_HOME=/opt/rustwide/rustup-home" "-e" "CARGO_TARGET_DIR=/opt/rustwide/target" "-e" "CARGO_INCREMENTAL=0" "-e" "RUST_BACKTRACE=full" "-e" "RUSTFLAGS=--cap-lints=warn" "-e" "RUSTDOCFLAGS=--cap-lints=warn" "-w" "/opt/rustwide/workdir" "--user" "0:0" "339d81a157ddecacec0197acae0e1d1ba0fe5a6f47a3993a7585f48c93c70a70" "/opt/rustwide/cargo-home/bin/cargo" "+1.100.0-beta.1" "test" "--frozen" "--no-run" "--message-format=json" "--release", kill_on_drop: false }`
[INFO] [stderr]    Compiling openssl v0.10.81
[INFO] [stderr]    Compiling tower-http v0.6.11
[INFO] [stderr]    Compiling nix v0.29.0
[INFO] [stderr]    Compiling rusqlite v0.31.0
[INFO] [stderr]    Compiling fastrand v2.4.1
[INFO] [stderr]    Compiling rustix v1.1.4
[INFO] [stderr]    Compiling getrandom v0.4.3
[INFO] [stderr]    Compiling tempfile v3.27.0
[INFO] [stderr]    Compiling native-tls v0.2.18
[INFO] [stderr]    Compiling tokio-native-tls v0.3.1
[INFO] [stderr]    Compiling hyper-tls v0.6.0
[INFO] [stderr]    Compiling reqwest v0.12.28
[INFO] [stderr]    Compiling object_store v0.11.2
[INFO] [stderr]    Compiling devdropbox v0.1.1 (/opt/rustwide/workdir)
[INFO] [stdout] warning: function `smoke_enabled` is never used
[INFO] [stdout]  --> tests/common/mod.rs:6:8
[INFO] [stdout]   |
[INFO] [stdout] 6 | pub fn smoke_enabled() -> bool {
[INFO] [stdout]   |        ^^^^^^^^^^^^^
[INFO] [stdout]   |
[INFO] [stdout]   = note: `#[warn(dead_code)]` (part of `#[warn(unused)]`) on by default
[INFO] [stdout] 
[INFO] [stdout] 
[INFO] [stderr] warning: unused dependency `hex`
[INFO] [stderr]   --> Cargo.toml:14:1
[INFO] [stderr]    |
[INFO] [stderr] 14 | hex = "0.4"
[INFO] [stderr]    | ^^^^^^^^^^^
[INFO] [stderr]    |
[INFO] [stderr]    = note: `cargo::unused_dependencies` is set to `warn` by default
[INFO] [stderr] help: consider removing the dependency on `hex`
[INFO] [stderr] warning: unused dependency `hmac`
[INFO] [stderr]   --> Cargo.toml:15:1
[INFO] [stderr]    |
[INFO] [stderr] 15 | hmac = "0.12"
[INFO] [stderr]    | ^^^^^^^^^^^^^
[INFO] [stderr]    |
[INFO] [stderr] help: consider removing the dependency on `hmac`
[INFO] [stderr] warning: unused dependency `jsonwebtoken`
[INFO] [stderr]   --> Cargo.toml:16:1
[INFO] [stderr]    |
[INFO] [stderr] 16 | jsonwebtoken = "9"
[INFO] [stderr]    | ^^^^^^^^^^^^^^^^^^
[INFO] [stderr]    |
[INFO] [stderr] help: consider removing the dependency on `jsonwebtoken`
[INFO] [stderr] warning: `devdropbox` (manifest) generated 3 warnings
[INFO] [stderr]     Finished `release` profile [optimized] target(s) in 2m 10s
[INFO] [stderr] warning: the following packages contain code that will be rejected by a future version of Rust: nix v0.29.0
[INFO] [stderr] note: to see what the problems were, use the option `--future-incompat-report`, or run `cargo report future-incompatibilities --id 3`
[INFO] running `Command { std: "docker" "inspect" "339d81a157ddecacec0197acae0e1d1ba0fe5a6f47a3993a7585f48c93c70a70", kill_on_drop: false }`
[INFO] running `Command { std: "docker" "exec" "-e" "SOURCE_DIR=/opt/rustwide/workdir" "-e" "CARGO_HOME=/opt/rustwide/cargo-home" "-e" "RUSTUP_HOME=/opt/rustwide/rustup-home" "-e" "CARGO_TARGET_DIR=/opt/rustwide/target" "-e" "CARGO_INCREMENTAL=0" "-e" "RUST_BACKTRACE=full" "-e" "RUSTFLAGS=--cap-lints=warn" "-e" "RUSTDOCFLAGS=--cap-lints=warn" "-w" "/opt/rustwide/workdir" "--user" "0:0" "339d81a157ddecacec0197acae0e1d1ba0fe5a6f47a3993a7585f48c93c70a70" "/opt/rustwide/cargo-home/bin/cargo" "+1.100.0-beta.1" "test" "--frozen" "--release", kill_on_drop: false }`
[INFO] [stderr] warning: function `smoke_enabled` is never used
[INFO] [stderr]  --> tests/common/mod.rs:6:8
[INFO] [stderr]   |
[INFO] [stderr] 6 | pub fn smoke_enabled() -> bool {
[INFO] [stderr]   |        ^^^^^^^^^^^^^
[INFO] [stderr]   |
[INFO] [stderr]   = note: `#[warn(dead_code)]` (part of `#[warn(unused)]`) on by default
[INFO] [stderr] 
[INFO] [stderr] warning: `devdropbox` (test "smoke_nfs_lifecycle") generated 1 warning
[INFO] [stderr] warning: unused dependency `hex`
[INFO] [stderr]   --> Cargo.toml:14:1
[INFO] [stderr]    |
[INFO] [stderr] 14 | hex = "0.4"
[INFO] [stderr]    | ^^^^^^^^^^^
[INFO] [stderr]    |
[INFO] [stderr]    = note: `cargo::unused_dependencies` is set to `warn` by default
[INFO] [stderr] help: consider removing the dependency on `hex`
[INFO] [stderr] warning: unused dependency `hmac`
[INFO] [stderr]   --> Cargo.toml:15:1
[INFO] [stderr]    |
[INFO] [stderr] 15 | hmac = "0.12"
[INFO] [stderr]    | ^^^^^^^^^^^^^
[INFO] [stderr]    |
[INFO] [stderr] help: consider removing the dependency on `hmac`
[INFO] [stderr] warning: unused dependency `jsonwebtoken`
[INFO] [stderr]   --> Cargo.toml:16:1
[INFO] [stderr]    |
[INFO] [stderr] 16 | jsonwebtoken = "9"
[INFO] [stderr]    | ^^^^^^^^^^^^^^^^^^
[INFO] [stderr]    |
[INFO] [stderr] help: consider removing the dependency on `jsonwebtoken`
[INFO] [stderr] warning: `devdropbox` (manifest) generated 3 warnings
[INFO] [stderr]     Finished `release` profile [optimized] target(s) in 0.71s
[INFO] [stderr] warning: the following packages contain code that will be rejected by a future version of Rust: nix v0.29.0
[INFO] [stderr] note: to see what the problems were, use the option `--future-incompat-report`, or run `cargo report future-incompatibilities --id 3`
[INFO] [stderr]      Running unittests src/lib.rs (/opt/rustwide/target/release/build/devdropbox/42dfb33491094bf7/out/devdropbox-42dfb33491094bf7)
[INFO] [stdout] 
[INFO] [stdout] running 262 tests
[INFO] [stdout] test acl::tests::deny_beats_allow_at_same_prefix ... ok
[INFO] [stdout] test acl::tests::prefix_boundary_no_false_match ... ok
[INFO] [stdout] test acl::tests::expired_deny_reverts_to_open_default ... ok
[INFO] [stdout] test acl::tests::live_allow_grants ... ok
[INFO] [stdout] test acl::tests::longest_prefix_wins ... ok
[INFO] [stdout] test acl::tests::specific_principal_does_not_gate_others ... ok
[INFO] [stdout] test acl::tests::timed_reveal_via_expires_at ... ok
[INFO] [stdout] test acl::tests::write_permission_grants_read ... ok
[INFO] [stdout] test acl::tests::explicit_deny_blocks ... ok
[INFO] [stdout] test acl::tests::wildcard_principal_matches_any ... ok
[INFO] [stdout] test acl::tests::empty_acl_is_open ... ok
[INFO] [stdout] test acl::tests::expiry_boundary ... ok
[INFO] [stdout] test acl::tests::acl_store_roundtrip ... ok
[INFO] [stdout] test auth::repo::tests::create_org_roundtrip_and_slug_uniqueness ... ok
[INFO] [stdout] test auth::repo::tests::fk_enforcement_rejects_unknown_ids ... ok
[INFO] [stdout] test auth::repo::tests::migration_v4_plan_column_defaults_free ... ok
[INFO] [stdout] test auth::acl::tests::missing_grant_denied ... ok
[INFO] [stdout] test auth::repo::tests::migration_idempotency ... ok
[INFO] [stdout] test auth::repo::tests::create_user_roundtrip_with_and_without_clerk_id ... ok
[INFO] [stdout] test auth::repo::tests::workspace_by_name_found_and_not_found ... ok
[INFO] [stdout] test auth::verify::tests::auth_mode_from_env_selects_self_host_when_vars_absent ... ok
[INFO] [stdout] test auth::verify::tests::no_clerk_returns_unsupported ... ok
[INFO] [stdout] test autosync::tests::agent_workspace_never_advances ... ok
[INFO] [stdout] test autosync::tests::changed_files_counts_distinct_paths_in_burst ... ok
[INFO] [stdout] test autosync::tests::conflict_triggers_rebase_then_lands ... ok
[INFO] [stdout] test autosync::tests::debounce_gate_fires_once_per_burst ... ok
[INFO] [stdout] test autosync::tests::disabled_engine_is_inert ... ok
[INFO] [stdout] test autosync::tests::format_sync_status_renders_correctly ... ok
[INFO] [stdout] test autosync::tests::human_workspace_debounce_and_dedup ... ok
[INFO] [stdout] test autosync::tests::is_noise_path_passes_normal_files ... ok
[INFO] [stdout] test autosync::tests::is_noise_path_skips_editor_artifacts ... ok
[INFO] [stdout] test autosync::tests::is_noise_path_skips_git_components ... ok
[INFO] [stdout] test autosync::tests::is_noise_path_skips_lunar_component ... ok
[INFO] [stdout] test auth::acl::tests::write_grant_allows_read_and_write ... ok
[INFO] [stdout] test auth::repo::tests::duplicate_membership_errors ... ok
[INFO] [stdout] test autosync::tests::run_once_disabled_returns_err ... ok
[INFO] [stdout] test autosync::tests::run_once_human_returns_ok_changed_files_eq_uploaded ... ok
[INFO] [stdout] test autosync::tests::shared_workspace_auto_syncs ... ok
[INFO] [stdout] test auth::acl::tests::path_prefix_boundary ... ok
[INFO] [stdout] test backend::projfs_logic::tests::placeholder_dir_sets_directory_bit_and_zero_size ... ok
[INFO] [stdout] test backend::projfs_logic::tests::read_path_tests::enumerate_dir_file_sizes_reflect_overlay ... ok
[INFO] [stdout] test backend::projfs_logic::tests::read_path_tests::enumerate_dir_missing_path_is_not_found ... ok
[INFO] [stdout] test backend::projfs_logic::tests::placeholder_file_preserves_size_and_sets_normal_bit ... ok
[INFO] [stdout] test backend::projfs_logic::tests::read_path_tests::enumerate_dir_on_file_is_not_a_dir ... ok
[INFO] [stdout] test auth::acl::tests::revoked_grant_denied ... ok
[INFO] [stdout] test backend::projfs_logic::tests::read_path_tests::enumerate_dir_returns_sorted_entries_with_real_sizes ... ok
[INFO] [stdout] test auth::acl::tests::cross_workspace_denied ... ok
[INFO] [stdout] test backend::projfs_logic::tests::read_path_tests::placeholder_info_missing_is_not_found ... ok
[INFO] [stdout] test backend::projfs_logic::tests::read_path_tests::placeholder_info_overlay_size_wins_over_base ... ok
[INFO] [stdout] test backend::projfs_logic::tests::read_path_tests::placeholder_info_directory_is_zero_size ... ok
[INFO] [stdout] test backend::projfs_logic::tests::read_path_tests::placeholder_info_returns_real_size_not_zero ... ok
[INFO] [stdout] test backend::projfs_logic::tests::read_path_tests::read_file_data_full_read ... ok
[INFO] [stdout] test auth::repo::tests::membership_role_of_and_no_member ... ok
[INFO] [stdout] test backend::projfs_logic::tests::read_path_tests::enumerate_dir_subdirectory ... ok
[INFO] [stdout] test backend::projfs_logic::tests::read_path_tests::read_file_data_offset_plus_length_past_eof ... ok
[INFO] [stdout] test backend::projfs_logic::tests::read_path_tests::read_file_data_missing_is_not_found ... ok
[INFO] [stdout] test backend::projfs_logic::tests::read_path_tests::read_file_data_mid_file_window ... ok
[INFO] [stdout] test backend::projfs_logic::tests::read_path_tests::read_file_data_offset_past_eof_returns_empty ... ok
[INFO] [stdout] test backend::projfs_logic::tests::write_path_tests::fs_error_to_win32_mappings ... ok
[INFO] [stdout] test backend::projfs_logic::tests::read_path_tests::read_file_data_zero_length_returns_empty ... ok
[INFO] [stdout] test backend::projfs_logic::tests::write_path_tests::delete_tombstone_hides_base ... ok
[INFO] [stdout] test backend::projfs_logic::tests::write_path_tests::acl_allow_passes_through ... ok
[INFO] [stdout] test backend::projfs_logic::tests::write_path_tests::acl_deny_blocks_write ... ok
[INFO] [stdout] test backend::projfs_logic::tests::write_path_tests::write_capture_then_readback ... ok
[INFO] [stdout] test cas::tests::fsstore_fanout_layout ... ok
[INFO] [stdout] test cas::tests::fsstore_put_get_roundtrip ... ok
[INFO] [stdout] test cas::tests::hash_bytes_stability ... ok
[INFO] [stdout] test cas::tests::hex_to_hash_bad_length ... ok
[INFO] [stdout] test cas::tests::hash_known_vector ... ok
[INFO] [stdout] test cas::tests::hex_roundtrip ... ok
[INFO] [stdout] test cas::tests::memstore_get_absent ... ok
[INFO] [stdout] test cas::tests::memstore_put_get_roundtrip ... ok
[INFO] [stdout] test cas::tests::fsstore_get_absent ... ok
[INFO] [stdout] test cas::tests::fsstore_put_idempotent ... ok
[INFO] [stdout] test fs::tests::read_cache_gate_test ... ok
[INFO] [stdout] test cas::tests::memstore_put_idempotent ... ok
[INFO] [stdout] test fs::tests::read_cache_absent_path_is_none ... ok
[INFO] [stdout] test fs::tests::read_path_allowed_by_acl_returns_bytes ... ok
[INFO] [stdout] test auth::repo::tests::workspace_by_name_returns_lowest_id_on_duplicate_name ... ok
[INFO] [stdout] test fs::tests::read_path_denied_by_acl_returns_permission_denied ... ok
[INFO] [stdout] test fs::tests::read_path_denied_vs_absent_are_distinct ... ok
[INFO] [stdout] test fs::tests::read_path_not_in_acl_is_open ... ok
[INFO] [stdout] test fuse::resolve::tests::resolve_allowed_path ... ok
[INFO] [stdout] test fuse::resolve::tests::access_denied_errno_maps_to_eacces ... ok
[INFO] [stdout] test fuse::resolve::tests::resolve_overlay_acl_interaction ... ok
[INFO] [stdout] test fuse::resolve::tests::resolve_tombstone_is_enoent ... ok
[INFO] [stdout] test fuse::resolve::tests::resolve_acl_denied_is_eacces ... ok
[INFO] [stdout] test fuse::resolve::tests::size_acl_deny_is_eacces ... ok
[INFO] [stdout] test fuse::resolve::tests::resolve_read_upper_shadows_lower ... ok
[INFO] [stdout] test fuse::resolve::tests::size_base_file_equals_blob_length ... ok
[INFO] [stdout] test fuse::resolve::tests::size_directory_is_zero ... ok
[INFO] [stdout] test fuse::tests::absent_path_returns_none ... ok
[INFO] [stdout] test fuse::resolve::tests::size_overlay_write_wins ... ok
[INFO] [stdout] test fuse::resolve::tests::resolve_read_lower_layer_only ... ok
[INFO] [stdout] test fuse::resolve::tests::size_tombstone_is_enoent ... ok
[INFO] [stdout] test fuse::tests::cross_agent_isolation ... ok
[INFO] [stdout] test fuse::tests::delete_tombstone ... ok
[INFO] [stdout] test fuse::tests::read_fall_through ... ok
[INFO] [stdout] test fuse::tests::smoke_concurrent_agents ... ok
[INFO] [stdout] test fuse::tests::write_clears_tombstone ... ok
[INFO] [stdout] test fuse::translate::tests::attr_for_known_dir ... ok
[INFO] [stdout] test fuse::translate::tests::attr_for_known_file ... ok
[INFO] [stdout] test fuse::translate::tests::attr_for_missing ... ok
[INFO] [stdout] test fuse::translate::tests::attr_for_root ... ok
[INFO] [stdout] test fuse::translate::tests::errno_mapping ... ok
[INFO] [stdout] test fuse::translate::tests::read_dir_dedup ... ok
[INFO] [stdout] test fuse::translate::tests::read_dir_root ... ok
[INFO] [stdout] test fuse::tests::write_capture ... ok
[INFO] [stdout] test fuse::translate::tests::read_dir_missing ... ok
[INFO] [stdout] test fuse::translate::tests::read_slice_empty_file ... ok
[INFO] [stdout] test fuse::translate::tests::read_slice_offset_and_size ... ok
[INFO] [stdout] test fuse::translate::tests::read_slice_offset_plus_size_past_eof ... ok
[INFO] [stdout] test fuse::translate::tests::read_slice_on_dir_is_eisdir ... ok
[INFO] [stdout] test fuse::translate::tests::read_slice_past_eof_offset ... ok
[INFO] [stdout] test fuse::translate::tests::read_slice_zero_size ... ok
[INFO] [stdout] test index::tests::build_empty_root ... ok
[INFO] [stdout] test index::tests::build_flat_tree ... ok
[INFO] [stdout] test index::tests::build_missing_blob_errors ... ok
[INFO] [stdout] test index::tests::build_nested_tree ... ok
[INFO] [stdout] test ingest::tests::walk_empty_dir ... ok
[INFO] [stdout] test ingest::tests::walk_flat_dir ... ok
[INFO] [stdout] test fuse::translate::tests::read_dir_nested ... ok
[INFO] [stdout] test fuse::translate::tests::read_slice_full ... ok
[INFO] [stdout] test fuse::translate::tests::read_dir_on_file_is_enotdir ... ok
[INFO] [stdout] test fuse::translate::tests::read_slice_hydrate_count_exactly_one ... ok
[INFO] [stdout] test fuse::translate::tests::read_slice_missing ... ok
[INFO] [stdout] test ingest::tests::walk_nested_dir ... ok
[INFO] [stdout] test live_sync::tests::live_path_fetches_only_missing_blobs ... ok
[INFO] [stdout] test ingest::tests::walk_skips_git_dir ... ok
[INFO] [stdout] test ingest::tests::walk_idempotent ... ok
[INFO] [stdout] test live_sync::tests::reconcile_unknown_snapshot_returns_error ... ok
[INFO] [stdout] test live_sync::tests::socket_smoke ... ok
[INFO] [stdout] test autosync::tests::run_blocking_with_callback_fires_once_per_settle ... ok
[INFO] [stdout] test merge::tests::conflict_copy_path_deep_dir ... ok
[INFO] [stdout] test merge::tests::conflict_copy_path_hidden_file ... ok
[INFO] [stdout] test merge::tests::conflict_copy_path_no_extension ... ok
[INFO] [stdout] test merge::tests::conflict_copy_path_with_dir ... ok
[INFO] [stdout] test merge::tests::conflict_copy_path_with_extension ... ok
[INFO] [stdout] test merge::tests::deleted_state_not_inserted_into_merged ... ok
[INFO] [stdout] test merge::tests::disjoint_changes_auto_merge ... ok
[INFO] [stdout] test merge::tests::edit_vs_edit_yields_conflict_copy ... ok
[INFO] [stdout] test merge::tests::new_file_added_by_local_only ... ok
[INFO] [stdout] test merge::tests::unchanged_when_neither_side_changed ... ok
[INFO] [stdout] test merge::tests::same_content_both_sides_no_conflict ... ok
[INFO] [stdout] test merge::tests::winner_deletes_local_edits_gives_conflict_copy ... ok
[INFO] [stdout] test merge::tests::new_file_added_by_winner_only ... ok
[INFO] [stdout] test mount::tests::backend_enum_is_eq_and_clone ... ok
[INFO] [stdout] test live_sync::tests::polling_fallback_follows_multiple_advances ... ok
[INFO] [stdout] test merge::tests::winner_edits_local_deletes_edit_survives ... ok
[INFO] [stdout] test live_sync::tests::polling_fallback_reaches_same_state_as_live ... ok
[INFO] [stdout] test live_sync::tests::reconcile_to_same_snapshot_is_noop ... ok
[INFO] [stdout] test live_sync::tests::unsubscribe_stops_reconciles ... ok
[INFO] [stdout] test mount::tests::selected_backend_matches_target_os ... ok
[INFO] [stdout] test overlay::tests::agent_isolation ... ok
[INFO] [stdout] test overlay::tests::entries_for_agent_empty ... ok
[INFO] [stdout] test overlay::tests::delete_tombstone_and_restore ... ok
[INFO] [stdout] test overlay::tests::fork_returns_distinct_increasing_ids ... ok
[INFO] [stdout] test overlay::tests::entries_for_agent_ordered_by_path ... ok
[INFO] [stdout] test overlay::tests::read_fall_through ... ok
[INFO] [stdout] test overlay::tests::workspace_root_duplicate_errors ... ok
[INFO] [stdout] test overlay::tests::nested_paths_opaque ... ok
[INFO] [stdout] test overlay::tests::write_capture ... ok
[INFO] [stdout] test overlayfs::tests::overlay_options_absolute_paths ... ok
[INFO] [stdout] test overlay::tests::workspace_root_roundtrip ... ok
[INFO] [stdout] test auth::acl::tests::read_grant_blocks_write ... ok
[INFO] [stdout] test overlay::tests::resolve_unknown_agent_returns_base ... ok
[INFO] [stdout] test overlayfs::tests::overlay_options_relative_paths ... ok
[INFO] [stdout] test patch::tests::diff_trees_added ... ok
[INFO] [stdout] test patch::tests::diff_trees_deleted ... ok
[INFO] [stdout] test overlay::tests::workspace_root_absent_returns_none ... ok
[INFO] [stdout] test overlay::tests::init_schema_idempotent ... ok
[INFO] [stdout] test patch::tests::diff_trees_prune_unchanged_subtree ... ok
[INFO] [stdout] test patch::tests::diff_trees_public_api_smoke ... ok
[INFO] [stdout] test patch::tests::empty_agent_yields_empty_patch ... ok
[INFO] [stdout] test patch::tests::render_patch_binary_blob_is_annotated_not_diffed ... ok
[INFO] [stdout] test patch::tests::render_patch_text_modification_emits_unified_hunks ... ok
[INFO] [stdout] test patch::tests::modified_file_diff ... ok
[INFO] [stdout] test presign::tests::expired_stub_is_rejected ... ok
[INFO] [stdout] test patch::tests::new_file_diff ... ok
[INFO] [stdout] test patch::tests::diff_trees_modified ... ok
[INFO] [stdout] test patch::tests::tombstone_diff ... ok
[INFO] [stdout] test presign::tests::stub_presign_resolve_roundtrip ... ok
[INFO] [stdout] test patch::tests::fixture_structure ... ok
[INFO] [stdout] test presign::tests::tampered_object_path_is_rejected ... ok
[INFO] [stdout] test presign::tests::tampered_sig_is_rejected ... ok
[INFO] [stdout] test overlayfs::tests::mount_overlay_privilege_gated ... FAILED
[INFO] [stdout] test reconcile::tests::reconcile_fails_on_too_many_retries ... ok
[INFO] [stdout] test presign::tests::malformed_url_is_rejected ... ok
[INFO] [stdout] test reconcile::tests::reconcile_merges_disjoint_changes ... ok
[INFO] [stdout] test ref_advance::tests::first_write_cas_fails_when_ref_exists ... ok
[INFO] [stdout] test ref_advance::tests::first_write_cas_succeeds_when_absent ... ok
[INFO] [stdout] test ref_advance::tests::racing_advances_first_writer_wins ... ok
[INFO] [stdout] test ref_advance::tests::update_cas_fails_when_expected_stale ... ok
[INFO] [stdout] test ref_advance::tests::update_cas_succeeds_when_expected_matches ... ok
[INFO] [stdout] test remote::tests::get_blob_absent_returns_none ... ok
[INFO] [stdout] test patch::tests::diff_trees_identical_roots_empty_and_no_loads ... ok
[INFO] [stdout] test ref_advance::tests::read_absent_ref_returns_none ... ok
[INFO] [stdout] test ref_advance::tests::update_cas_when_ref_absent_returns_mismatch ... ok
[INFO] [stdout] test remote::tests::presign_url_get_op_differs_from_put ... ok
[INFO] [stdout] test remote::tests::presign_url_get_no_workspace ... ok
[INFO] [stdout] test remote::tests::presign_url_put_with_workspace ... ok
[INFO] [stdout] test remote::tests::put_blob_get_blob_roundtrip ... ok
[INFO] [stdout] test remote::tests::put_blob_idempotent ... ok
[INFO] [stdout] test remote::tests::read_head_fresh_workspace_is_none ... ok
[INFO] [stdout] test remote::tests::remote_implements_store_for_index_build ... ok
[INFO] [stdout] test remote::tests::update_head_current_version_succeeds ... ok
[INFO] [stdout] test remote::tests::update_head_stale_version_is_conflict ... ok
[INFO] [stdout] test remote::tests::init_head_then_read_head_round_trips ... ok
[INFO] [stdout] test run_in_workspace::tests::discard_path_destroys_overlay_only ... ok
[INFO] [stdout] test remote::tests::init_head_twice_is_conflict ... ok
[INFO] [stdout] test remote::tests::local_backend_roundtrip ... ok
[INFO] [stdout] test run_in_workspace::tests::mount_failure_destroys_forked_overlay ... ok
[INFO] [stdout] test run_in_workspace::tests::no_orphan_invariant_across_multiple_runs ... ok
[INFO] [stdout] test run_in_workspace::tests::fork_failure_returns_error_and_no_orphan ... ok
[INFO] [stdout] test run_in_workspace::tests::keep_path_promotes_and_cleans_overlay ... ok
[INFO] [stdout] test run_in_workspace::tests::panic_path_destroys_overlay_and_returns_error ... ok
[INFO] [stdout] test run_in_workspace::tests::promote_failure_destroys_overlay ... ok
[INFO] [stdout] test serve::tests::conflict_short_hash_is_first_8_chars_of_incoming ... ok
[INFO] [stdout] test serve::tests::first_push_with_expected_overwrites ... ok
[INFO] [stdout] test serve::tests::matching_expected_overwrites ... ok
[INFO] [stdout] test serve::tests::mismatching_expected_produces_conflict ... ok
[INFO] [stdout] test serve::tests::no_expected_always_overwrites ... ok
[INFO] [stdout] test store::tests::inmemory_store_list ... ok
[INFO] [stdout] test run_in_workspace::tests::fork_generates_deterministic_ids ... ok
[INFO] [stdout] test store::tests::sqlite_store_roundtrip ... ok
[INFO] [stdout] test store::tests::sqlite_store_upsert ... ok
[INFO] [stdout] test sync::tests::poll_once_empty_tree_yields_updated_zero_files ... ok
[INFO] [stdout] test sync::tests::poll_once_empty_when_no_head ... ok
[INFO] [stdout] test store::tests::sqlite_store_remove_and_list ... ok
[INFO] [stdout] test sync::tests::poll_once_unchanged_when_head_stable ... ok
[INFO] [stdout] test sync::tests::poll_once_updated_after_head_advances ... ok
[INFO] [stdout] test sync::tests::poll_once_updated_on_first_head ... ok
[INFO] [stdout] test store::tests::inmemory_store_remove ... ok
[INFO] [stdout] test tree::tests::deserialize_empty ... ok
[INFO] [stdout] test store::tests::inmemory_store_roundtrip ... ok
[INFO] [stdout] test tree::tests::deserialize_truncated_body ... ok
[INFO] [stdout] test tree::tests::serialize_deserialize_roundtrip ... ok
[INFO] [stdout] test tree::tests::deserialize_truncated_header ... ok
[INFO] [stdout] test tree::tests::serialize_determinism ... ok
[INFO] [stdout] test workspace::tests::test_destroy_nonexistent_errors ... ok
[INFO] [stdout] test workspace::tests::test_isolation ... ok
[INFO] [stdout] test workspace::tests::test_ttl_sweep ... ok
[INFO] [stdout] test workspace::tests::test_ttl_sweep_not_yet_expired ... ok
[INFO] [stdout] test ws_diff::tests::detect_overlaps_dedupes_same_workspace ... ok
[INFO] [stdout] test ws_diff::tests::detect_overlaps_flags_shared_path ... ok
[INFO] [stdout] test ws_diff::tests::group_by_base_groups_shared_base ... ok
[INFO] [stdout] test ws_diff::tests::render_group_report_contains_overlap_section ... ok
[INFO] [stdout] test auth::acl::tests::org_member_allowed_via_org_grant ... ok
[INFO] [stdout] test tree::tests::serialize_single_entry_byte_stable ... ok
[INFO] [stdout] test workspace::tests::test_destroy_clean ... ok
[INFO] [stdout] test sync::tests::run_stops_on_flag ... ok
[INFO] [stdout] test remote::tests::get_blob_fallback_returns_err_on_unreachable_server ... ok
[INFO] [stdout] test remote::tests::put_blob_fallback_returns_err_on_unreachable_server ... ok
[INFO] [stdout] test presign::tests::stub_put_then_fetch_byte_correct ... ok
[INFO] [stdout] test auth::token::tests::wrong_tokens_rejected ... ok
[INFO] [stdout] test auth::token::tests::expired_token_rejected ... ok
[INFO] [stdout] test auth::token::tests::plaintext_not_persisted ... ok
[INFO] [stdout] test auth::token::tests::roundtrip_mint_validate ... ok
[INFO] [stdout] test auth::token::tests::revoked_token_rejected ... ok
[INFO] [stdout] test auth::repo::tests::workspace_owner_user_and_org_and_unknown ... ok
[INFO] [stdout] test overlay::fork_tests::fork_workspace_cow_invariants ... ok
[INFO] [stdout] test autosync::tests::notify_watch_source_smoke_real_fs ... ok
[INFO] [stdout] 
[INFO] [stdout] failures:
[INFO] [stdout] 
[INFO] [stdout] ---- overlayfs::tests::mount_overlay_privilege_gated stdout ----
[INFO] [stdout] 
[INFO] [stdout] thread 'overlayfs::tests::mount_overlay_privilege_gated' (4261) panicked at src/overlayfs.rs:179:55:
[INFO] [stdout] mount_overlay must succeed as root: mount overlayfs at /tmp/.tmpwaLmm5/mnt: EPERM: Operation not permitted
[INFO] [stdout] 
[INFO] [stdout] Stack backtrace:
[INFO] [stdout]    0: <anyhow::Error>::msg::<alloc::string::String>
[INFO] [stdout]    1: devdropbox::overlayfs::mount_overlay::{closure#0}
[INFO] [stdout]    2: <devdropbox::overlayfs::tests::mount_overlay_privilege_gated::{closure#0} as core::ops::function::FnOnce<()>>::call_once
[INFO] [stdout]    3: test::__rust_begin_short_backtrace::<core::result::Result<(), alloc::string::String>, fn() -> core::result::Result<(), alloc::string::String>>
[INFO] [stdout]    4: test::run_test::{closure#0}
[INFO] [stdout]    5: std::sys::backtrace::__rust_begin_short_backtrace::<test::run_test::{closure#1}, ()>
[INFO] [stdout]    6: <std::thread::lifecycle::spawn_unchecked<test::run_test::{closure#1}, ()>::{closure#1} as core::ops::function::FnOnce<()>>::call_once::{shim:vtable#0}
[INFO] [stdout]    7: <std::sys::thread::unix::Thread>::new::thread_start
[INFO] [stdout]    8: <unknown>
[INFO] [stdout]    9: clone
[INFO] [stdout] stack backtrace:
[INFO] [stdout]    0:     0x6541a56d0311 - <<std[617be2ca0a6fd877]::sys::backtrace::BacktraceLock>::print::DisplayBacktrace as core[a373ad73a504971]::fmt::Display>::fmt
[INFO] [stdout]    1:     0x6541a56e8e8a - core[a373ad73a504971]::fmt::write
[INFO] [stdout]    2:     0x6541a56d5a1c - <alloc[2e1b2a31b91974c5]::vec::Vec<u8> as core[a373ad73a504971]::io::write::Write>::write_fmt
[INFO] [stdout]    3:     0x6541a56a70b6 - std[617be2ca0a6fd877]::panicking::default_hook::{closure#0}
[INFO] [stdout]    4:     0x6541a56c6129 - std[617be2ca0a6fd877]::panicking::default_hook
[INFO] [stdout]    5:     0x6541a51e3760 - test[aada8e7e76ba119b]::test_main_inner::{closure#0}
[INFO] [stdout]    6:     0x6541a56c6452 - std[617be2ca0a6fd877]::panicking::panic_with_hook
[INFO] [stdout]    7:     0x6541a56a7162 - std[617be2ca0a6fd877]::panicking::panic_handler::{closure#0}
[INFO] [stdout]    8:     0x6541a569f3e9 - std[617be2ca0a6fd877]::sys::backtrace::__rust_end_short_backtrace::<std[617be2ca0a6fd877]::panicking::panic_handler::{closure#0}, !>
[INFO] [stdout]    9:     0x6541a56a824d - __rustc[ea4f61d10b84890b]::rust_begin_unwind
[INFO] [stdout]   10:     0x6541a56e95ec - core[a373ad73a504971]::panicking::panic_fmt
[INFO] [stdout]   11:     0x6541a56e93c2 - core[a373ad73a504971]::result::unwrap_failed
[INFO] [stdout]   12:     0x6541a50cff24 - <devdropbox[486896c407b2ffc3]::overlayfs::tests::mount_overlay_privilege_gated::{closure#0} as core[a373ad73a504971]::ops::function::FnOnce<()>>::call_once
[INFO] [stdout]   13:     0x6541a51d6bab - test[aada8e7e76ba119b]::__rust_begin_short_backtrace::<core[a373ad73a504971]::result::Result<(), alloc[2e1b2a31b91974c5]::string::String>, fn() -> core[a373ad73a504971]::result::Result<(), alloc[2e1b2a31b91974c5]::string::String>>
[INFO] [stdout]   14:     0x6541a51e3d85 - test[aada8e7e76ba119b]::run_test::{closure#0}
[INFO] [stdout]   15:     0x6541a51dd674 - std[617be2ca0a6fd877]::sys::backtrace::__rust_begin_short_backtrace::<test[aada8e7e76ba119b]::run_test::{closure#1}, ()>
[INFO] [stdout]   16:     0x6541a51e6e12 - <std[617be2ca0a6fd877]::thread::lifecycle::spawn_unchecked<test[aada8e7e76ba119b]::run_test::{closure#1}, ()>::{closure#1} as core[a373ad73a504971]::ops::function::FnOnce<()>>::call_once::{shim:vtable#0}
[INFO] [stdout]   17:     0x6541a56ceecf - <std[617be2ca0a6fd877]::sys::thread::unix::Thread>::new::thread_start
[INFO] [stdout]   18:     0x745b8a4a1dfa - <unknown>
[INFO] [stdout]   19:     0x745b8a5353d4 - clone
[INFO] [stdout]   20:                0x0 - <unknown>
[INFO] [stdout] 
[INFO] [stdout] 
[INFO] [stdout] failures:
[INFO] [stdout]     overlayfs::tests::mount_overlay_privilege_gated
[INFO] [stdout] 
[INFO] [stdout] test result: FAILED. 261 passed; 1 failed; 0 ignored; 0 measured; 0 filtered out; finished in 1.05s
[INFO] [stdout] 
[INFO] [stderr] error: test failed, to rerun pass `--lib`
[INFO] running `Command { std: "docker" "inspect" "339d81a157ddecacec0197acae0e1d1ba0fe5a6f47a3993a7585f48c93c70a70", kill_on_drop: false }`
[INFO] running `Command { std: "docker" "rm" "-f" "339d81a157ddecacec0197acae0e1d1ba0fe5a6f47a3993a7585f48c93c70a70", kill_on_drop: false }`
[INFO] [stdout] 339d81a157ddecacec0197acae0e1d1ba0fe5a6f47a3993a7585f48c93c70a70
