[INFO] cloning repository https://github.com/4j17h/resourcer
[INFO] running `Command { std: "git" "-c" "credential.helper=" "-c" "credential.helper=/workspace/cargo-home/bin/git-credential-null" "clone" "--bare" "https://github.com/4j17h/resourcer" "/workspace/cache/git-repos/https%3A%2F%2Fgithub.com%2F4j17h%2Fresourcer", kill_on_drop: false }`
[INFO] [stderr] Cloning into bare repository '/workspace/cache/git-repos/https%3A%2F%2Fgithub.com%2F4j17h%2Fresourcer'...
[INFO] running `Command { std: "git" "rev-parse" "HEAD", kill_on_drop: false }`
[INFO] [stdout] fb8bd0c438e359ad0bb064f57d25e47b94b08b6d
[INFO] testing 4j17h/resourcer against 1.100.0-beta.1+cargoflags=--release for beta-release-1.100-2
[INFO] running `Command { std: "git" "clone" "/workspace/cache/git-repos/https%3A%2F%2Fgithub.com%2F4j17h%2Fresourcer" "/workspace/builds/worker-2-tc2/source", kill_on_drop: false }`
[INFO] [stderr] Cloning into '/workspace/builds/worker-2-tc2/source'...
[INFO] [stderr] done.
[INFO] started tweaking git repo https://github.com/4j17h/resourcer
[INFO] finished tweaking git repo https://github.com/4j17h/resourcer
[INFO] tweaked toml for git repo https://github.com/4j17h/resourcer written to /workspace/builds/worker-2-tc2/source/Cargo.toml
[INFO] validating manifest of git repo https://github.com/4j17h/resourcer on toolchain 1.100.0-beta.1
[INFO] running `Command { std: CARGO_HOME="/workspace/cargo-home" RUSTUP_HOME="/workspace/rustup-home" "/workspace/cargo-home/bin/cargo" "+1.100.0-beta.1" "metadata" "--manifest-path" "Cargo.toml" "--no-deps", kill_on_drop: false }`
[INFO] crate git repo https://github.com/4j17h/resourcer already has a lockfile, it will not be regenerated
[INFO] running `Command { std: CARGO_HOME="/workspace/cargo-home" RUSTUP_HOME="/workspace/rustup-home" "/workspace/cargo-home/bin/cargo" "+1.100.0-beta.1" "fetch" "--manifest-path" "Cargo.toml", kill_on_drop: false }`
[INFO] running `Command { std: "docker" "create" "-v" "/var/lib/crater-agent-workspace/builds/worker-2-tc2/source:/opt/rustwide/workdir:ro,Z" "-v" "/var/lib/crater-agent-workspace/builds/worker-2-tc2/target:/opt/rustwide/target:rw,Z" "-v" "/var/lib/crater-agent-workspace/cargo-home:/opt/rustwide/cargo-home:ro,Z" "-v" "/var/lib/crater-agent-workspace/rustup-home:/opt/rustwide/rustup-home:ro,Z" "-m" "1610612736" "--network" "none" "ghcr.io/rust-lang/crates-build-env/linux@sha256:77db811e55d90add9212f6832c23229e3de5f1c1f9905e8cb07319ea15df73ac" "sleep" "infinity", kill_on_drop: false }`
[INFO] [stdout] c27cf3987ee477f9be1a44cef2a3ee05d967d5d95f5ca56c141350d975550bbb
[INFO] running `Command { std: "docker" "start" "c27cf3987ee477f9be1a44cef2a3ee05d967d5d95f5ca56c141350d975550bbb", kill_on_drop: false }`
[INFO] running `Command { std: "docker" "inspect" "c27cf3987ee477f9be1a44cef2a3ee05d967d5d95f5ca56c141350d975550bbb", kill_on_drop: false }`
[INFO] running `Command { std: "docker" "exec" "-e" "SOURCE_DIR=/opt/rustwide/workdir" "-e" "CARGO_HOME=/opt/rustwide/cargo-home" "-e" "RUSTUP_HOME=/opt/rustwide/rustup-home" "-e" "CARGO_TARGET_DIR=/opt/rustwide/target" "-w" "/opt/rustwide/workdir" "--user" "0:0" "c27cf3987ee477f9be1a44cef2a3ee05d967d5d95f5ca56c141350d975550bbb" "/opt/rustwide/cargo-home/bin/cargo" "+1.100.0-beta.1" "metadata" "--no-deps" "--format-version=1", kill_on_drop: false }`
[INFO] running `Command { std: "docker" "inspect" "c27cf3987ee477f9be1a44cef2a3ee05d967d5d95f5ca56c141350d975550bbb", kill_on_drop: false }`
[INFO] running `Command { std: "docker" "exec" "-e" "SOURCE_DIR=/opt/rustwide/workdir" "-e" "CARGO_HOME=/opt/rustwide/cargo-home" "-e" "RUSTUP_HOME=/opt/rustwide/rustup-home" "-e" "CARGO_TARGET_DIR=/opt/rustwide/target" "-e" "CARGO_INCREMENTAL=0" "-e" "RUST_BACKTRACE=full" "-e" "RUSTFLAGS=--cap-lints=warn" "-e" "RUSTDOCFLAGS=--cap-lints=warn" "-w" "/opt/rustwide/workdir" "--user" "0:0" "c27cf3987ee477f9be1a44cef2a3ee05d967d5d95f5ca56c141350d975550bbb" "/opt/rustwide/cargo-home/bin/cargo" "+1.100.0-beta.1" "build" "--frozen" "--message-format=json" "--release", kill_on_drop: false }`
[INFO] [stderr]    Compiling proc-macro2 v1.0.95
[INFO] [stderr]    Compiling unicode-ident v1.0.18
[INFO] [stderr]    Compiling libc v0.2.174
[INFO] [stderr]    Compiling shlex v1.3.0
[INFO] [stderr]    Compiling cfg-if v1.0.1
[INFO] [stderr]    Compiling version_check v0.9.5
[INFO] [stderr]    Compiling stable_deref_trait v1.2.0
[INFO] [stderr]    Compiling pin-project-lite v0.2.16
[INFO] [stderr]    Compiling once_cell v1.21.3
[INFO] [stderr]    Compiling bytes v1.10.1
[INFO] [stderr]    Compiling serde v1.0.219
[INFO] [stderr]    Compiling memchr v2.7.5
[INFO] [stderr]    Compiling cc v1.2.29
[INFO] [stderr]    Compiling itoa v1.0.15
[INFO] [stderr]    Compiling smallvec v1.15.1
[INFO] [stderr]    Compiling futures-core v0.3.31
[INFO] [stderr]    Compiling writeable v0.6.1
[INFO] [stderr]    Compiling litemap v0.8.0
[INFO] [stderr]    Compiling icu_normalizer_data v2.0.0
[INFO] [stderr]    Compiling icu_properties_data v2.0.1
[INFO] [stderr]    Compiling percent-encoding v2.3.1
[INFO] [stderr]    Compiling futures-sink v0.3.31
[INFO] [stderr]    Compiling quote v1.0.40
[INFO] [stderr]    Compiling autocfg v1.5.0
[INFO] [stderr]    Compiling syn v2.0.104
[INFO] [stderr]    Compiling tracing-core v0.1.34
[INFO] [stderr]    Compiling slab v0.4.10
[INFO] [stderr]    Compiling futures-channel v0.3.31
[INFO] [stderr]    Compiling mio v1.0.4
[INFO] [stderr]    Compiling socket2 v0.5.10
[INFO] [stderr]    Compiling futures-io v0.3.31
[INFO] [stderr]    Compiling pin-utils v0.1.0
[INFO] [stderr]    Compiling zerocopy v0.8.26
[INFO] [stderr]    Compiling utf8_iter v1.0.4
[INFO] [stderr]    Compiling pkg-config v0.3.32
[INFO] [stderr]    Compiling fnv v1.0.7
[INFO] [stderr]    Compiling futures-task v0.3.31
[INFO] [stderr]    Compiling vcpkg v0.2.15
[INFO] [stderr]    Compiling http v1.3.1
[INFO] [stderr]    Compiling num-traits v0.2.19
[INFO] [stderr]    Compiling form_urlencoded v1.2.1
[INFO] [stderr]    Compiling ahash v0.8.12
[INFO] [stderr]    Compiling bitflags v2.9.1
[INFO] [stderr]    Compiling ring v0.17.14
[INFO] [stderr]    Compiling new_debug_unreachable v1.0.6
[INFO] [stderr]    Compiling rustc-hash v2.1.1
[INFO] [stderr]    Compiling openssl-sys v0.9.109
[INFO] [stderr]    Compiling zeroize v1.8.1
[INFO] [stderr]    Compiling rand_core v0.6.4
[INFO] [stderr]    Compiling siphasher v1.0.1
[INFO] [stderr]    Compiling typenum v1.18.0
[INFO] [stderr]    Compiling httparse v1.10.1
[INFO] [stderr]    Compiling hashbrown v0.15.4
[INFO] [stderr]    Compiling allocator-api2 v0.2.21
[INFO] [stderr]    Compiling equivalent v1.0.2
[INFO] [stderr]    Compiling phf_shared v0.11.3
[INFO] [stderr]    Compiling http-body v1.0.1
[INFO] [stderr]    Compiling rustls-pki-types v1.12.0
[INFO] [stderr]    Compiling rand v0.8.5
[INFO] [stderr]    Compiling getrandom v0.2.16
[INFO] [stderr]    Compiling indexmap v2.10.0
[INFO] [stderr]    Compiling generic-array v0.14.7
[INFO] [stderr]    Compiling either v1.15.0
[INFO] [stderr]    Compiling try-lock v0.2.5
[INFO] [stderr]    Compiling anyhow v1.0.98
[INFO] [stderr]    Compiling untrusted v0.9.0
[INFO] [stderr]    Compiling tower-service v0.3.3
[INFO] [stderr]    Compiling heck v0.5.0
[INFO] [stderr]    Compiling atomic-waker v1.1.2
[INFO] [stderr]    Compiling openssl v0.10.73
[INFO] [stderr]    Compiling log v0.4.27
[INFO] [stderr]    Compiling foreign-types-shared v0.1.1
[INFO] [stderr]    Compiling crossbeam-utils v0.8.21
[INFO] [stderr]    Compiling foreign-types v0.3.2
[INFO] [stderr]    Compiling want v0.3.1
[INFO] [stderr]    Compiling phf_generator v0.11.3
[INFO] [stderr]    Compiling num-integer v0.1.46
[INFO] [stderr]    Compiling hashbrown v0.14.5
[INFO] [stderr]    Compiling psm v0.1.26
[INFO] [stderr]    Compiling ryu v1.0.20
[INFO] [stderr]    Compiling crc32fast v1.5.0
[INFO] [stderr]    Compiling num-conv v0.1.0
[INFO] [stderr]    Compiling serde_json v1.0.140
[INFO] [stderr]    Compiling scoped-tls v1.0.1
[INFO] [stderr]    Compiling native-tls v0.2.14
[INFO] [stderr]    Compiling time-core v0.1.4
[INFO] [stderr]    Compiling alloc-no-stdlib v2.0.4
[INFO] [stderr]    Compiling powerfmt v0.2.0
[INFO] [stderr]    Compiling rustls v0.23.29
[INFO] [stderr]    Compiling time-macros v0.2.22
[INFO] [stderr]    Compiling alloc-stdlib v0.2.2
[INFO] [stderr]    Compiling better_scoped_tls v1.0.1
[INFO] [stderr]    Compiling deranged v0.4.0
[INFO] [stderr]    Compiling swc_visit v2.0.1
[INFO] [stderr]    Compiling synstructure v0.13.2
[INFO] [stderr]    Compiling swc_macros_common v1.0.1
[INFO] [stderr]    Compiling stacker v0.1.21
[INFO] [stderr]    Compiling smartstring v1.0.1
[INFO] [stderr]    Compiling cookie v0.18.1
[INFO] [stderr]    Compiling subtle v2.6.1
[INFO] [stderr]    Compiling adler2 v2.0.1
[INFO] [stderr]    Compiling radium v0.7.0
[INFO] [stderr]    Compiling ipnet v2.11.0
[INFO] [stderr]    Compiling siphasher v0.3.11
[INFO] [stderr]    Compiling unicode-id-start v1.3.1
[INFO] [stderr]    Compiling openssl-probe v0.1.6
[INFO] [stderr]    Compiling base64 v0.22.1
[INFO] [stderr]    Compiling unicode-width v0.1.14
[INFO] [stderr]    Compiling time v0.3.41
[INFO] [stderr]    Compiling miniz_oxide v0.8.9
[INFO] [stderr]    Compiling crossbeam-epoch v0.9.18
[INFO] [stderr]    Compiling brotli-decompressor v5.0.0
[INFO] [stderr]    Compiling aho-corasick v1.1.3
[INFO] [stderr]    Compiling sync_wrapper v1.0.2
[INFO] [stderr]    Compiling tap v1.0.1
[INFO] [stderr]    Compiling regex-syntax v0.8.5
[INFO] [stderr]    Compiling zerofrom-derive v0.1.6
[INFO] [stderr]    Compiling yoke-derive v0.8.0
[INFO] [stderr]    Compiling zerovec-derive v0.11.1
[INFO] [stderr]    Compiling displaydoc v0.2.5
[INFO] [stderr]    Compiling zerofrom v0.1.6
[INFO] [stderr]    Compiling yoke v0.8.0
[INFO] [stderr]    Compiling serde_derive v1.0.219
[INFO] [stderr]    Compiling zerotrie v0.2.2
[INFO] [stderr]    Compiling zerovec v0.11.2
[INFO] [stderr]    Compiling tokio-macros v2.5.0
[INFO] [stderr]    Compiling tokio v1.46.1
[INFO] [stderr]    Compiling tinystr v0.8.1
[INFO] [stderr]    Compiling icu_locale_core v2.0.0
[INFO] [stderr]    Compiling potential_utf v0.1.2
[INFO] [stderr]    Compiling icu_collections v2.0.0
[INFO] [stderr]    Compiling icu_provider v2.0.0
[INFO] [stderr]    Compiling tracing-attributes v0.1.30
[INFO] [stderr]    Compiling icu_properties v2.0.1
[INFO] [stderr]    Compiling icu_normalizer v2.0.0
[INFO] [stderr]    Compiling futures-macro v0.3.31
[INFO] [stderr]    Compiling tracing v0.1.41
[INFO] [stderr]    Compiling futures-util v0.3.31
[INFO] [stderr]    Compiling openssl-macros v0.1.1
[INFO] [stderr]    Compiling idna_adapter v1.2.1
[INFO] [stderr]    Compiling idna v1.0.3
[INFO] [stderr]    Compiling tokio-util v0.7.15
[INFO] [stderr]    Compiling phf_macros v0.11.3
[INFO] [stderr]    Compiling url v2.5.4
[INFO] [stderr]    Compiling triomphe v0.1.14
[INFO] [stderr]    Compiling h2 v0.4.11
[INFO] [stderr]    Compiling hstr v2.0.0
[INFO] [stderr]    Compiling swc_atoms v7.0.0
[INFO] [stderr]    Compiling rustls-webpki v0.103.4
[INFO] [stderr]    Compiling bytes-str v0.2.7
[INFO] [stderr]    Compiling num-bigint v0.4.6
[INFO] [stderr]    Compiling ast_node v3.0.3
[INFO] [stderr]    Compiling swc_eq_ignore_macros v1.0.1
[INFO] [stderr]    Compiling from_variant v2.0.2
[INFO] [stderr]    Compiling phf v0.11.3
[INFO] [stderr]    Compiling swc_common v14.0.0
[INFO] [stderr]    Compiling is-macro v0.3.7
[INFO] [stderr]    Compiling hyper v1.6.0
[INFO] [stderr]    Compiling string_enum v1.0.2
[INFO] [stderr]    Compiling hyper-util v0.1.15
[INFO] [stderr]    Compiling tower-layer v0.3.3
[INFO] [stderr]    Compiling psl-types v2.0.11
[INFO] [stderr]    Compiling litrs v0.4.1
[INFO] [stderr]    Compiling rayon-core v1.12.1
[INFO] [stderr]    Compiling static_assertions v1.1.0
[INFO] [stderr]    Compiling publicsuffix v2.3.0
[INFO] [stderr]    Compiling tower v0.5.2
[INFO] [stderr]    Compiling document-features v0.2.11
[INFO] [stderr]    Compiling swc_ecma_ast v14.0.0
[INFO] [stderr]    Compiling tokio-native-tls v0.3.1
[INFO] [stderr]    Compiling regex-automata v0.4.9
[INFO] [stderr]    Compiling tokio-rustls v0.26.2
[INFO] [stderr]    Compiling brotli v8.0.1
[INFO] [stderr]    Compiling wyz v0.5.1
[INFO] [stderr]    Compiling flate2 v1.1.2
[INFO] [stderr]    Compiling crossbeam-deque v0.8.6
[INFO] [stderr]    Compiling block-buffer v0.10.4
[INFO] [stderr]    Compiling crypto-common v0.1.6
[INFO] [stderr]    Compiling webpki-roots v1.0.1
[INFO] [stderr]    Compiling http-body-util v0.1.3
[INFO] [stderr]    Compiling uuid v1.17.0
[INFO] [stderr]    Compiling seq-macro v0.3.6
[INFO] [stderr]    Compiling thiserror v2.0.12
[INFO] [stderr]    Compiling outref v0.5.2
[INFO] [stderr]    Compiling arrayvec v0.7.6
[INFO] [stderr]    Compiling utf8parse v0.2.2
[INFO] [stderr]    Compiling iri-string v0.7.8
[INFO] [stderr]    Compiling funty v2.0.0
[INFO] [stderr]    Compiling vsimd v0.8.0
[INFO] [stderr]    Compiling base64-simd v0.8.0
[INFO] [stderr]    Compiling regex v1.11.1
[INFO] [stderr]    Compiling bitvec v1.0.1
[INFO] [stderr]    Compiling tower-http v0.6.6
[INFO] [stderr]    Compiling async-compression v0.4.27
[INFO] [stderr]    Compiling swc_ecma_lexer v20.0.1
[INFO] [stderr]    Compiling anstyle-parse v0.2.7
[INFO] [stderr]    Compiling debugid v0.8.0
[INFO] [stderr]    Compiling hyper-tls v0.6.0
[INFO] [stderr]    Compiling hyper-rustls v0.27.7
[INFO] [stderr]    Compiling digest v0.10.7
[INFO] [stderr]    Compiling cookie_store v0.21.1
[INFO] [stderr]    Compiling futures-executor v0.3.31
[INFO] [stderr]    Compiling serde_urlencoded v0.7.1
[INFO] [stderr]    Compiling thiserror-impl v2.0.12
[INFO] [stderr]    Compiling encoding_rs v0.8.35
[INFO] [stderr]    Compiling mime v0.3.17
[INFO] [stderr]    Compiling if_chain v1.0.2
[INFO] [stderr]    Compiling anstyle-query v1.1.3
[INFO] [stderr]    Compiling colorchoice v1.0.4
[INFO] [stderr]    Compiling data-encoding v2.9.0
[INFO] [stderr]    Compiling cpufeatures v0.2.17
[INFO] [stderr]    Compiling same-file v1.0.6
[INFO] [stderr]    Compiling is_terminal_polyfill v1.70.1
[INFO] [stderr]    Compiling iana-time-zone v0.1.63
[INFO] [stderr]    Compiling anstyle v1.0.11
[INFO] [stderr]    Compiling anstream v0.6.19
[INFO] [stderr]    Compiling chrono v0.4.41
[INFO] [stderr]    Compiling reqwest v0.12.22
[INFO] [stderr]    Compiling walkdir v2.5.0
[INFO] [stderr]    Compiling sourcemap v9.2.2
[INFO] [stderr]    Compiling sha2 v0.10.9
[INFO] [stderr]    Compiling swc_ecma_parser v20.0.0
[INFO] [stderr]    Compiling rayon v1.10.0
[INFO] [stderr]    Compiling futures v0.3.31
[INFO] [stderr]    Compiling async-trait v0.1.88
[INFO] [stderr]    Compiling clap_lex v0.7.5
[INFO] [stderr]    Compiling strsim v0.11.1
[INFO] [stderr]    Compiling clap_builder v4.5.41
[INFO] [stderr]    Compiling clap_derive v4.5.41
[INFO] [stderr]    Compiling resourcer_core v0.0.1 (/opt/rustwide/workdir/crates/core)
[INFO] [stdout] warning: unused variable: `client`
[INFO] [stdout]   --> crates/core/src/download_manager.rs:42:13
[INFO] [stdout]    |
[INFO] [stdout] 42 |         let client = client.clone();
[INFO] [stdout]    |             ^^^^^^ help: if this is intentional, prefix it with an underscore: `_client`
[INFO] [stdout]    |
[INFO] [stdout]    = note: `#[warn(unused_variables)]` (part of `#[warn(unused)]`) on by default
[INFO] [stdout] 
[INFO] [stdout] 
[INFO] [stdout] warning: static `CHUNK_ARRAY_RE` is never used
[INFO] [stdout]    --> crates/core/src/webpack.rs:105:12
[INFO] [stdout]     |
[INFO] [stdout] 105 |     static CHUNK_ARRAY_RE: Lazy<Regex> = Lazy::new(|| {
[INFO] [stdout]     |            ^^^^^^^^^^^^^^
[INFO] [stdout]     |
[INFO] [stdout]     = note: `#[warn(dead_code)]` (part of `#[warn(unused)]`) on by default
[INFO] [stdout] 
[INFO] [stdout] 
[INFO] [stderr]    Compiling is-terminal v0.4.16
[INFO] [stderr]    Compiling humantime v2.2.0
[INFO] [stderr]    Compiling termcolor v1.4.1
[INFO] [stderr]    Compiling env_logger v0.10.2
[INFO] [stderr]    Compiling clap v4.5.41
[INFO] [stderr]    Compiling detectors v0.0.1 (/opt/rustwide/workdir/crates/detectors)
[INFO] [stderr]    Compiling resourcer_cli v0.1.0 (/opt/rustwide/workdir/crates/cli)
[INFO] [stderr] warning: unused dependency `resourcer_core`
[INFO] [stderr]  --> crates/detectors/Cargo.toml:7:1
[INFO] [stderr]   |
[INFO] [stderr] 7 | resourcer_core = { path = "../core" }
[INFO] [stderr]   | ^^^^^^^^^^^^^^^^^^^^^^^^^^^^^^^^^^^^^
[INFO] [stderr]   |
[INFO] [stderr]   = note: `cargo::unused_dependencies` is set to `warn` by default
[INFO] [stderr] help: consider removing the dependency on `resourcer_core`
[INFO] [stderr] warning: `detectors` (manifest) generated 1 warning
[INFO] [stderr] warning: unused dependency `rayon`
[INFO] [stderr]   --> crates/core/Cargo.toml:22:1
[INFO] [stderr]    |
[INFO] [stderr] 22 | rayon = "1"
[INFO] [stderr]    | ^^^^^^^^^^^
[INFO] [stderr]    |
[INFO] [stderr]    = note: `cargo::unused_dependencies` is set to `warn` by default
[INFO] [stderr] help: consider removing the dependency on `rayon`
[INFO] [stderr] warning: `resourcer_core` (manifest) generated 1 warning
[INFO] [stderr]     Finished `release` profile [optimized] target(s) in 7m 05s
[INFO] running `Command { std: "docker" "inspect" "c27cf3987ee477f9be1a44cef2a3ee05d967d5d95f5ca56c141350d975550bbb", kill_on_drop: false }`
[INFO] running `Command { std: "docker" "exec" "-e" "SOURCE_DIR=/opt/rustwide/workdir" "-e" "CARGO_HOME=/opt/rustwide/cargo-home" "-e" "RUSTUP_HOME=/opt/rustwide/rustup-home" "-e" "CARGO_TARGET_DIR=/opt/rustwide/target" "-e" "CARGO_INCREMENTAL=0" "-e" "RUST_BACKTRACE=full" "-e" "RUSTFLAGS=--cap-lints=warn" "-e" "RUSTDOCFLAGS=--cap-lints=warn" "-w" "/opt/rustwide/workdir" "--user" "0:0" "c27cf3987ee477f9be1a44cef2a3ee05d967d5d95f5ca56c141350d975550bbb" "/opt/rustwide/cargo-home/bin/cargo" "+1.100.0-beta.1" "test" "--frozen" "--no-run" "--message-format=json" "--release", kill_on_drop: false }`
[INFO] [stderr]    Compiling futures-io v0.3.31
[INFO] [stderr]    Compiling signal-hook-registry v1.4.5
[INFO] [stderr]    Compiling bitflags v2.9.1
[INFO] [stderr]    Compiling phf_shared v0.11.3
[INFO] [stderr]    Compiling value-bag v1.11.1
[INFO] [stderr]    Compiling concurrent-queue v2.5.0
[INFO] [stderr]    Compiling parking v2.2.1
[INFO] [stderr]    Compiling libc v0.2.174
[INFO] [stderr]    Compiling futures-util v0.3.31
[INFO] [stderr]    Compiling fastrand v2.3.0
[INFO] [stderr]    Compiling rustix v1.0.7
[INFO] [stderr]    Compiling tokio v1.46.1
[INFO] [stderr]    Compiling log v0.4.27
[INFO] [stderr]    Compiling event-listener v5.4.0
[INFO] [stderr]    Compiling cfg-if v1.0.1
[INFO] [stderr]    Compiling phf_generator v0.11.3
[INFO] [stderr]    Compiling linux-raw-sys v0.9.4
[INFO] [stderr]    Compiling phf_macros v0.11.3
[INFO] [stderr]    Compiling openssl v0.10.73
[INFO] [stderr]    Compiling event-listener-strategy v0.5.4
[INFO] [stderr]    Compiling futures-lite v2.6.0
[INFO] [stderr]    Compiling lock_api v0.4.13
[INFO] [stderr]    Compiling memchr v2.7.5
[INFO] [stderr]    Compiling parking_lot_core v0.9.11
[INFO] [stderr]    Compiling phf v0.11.3
[INFO] [stderr]    Compiling dirs-sys-next v0.1.2
[INFO] [stderr]    Compiling regex-syntax v0.8.5
[INFO] [stderr]    Compiling scopeguard v1.2.0
[INFO] [stderr]    Compiling aho-corasick v1.1.3
[INFO] [stderr]    Compiling smallvec v1.15.1
[INFO] [stderr]    Compiling crunchy v0.2.4
[INFO] [stderr]    Compiling dirs-next v2.0.0
[INFO] [stderr]    Compiling swc_ecma_ast v14.0.0
[INFO] [stderr]    Compiling async-lock v3.4.0
[INFO] [stderr]    Compiling tiny-keccak v2.0.2
[INFO] [stderr]    Compiling async-task v4.7.1
[INFO] [stderr]    Compiling hashbrown v0.15.4
[INFO] [stderr]    Compiling regex-automata v0.4.9
[INFO] [stderr]    Compiling equivalent v1.0.2
[INFO] [stderr]    Compiling indexmap v2.10.0
[INFO] [stderr]    Compiling futures-executor v0.3.31
[INFO] [stderr]    Compiling cookie_store v0.21.1
[INFO] [stderr]    Compiling parking_lot v0.12.4
[INFO] [stderr]    Compiling term v0.7.0
[INFO] [stderr]    Compiling async-channel v2.5.0
[INFO] [stderr]    Compiling precomputed-hash v0.1.1
[INFO] [stderr]    Compiling bit-vec v0.6.3
[INFO] [stderr]    Compiling native-tls v0.2.14
[INFO] [stderr]    Compiling same-file v1.0.6
[INFO] [stderr]    Compiling syn v1.0.109
[INFO] [stderr]    Compiling either v1.15.0
[INFO] [stderr]    Compiling fixedbitset v0.4.2
[INFO] [stderr]    Compiling new_debug_unreachable v1.0.6
[INFO] [stderr]    Compiling string_cache v0.8.9
[INFO] [stderr]    Compiling petgraph v0.6.5
[INFO] [stderr]    Compiling lalrpop-util v0.20.2
[INFO] [stderr]    Compiling regex v1.11.1
[INFO] [stderr]    Compiling itertools v0.11.0
[INFO] [stderr]    Compiling walkdir v2.5.0
[INFO] [stderr]    Compiling tokio-util v0.7.15
[INFO] [stderr]    Compiling polling v3.8.0
[INFO] [stderr]    Compiling h2 v0.4.11
[INFO] [stderr]    Compiling tokio-native-tls v0.3.1
[INFO] [stderr]    Compiling tower v0.5.2
[INFO] [stderr]    Compiling tokio-rustls v0.26.2
[INFO] [stderr]    Compiling swc_ecma_lexer v20.0.1
[INFO] [stderr]    Compiling async-io v2.4.1
[INFO] [stderr]    Compiling tower-http v0.6.6
[INFO] [stderr]    Compiling async-compression v0.4.27
[INFO] [stderr]    Compiling bit-set v0.5.3
[INFO] [stderr]    Compiling ena v0.14.3
[INFO] [stderr]    Compiling ascii-canvas v3.0.0
[INFO] [stderr]    Compiling futures v0.3.31
[INFO] [stderr]    Compiling piper v0.2.4
[INFO] [stderr]    Compiling pico-args v0.5.0
[INFO] [stderr]    Compiling unicode-xid v0.2.6
[INFO] [stderr]    Compiling blocking v1.6.2
[INFO] [stderr]    Compiling lalrpop v0.20.2
[INFO] [stderr]    Compiling async-signal v0.2.11
[INFO] [stderr]    Compiling async-executor v1.13.2
[INFO] [stderr]    Compiling event-listener v2.5.3
[INFO] [stderr]    Compiling hyper v1.6.0
[INFO] [stderr]    Compiling async-global-executor v2.4.1
[INFO] [stderr]    Compiling hyper-util v0.1.15
[INFO] [stderr]    Compiling async-attributes v1.1.2
[INFO] [stderr]    Compiling async-channel v1.9.0
[INFO] [stderr]    Compiling async-process v2.3.1
[INFO] [stderr]    Compiling kv-log-macro v1.0.7
[INFO] [stderr]    Compiling hyper-tls v0.6.0
[INFO] [stderr]    Compiling hyper-rustls v0.27.7
[INFO] [stderr]    Compiling http v0.2.12
[INFO] [stderr]    Compiling reqwest v0.12.22
[INFO] [stderr]    Compiling getrandom v0.3.3
[INFO] [stderr]    Compiling async-std v1.13.1
[INFO] [stderr]    Compiling swc_ecma_parser v20.0.0
[INFO] [stderr]    Compiling http-body v0.4.6
[INFO] [stderr]    Compiling httpdate v1.0.3
[INFO] [stderr]    Compiling hyper v0.14.32
[INFO] [stderr]    Compiling serde_regex v1.1.0
[INFO] [stderr]    Compiling assert-json-diff v2.0.2
[INFO] [stderr]    Compiling levenshtein v1.0.5
[INFO] [stderr]    Compiling similar v2.7.0
[INFO] [stderr]    Compiling resourcer_core v0.0.1 (/opt/rustwide/workdir/crates/core)
[INFO] [stdout] warning: unused variable: `client`
[INFO] [stdout]   --> crates/core/src/download_manager.rs:42:13
[INFO] [stdout]    |
[INFO] [stdout] 42 |         let client = client.clone();
[INFO] [stdout]    |             ^^^^^^ help: if this is intentional, prefix it with an underscore: `_client`
[INFO] [stdout]    |
[INFO] [stdout]    = note: `#[warn(unused_variables)]` (part of `#[warn(unused)]`) on by default
[INFO] [stdout] 
[INFO] [stdout] 
[INFO] [stdout] warning: static `CHUNK_ARRAY_RE` is never used
[INFO] [stdout]    --> crates/core/src/webpack.rs:105:12
[INFO] [stdout]     |
[INFO] [stdout] 105 |     static CHUNK_ARRAY_RE: Lazy<Regex> = Lazy::new(|| {
[INFO] [stdout]     |            ^^^^^^^^^^^^^^
[INFO] [stdout]     |
[INFO] [stdout]     = note: `#[warn(dead_code)]` (part of `#[warn(unused)]`) on by default
[INFO] [stdout] 
[INFO] [stdout] 
[INFO] [stderr]    Compiling async-object-pool v0.1.5
[INFO] [stderr]    Compiling lazy_static v1.5.0
[INFO] [stderr]    Compiling base64 v0.21.7
[INFO] [stderr]    Compiling basic-cookies v0.1.5
[INFO] [stderr]    Compiling tempfile v3.20.0
[INFO] [stderr]    Compiling httpmock v0.7.0
[INFO] [stderr]    Compiling env_logger v0.10.2
[INFO] [stderr]    Compiling detectors v0.0.1 (/opt/rustwide/workdir/crates/detectors)
[INFO] [stdout] warning: unused import: `sourcemap::SourceMap`
[INFO] [stdout]  --> crates/core/tests/sm_parse_tests.rs:3:5
[INFO] [stdout]   |
[INFO] [stdout] 3 | use sourcemap::SourceMap;
[INFO] [stdout]   |     ^^^^^^^^^^^^^^^^^^^^
[INFO] [stdout]   |
[INFO] [stdout]   = note: `#[warn(unused_imports)]` (part of `#[warn(unused)]`) on by default
[INFO] [stdout] 
[INFO] [stdout] 
[INFO] [stdout] warning: unused variable: `bad_mock`
[INFO] [stdout]   --> crates/core/tests/webpack_tests.rs:57:9
[INFO] [stdout]    |
[INFO] [stdout] 57 |     let bad_mock = server.mock_async(|when, then| {
[INFO] [stdout]    |         ^^^^^^^^ help: if this is intentional, prefix it with an underscore: `_bad_mock`
[INFO] [stdout]    |
[INFO] [stdout]    = note: `#[warn(unused_variables)]` (part of `#[warn(unused)]`) on by default
[INFO] [stdout] 
[INFO] [stdout] 
[INFO] [stdout] warning: unused import: `walkdir::WalkDir`
[INFO] [stdout]  --> crates/core/tests/output_tests.rs:4:5
[INFO] [stdout]   |
[INFO] [stdout] 4 | use walkdir::WalkDir;
[INFO] [stdout]   |     ^^^^^^^^^^^^^^^^
[INFO] [stdout]   |
[INFO] [stdout]   = note: `#[warn(unused_imports)]` (part of `#[warn(unused)]`) on by default
[INFO] [stdout] 
[INFO] [stdout] 
[INFO] [stderr]    Compiling resourcer_cli v0.1.0 (/opt/rustwide/workdir/crates/cli)
[INFO] [stdout] warning: unused variable: `client`
[INFO] [stdout]   --> crates/core/src/download_manager.rs:42:13
[INFO] [stdout]    |
[INFO] [stdout] 42 |         let client = client.clone();
[INFO] [stdout]    |             ^^^^^^ help: if this is intentional, prefix it with an underscore: `_client`
[INFO] [stdout]    |
[INFO] [stdout]    = note: `#[warn(unused_variables)]` (part of `#[warn(unused)]`) on by default
[INFO] [stdout] 
[INFO] [stdout] 
[INFO] [stdout] warning: static `CHUNK_ARRAY_RE` is never used
[INFO] [stdout]    --> crates/core/src/webpack.rs:105:12
[INFO] [stdout]     |
[INFO] [stdout] 105 |     static CHUNK_ARRAY_RE: Lazy<Regex> = Lazy::new(|| {
[INFO] [stdout]     |            ^^^^^^^^^^^^^^
[INFO] [stdout]     |
[INFO] [stdout]     = note: `#[warn(dead_code)]` (part of `#[warn(unused)]`) on by default
[INFO] [stdout] 
[INFO] [stdout] 
[INFO] [stdout] warning: unused variable: `ok1`
[INFO] [stdout]   --> crates/core/tests/fetch_tests.rs:41:9
[INFO] [stdout]    |
[INFO] [stdout] 41 |     let ok1 = server.mock(|when, then| {
[INFO] [stdout]    |         ^^^ help: if this is intentional, prefix it with an underscore: `_ok1`
[INFO] [stdout]    |
[INFO] [stdout]    = note: `#[warn(unused_variables)]` (part of `#[warn(unused)]`) on by default
[INFO] [stdout] 
[INFO] [stdout] 
[INFO] [stdout] warning: unused variable: `ok2`
[INFO] [stdout]   --> crates/core/tests/fetch_tests.rs:45:9
[INFO] [stdout]    |
[INFO] [stdout] 45 |     let ok2 = server.mock(|when, then| {
[INFO] [stdout]    |         ^^^ help: if this is intentional, prefix it with an underscore: `_ok2`
[INFO] [stdout] 
[INFO] [stdout] 
[INFO] [stdout] warning: unused variable: `fail`
[INFO] [stdout]   --> crates/core/tests/fetch_tests.rs:49:9
[INFO] [stdout]    |
[INFO] [stdout] 49 |     let fail = server.mock(|when, then| {
[INFO] [stdout]    |         ^^^^ help: if this is intentional, prefix it with an underscore: `_fail`
[INFO] [stdout] 
[INFO] [stdout] 
[INFO] [stderr] warning: unused dependency `resourcer_core`
[INFO] [stderr]  --> crates/detectors/Cargo.toml:7:1
[INFO] [stderr]   |
[INFO] [stderr] 7 | resourcer_core = { path = "../core" }
[INFO] [stderr]   | ^^^^^^^^^^^^^^^^^^^^^^^^^^^^^^^^^^^^^
[INFO] [stderr]   |
[INFO] [stderr]   = note: `cargo::unused_dependencies` is set to `warn` by default
[INFO] [stderr] help: consider removing the dependency on `resourcer_core`
[INFO] [stderr] warning: `detectors` (manifest) generated 1 warning
[INFO] [stderr] warning: unused dependency `rayon`
[INFO] [stderr]   --> crates/core/Cargo.toml:22:1
[INFO] [stderr]    |
[INFO] [stderr] 22 | rayon = "1"
[INFO] [stderr]    | ^^^^^^^^^^^
[INFO] [stderr]    |
[INFO] [stderr]    = note: `cargo::unused_dependencies` is set to `warn` by default
[INFO] [stderr] help: consider removing the dependency on `rayon`
[INFO] [stderr] warning: `resourcer_core` (manifest) generated 1 warning
[INFO] [stderr]     Finished `release` profile [optimized] target(s) in 4m 41s
[INFO] running `Command { std: "docker" "inspect" "c27cf3987ee477f9be1a44cef2a3ee05d967d5d95f5ca56c141350d975550bbb", kill_on_drop: false }`
[INFO] running `Command { std: "docker" "exec" "-e" "SOURCE_DIR=/opt/rustwide/workdir" "-e" "CARGO_HOME=/opt/rustwide/cargo-home" "-e" "RUSTUP_HOME=/opt/rustwide/rustup-home" "-e" "CARGO_TARGET_DIR=/opt/rustwide/target" "-e" "CARGO_INCREMENTAL=0" "-e" "RUST_BACKTRACE=full" "-e" "RUSTFLAGS=--cap-lints=warn" "-e" "RUSTDOCFLAGS=--cap-lints=warn" "-w" "/opt/rustwide/workdir" "--user" "0:0" "c27cf3987ee477f9be1a44cef2a3ee05d967d5d95f5ca56c141350d975550bbb" "/opt/rustwide/cargo-home/bin/cargo" "+1.100.0-beta.1" "test" "--frozen" "--release", kill_on_drop: false }`
[INFO] [stderr] warning: unused variable: `client`
[INFO] [stderr]   --> crates/core/src/download_manager.rs:42:13
[INFO] [stderr]    |
[INFO] [stderr] 42 |         let client = client.clone();
[INFO] [stderr]    |             ^^^^^^ help: if this is intentional, prefix it with an underscore: `_client`
[INFO] [stderr]    |
[INFO] [stderr]    = note: `#[warn(unused_variables)]` (part of `#[warn(unused)]`) on by default
[INFO] [stderr] 
[INFO] [stderr] warning: static `CHUNK_ARRAY_RE` is never used
[INFO] [stderr]    --> crates/core/src/webpack.rs:105:12
[INFO] [stderr]     |
[INFO] [stderr] 105 |     static CHUNK_ARRAY_RE: Lazy<Regex> = Lazy::new(|| {
[INFO] [stderr]     |            ^^^^^^^^^^^^^^
[INFO] [stderr]     |
[INFO] [stderr]     = note: `#[warn(dead_code)]` (part of `#[warn(unused)]`) on by default
[INFO] [stderr] 
[INFO] [stderr] warning: `resourcer_core` (lib) generated 2 warnings (run `cargo fix --lib -p resourcer_core` to apply 1 suggestion)
[INFO] [stderr] warning: unused import: `walkdir::WalkDir`
[INFO] [stderr]  --> crates/core/tests/output_tests.rs:4:5
[INFO] [stderr]   |
[INFO] [stderr] 4 | use walkdir::WalkDir;
[INFO] [stderr]   |     ^^^^^^^^^^^^^^^^
[INFO] [stderr]   |
[INFO] [stderr]   = note: `#[warn(unused_imports)]` (part of `#[warn(unused)]`) on by default
[INFO] [stderr] 
[INFO] [stderr] warning: unused import: `sourcemap::SourceMap`
[INFO] [stderr]  --> crates/core/tests/sm_parse_tests.rs:3:5
[INFO] [stderr]   |
[INFO] [stderr] 3 | use sourcemap::SourceMap;
[INFO] [stderr]   |     ^^^^^^^^^^^^^^^^^^^^
[INFO] [stderr]   |
[INFO] [stderr]   = note: `#[warn(unused_imports)]` (part of `#[warn(unused)]`) on by default
[INFO] [stderr] 
[INFO] [stderr] warning: `resourcer_core` (test "output_tests") generated 1 warning (run `cargo fix --test "output_tests" -p resourcer_core` to apply 1 suggestion)
[INFO] [stderr] warning: `resourcer_core` (test "sm_parse_tests") generated 1 warning (run `cargo fix --test "sm_parse_tests" -p resourcer_core` to apply 1 suggestion)
[INFO] [stderr] warning: unused variable: `ok1`
[INFO] [stderr]   --> crates/core/tests/fetch_tests.rs:41:9
[INFO] [stderr]    |
[INFO] [stderr] 41 |     let ok1 = server.mock(|when, then| {
[INFO] [stderr]    |         ^^^ help: if this is intentional, prefix it with an underscore: `_ok1`
[INFO] [stderr]    |
[INFO] [stderr]    = note: `#[warn(unused_variables)]` (part of `#[warn(unused)]`) on by default
[INFO] [stderr] 
[INFO] [stderr] warning: unused variable: `ok2`
[INFO] [stderr]   --> crates/core/tests/fetch_tests.rs:45:9
[INFO] [stderr]    |
[INFO] [stderr] 45 |     let ok2 = server.mock(|when, then| {
[INFO] [stderr]    |         ^^^ help: if this is intentional, prefix it with an underscore: `_ok2`
[INFO] [stderr] 
[INFO] [stderr] warning: unused variable: `fail`
[INFO] [stderr]   --> crates/core/tests/fetch_tests.rs:49:9
[INFO] [stderr]    |
[INFO] [stderr] 49 |     let fail = server.mock(|when, then| {
[INFO] [stderr]    |         ^^^^ help: if this is intentional, prefix it with an underscore: `_fail`
[INFO] [stderr] 
[INFO] [stderr] warning: `resourcer_core` (test "fetch_tests") generated 3 warnings (run `cargo fix --test "fetch_tests" -p resourcer_core` to apply 3 suggestions)
[INFO] [stderr] warning: unused variable: `bad_mock`
[INFO] [stderr]   --> crates/core/tests/webpack_tests.rs:57:9
[INFO] [stderr]    |
[INFO] [stderr] 57 |     let bad_mock = server.mock_async(|when, then| {
[INFO] [stderr]    |         ^^^^^^^^ help: if this is intentional, prefix it with an underscore: `_bad_mock`
[INFO] [stderr]    |
[INFO] [stderr]    = note: `#[warn(unused_variables)]` (part of `#[warn(unused)]`) on by default
[INFO] [stderr] 
[INFO] [stderr] warning: `resourcer_core` (lib test) generated 2 warnings (2 duplicates)
[INFO] [stderr] warning: `resourcer_core` (test "webpack_tests") generated 1 warning (run `cargo fix --test "webpack_tests" -p resourcer_core` to apply 1 suggestion)
[INFO] [stderr] warning: unused dependency `resourcer_core`
[INFO] [stderr]  --> crates/detectors/Cargo.toml:7:1
[INFO] [stderr]   |
[INFO] [stderr] 7 | resourcer_core = { path = "../core" }
[INFO] [stderr]   | ^^^^^^^^^^^^^^^^^^^^^^^^^^^^^^^^^^^^^
[INFO] [stderr]   |
[INFO] [stderr]   = note: `cargo::unused_dependencies` is set to `warn` by default
[INFO] [stderr] help: consider removing the dependency on `resourcer_core`
[INFO] [stderr] warning: `detectors` (manifest) generated 1 warning
[INFO] [stderr] warning: unused dependency `rayon`
[INFO] [stderr]   --> crates/core/Cargo.toml:22:1
[INFO] [stderr]    |
[INFO] [stderr] 22 | rayon = "1"
[INFO] [stderr]    | ^^^^^^^^^^^
[INFO] [stderr]    |
[INFO] [stderr]    = note: `cargo::unused_dependencies` is set to `warn` by default
[INFO] [stderr] help: consider removing the dependency on `rayon`
[INFO] [stderr] warning: `resourcer_core` (manifest) generated 1 warning
[INFO] [stderr]     Finished `release` profile [optimized] target(s) in 0.73s
[INFO] [stderr]      Running unittests src/lib.rs (/opt/rustwide/target/release/build/detectors/036e1548f22d5478/out/detectors-036e1548f22d5478)
[INFO] [stdout] 
[INFO] [stdout] running 1 test
[INFO] [stdout] test tests::placeholder_compiles ... ok
[INFO] [stdout] 
[INFO] [stdout] test result: ok. 1 passed; 0 failed; 0 ignored; 0 measured; 0 filtered out; finished in 0.00s
[INFO] [stdout] 
[INFO] [stderr]      Running unittests src/main.rs (/opt/rustwide/target/release/build/resourcer_cli/08f8bdd03d041c08/out/resourcer_cli-08f8bdd03d041c08)
[INFO] [stdout] 
[INFO] [stdout] running 0 tests
[INFO] [stdout] 
[INFO] [stdout] test result: ok. 0 passed; 0 failed; 0 ignored; 0 measured; 0 filtered out; finished in 0.00s
[INFO] [stdout] 
[INFO] [stderr]      Running unittests src/lib.rs (/opt/rustwide/target/release/build/resourcer_core/e786c2bf1fff476a/out/resourcer_core-e786c2bf1fff476a)
[INFO] [stdout] 
[INFO] [stdout] running 0 tests
[INFO] [stdout] 
[INFO] [stdout] test result: ok. 0 passed; 0 failed; 0 ignored; 0 measured; 0 filtered out; finished in 0.00s
[INFO] [stdout] 
[INFO] [stderr]      Running tests/fetch_tests.rs (/opt/rustwide/target/release/build/resourcer_core/2e6d125be0ceddc4/out/fetch_tests-2e6d125be0ceddc4)
[INFO] [stdout] 
[INFO] [stdout] running 4 tests
[INFO] [stdout] test invalid_scheme ... ok
[INFO] [stdout] test fetch_html_http_error ... ok
[INFO] [stdout] test fetch_html_success ... ok
[INFO] [stdout] test concurrent_download_many ... ok
[INFO] [stdout] 
[INFO] [stdout] test result: ok. 4 passed; 0 failed; 0 ignored; 0 measured; 0 filtered out; finished in 0.93s
[INFO] [stdout] 
[INFO] [stderr]      Running tests/file_io_tests.rs (/opt/rustwide/target/release/build/resourcer_core/98f9097a9181536b/out/file_io_tests-98f9097a9181536b)
[INFO] [stdout] 
[INFO] [stdout] running 5 tests
[INFO] [stdout] test read_js_success ... ok
[INFO] [stdout] test wrong_extension ... ok
[INFO] [stdout] test valid_js_file ... ok
[INFO] [stdout] test read_permission_denied ... FAILED
[INFO] [stdout] test missing_file ... ok
[INFO] [stderr] error: test failed, to rerun pass `-p resourcer_core --test file_io_tests`
[INFO] [stdout] 
[INFO] [stdout] failures:
[INFO] [stdout] 
[INFO] [stdout] ---- read_permission_denied stdout ----
[INFO] [stdout] 
[INFO] [stdout] thread 'read_permission_denied' (6197) panicked at crates/core/tests/file_io_tests.rs:51:61:
[INFO] [stdout] called `Result::unwrap_err()` on an `Ok` value: "alert('x');"
[INFO] [stdout] stack backtrace:
[INFO] [stdout]    0:     0x63034f6fef11 - <<std[617be2ca0a6fd877]::sys::backtrace::BacktraceLock>::print::DisplayBacktrace as core[a373ad73a504971]::fmt::Display>::fmt
[INFO] [stdout]    1:     0x63034f7130da - core[a373ad73a504971]::fmt::write
[INFO] [stdout]    2:     0x63034f70320c - <alloc[2e1b2a31b91974c5]::vec::Vec<u8> as core[a373ad73a504971]::io::write::Write>::write_fmt
[INFO] [stdout]    3:     0x63034f6d9fe6 - std[617be2ca0a6fd877]::panicking::default_hook::{closure#0}
[INFO] [stdout]    4:     0x63034f6f6d69 - std[617be2ca0a6fd877]::panicking::default_hook
[INFO] [stdout]    5:     0x63034f676dc0 - test[aada8e7e76ba119b]::test_main_inner::{closure#0}
[INFO] [stdout]    6:     0x63034f6f6f22 - std[617be2ca0a6fd877]::panicking::panic_with_hook
[INFO] [stdout]    7:     0x63034f6da092 - std[617be2ca0a6fd877]::panicking::panic_handler::{closure#0}
[INFO] [stdout]    8:     0x63034f6d2b69 - std[617be2ca0a6fd877]::sys::backtrace::__rust_end_short_backtrace::<std[617be2ca0a6fd877]::panicking::panic_handler::{closure#0}, !>
[INFO] [stdout]    9:     0x63034f6dad5d - __rustc[ea4f61d10b84890b]::rust_begin_unwind
[INFO] [stdout]   10:     0x63034f71383c - core[a373ad73a504971]::panicking::panic_fmt
[INFO] [stdout]   11:     0x63034f713612 - core[a373ad73a504971]::result::unwrap_failed
[INFO] [stdout]   12:     0x63034f6634cd - file_io_tests[1812dba7ba772bb6]::read_permission_denied::{closure#0}
[INFO] [stdout]   13:     0x63034f6673f3 - <tokio[74968a54ecd9c8f]::runtime::scheduler::current_thread::Context>::enter::<core[a373ad73a504971]::task::poll::Poll<()>, <tokio[74968a54ecd9c8f]::runtime::scheduler::current_thread::CoreGuard>::block_on<core[a373ad73a504971]::pin::Pin<&mut core[a373ad73a504971]::pin::Pin<&mut dyn core[a373ad73a504971]::future::future::Future<Output = ()>>>>::{closure#0}::{closure#0}>
[INFO] [stdout]   14:     0x63034f665efc - <tokio[74968a54ecd9c8f]::runtime::context::scoped::Scoped<tokio[74968a54ecd9c8f]::runtime::scheduler::Context>>::set::<<tokio[74968a54ecd9c8f]::runtime::scheduler::current_thread::CoreGuard>::enter<<tokio[74968a54ecd9c8f]::runtime::scheduler::current_thread::CoreGuard>::block_on<core[a373ad73a504971]::pin::Pin<&mut core[a373ad73a504971]::pin::Pin<&mut dyn core[a373ad73a504971]::future::future::Future<Output = ()>>>>::{closure#0}, core[a373ad73a504971]::option::Option<()>>::{closure#0}, (alloc[2e1b2a31b91974c5]::boxed::Box<tokio[74968a54ecd9c8f]::runtime::scheduler::current_thread::Core>, core[a373ad73a504971]::option::Option<()>)>
[INFO] [stdout]   15:     0x63034f667747 - <tokio[74968a54ecd9c8f]::runtime::scheduler::current_thread::CoreGuard>::block_on::<core[a373ad73a504971]::pin::Pin<&mut core[a373ad73a504971]::pin::Pin<&mut dyn core[a373ad73a504971]::future::future::Future<Output = ()>>>>
[INFO] [stdout]   16:     0x63034f666e9d - tokio[74968a54ecd9c8f]::runtime::context::runtime::enter_runtime::<<tokio[74968a54ecd9c8f]::runtime::scheduler::current_thread::CurrentThread>::block_on<core[a373ad73a504971]::pin::Pin<&mut dyn core[a373ad73a504971]::future::future::Future<Output = ()>>>::{closure#0}, ()>
[INFO] [stdout]   17:     0x63034f6641b5 - <tokio[74968a54ecd9c8f]::runtime::runtime::Runtime>::block_on::<core[a373ad73a504971]::pin::Pin<&mut dyn core[a373ad73a504971]::future::future::Future<Output = ()>>>
[INFO] [stdout]   18:     0x63034f66403e - <file_io_tests[1812dba7ba772bb6]::read_permission_denied::{closure#0} as core[a373ad73a504971]::ops::function::FnOnce<()>>::call_once
[INFO] [stdout]   19:     0x63034f66a20b - test[aada8e7e76ba119b]::__rust_begin_short_backtrace::<core[a373ad73a504971]::result::Result<(), alloc[2e1b2a31b91974c5]::string::String>, fn() -> core[a373ad73a504971]::result::Result<(), alloc[2e1b2a31b91974c5]::string::String>>
[INFO] [stdout]   20:     0x63034f6773e5 - test[aada8e7e76ba119b]::run_test::{closure#0}
[INFO] [stdout]   21:     0x63034f670cd4 - std[617be2ca0a6fd877]::sys::backtrace::__rust_begin_short_backtrace::<test[aada8e7e76ba119b]::run_test::{closure#1}, ()>
[INFO] [stdout]   22:     0x63034f67a472 - <std[617be2ca0a6fd877]::thread::lifecycle::spawn_unchecked<test[aada8e7e76ba119b]::run_test::{closure#1}, ()>::{closure#1} as core[a373ad73a504971]::ops::function::FnOnce<()>>::call_once::{shim:vtable#0}
[INFO] [stdout]   23:     0x63034f6fe22f - <std[617be2ca0a6fd877]::sys::thread::unix::Thread>::new::thread_start
[INFO] [stdout]   24:     0x716f54be0dfa - <unknown>
[INFO] [stdout]   25:     0x716f54c743d4 - clone
[INFO] [stdout]   26:                0x0 - <unknown>
[INFO] [stdout] 
[INFO] [stdout] 
[INFO] [stdout] failures:
[INFO] [stdout]     read_permission_denied
[INFO] [stdout] 
[INFO] [stdout] test result: FAILED. 4 passed; 1 failed; 0 ignored; 0 measured; 0 filtered out; finished in 0.01s
[INFO] [stdout] 
[INFO] running `Command { std: "docker" "inspect" "c27cf3987ee477f9be1a44cef2a3ee05d967d5d95f5ca56c141350d975550bbb", kill_on_drop: false }`
[INFO] running `Command { std: "docker" "rm" "-f" "c27cf3987ee477f9be1a44cef2a3ee05d967d5d95f5ca56c141350d975550bbb", kill_on_drop: false }`
[INFO] [stdout] c27cf3987ee477f9be1a44cef2a3ee05d967d5d95f5ca56c141350d975550bbb
