[INFO] cloning repository https://github.com/0x-Noctis/nocttis-team
[INFO] running `Command { std: "git" "-c" "credential.helper=" "-c" "credential.helper=/workspace/cargo-home/bin/git-credential-null" "clone" "--bare" "https://github.com/0x-Noctis/nocttis-team" "/workspace/cache/git-repos/https%3A%2F%2Fgithub.com%2F0x-Noctis%2Fnocttis-team", kill_on_drop: false }`
[INFO] [stderr] Cloning into bare repository '/workspace/cache/git-repos/https%3A%2F%2Fgithub.com%2F0x-Noctis%2Fnocttis-team'...
[INFO] running `Command { std: "git" "rev-parse" "HEAD", kill_on_drop: false }`
[INFO] [stdout] e1c5f27aa084407588063d13dc8d3999545b50e1
[INFO] testing 0x-Noctis/nocttis-team against 1.100.0-beta.1+cargoflags=--release for beta-release-1.100-2
[INFO] running `Command { std: "git" "clone" "/workspace/cache/git-repos/https%3A%2F%2Fgithub.com%2F0x-Noctis%2Fnocttis-team" "/workspace/builds/worker-4-tc2/source", kill_on_drop: false }`
[INFO] [stderr] Cloning into '/workspace/builds/worker-4-tc2/source'...
[INFO] [stderr] done.
[INFO] started tweaking git repo https://github.com/0x-Noctis/nocttis-team
[INFO] finished tweaking git repo https://github.com/0x-Noctis/nocttis-team
[INFO] tweaked toml for git repo https://github.com/0x-Noctis/nocttis-team written to /workspace/builds/worker-4-tc2/source/Cargo.toml
[INFO] validating manifest of git repo https://github.com/0x-Noctis/nocttis-team on toolchain 1.100.0-beta.1
[INFO] running `Command { std: CARGO_HOME="/workspace/cargo-home" RUSTUP_HOME="/workspace/rustup-home" "/workspace/cargo-home/bin/cargo" "+1.100.0-beta.1" "metadata" "--manifest-path" "Cargo.toml" "--no-deps", kill_on_drop: false }`
[INFO] crate git repo https://github.com/0x-Noctis/nocttis-team already has a lockfile, it will not be regenerated
[INFO] running `Command { std: CARGO_HOME="/workspace/cargo-home" RUSTUP_HOME="/workspace/rustup-home" "/workspace/cargo-home/bin/cargo" "+1.100.0-beta.1" "fetch" "--manifest-path" "Cargo.toml", kill_on_drop: false }`
[INFO] running `Command { std: "docker" "create" "-v" "/var/lib/crater-agent-workspace/builds/worker-4-tc2/source:/opt/rustwide/workdir:ro,Z" "-v" "/var/lib/crater-agent-workspace/builds/worker-4-tc2/target:/opt/rustwide/target:rw,Z" "-v" "/var/lib/crater-agent-workspace/cargo-home:/opt/rustwide/cargo-home:ro,Z" "-v" "/var/lib/crater-agent-workspace/rustup-home:/opt/rustwide/rustup-home:ro,Z" "-m" "1610612736" "--network" "none" "ghcr.io/rust-lang/crates-build-env/linux@sha256:77db811e55d90add9212f6832c23229e3de5f1c1f9905e8cb07319ea15df73ac" "sleep" "infinity", kill_on_drop: false }`
[INFO] [stdout] c9395d17b55c4eb5f8cd52131375ff24bf564a031e851d37b7a928a3e74c9329
[INFO] running `Command { std: "docker" "start" "c9395d17b55c4eb5f8cd52131375ff24bf564a031e851d37b7a928a3e74c9329", kill_on_drop: false }`
[INFO] running `Command { std: "docker" "inspect" "c9395d17b55c4eb5f8cd52131375ff24bf564a031e851d37b7a928a3e74c9329", kill_on_drop: false }`
[INFO] running `Command { std: "docker" "exec" "-e" "SOURCE_DIR=/opt/rustwide/workdir" "-e" "CARGO_HOME=/opt/rustwide/cargo-home" "-e" "RUSTUP_HOME=/opt/rustwide/rustup-home" "-e" "CARGO_TARGET_DIR=/opt/rustwide/target" "-w" "/opt/rustwide/workdir" "--user" "0:0" "c9395d17b55c4eb5f8cd52131375ff24bf564a031e851d37b7a928a3e74c9329" "/opt/rustwide/cargo-home/bin/cargo" "+1.100.0-beta.1" "metadata" "--no-deps" "--format-version=1", kill_on_drop: false }`
[INFO] running `Command { std: "docker" "inspect" "c9395d17b55c4eb5f8cd52131375ff24bf564a031e851d37b7a928a3e74c9329", kill_on_drop: false }`
[INFO] running `Command { std: "docker" "exec" "-e" "SOURCE_DIR=/opt/rustwide/workdir" "-e" "CARGO_HOME=/opt/rustwide/cargo-home" "-e" "RUSTUP_HOME=/opt/rustwide/rustup-home" "-e" "CARGO_TARGET_DIR=/opt/rustwide/target" "-e" "CARGO_INCREMENTAL=0" "-e" "RUST_BACKTRACE=full" "-e" "RUSTFLAGS=--cap-lints=warn" "-e" "RUSTDOCFLAGS=--cap-lints=warn" "-w" "/opt/rustwide/workdir" "--user" "0:0" "c9395d17b55c4eb5f8cd52131375ff24bf564a031e851d37b7a928a3e74c9329" "/opt/rustwide/cargo-home/bin/cargo" "+1.100.0-beta.1" "build" "--frozen" "--message-format=json" "--release", kill_on_drop: false }`
[INFO] [stderr]    Compiling proc-macro2 v1.0.107
[INFO] [stderr]    Compiling unicode-ident v1.0.26
[INFO] [stderr]    Compiling quote v1.0.47
[INFO] [stderr]    Compiling libc v0.2.189
[INFO] [stderr]    Compiling serde v1.0.229
[INFO] [stderr]    Compiling serde_core v1.0.229
[INFO] [stderr]    Compiling version_check v0.9.5
[INFO] [stderr]    Compiling cfg-if v1.0.5
[INFO] [stderr]    Compiling shlex v2.0.1
[INFO] [stderr]    Compiling find-msvc-tools v0.1.13
[INFO] [stderr]    Compiling icu_normalizer_data v2.3.0
[INFO] [stderr]    Compiling icu_properties_data v2.3.0
[INFO] [stderr]    Compiling cc v1.4.7
[INFO] [stderr]    Compiling pin-project-lite v0.2.17
[INFO] [stderr]    Compiling stable_deref_trait v1.2.1
[INFO] [stderr]    Compiling bytes v1.12.1
[INFO] [stderr]    Compiling generic-array v0.14.7
[INFO] [stderr]    Compiling futures-core v0.3.34
[INFO] [stderr]    Compiling once_cell v1.21.4
[INFO] [stderr]    Compiling itoa v1.0.18
[INFO] [stderr]    Compiling zmij v1.0.23
[INFO] [stderr]    Compiling parking_lot_core v0.9.12
[INFO] [stderr]    Compiling syn v3.0.6
[INFO] [stderr]    Compiling syn v2.0.119
[INFO] [stderr]    Compiling zerocopy v0.8.57
[INFO] [stderr]    Compiling errno v0.3.14
[INFO] [stderr]    Compiling ring v0.17.14
[INFO] [stderr]    Compiling signal-hook-registry v1.4.8
[INFO] [stderr]    Compiling mio v1.2.3
[INFO] [stderr]    Compiling socket2 v0.6.5
[INFO] [stderr]    Compiling tracing-core v0.1.36
[INFO] [stderr]    Compiling rustls v0.23.45
[INFO] [stderr]    Compiling serde_json v1.0.151
[INFO] [stderr]    Compiling crossbeam-utils v0.8.23
[INFO] [stderr]    Compiling futures-sink v0.3.34
[INFO] [stderr]    Compiling typenum v1.20.1
[INFO] [stderr]    Compiling log v0.4.34
[INFO] [stderr]    Compiling getrandom v0.2.17
[INFO] [stderr]    Compiling litemap v0.8.3
[INFO] [stderr]    Compiling memchr v2.8.3
[INFO] [stderr]    Compiling writeable v0.6.4
[INFO] [stderr]    Compiling subtle v2.6.1
[INFO] [stderr]    Compiling autocfg v1.5.1
[INFO] [stderr]    Compiling thiserror v2.0.20
[INFO] [stderr]    Compiling utf8_iter v1.0.4
[INFO] [stderr]    Compiling percent-encoding v2.3.2
[INFO] [stderr]    Compiling num-traits v0.2.19
[INFO] [stderr]    Compiling zeroize v1.9.0
[INFO] [stderr]    Compiling block-buffer v0.10.4
[INFO] [stderr]    Compiling crypto-common v0.1.7
[INFO] [stderr]    Compiling futures-task v0.3.34
[INFO] [stderr]    Compiling futures-io v0.3.34
[INFO] [stderr]    Compiling rustls-pki-types v1.15.1
[INFO] [stderr]    Compiling slab v0.4.12
[INFO] [stderr]    Compiling futures-util v0.3.34
[INFO] [stderr]    Compiling digest v0.10.7
[INFO] [stderr]    Compiling http v1.5.0
[INFO] [stderr]    Compiling untrusted v0.9.0
[INFO] [stderr]    Compiling form_urlencoded v1.2.2
[INFO] [stderr]    Compiling equivalent v1.0.2
[INFO] [stderr]    Compiling scopeguard v1.2.0
[INFO] [stderr]    Compiling lock_api v0.4.14
[INFO] [stderr]    Compiling synstructure v0.14.0
[INFO] [stderr]    Compiling http-body v1.1.0
[INFO] [stderr]    Compiling futures-channel v0.3.34
[INFO] [stderr]    Compiling tracing-attributes v0.1.31
[INFO] [stderr]    Compiling foldhash v0.1.5
[INFO] [stderr]    Compiling zerofrom-derive v0.1.8
[INFO] [stderr]    Compiling serde_derive v1.0.229
[INFO] [stderr]    Compiling yoke-derive v0.8.3
[INFO] [stderr]    Compiling zerovec-derive v0.11.6
[INFO] [stderr]    Compiling displaydoc v0.2.7
[INFO] [stderr]    Compiling zerofrom v0.1.8
[INFO] [stderr]    Compiling tokio-macros v2.7.2
[INFO] [stderr]    Compiling yoke v0.8.3
[INFO] [stderr]    Compiling zerotrie v0.2.5
[INFO] [stderr]    Compiling zerovec v0.11.8
[INFO] [stderr]    Compiling tokio v1.53.1
[INFO] [stderr]    Compiling tracing v0.1.44
[INFO] [stderr]    Compiling tinystr v0.8.4
[INFO] [stderr]    Compiling icu_locale_core v2.3.0
[INFO] [stderr]    Compiling potential_utf v0.1.6
[INFO] [stderr]    Compiling icu_collections v2.3.0
[INFO] [stderr]    Compiling thiserror-impl v2.0.20
[INFO] [stderr]    Compiling httparse v1.10.1
[INFO] [stderr]    Compiling icu_provider v2.3.1
[INFO] [stderr]    Compiling icu_properties v2.3.0
[INFO] [stderr]    Compiling smallvec v1.16.1
[INFO] [stderr]    Compiling icu_normalizer v2.3.0
[INFO] [stderr]    Compiling tower-service v0.3.3
[INFO] [stderr]    Compiling base64 v0.22.1
[INFO] [stderr]    Compiling allocator-api2 v0.2.21
[INFO] [stderr]    Compiling idna_adapter v1.2.2
[INFO] [stderr]    Compiling idna v1.1.0
[INFO] [stderr]    Compiling hashbrown v0.15.5
[INFO] [stderr]    Compiling parking_lot v0.12.5
[INFO] [stderr]    Compiling ppv-lite86 v0.2.21
[INFO] [stderr]    Compiling rustls-webpki v0.103.15
[INFO] [stderr]    Compiling webpki-roots v1.0.9
[INFO] [stderr]    Compiling rand_core v0.6.4
[INFO] [stderr]    Compiling tinyvec v1.13.3
[INFO] [stderr]    Compiling cpufeatures v0.2.17
[INFO] [stderr]    Compiling try-lock v0.2.5
[INFO] [stderr]    Compiling httpdate v1.0.3
[INFO] [stderr]    Compiling getrandom v0.4.3
[INFO] [stderr]    Compiling hashbrown v0.17.1
[INFO] [stderr]    Compiling crc-catalog v2.5.0
[INFO] [stderr]    Compiling parking v2.2.1
[INFO] [stderr]    Compiling event-listener v5.4.2
[INFO] [stderr]    Compiling crc v3.4.0
[INFO] [stderr]    Compiling unicode-normalization v0.1.25
[INFO] [stderr]    Compiling indexmap v2.14.2
[INFO] [stderr]    Compiling rand_chacha v0.3.1
[INFO] [stderr]    Compiling want v0.3.1
[INFO] [stderr]    Compiling sha2 v0.10.9
[INFO] [stderr]    Compiling tokio-stream v0.1.19
[INFO] [stderr]    Compiling webpki-roots v0.26.11
[INFO] [stderr]    Compiling crossbeam-queue v0.3.14
[INFO] [stderr]    Compiling hashlink v0.10.0
[INFO] [stderr]    Compiling url v2.5.8
[INFO] [stderr]    Compiling futures-intrusive v0.5.0
[INFO] [stderr]    Compiling either v1.18.0
[INFO] [stderr]    Compiling hmac v0.12.1
[INFO] [stderr]    Compiling sync_wrapper v1.0.2
[INFO] [stderr]    Compiling uuid v1.26.1
[INFO] [stderr]    Compiling unicase v2.9.0
[INFO] [stderr]    Compiling unicode-properties v0.1.4
[INFO] [stderr]    Compiling tower-layer v0.3.3
[INFO] [stderr]    Compiling unicode-bidi v0.3.18
[INFO] [stderr]    Compiling atomic-waker v1.1.2
[INFO] [stderr]    Compiling mime v0.3.17
[INFO] [stderr]    Compiling stringprep v0.1.5
[INFO] [stderr]    Compiling hyper v1.11.1
[INFO] [stderr]    Compiling mime_guess v2.0.5
[INFO] [stderr]    Compiling hkdf v0.12.4
[INFO] [stderr]    Compiling atoi v2.0.0
[INFO] [stderr]    Compiling rand v0.8.8
[INFO] [stderr]    Compiling http-body-util v0.1.5
[INFO] [stderr]    Compiling md-5 v0.10.6
[INFO] [stderr]    Compiling bitflags v2.13.2
[INFO] [stderr]    Compiling hex v0.4.3
[INFO] [stderr]    Compiling whoami v1.6.1
[INFO] [stderr]    Compiling sqlx-core v0.8.6
[INFO] [stderr]    Compiling home v0.5.12
[INFO] [stderr]    Compiling dotenvy v0.15.7
[INFO] [stderr]    Compiling ipnet v2.12.2
[INFO] [stderr]    Compiling byteorder v1.5.0
[INFO] [stderr]    Compiling hyper-util v0.1.20
[INFO] [stderr]    Compiling tower v0.5.3
[INFO] [stderr]    Compiling sqlx-postgres v0.8.6
[INFO] [stderr]    Compiling ryu v1.0.23
[INFO] [stderr]    Compiling regex-syntax v0.8.11
[INFO] [stderr]    Compiling heck v0.5.0
[INFO] [stderr]    Compiling serde_urlencoded v0.7.1
[INFO] [stderr]    Compiling regex-automata v0.4.18
[INFO] [stderr]    Compiling tokio-rustls v0.26.5
[INFO] [stderr]    Compiling tokio-util v0.7.19
[INFO] [stderr]    Compiling http-range-header v0.4.2
[INFO] [stderr]    Compiling anyhow v1.0.104
[INFO] [stderr]    Compiling lazy_static v1.5.0
[INFO] [stderr]    Compiling winnow v1.0.4
[INFO] [stderr]    Compiling toml_parser v1.1.3+spec-1.1.0
[INFO] [stderr]    Compiling sharded-slab v0.1.7
[INFO] [stderr]    Compiling tower-http v0.6.11
[INFO] [stderr]    Compiling hyper-rustls v0.27.9
[INFO] [stderr]    Compiling sqlx-macros-core v0.8.6
[INFO] [stderr]    Compiling matchers v0.2.0
[INFO] [stderr]    Compiling axum-core v0.5.6
[INFO] [stderr]    Compiling sqlx-macros v0.8.6
[INFO] [stderr]    Compiling tracing-serde v0.2.0
[INFO] [stderr]    Compiling serde_path_to_error v0.1.20
[INFO] [stderr]    Compiling toml_datetime v0.7.5+spec-1.1.0
[INFO] [stderr]    Compiling serde_spanned v1.1.1
[INFO] [stderr]    Compiling tracing-log v0.2.0
[INFO] [stderr]    Compiling thread_local v1.1.10
[INFO] [stderr]    Compiling nu-ansi-term v0.50.3
[INFO] [stderr]    Compiling toml_writer v1.1.2+spec-1.1.0
[INFO] [stderr]    Compiling matchit v0.8.4
[INFO] [stderr]    Compiling winnow v0.7.15
[INFO] [stderr]    Compiling tracing-subscriber v0.3.23
[INFO] [stderr]    Compiling reqwest v0.12.28
[INFO] [stderr]    Compiling axum v0.8.9
[INFO] [stderr]    Compiling toml v0.9.12+spec-1.1.0
[INFO] [stderr]    Compiling sqlx v0.8.6
[INFO] [stderr]    Compiling ai-team v0.1.0 (/opt/rustwide/workdir)
[INFO] [stderr]     Finished `release` profile [optimized] target(s) in 8m 26s
[INFO] running `Command { std: "docker" "inspect" "c9395d17b55c4eb5f8cd52131375ff24bf564a031e851d37b7a928a3e74c9329", kill_on_drop: false }`
[INFO] running `Command { std: "docker" "exec" "-e" "SOURCE_DIR=/opt/rustwide/workdir" "-e" "CARGO_HOME=/opt/rustwide/cargo-home" "-e" "RUSTUP_HOME=/opt/rustwide/rustup-home" "-e" "CARGO_TARGET_DIR=/opt/rustwide/target" "-e" "CARGO_INCREMENTAL=0" "-e" "RUST_BACKTRACE=full" "-e" "RUSTFLAGS=--cap-lints=warn" "-e" "RUSTDOCFLAGS=--cap-lints=warn" "-w" "/opt/rustwide/workdir" "--user" "0:0" "c9395d17b55c4eb5f8cd52131375ff24bf564a031e851d37b7a928a3e74c9329" "/opt/rustwide/cargo-home/bin/cargo" "+1.100.0-beta.1" "test" "--frozen" "--no-run" "--message-format=json" "--release", kill_on_drop: false }`
[INFO] [stderr]    Compiling ai-team v0.1.0 (/opt/rustwide/workdir)
[INFO] [stderr]     Finished `release` profile [optimized] target(s) in 13m 33s
[INFO] running `Command { std: "docker" "inspect" "c9395d17b55c4eb5f8cd52131375ff24bf564a031e851d37b7a928a3e74c9329", kill_on_drop: false }`
[INFO] running `Command { std: "docker" "exec" "-e" "SOURCE_DIR=/opt/rustwide/workdir" "-e" "CARGO_HOME=/opt/rustwide/cargo-home" "-e" "RUSTUP_HOME=/opt/rustwide/rustup-home" "-e" "CARGO_TARGET_DIR=/opt/rustwide/target" "-e" "CARGO_INCREMENTAL=0" "-e" "RUST_BACKTRACE=full" "-e" "RUSTFLAGS=--cap-lints=warn" "-e" "RUSTDOCFLAGS=--cap-lints=warn" "-w" "/opt/rustwide/workdir" "--user" "0:0" "c9395d17b55c4eb5f8cd52131375ff24bf564a031e851d37b7a928a3e74c9329" "/opt/rustwide/cargo-home/bin/cargo" "+1.100.0-beta.1" "test" "--frozen" "--release", kill_on_drop: false }`
[INFO] [stderr]     Finished `release` profile [optimized] target(s) in 0.91s
[INFO] [stderr]      Running unittests src/lib.rs (/opt/rustwide/target/release/build/ai-team/b80b9660f1fcfefe/out/ai_team-b80b9660f1fcfefe)
[INFO] [stdout] 
[INFO] [stdout] running 61 tests
[INFO] [stdout] test agent::reviewer::tests::synthetic_overlong_untracked_path_is_typed_and_sanitized ... ok
[INFO] [stdout] test api::contracts::plan::tests::approval_input_requires_explicit_actor_and_rejection_reason ... ok
[INFO] [stdout] test api::contracts::provider::tests::model_input_requires_provider_and_validates_limits ... ok
[INFO] [stdout] test agent::json_text::tests::strips_fences_and_surrounding_prose ... ok
[INFO] [stdout] test api::contracts::project::tests::run_input_validates_boundaries ... ok
[INFO] [stdout] test api::contracts::provider::tests::new_model_verified_capabilities_are_unknown ... ok
[INFO] [stdout] test api::contracts::provider::tests::provider_input_validates_every_field ... ok
[INFO] [stdout] test api::contracts::task::tests::dto_rejects_invalid_limits ... ok
[INFO] [stdout] test api::contracts::provider::tests::responses_never_contain_secret_value ... ok
[INFO] [stdout] test api::contracts::task::tests::dto_rejects_empty_scalars_paths_and_list_items ... ok
[INFO] [stdout] test api::contracts::plan::tests::plan_input_requires_ready_tasks_and_run_match ... ok
[INFO] [stdout] test api::contracts::provider::tests::input_rejects_secret_and_unknown_fields ... ok
[INFO] [stdout] test api::contracts::task::tests::dto_rejects_unknown_fields_at_both_levels ... ok
[INFO] [stdout] test domain::budget::tests::denial_names_the_innermost_scope_that_is_full ... ok
[INFO] [stdout] test domain::budget::tests::full_scope_refuses_even_empty_requests ... ok
[INFO] [stdout] test domain::budget::tests::levels_reflect_usage_after_the_request ... ok
[INFO] [stdout] test domain::budget::tests::levels_switch_exactly_at_70_85_and_100_percent ... ok
[INFO] [stdout] test domain::budget::tests::reserve_rounds_up_and_never_exceeds_limit ... ok
[INFO] [stdout] test domain::dag::tests::rejects_invalid_edges_and_duplicate_ids ... ok
[INFO] [stdout] test domain::dag::tests::ordering_is_deterministic_and_respects_every_edge ... ok
[INFO] [stdout] test domain::budget::tests::work_cannot_touch_the_reserve_but_recovery_can ... ok
[INFO] [stdout] test api::contracts::task::tests::dto_validates_complete_contract ... ok
[INFO] [stdout] test context::discovery::tests::rejects_escape_and_secret_names ... ok
[INFO] [stdout] test domain::project::tests::run_requires_criteria_and_positive_budget ... ok
[INFO] [stdout] test domain::path_scope::tests::rejects_unsafe_or_empty_patterns ... ok
[INFO] [stdout] test domain::dag::tests::ready_requires_done_dependencies_and_ready_status ... ok
[INFO] [stdout] test domain::project::tests::approval_requires_actor_and_rejection_reason ... ok
[INFO] [stdout] test domain::path_scope::tests::normalizes_to_canonical_patterns ... ok
[INFO] [stdout] test domain::path_scope::tests::overlap_is_conservative_and_symmetric ... ok
[INFO] [stdout] test domain::provider::tests::provider_model_and_probe_serialize_roundtrip ... ok
[INFO] [stdout] test domain::provider::tests::capability_serialization_has_exact_keys ... ok
[INFO] [stdout] test domain::provider::tests::model_starts_with_unknown_verified_capabilities ... ok
[INFO] [stdout] test domain::provider::tests::probe_error_codes_are_typed_and_roundtrip ... ok
[INFO] [stdout] test domain::provider::tests::rejects_invalid_urls_and_environment_names ... ok
[INFO] [stdout] test domain::provider::tests::rejects_zero_and_negative_limits ... ok
[INFO] [stdout] test domain::provider::tests::verified_states_roundtrip ... ok
[INFO] [stdout] test domain::state_machine::tests::recovery_is_separate_from_normal_workflow ... ok
[INFO] [stdout] test domain::state_machine::tests::transition_table_accepts_every_declared_transition ... ok
[INFO] [stdout] test domain::state_machine::tests::transition_table_rejects_every_undeclared_transition ... ok
[INFO] [stdout] test domain::state_machine::tests::transition_to_ready_validates_contract ... ok
[INFO] [stdout] test domain::state_machine::tests::worker_cannot_set_done ... ok
[INFO] [stdout] test domain::task::tests::limits_enforce_positive_json_safe_values_and_attempt_ceiling ... ok
[INFO] [stdout] test domain::task::tests::paths_reject_empty_absolute_and_traversal ... ok
[INFO] [stdout] test domain::task::tests::scalar_values_reject_whitespace ... ok
[INFO] [stdout] test model::error::tests::arbitrary_provider_code_is_not_stored_or_displayed ... ok
[INFO] [stdout] test model::error::tests::maps_context_length_code_on_bad_request ... ok
[INFO] [stdout] test domain::task::tests::ready_requires_scheduling_fields ... ok
[INFO] [stdout] test model::error::tests::discards_body_and_secrets_from_display ... ok
[INFO] [stdout] test recovery::tests::worktree_missing_is_normal_only_before_work_started ... ok
[INFO] [stdout] test orchestrator::tests::recovery_recognizes_applied_prepared_checkpoint_and_rejects_other_fingerprints ... ok
[INFO] [stdout] test runner::git::tests::patch_parser_rejects_path_metadata_after_content ... ok
[INFO] [stdout] test orchestrator::scheduler::parallel::tests::pick_prefers_least_loaded_run_then_original_order ... ok
[INFO] [stdout] test orchestrator::tests::commit_validation_rejects_symbolic_and_malformed_values ... ok
[INFO] [stdout] test runner::git::tests::patch_parser_rejects_rename_and_copy_path_mismatch ... ok
[INFO] [stdout] test model::error::tests::maps_status_and_retryability ... ok
[INFO] [stdout] test security::ssrf::tests::allowlist_matches_exact_hosts_only ... ok
[INFO] [stdout] test security::ssrf::tests::private_loopback_and_metadata_addresses_are_not_public ... ok
[INFO] [stdout] test security::ssrf::tests::invalid_and_unresolvable_destinations_fail_closed ... ok
[INFO] [stdout] git version 2.53.0
[INFO] [stdout] test domain::project::tests::repository_path_is_canonical_and_directory_only ... ok
[INFO] [stdout] test runner::git::tests::stderr_overflow_has_typed_error_without_content ... ok
[INFO] [stdout] test api::contracts::project::tests::project_input_canonicalizes_and_rejects_bad_paths ... ok
[INFO] [stdout] 
[INFO] [stdout] test result: ok. 61 passed; 0 failed; 0 ignored; 0 measured; 0 filtered out; finished in 0.04s
[INFO] [stdout] 
[INFO] [stderr]      Running unittests src/main.rs (/opt/rustwide/target/release/build/ai-team/ff868a0083d626b4/out/ai_team-ff868a0083d626b4)
[INFO] [stdout] 
[INFO] [stdout] running 6 tests
[INFO] [stdout] test config::tests::valid_defaults_are_safe ... ok
[INFO] [stdout] test config::tests::valid_toml_loads ... ok
[INFO] [stdout] test config::tests::environment_overrides_typed_value ... ok
[INFO] [stdout] test config::tests::missing_secret_names_field_without_value ... ok
[INFO] [stdout] test config::tests::invalid_limit_names_field ... ok
[INFO] [stdout] test config::tests::non_loopback_bind_requires_explicit_consent ... ok
[INFO] [stdout] 
[INFO] [stdout] test result: ok. 6 passed; 0 failed; 0 ignored; 0 measured; 0 filtered out; finished in 0.01s
[INFO] [stdout] 
[INFO] [stderr]      Running tests/api_error.rs (/opt/rustwide/target/release/build/ai-team/563c93fe71910106/out/api_error-563c93fe71910106)
[INFO] [stdout] 
[INFO] [stdout] running 1 test
[INFO] [stdout] test stable_error_envelopes_cover_http_statuses ... ok
[INFO] [stdout] 
[INFO] [stdout] test result: ok. 1 passed; 0 failed; 0 ignored; 0 measured; 0 filtered out; finished in 0.00s
[INFO] [stdout] 
[INFO] [stderr]      Running tests/approvals_api.rs (/opt/rustwide/target/release/build/ai-team/3a68e8c91e588224/out/approvals_api-3a68e8c91e588224)
[INFO] [stdout] 
[INFO] [stdout] running 3 tests
[INFO] [stdout] test empty_queue_is_well_formed_and_reading_changes_nothing ... FAILED
[INFO] [stdout] test plans_waiting_for_approval_show_risk_and_decisions_show_who_decided ... FAILED
[INFO] [stdout] test human_attention_tasks_carry_context_and_decisions_are_audited ... FAILED
[INFO] [stdout] 
[INFO] [stdout] failures:
[INFO] [stdout] 
[INFO] [stdout] ---- empty_queue_is_well_formed_and_reading_changes_nothing stdout ----
[INFO] [stdout] 
[INFO] [stdout] thread 'empty_queue_is_well_formed_and_reading_changes_nothing' (6499) panicked at /opt/rustwide/cargo-home/registry/src/index.crates.io-1949cf8c6b5b557f/sqlx-postgres-0.8.6/src/testing/mod.rs:96:44:
[INFO] [stdout] DATABASE_URL must be set: EnvVar(NotPresent)
[INFO] [stdout] stack backtrace:
[INFO] [stdout]    0:     0x633c60ccc0c1 - <<std[617be2ca0a6fd877]::sys::backtrace::BacktraceLock>::print::DisplayBacktrace as core[a373ad73a504971]::fmt::Display>::fmt
[INFO] [stdout]    1:     0x633c60ce49ba - core[a373ad73a504971]::fmt::write
[INFO] [stdout]    2:     0x633c60cd125c - <alloc[2e1b2a31b91974c5]::vec::Vec<u8> as core[a373ad73a504971]::io::write::Write>::write_fmt
[INFO] [stdout]    3:     0x633c60ca50e6 - std[617be2ca0a6fd877]::panicking::default_hook::{closure#0}
[INFO] [stdout]    4:     0x633c60cc3959 - std[617be2ca0a6fd877]::panicking::default_hook
[INFO] [stdout]    5:     0x633c607a0700 - test[aada8e7e76ba119b]::test_main_inner::{closure#0}
[INFO] [stdout]    6:     0x633c60cc3c82 - std[617be2ca0a6fd877]::panicking::panic_with_hook
[INFO] [stdout]    7:     0x633c60ca5192 - std[617be2ca0a6fd877]::panicking::panic_handler::{closure#0}
[INFO] [stdout]    8:     0x633c60c9d3f9 - std[617be2ca0a6fd877]::sys::backtrace::__rust_end_short_backtrace::<std[617be2ca0a6fd877]::panicking::panic_handler::{closure#0}, !>
[INFO] [stdout]    9:     0x633c60ca613d - __rustc[ea4f61d10b84890b]::rust_begin_unwind
[INFO] [stdout]   10:     0x633c60ce515c - core[a373ad73a504971]::panicking::panic_fmt
[INFO] [stdout]   11:     0x633c60ce4f32 - core[a373ad73a504971]::result::unwrap_failed
[INFO] [stdout]   12:     0x633c60acc84a - <sqlx_postgres[99d1a5af5ccf9e3f]::database::Postgres as sqlx_core[f3811939ea9bbbe7]::testing::TestSupport>::test_context::{closure#0}
[INFO] [stdout]   13:     0x633c60686b9c - sqlx_core[f3811939ea9bbbe7]::testing::run_test::<sqlx_postgres[99d1a5af5ccf9e3f]::database::Postgres, sqlx_core[f3811939ea9bbbe7]::testing::run_test_with_pool<sqlx_postgres[99d1a5af5ccf9e3f]::database::Postgres, fn(sqlx_core[f3811939ea9bbbe7]::pool::Pool<sqlx_postgres[99d1a5af5ccf9e3f]::database::Postgres>) -> approvals_api[e30e86ee8be8d4f5]::empty_queue_is_well_formed_and_reading_changes_nothing::empty_queue_is_well_formed_and_reading_changes_nothing::{closure#0}, approvals_api[e30e86ee8be8d4f5]::empty_queue_is_well_formed_and_reading_changes_nothing::empty_queue_is_well_formed_and_reading_changes_nothing::{closure#0}>::{closure#0}, sqlx_core[f3811939ea9bbbe7]::testing::run_test_with_pool<sqlx_postgres[99d1a5af5ccf9e3f]::database::Postgres, fn(sqlx_core[f3811939ea9bbbe7]::pool::Pool<sqlx_postgres[99d1a5af5ccf9e3f]::database::Postgres>) -> approvals_api[e30e86ee8be8d4f5]::empty_queue_is_well_formed_and_reading_changes_nothing::empty_queue_is_well_formed_and_reading_changes_nothing::{closure#0}, approvals_api[e30e86ee8be8d4f5]::empty_queue_is_well_formed_and_reading_changes_nothing::empty_queue_is_well_formed_and_reading_changes_nothing::{closure#0}>::{closure#0}::{closure#0}>::{closure#0}
[INFO] [stdout]   14:     0x633c60767a2e - <tokio[416bc1fcaa3c82c7]::runtime::scheduler::current_thread::Context>::enter::<core[a373ad73a504971]::task::poll::Poll<()>, <tokio[416bc1fcaa3c82c7]::runtime::scheduler::current_thread::CoreGuard>::block_on<core[a373ad73a504971]::pin::Pin<&mut sqlx_core[f3811939ea9bbbe7]::testing::run_test<sqlx_postgres[99d1a5af5ccf9e3f]::database::Postgres, sqlx_core[f3811939ea9bbbe7]::testing::run_test_with_pool<sqlx_postgres[99d1a5af5ccf9e3f]::database::Postgres, fn(sqlx_core[f3811939ea9bbbe7]::pool::Pool<sqlx_postgres[99d1a5af5ccf9e3f]::database::Postgres>) -> approvals_api[e30e86ee8be8d4f5]::empty_queue_is_well_formed_and_reading_changes_nothing::empty_queue_is_well_formed_and_reading_changes_nothing::{closure#0}, approvals_api[e30e86ee8be8d4f5]::empty_queue_is_well_formed_and_reading_changes_nothing::empty_queue_is_well_formed_and_reading_changes_nothing::{closure#0}>::{closure#0}, sqlx_core[f3811939ea9bbbe7]::testing::run_test_with_pool<sqlx_postgres[99d1a5af5ccf9e3f]::database::Postgres, fn(sqlx_core[f3811939ea9bbbe7]::pool::Pool<sqlx_postgres[99d1a5af5ccf9e3f]::database::Postgres>) -> approvals_api[e30e86ee8be8d4f5]::empty_queue_is_well_formed_and_reading_changes_nothing::empty_queue_is_well_formed_and_reading_changes_nothing::{closure#0}, approvals_api[e30e86ee8be8d4f5]::empty_queue_is_well_formed_and_reading_changes_nothing::empty_queue_is_well_formed_and_reading_changes_nothing::{closure#0}>::{closure#0}::{closure#0}>::{closure#0}>>::{closure#0}::{closure#0}>
[INFO] [stdout]   15:     0x633c60757d6c - <tokio[416bc1fcaa3c82c7]::runtime::context::scoped::Scoped<tokio[416bc1fcaa3c82c7]::runtime::scheduler::Context>>::set::<<tokio[416bc1fcaa3c82c7]::runtime::scheduler::current_thread::CoreGuard>::enter<<tokio[416bc1fcaa3c82c7]::runtime::scheduler::current_thread::CoreGuard>::block_on<core[a373ad73a504971]::pin::Pin<&mut sqlx_core[f3811939ea9bbbe7]::testing::run_test<sqlx_postgres[99d1a5af5ccf9e3f]::database::Postgres, sqlx_core[f3811939ea9bbbe7]::testing::run_test_with_pool<sqlx_postgres[99d1a5af5ccf9e3f]::database::Postgres, fn(sqlx_core[f3811939ea9bbbe7]::pool::Pool<sqlx_postgres[99d1a5af5ccf9e3f]::database::Postgres>) -> approvals_api[e30e86ee8be8d4f5]::empty_queue_is_well_formed_and_reading_changes_nothing::empty_queue_is_well_formed_and_reading_changes_nothing::{closure#0}, approvals_api[e30e86ee8be8d4f5]::empty_queue_is_well_formed_and_reading_changes_nothing::empty_queue_is_well_formed_and_reading_changes_nothing::{closure#0}>::{closure#0}, sqlx_core[f3811939ea9bbbe7]::testing::run_test_with_pool<sqlx_postgres[99d1a5af5ccf9e3f]::database::Postgres, fn(sqlx_core[f3811939ea9bbbe7]::pool::Pool<sqlx_postgres[99d1a5af5ccf9e3f]::database::Postgres>) -> approvals_api[e30e86ee8be8d4f5]::empty_queue_is_well_formed_and_reading_changes_nothing::empty_queue_is_well_formed_and_reading_changes_nothing::{closure#0}, approvals_api[e30e86ee8be8d4f5]::empty_queue_is_well_formed_and_reading_changes_nothing::empty_queue_is_well_formed_and_reading_changes_nothing::{closure#0}>::{closure#0}::{closure#0}>::{closure#0}>>::{closure#0}, core[a373ad73a504971]::option::Option<()>>::{closure#0}, (alloc[2e1b2a31b91974c5]::boxed::Box<tokio[416bc1fcaa3c82c7]::runtime::scheduler::current_thread::Core>, core[a373ad73a504971]::option::Option<()>)>
[INFO] [stdout]   16:     0x633c607684e7 - <tokio[416bc1fcaa3c82c7]::runtime::scheduler::current_thread::CoreGuard>::block_on::<core[a373ad73a504971]::pin::Pin<&mut sqlx_core[f3811939ea9bbbe7]::testing::run_test<sqlx_postgres[99d1a5af5ccf9e3f]::database::Postgres, sqlx_core[f3811939ea9bbbe7]::testing::run_test_with_pool<sqlx_postgres[99d1a5af5ccf9e3f]::database::Postgres, fn(sqlx_core[f3811939ea9bbbe7]::pool::Pool<sqlx_postgres[99d1a5af5ccf9e3f]::database::Postgres>) -> approvals_api[e30e86ee8be8d4f5]::empty_queue_is_well_formed_and_reading_changes_nothing::empty_queue_is_well_formed_and_reading_changes_nothing::{closure#0}, approvals_api[e30e86ee8be8d4f5]::empty_queue_is_well_formed_and_reading_changes_nothing::empty_queue_is_well_formed_and_reading_changes_nothing::{closure#0}>::{closure#0}, sqlx_core[f3811939ea9bbbe7]::testing::run_test_with_pool<sqlx_postgres[99d1a5af5ccf9e3f]::database::Postgres, fn(sqlx_core[f3811939ea9bbbe7]::pool::Pool<sqlx_postgres[99d1a5af5ccf9e3f]::database::Postgres>) -> approvals_api[e30e86ee8be8d4f5]::empty_queue_is_well_formed_and_reading_changes_nothing::empty_queue_is_well_formed_and_reading_changes_nothing::{closure#0}, approvals_api[e30e86ee8be8d4f5]::empty_queue_is_well_formed_and_reading_changes_nothing::empty_queue_is_well_formed_and_reading_changes_nothing::{closure#0}>::{closure#0}::{closure#0}>::{closure#0}>>
[INFO] [stdout]   17:     0x633c60779efb - tokio[416bc1fcaa3c82c7]::runtime::context::runtime::enter_runtime::<<tokio[416bc1fcaa3c82c7]::runtime::scheduler::current_thread::CurrentThread>::block_on<sqlx_core[f3811939ea9bbbe7]::testing::run_test<sqlx_postgres[99d1a5af5ccf9e3f]::database::Postgres, sqlx_core[f3811939ea9bbbe7]::testing::run_test_with_pool<sqlx_postgres[99d1a5af5ccf9e3f]::database::Postgres, fn(sqlx_core[f3811939ea9bbbe7]::pool::Pool<sqlx_postgres[99d1a5af5ccf9e3f]::database::Postgres>) -> approvals_api[e30e86ee8be8d4f5]::empty_queue_is_well_formed_and_reading_changes_nothing::empty_queue_is_well_formed_and_reading_changes_nothing::{closure#0}, approvals_api[e30e86ee8be8d4f5]::empty_queue_is_well_formed_and_reading_changes_nothing::empty_queue_is_well_formed_and_reading_changes_nothing::{closure#0}>::{closure#0}, sqlx_core[f3811939ea9bbbe7]::testing::run_test_with_pool<sqlx_postgres[99d1a5af5ccf9e3f]::database::Postgres, fn(sqlx_core[f3811939ea9bbbe7]::pool::Pool<sqlx_postgres[99d1a5af5ccf9e3f]::database::Postgres>) -> approvals_api[e30e86ee8be8d4f5]::empty_queue_is_well_formed_and_reading_changes_nothing::empty_queue_is_well_formed_and_reading_changes_nothing::{closure#0}, approvals_api[e30e86ee8be8d4f5]::empty_queue_is_well_formed_and_reading_changes_nothing::empty_queue_is_well_formed_and_reading_changes_nothing::{closure#0}>::{closure#0}::{closure#0}>::{closure#0}>::{closure#0}, ()>
[INFO] [stdout]   18:     0x633c6075793e - <tokio[416bc1fcaa3c82c7]::runtime::runtime::Runtime>::block_on::<sqlx_core[f3811939ea9bbbe7]::testing::run_test<sqlx_postgres[99d1a5af5ccf9e3f]::database::Postgres, sqlx_core[f3811939ea9bbbe7]::testing::run_test_with_pool<sqlx_postgres[99d1a5af5ccf9e3f]::database::Postgres, fn(sqlx_core[f3811939ea9bbbe7]::pool::Pool<sqlx_postgres[99d1a5af5ccf9e3f]::database::Postgres>) -> approvals_api[e30e86ee8be8d4f5]::empty_queue_is_well_formed_and_reading_changes_nothing::empty_queue_is_well_formed_and_reading_changes_nothing::{closure#0}, approvals_api[e30e86ee8be8d4f5]::empty_queue_is_well_formed_and_reading_changes_nothing::empty_queue_is_well_formed_and_reading_changes_nothing::{closure#0}>::{closure#0}, sqlx_core[f3811939ea9bbbe7]::testing::run_test_with_pool<sqlx_postgres[99d1a5af5ccf9e3f]::database::Postgres, fn(sqlx_core[f3811939ea9bbbe7]::pool::Pool<sqlx_postgres[99d1a5af5ccf9e3f]::database::Postgres>) -> approvals_api[e30e86ee8be8d4f5]::empty_queue_is_well_formed_and_reading_changes_nothing::empty_queue_is_well_formed_and_reading_changes_nothing::{closure#0}, approvals_api[e30e86ee8be8d4f5]::empty_queue_is_well_formed_and_reading_changes_nothing::empty_queue_is_well_formed_and_reading_changes_nothing::{closure#0}>::{closure#0}::{closure#0}>::{closure#0}>
[INFO] [stdout]   19:     0x633c607418ab - sqlx_core[f3811939ea9bbbe7]::rt::test_block_on::<sqlx_core[f3811939ea9bbbe7]::testing::run_test<sqlx_postgres[99d1a5af5ccf9e3f]::database::Postgres, sqlx_core[f3811939ea9bbbe7]::testing::run_test_with_pool<sqlx_postgres[99d1a5af5ccf9e3f]::database::Postgres, fn(sqlx_core[f3811939ea9bbbe7]::pool::Pool<sqlx_postgres[99d1a5af5ccf9e3f]::database::Postgres>) -> approvals_api[e30e86ee8be8d4f5]::empty_queue_is_well_formed_and_reading_changes_nothing::empty_queue_is_well_formed_and_reading_changes_nothing::{closure#0}, approvals_api[e30e86ee8be8d4f5]::empty_queue_is_well_formed_and_reading_changes_nothing::empty_queue_is_well_formed_and_reading_changes_nothing::{closure#0}>::{closure#0}, sqlx_core[f3811939ea9bbbe7]::testing::run_test_with_pool<sqlx_postgres[99d1a5af5ccf9e3f]::database::Postgres, fn(sqlx_core[f3811939ea9bbbe7]::pool::Pool<sqlx_postgres[99d1a5af5ccf9e3f]::database::Postgres>) -> approvals_api[e30e86ee8be8d4f5]::empty_queue_is_well_formed_and_reading_changes_nothing::empty_queue_is_well_formed_and_reading_changes_nothing::{closure#0}, approvals_api[e30e86ee8be8d4f5]::empty_queue_is_well_formed_and_reading_changes_nothing::empty_queue_is_well_formed_and_reading_changes_nothing::{closure#0}>::{closure#0}::{closure#0}>::{closure#0}>
[INFO] [stdout]   20:     0x633c60738c40 - <approvals_api[e30e86ee8be8d4f5]::empty_queue_is_well_formed_and_reading_changes_nothing::{closure#0} as core[a373ad73a504971]::ops::function::FnOnce<()>>::call_once
[INFO] [stdout]   21:     0x633c60793b4b - test[aada8e7e76ba119b]::__rust_begin_short_backtrace::<core[a373ad73a504971]::result::Result<(), alloc[2e1b2a31b91974c5]::string::String>, fn() -> core[a373ad73a504971]::result::Result<(), alloc[2e1b2a31b91974c5]::string::String>>
[INFO] [stdout]   22:     0x633c607a0d25 - test[aada8e7e76ba119b]::run_test::{closure#0}
[INFO] [stdout]   23:     0x633c6079a614 - std[617be2ca0a6fd877]::sys::backtrace::__rust_begin_short_backtrace::<test[aada8e7e76ba119b]::run_test::{closure#1}, ()>
[INFO] [stdout]   24:     0x633c607a3db2 - <std[617be2ca0a6fd877]::thread::lifecycle::spawn_unchecked<test[aada8e7e76ba119b]::run_test::{closure#1}, ()>::{closure#1} as core[a373ad73a504971]::ops::function::FnOnce<()>>::call_once::{shim:vtable#0}
[INFO] [stdout]   25:     0x633c60ccb25f - <std[617be2ca0a6fd877]::sys::thread::unix::Thread>::new::thread_start
[INFO] [stdout]   26:     0x746e5a075dfa - <unknown>
[INFO] [stdout]   27:     0x746e5a1093d4 - clone
[INFO] [stdout]   28:                0x0 - <unknown>
[INFO] [stdout] 
[INFO] [stdout] ---- plans_waiting_for_approval_show_risk_and_decisions_show_who_decided stdout ----
[INFO] [stdout] 
[INFO] [stdout] thread 'plans_waiting_for_approval_show_risk_and_decisions_show_who_decided' (6501) panicked at /opt/rustwide/cargo-home/registry/src/index.crates.io-1949cf8c6b5b557f/sqlx-postgres-0.8.6/src/testing/mod.rs:96:44:
[INFO] [stdout] DATABASE_URL must be set: EnvVar(NotPresent)
[INFO] [stdout] stack backtrace:
[INFO] [stdout]    0:     0x633c60ccc0c1 - <<std[617be2ca0a6fd877]::sys::backtrace::BacktraceLock>::print::DisplayBacktrace as core[a373ad73a504971]::fmt::Display>::fmt
[INFO] [stdout]    1:     0x633c60ce49ba - core[a373ad73a504971]::fmt::write
[INFO] [stdout]    2:     0x633c60cd125c - <alloc[2e1b2a31b91974c5]::vec::Vec<u8> as core[a373ad73a504971]::io::write::Write>::write_fmt
[INFO] [stdout]    3:     0x633c60ca50e6 - std[617be2ca0a6fd877]::panicking::default_hook::{closure#0}
[INFO] [stdout]    4:     0x633c60cc3959 - std[617be2ca0a6fd877]::panicking::default_hook
[INFO] [stdout]    5:     0x633c607a0700 - test[aada8e7e76ba119b]::test_main_inner::{closure#0}
[INFO] [stdout]    6:     0x633c60cc3c82 - std[617be2ca0a6fd877]::panicking::panic_with_hook
[INFO] [stdout]    7:     0x633c60ca5192 - std[617be2ca0a6fd877]::panicking::panic_handler::{closure#0}
[INFO] [stdout]    8:     0x633c60c9d3f9 - std[617be2ca0a6fd877]::sys::backtrace::__rust_end_short_backtrace::<std[617be2ca0a6fd877]::panicking::panic_handler::{closure#0}, !>
[INFO] [stdout]    9:     0x633c60ca613d - __rustc[ea4f61d10b84890b]::rust_begin_unwind
[INFO] [stdout]   10:     0x633c60ce515c - core[a373ad73a504971]::panicking::panic_fmt
[INFO] [stdout]   11:     0x633c60ce4f32 - core[a373ad73a504971]::result::unwrap_failed
[INFO] [stdout]   12:     0x633c60acc84a - <sqlx_postgres[99d1a5af5ccf9e3f]::database::Postgres as sqlx_core[f3811939ea9bbbe7]::testing::TestSupport>::test_context::{closure#0}
[INFO] [stdout]   13:     0x633c606888df - sqlx_core[f3811939ea9bbbe7]::testing::run_test::<sqlx_postgres[99d1a5af5ccf9e3f]::database::Postgres, sqlx_core[f3811939ea9bbbe7]::testing::run_test_with_pool<sqlx_postgres[99d1a5af5ccf9e3f]::database::Postgres, fn(sqlx_core[f3811939ea9bbbe7]::pool::Pool<sqlx_postgres[99d1a5af5ccf9e3f]::database::Postgres>) -> approvals_api[e30e86ee8be8d4f5]::plans_waiting_for_approval_show_risk_and_decisions_show_who_decided::plans_waiting_for_approval_show_risk_and_decisions_show_who_decided::{closure#0}, approvals_api[e30e86ee8be8d4f5]::plans_waiting_for_approval_show_risk_and_decisions_show_who_decided::plans_waiting_for_approval_show_risk_and_decisions_show_who_decided::{closure#0}>::{closure#0}, sqlx_core[f3811939ea9bbbe7]::testing::run_test_with_pool<sqlx_postgres[99d1a5af5ccf9e3f]::database::Postgres, fn(sqlx_core[f3811939ea9bbbe7]::pool::Pool<sqlx_postgres[99d1a5af5ccf9e3f]::database::Postgres>) -> approvals_api[e30e86ee8be8d4f5]::plans_waiting_for_approval_show_risk_and_decisions_show_who_decided::plans_waiting_for_approval_show_risk_and_decisions_show_who_decided::{closure#0}, approvals_api[e30e86ee8be8d4f5]::plans_waiting_for_approval_show_risk_and_decisions_show_who_decided::plans_waiting_for_approval_show_risk_and_decisions_show_who_decided::{closure#0}>::{closure#0}::{closure#0}>::{closure#0}
[INFO] [stdout]   14:     0x633c60767d4e - <tokio[416bc1fcaa3c82c7]::runtime::scheduler::current_thread::Context>::enter::<core[a373ad73a504971]::task::poll::Poll<()>, <tokio[416bc1fcaa3c82c7]::runtime::scheduler::current_thread::CoreGuard>::block_on<core[a373ad73a504971]::pin::Pin<&mut sqlx_core[f3811939ea9bbbe7]::testing::run_test<sqlx_postgres[99d1a5af5ccf9e3f]::database::Postgres, sqlx_core[f3811939ea9bbbe7]::testing::run_test_with_pool<sqlx_postgres[99d1a5af5ccf9e3f]::database::Postgres, fn(sqlx_core[f3811939ea9bbbe7]::pool::Pool<sqlx_postgres[99d1a5af5ccf9e3f]::database::Postgres>) -> approvals_api[e30e86ee8be8d4f5]::plans_waiting_for_approval_show_risk_and_decisions_show_who_decided::plans_waiting_for_approval_show_risk_and_decisions_show_who_decided::{closure#0}, approvals_api[e30e86ee8be8d4f5]::plans_waiting_for_approval_show_risk_and_decisions_show_who_decided::plans_waiting_for_approval_show_risk_and_decisions_show_who_decided::{closure#0}>::{closure#0}, sqlx_core[f3811939ea9bbbe7]::testing::run_test_with_pool<sqlx_postgres[99d1a5af5ccf9e3f]::database::Postgres, fn(sqlx_core[f3811939ea9bbbe7]::pool::Pool<sqlx_postgres[99d1a5af5ccf9e3f]::database::Postgres>) -> approvals_api[e30e86ee8be8d4f5]::plans_waiting_for_approval_show_risk_and_decisions_show_who_decided::plans_waiting_for_approval_show_risk_and_decisions_show_who_decided::{closure#0}, approvals_api[e30e86ee8be8d4f5]::plans_waiting_for_approval_show_risk_and_decisions_show_who_decided::plans_waiting_for_approval_show_risk_and_decisions_show_who_decided::{closure#0}>::{closure#0}::{closure#0}>::{closure#0}>>::{closure#0}::{closure#0}>
[INFO] [stdout]   15:     0x633c6075812c - <tokio[416bc1fcaa3c82c7]::runtime::context::scoped::Scoped<tokio[416bc1fcaa3c82c7]::runtime::scheduler::Context>>::set::<<tokio[416bc1fcaa3c82c7]::runtime::scheduler::current_thread::CoreGuard>::enter<<tokio[416bc1fcaa3c82c7]::runtime::scheduler::current_thread::CoreGuard>::block_on<core[a373ad73a504971]::pin::Pin<&mut sqlx_core[f3811939ea9bbbe7]::testing::run_test<sqlx_postgres[99d1a5af5ccf9e3f]::database::Postgres, sqlx_core[f3811939ea9bbbe7]::testing::run_test_with_pool<sqlx_postgres[99d1a5af5ccf9e3f]::database::Postgres, fn(sqlx_core[f3811939ea9bbbe7]::pool::Pool<sqlx_postgres[99d1a5af5ccf9e3f]::database::Postgres>) -> approvals_api[e30e86ee8be8d4f5]::plans_waiting_for_approval_show_risk_and_decisions_show_who_decided::plans_waiting_for_approval_show_risk_and_decisions_show_who_decided::{closure#0}, approvals_api[e30e86ee8be8d4f5]::plans_waiting_for_approval_show_risk_and_decisions_show_who_decided::plans_waiting_for_approval_show_risk_and_decisions_show_who_decided::{closure#0}>::{closure#0}, sqlx_core[f3811939ea9bbbe7]::testing::run_test_with_pool<sqlx_postgres[99d1a5af5ccf9e3f]::database::Postgres, fn(sqlx_core[f3811939ea9bbbe7]::pool::Pool<sqlx_postgres[99d1a5af5ccf9e3f]::database::Postgres>) -> approvals_api[e30e86ee8be8d4f5]::plans_waiting_for_approval_show_risk_and_decisions_show_who_decided::plans_waiting_for_approval_show_risk_and_decisions_show_who_decided::{closure#0}, approvals_api[e30e86ee8be8d4f5]::plans_waiting_for_approval_show_risk_and_decisions_show_who_decided::plans_waiting_for_approval_show_risk_and_decisions_show_who_decided::{closure#0}>::{closure#0}::{closure#0}>::{closure#0}>>::{closure#0}, core[a373ad73a504971]::option::Option<()>>::{closure#0}, (alloc[2e1b2a31b91974c5]::boxed::Box<tokio[416bc1fcaa3c82c7]::runtime::scheduler::current_thread::Core>, core[a373ad73a504971]::option::Option<()>)>
[INFO] [stdout]   16:     0x633c607688c7 - <tokio[416bc1fcaa3c82c7]::runtime::scheduler::current_thread::CoreGuard>::block_on::<core[a373ad73a504971]::pin::Pin<&mut sqlx_core[f3811939ea9bbbe7]::testing::run_test<sqlx_postgres[99d1a5af5ccf9e3f]::database::Postgres, sqlx_core[f3811939ea9bbbe7]::testing::run_test_with_pool<sqlx_postgres[99d1a5af5ccf9e3f]::database::Postgres, fn(sqlx_core[f3811939ea9bbbe7]::pool::Pool<sqlx_postgres[99d1a5af5ccf9e3f]::database::Postgres>) -> approvals_api[e30e86ee8be8d4f5]::plans_waiting_for_approval_show_risk_and_decisions_show_who_decided::plans_waiting_for_approval_show_risk_and_decisions_show_who_decided::{closure#0}, approvals_api[e30e86ee8be8d4f5]::plans_waiting_for_approval_show_risk_and_decisions_show_who_decided::plans_waiting_for_approval_show_risk_and_decisions_show_who_decided::{closure#0}>::{closure#0}, sqlx_core[f3811939ea9bbbe7]::testing::run_test_with_pool<sqlx_postgres[99d1a5af5ccf9e3f]::database::Postgres, fn(sqlx_core[f3811939ea9bbbe7]::pool::Pool<sqlx_postgres[99d1a5af5ccf9e3f]::database::Postgres>) -> approvals_api[e30e86ee8be8d4f5]::plans_waiting_for_approval_show_risk_and_decisions_show_who_decided::plans_waiting_for_approval_show_risk_and_decisions_show_who_decided::{closure#0}, approvals_api[e30e86ee8be8d4f5]::plans_waiting_for_approval_show_risk_and_decisions_show_who_decided::plans_waiting_for_approval_show_risk_and_decisions_show_who_decided::{closure#0}>::{closure#0}::{closure#0}>::{closure#0}>>
[INFO] [stdout]   17:     0x633c6077a7bb - tokio[416bc1fcaa3c82c7]::runtime::context::runtime::enter_runtime::<<tokio[416bc1fcaa3c82c7]::runtime::scheduler::current_thread::CurrentThread>::block_on<sqlx_core[f3811939ea9bbbe7]::testing::run_test<sqlx_postgres[99d1a5af5ccf9e3f]::database::Postgres, sqlx_core[f3811939ea9bbbe7]::testing::run_test_with_pool<sqlx_postgres[99d1a5af5ccf9e3f]::database::Postgres, fn(sqlx_core[f3811939ea9bbbe7]::pool::Pool<sqlx_postgres[99d1a5af5ccf9e3f]::database::Postgres>) -> approvals_api[e30e86ee8be8d4f5]::plans_waiting_for_approval_show_risk_and_decisions_show_who_decided::plans_waiting_for_approval_show_risk_and_decisions_show_who_decided::{closure#0}, approvals_api[e30e86ee8be8d4f5]::plans_waiting_for_approval_show_risk_and_decisions_show_who_decided::plans_waiting_for_approval_show_risk_and_decisions_show_who_decided::{closure#0}>::{closure#0}, sqlx_core[f3811939ea9bbbe7]::testing::run_test_with_pool<sqlx_postgres[99d1a5af5ccf9e3f]::database::Postgres, fn(sqlx_core[f3811939ea9bbbe7]::pool::Pool<sqlx_postgres[99d1a5af5ccf9e3f]::database::Postgres>) -> approvals_api[e30e86ee8be8d4f5]::plans_waiting_for_approval_show_risk_and_decisions_show_who_decided::plans_waiting_for_approval_show_risk_and_decisions_show_who_decided::{closure#0}, approvals_api[e30e86ee8be8d4f5]::plans_waiting_for_approval_show_risk_and_decisions_show_who_decided::plans_waiting_for_approval_show_risk_and_decisions_show_who_decided::{closure#0}>::{closure#0}::{closure#0}>::{closure#0}>::{closure#0}, ()>
[INFO] [stdout]   18:     0x633c60757c1e - <tokio[416bc1fcaa3c82c7]::runtime::runtime::Runtime>::block_on::<sqlx_core[f3811939ea9bbbe7]::testing::run_test<sqlx_postgres[99d1a5af5ccf9e3f]::database::Postgres, sqlx_core[f3811939ea9bbbe7]::testing::run_test_with_pool<sqlx_postgres[99d1a5af5ccf9e3f]::database::Postgres, fn(sqlx_core[f3811939ea9bbbe7]::pool::Pool<sqlx_postgres[99d1a5af5ccf9e3f]::database::Postgres>) -> approvals_api[e30e86ee8be8d4f5]::plans_waiting_for_approval_show_risk_and_decisions_show_who_decided::plans_waiting_for_approval_show_risk_and_decisions_show_who_decided::{closure#0}, approvals_api[e30e86ee8be8d4f5]::plans_waiting_for_approval_show_risk_and_decisions_show_who_decided::plans_waiting_for_approval_show_risk_and_decisions_show_who_decided::{closure#0}>::{closure#0}, sqlx_core[f3811939ea9bbbe7]::testing::run_test_with_pool<sqlx_postgres[99d1a5af5ccf9e3f]::database::Postgres, fn(sqlx_core[f3811939ea9bbbe7]::pool::Pool<sqlx_postgres[99d1a5af5ccf9e3f]::database::Postgres>) -> approvals_api[e30e86ee8be8d4f5]::plans_waiting_for_approval_show_risk_and_decisions_show_who_decided::plans_waiting_for_approval_show_risk_and_decisions_show_who_decided::{closure#0}, approvals_api[e30e86ee8be8d4f5]::plans_waiting_for_approval_show_risk_and_decisions_show_who_decided::plans_waiting_for_approval_show_risk_and_decisions_show_who_decided::{closure#0}>::{closure#0}::{closure#0}>::{closure#0}>
[INFO] [stdout]   19:     0x633c60741b0b - sqlx_core[f3811939ea9bbbe7]::rt::test_block_on::<sqlx_core[f3811939ea9bbbe7]::testing::run_test<sqlx_postgres[99d1a5af5ccf9e3f]::database::Postgres, sqlx_core[f3811939ea9bbbe7]::testing::run_test_with_pool<sqlx_postgres[99d1a5af5ccf9e3f]::database::Postgres, fn(sqlx_core[f3811939ea9bbbe7]::pool::Pool<sqlx_postgres[99d1a5af5ccf9e3f]::database::Postgres>) -> approvals_api[e30e86ee8be8d4f5]::plans_waiting_for_approval_show_risk_and_decisions_show_who_decided::plans_waiting_for_approval_show_risk_and_decisions_show_who_decided::{closure#0}, approvals_api[e30e86ee8be8d4f5]::plans_waiting_for_approval_show_risk_and_decisions_show_who_decided::plans_waiting_for_approval_show_risk_and_decisions_show_who_decided::{closure#0}>::{closure#0}, sqlx_core[f3811939ea9bbbe7]::testing::run_test_with_pool<sqlx_postgres[99d1a5af5ccf9e3f]::database::Postgres, fn(sqlx_core[f3811939ea9bbbe7]::pool::Pool<sqlx_postgres[99d1a5af5ccf9e3f]::database::Postgres>) -> approvals_api[e30e86ee8be8d4f5]::plans_waiting_for_approval_show_risk_and_decisions_show_who_decided::plans_waiting_for_approval_show_risk_and_decisions_show_who_decided::{closure#0}, approvals_api[e30e86ee8be8d4f5]::plans_waiting_for_approval_show_risk_and_decisions_show_who_decided::plans_waiting_for_approval_show_risk_and_decisions_show_who_decided::{closure#0}>::{closure#0}::{closure#0}>::{closure#0}>
[INFO] [stdout]   20:     0x633c60738da0 - <approvals_api[e30e86ee8be8d4f5]::plans_waiting_for_approval_show_risk_and_decisions_show_who_decided::{closure#0} as core[a373ad73a504971]::ops::function::FnOnce<()>>::call_once
[INFO] [stdout]   21:     0x633c60793b4b - test[aada8e7e76ba119b]::__rust_begin_short_backtrace::<core[a373ad73a504971]::result::Result<(), alloc[2e1b2a31b91974c5]::string::String>, fn() -> core[a373ad73a504971]::result::Result<(), alloc[2e1b2a31b91974c5]::string::String>>
[INFO] [stdout]   22:     0x633c607a0d25 - test[aada8e7e76ba119b]::run_test::{closure#0}
[INFO] [stdout]   23:     0x633c6079a614 - std[617be2ca0a6fd877]::sys::backtrace::__rust_begin_short_backtrace::<test[aada8e7e76ba119b]::run_test::{closure#1}, ()>
[INFO] [stdout]   24:     0x633c607a3db2 - <std[617be2ca0a6fd877]::thread::lifecycle::spawn_unchecked<test[aada8e7e76ba119b]::run_test::{closure#1}, ()>::{closure#1} as core[a373ad73a504971]::ops::function::FnOnce<()>>::call_once::{shim:vtable#0}
[INFO] [stdout]   25:     0x633c60ccb25f - <std[617be2ca0a6fd877]::sys::thread::unix::Thread>::new::thread_start
[INFO] [stdout]   26:     0x746e5a075dfa - <unknown>
[INFO] [stdout]   27:     0x746e5a1093d4 - clone
[INFO] [stdout]   28:                0x0 - <unknown>
[INFO] [stdout] 
[INFO] [stdout] ---- human_attention_tasks_carry_context_and_decisions_are_audited stdout ----
[INFO] [stdout] 
[INFO] [stdout] thread 'human_attention_tasks_carry_context_and_decisions_are_audited' (6500) panicked at /opt/rustwide/cargo-home/registry/src/index.crates.io-1949cf8c6b5b557f/sqlx-postgres-0.8.6/src/testing/mod.rs:96:44:
[INFO] [stdout] DATABASE_URL must be set: EnvVar(NotPresent)
[INFO] [stdout] stack backtrace:
[INFO] [stdout]    0:     0x633c60ccc0c1 - <<std[617be2ca0a6fd877]::sys::backtrace::BacktraceLock>::print::DisplayBacktrace as core[a373ad73a504971]::fmt::Display>::fmt
[INFO] [stdout]    1:     0x633c60ce49ba - core[a373ad73a504971]::fmt::write
[INFO] [stdout]    2:     0x633c60cd125c - <alloc[2e1b2a31b91974c5]::vec::Vec<u8> as core[a373ad73a504971]::io::write::Write>::write_fmt
[INFO] [stdout]    3:     0x633c60ca50e6 - std[617be2ca0a6fd877]::panicking::default_hook::{closure#0}
[INFO] [stdout]    4:     0x633c60cc3959 - std[617be2ca0a6fd877]::panicking::default_hook
[INFO] [stdout]    5:     0x633c607a0700 - test[aada8e7e76ba119b]::test_main_inner::{closure#0}
[INFO] [stdout]    6:     0x633c60cc3c82 - std[617be2ca0a6fd877]::panicking::panic_with_hook
[INFO] [stdout]    7:     0x633c60ca5192 - std[617be2ca0a6fd877]::panicking::panic_handler::{closure#0}
[INFO] [stdout]    8:     0x633c60c9d3f9 - std[617be2ca0a6fd877]::sys::backtrace::__rust_end_short_backtrace::<std[617be2ca0a6fd877]::panicking::panic_handler::{closure#0}, !>
[INFO] [stdout]    9:     0x633c60ca613d - __rustc[ea4f61d10b84890b]::rust_begin_unwind
[INFO] [stdout]   10:     0x633c60ce515c - core[a373ad73a504971]::panicking::panic_fmt
[INFO] [stdout]   11:     0x633c60ce4f32 - core[a373ad73a504971]::result::unwrap_failed
[INFO] [stdout]   12:     0x633c60acc84a - <sqlx_postgres[99d1a5af5ccf9e3f]::database::Postgres as sqlx_core[f3811939ea9bbbe7]::testing::TestSupport>::test_context::{closure#0}
[INFO] [stdout]   13:     0x633c60687f4e - sqlx_core[f3811939ea9bbbe7]::testing::run_test::<sqlx_postgres[99d1a5af5ccf9e3f]::database::Postgres, sqlx_core[f3811939ea9bbbe7]::testing::run_test_with_pool<sqlx_postgres[99d1a5af5ccf9e3f]::database::Postgres, fn(sqlx_core[f3811939ea9bbbe7]::pool::Pool<sqlx_postgres[99d1a5af5ccf9e3f]::database::Postgres>) -> approvals_api[e30e86ee8be8d4f5]::human_attention_tasks_carry_context_and_decisions_are_audited::human_attention_tasks_carry_context_and_decisions_are_audited::{closure#0}, approvals_api[e30e86ee8be8d4f5]::human_attention_tasks_carry_context_and_decisions_are_audited::human_attention_tasks_carry_context_and_decisions_are_audited::{closure#0}>::{closure#0}, sqlx_core[f3811939ea9bbbe7]::testing::run_test_with_pool<sqlx_postgres[99d1a5af5ccf9e3f]::database::Postgres, fn(sqlx_core[f3811939ea9bbbe7]::pool::Pool<sqlx_postgres[99d1a5af5ccf9e3f]::database::Postgres>) -> approvals_api[e30e86ee8be8d4f5]::human_attention_tasks_carry_context_and_decisions_are_audited::human_attention_tasks_carry_context_and_decisions_are_audited::{closure#0}, approvals_api[e30e86ee8be8d4f5]::human_attention_tasks_carry_context_and_decisions_are_audited::human_attention_tasks_carry_context_and_decisions_are_audited::{closure#0}>::{closure#0}::{closure#0}>::{closure#0}
[INFO] [stdout]   14:     0x633c60767bbe - <tokio[416bc1fcaa3c82c7]::runtime::scheduler::current_thread::Context>::enter::<core[a373ad73a504971]::task::poll::Poll<()>, <tokio[416bc1fcaa3c82c7]::runtime::scheduler::current_thread::CoreGuard>::block_on<core[a373ad73a504971]::pin::Pin<&mut sqlx_core[f3811939ea9bbbe7]::testing::run_test<sqlx_postgres[99d1a5af5ccf9e3f]::database::Postgres, sqlx_core[f3811939ea9bbbe7]::testing::run_test_with_pool<sqlx_postgres[99d1a5af5ccf9e3f]::database::Postgres, fn(sqlx_core[f3811939ea9bbbe7]::pool::Pool<sqlx_postgres[99d1a5af5ccf9e3f]::database::Postgres>) -> approvals_api[e30e86ee8be8d4f5]::human_attention_tasks_carry_context_and_decisions_are_audited::human_attention_tasks_carry_context_and_decisions_are_audited::{closure#0}, approvals_api[e30e86ee8be8d4f5]::human_attention_tasks_carry_context_and_decisions_are_audited::human_attention_tasks_carry_context_and_decisions_are_audited::{closure#0}>::{closure#0}, sqlx_core[f3811939ea9bbbe7]::testing::run_test_with_pool<sqlx_postgres[99d1a5af5ccf9e3f]::database::Postgres, fn(sqlx_core[f3811939ea9bbbe7]::pool::Pool<sqlx_postgres[99d1a5af5ccf9e3f]::database::Postgres>) -> approvals_api[e30e86ee8be8d4f5]::human_attention_tasks_carry_context_and_decisions_are_audited::human_attention_tasks_carry_context_and_decisions_are_audited::{closure#0}, approvals_api[e30e86ee8be8d4f5]::human_attention_tasks_carry_context_and_decisions_are_audited::human_attention_tasks_carry_context_and_decisions_are_audited::{closure#0}>::{closure#0}::{closure#0}>::{closure#0}>>::{closure#0}::{closure#0}>
[INFO] [stdout]   15:     0x633c60757f4c - <tokio[416bc1fcaa3c82c7]::runtime::context::scoped::Scoped<tokio[416bc1fcaa3c82c7]::runtime::scheduler::Context>>::set::<<tokio[416bc1fcaa3c82c7]::runtime::scheduler::current_thread::CoreGuard>::enter<<tokio[416bc1fcaa3c82c7]::runtime::scheduler::current_thread::CoreGuard>::block_on<core[a373ad73a504971]::pin::Pin<&mut sqlx_core[f3811939ea9bbbe7]::testing::run_test<sqlx_postgres[99d1a5af5ccf9e3f]::database::Postgres, sqlx_core[f3811939ea9bbbe7]::testing::run_test_with_pool<sqlx_postgres[99d1a5af5ccf9e3f]::database::Postgres, fn(sqlx_core[f3811939ea9bbbe7]::pool::Pool<sqlx_postgres[99d1a5af5ccf9e3f]::database::Postgres>) -> approvals_api[e30e86ee8be8d4f5]::human_attention_tasks_carry_context_and_decisions_are_audited::human_attention_tasks_carry_context_and_decisions_are_audited::{closure#0}, approvals_api[e30e86ee8be8d4f5]::human_attention_tasks_carry_context_and_decisions_are_audited::human_attention_tasks_carry_context_and_decisions_are_audited::{closure#0}>::{closure#0}, sqlx_core[f3811939ea9bbbe7]::testing::run_test_with_pool<sqlx_postgres[99d1a5af5ccf9e3f]::database::Postgres, fn(sqlx_core[f3811939ea9bbbe7]::pool::Pool<sqlx_postgres[99d1a5af5ccf9e3f]::database::Postgres>) -> approvals_api[e30e86ee8be8d4f5]::human_attention_tasks_carry_context_and_decisions_are_audited::human_attention_tasks_carry_context_and_decisions_are_audited::{closure#0}, approvals_api[e30e86ee8be8d4f5]::human_attention_tasks_carry_context_and_decisions_are_audited::human_attention_tasks_carry_context_and_decisions_are_audited::{closure#0}>::{closure#0}::{closure#0}>::{closure#0}>>::{closure#0}, core[a373ad73a504971]::option::Option<()>>::{closure#0}, (alloc[2e1b2a31b91974c5]::boxed::Box<tokio[416bc1fcaa3c82c7]::runtime::scheduler::current_thread::Core>, core[a373ad73a504971]::option::Option<()>)>
[INFO] [stdout]   16:     0x633c607686d7 - <tokio[416bc1fcaa3c82c7]::runtime::scheduler::current_thread::CoreGuard>::block_on::<core[a373ad73a504971]::pin::Pin<&mut sqlx_core[f3811939ea9bbbe7]::testing::run_test<sqlx_postgres[99d1a5af5ccf9e3f]::database::Postgres, sqlx_core[f3811939ea9bbbe7]::testing::run_test_with_pool<sqlx_postgres[99d1a5af5ccf9e3f]::database::Postgres, fn(sqlx_core[f3811939ea9bbbe7]::pool::Pool<sqlx_postgres[99d1a5af5ccf9e3f]::database::Postgres>) -> approvals_api[e30e86ee8be8d4f5]::human_attention_tasks_carry_context_and_decisions_are_audited::human_attention_tasks_carry_context_and_decisions_are_audited::{closure#0}, approvals_api[e30e86ee8be8d4f5]::human_attention_tasks_carry_context_and_decisions_are_audited::human_attention_tasks_carry_context_and_decisions_are_audited::{closure#0}>::{closure#0}, sqlx_core[f3811939ea9bbbe7]::testing::run_test_with_pool<sqlx_postgres[99d1a5af5ccf9e3f]::database::Postgres, fn(sqlx_core[f3811939ea9bbbe7]::pool::Pool<sqlx_postgres[99d1a5af5ccf9e3f]::database::Postgres>) -> approvals_api[e30e86ee8be8d4f5]::human_attention_tasks_carry_context_and_decisions_are_audited::human_attention_tasks_carry_context_and_decisions_are_audited::{closure#0}, approvals_api[e30e86ee8be8d4f5]::human_attention_tasks_carry_context_and_decisions_are_audited::human_attention_tasks_carry_context_and_decisions_are_audited::{closure#0}>::{closure#0}::{closure#0}>::{closure#0}>>
[INFO] [stdout]   17:     0x633c6077a35b - tokio[416bc1fcaa3c82c7]::runtime::context::runtime::enter_runtime::<<tokio[416bc1fcaa3c82c7]::runtime::scheduler::current_thread::CurrentThread>::block_on<sqlx_core[f3811939ea9bbbe7]::testing::run_test<sqlx_postgres[99d1a5af5ccf9e3f]::database::Postgres, sqlx_core[f3811939ea9bbbe7]::testing::run_test_with_pool<sqlx_postgres[99d1a5af5ccf9e3f]::database::Postgres, fn(sqlx_core[f3811939ea9bbbe7]::pool::Pool<sqlx_postgres[99d1a5af5ccf9e3f]::database::Postgres>) -> approvals_api[e30e86ee8be8d4f5]::human_attention_tasks_carry_context_and_decisions_are_audited::human_attention_tasks_carry_context_and_decisions_are_audited::{closure#0}, approvals_api[e30e86ee8be8d4f5]::human_attention_tasks_carry_context_and_decisions_are_audited::human_attention_tasks_carry_context_and_decisions_are_audited::{closure#0}>::{closure#0}, sqlx_core[f3811939ea9bbbe7]::testing::run_test_with_pool<sqlx_postgres[99d1a5af5ccf9e3f]::database::Postgres, fn(sqlx_core[f3811939ea9bbbe7]::pool::Pool<sqlx_postgres[99d1a5af5ccf9e3f]::database::Postgres>) -> approvals_api[e30e86ee8be8d4f5]::human_attention_tasks_carry_context_and_decisions_are_audited::human_attention_tasks_carry_context_and_decisions_are_audited::{closure#0}, approvals_api[e30e86ee8be8d4f5]::human_attention_tasks_carry_context_and_decisions_are_audited::human_attention_tasks_carry_context_and_decisions_are_audited::{closure#0}>::{closure#0}::{closure#0}>::{closure#0}>::{closure#0}, ()>
[INFO] [stdout]   18:     0x633c60757aae - <tokio[416bc1fcaa3c82c7]::runtime::runtime::Runtime>::block_on::<sqlx_core[f3811939ea9bbbe7]::testing::run_test<sqlx_postgres[99d1a5af5ccf9e3f]::database::Postgres, sqlx_core[f3811939ea9bbbe7]::testing::run_test_with_pool<sqlx_postgres[99d1a5af5ccf9e3f]::database::Postgres, fn(sqlx_core[f3811939ea9bbbe7]::pool::Pool<sqlx_postgres[99d1a5af5ccf9e3f]::database::Postgres>) -> approvals_api[e30e86ee8be8d4f5]::human_attention_tasks_carry_context_and_decisions_are_audited::human_attention_tasks_carry_context_and_decisions_are_audited::{closure#0}, approvals_api[e30e86ee8be8d4f5]::human_attention_tasks_carry_context_and_decisions_are_audited::human_attention_tasks_carry_context_and_decisions_are_audited::{closure#0}>::{closure#0}, sqlx_core[f3811939ea9bbbe7]::testing::run_test_with_pool<sqlx_postgres[99d1a5af5ccf9e3f]::database::Postgres, fn(sqlx_core[f3811939ea9bbbe7]::pool::Pool<sqlx_postgres[99d1a5af5ccf9e3f]::database::Postgres>) -> approvals_api[e30e86ee8be8d4f5]::human_attention_tasks_carry_context_and_decisions_are_audited::human_attention_tasks_carry_context_and_decisions_are_audited::{closure#0}, approvals_api[e30e86ee8be8d4f5]::human_attention_tasks_carry_context_and_decisions_are_audited::human_attention_tasks_carry_context_and_decisions_are_audited::{closure#0}>::{closure#0}::{closure#0}>::{closure#0}>
[INFO] [stdout]   19:     0x633c607419db - sqlx_core[f3811939ea9bbbe7]::rt::test_block_on::<sqlx_core[f3811939ea9bbbe7]::testing::run_test<sqlx_postgres[99d1a5af5ccf9e3f]::database::Postgres, sqlx_core[f3811939ea9bbbe7]::testing::run_test_with_pool<sqlx_postgres[99d1a5af5ccf9e3f]::database::Postgres, fn(sqlx_core[f3811939ea9bbbe7]::pool::Pool<sqlx_postgres[99d1a5af5ccf9e3f]::database::Postgres>) -> approvals_api[e30e86ee8be8d4f5]::human_attention_tasks_carry_context_and_decisions_are_audited::human_attention_tasks_carry_context_and_decisions_are_audited::{closure#0}, approvals_api[e30e86ee8be8d4f5]::human_attention_tasks_carry_context_and_decisions_are_audited::human_attention_tasks_carry_context_and_decisions_are_audited::{closure#0}>::{closure#0}, sqlx_core[f3811939ea9bbbe7]::testing::run_test_with_pool<sqlx_postgres[99d1a5af5ccf9e3f]::database::Postgres, fn(sqlx_core[f3811939ea9bbbe7]::pool::Pool<sqlx_postgres[99d1a5af5ccf9e3f]::database::Postgres>) -> approvals_api[e30e86ee8be8d4f5]::human_attention_tasks_carry_context_and_decisions_are_audited::human_attention_tasks_carry_context_and_decisions_are_audited::{closure#0}, approvals_api[e30e86ee8be8d4f5]::human_attention_tasks_carry_context_and_decisions_are_audited::human_attention_tasks_carry_context_and_decisions_are_audited::{closure#0}>::{closure#0}::{closure#0}>::{closure#0}>
[INFO] [stdout]   20:     0x633c60738cf0 - <approvals_api[e30e86ee8be8d4f5]::human_attention_tasks_carry_context_and_decisions_are_audited::{closure#0} as core[a373ad73a504971]::ops::function::FnOnce<()>>::call_once
[INFO] [stdout]   21:     0x633c60793b4b - test[aada8e7e76ba119b]::__rust_begin_short_backtrace::<core[a373ad73a504971]::result::Result<(), alloc[2e1b2a31b91974c5]::string::String>, fn() -> core[a373ad73a504971]::result::Result<(), alloc[2e1b2a31b91974c5]::string::String>>
[INFO] [stdout]   22:     0x633c607a0d25 - test[aada8e7e76ba119b]::run_test::{closure#0}
[INFO] [stdout]   23:     0x633c6079a614 - std[617be2ca0a6fd877]::sys::backtrace::__rust_begin_short_backtrace::<test[aada8e7e76ba119b]::run_test::{closure#1}, ()>
[INFO] [stdout]   24:     0x633c607a3db2 - <std[617be2ca0a6fd877]::thread::lifecycle::spawn_unchecked<test[aada8e7e76ba119b]::run_test::{closure#1}, ()>::{closure#1} as core[a373ad73a504971]::ops::function::FnOnce<()>>::call_once::{shim:vtable#0}
[INFO] [stdout]   25:     0x633c60ccb25f - <std[617be2ca0a6fd877]::sys::thread::unix::Thread>::new::thread_start
[INFO] [stdout]   26:     0x746e5a075dfa - <unknown>
[INFO] [stdout]   27:     0x746e5a1093d4 - clone
[INFO] [stdout]   28:                0x0 - <unknown>
[INFO] [stdout] 
[INFO] [stdout] 
[INFO] [stdout] failures:
[INFO] [stdout]     empty_queue_is_well_formed_and_reading_changes_nothing
[INFO] [stdout]     human_attention_tasks_carry_context_and_decisions_are_audited
[INFO] [stdout]     plans_waiting_for_approval_show_risk_and_decisions_show_who_decided
[INFO] [stdout] 
[INFO] [stdout] test result: FAILED. 0 passed; 3 failed; 0 ignored; 0 measured; 0 filtered out; finished in 0.03s
[INFO] [stdout] 
[INFO] [stderr] error: test failed, to rerun pass `--test approvals_api`
[INFO] running `Command { std: "docker" "inspect" "c9395d17b55c4eb5f8cd52131375ff24bf564a031e851d37b7a928a3e74c9329", kill_on_drop: false }`
[INFO] running `Command { std: "docker" "rm" "-f" "c9395d17b55c4eb5f8cd52131375ff24bf564a031e851d37b7a928a3e74c9329", kill_on_drop: false }`
[INFO] [stdout] c9395d17b55c4eb5f8cd52131375ff24bf564a031e851d37b7a928a3e74c9329
