[INFO] fetching crate zenfg 0.2.0...
[INFO] testing zenfg-0.2.0 against 1.100.0-beta.1+cargoflags=--release for beta-release-1.100-2
[INFO] extracting crate zenfg 0.2.0 into /workspace/builds/worker-4-tc2/source
[INFO] started tweaking crates.io crate zenfg 0.2.0
[INFO] removed 0 missing examples
[INFO] removed 0 missing tests
[INFO] finished tweaking crates.io crate zenfg 0.2.0
[INFO] tweaked toml for crates.io crate zenfg 0.2.0 written to /workspace/builds/worker-4-tc2/source/Cargo.toml
[INFO] validating manifest of crates.io crate zenfg 0.2.0 on toolchain 1.100.0-beta.1
[INFO] running `Command { std: CARGO_HOME="/workspace/cargo-home" RUSTUP_HOME="/workspace/rustup-home" "/workspace/cargo-home/bin/cargo" "+1.100.0-beta.1" "metadata" "--manifest-path" "Cargo.toml" "--no-deps", kill_on_drop: false }`
[INFO] crate crates.io crate zenfg 0.2.0 already has a lockfile, it will not be regenerated
[INFO] running `Command { std: CARGO_HOME="/workspace/cargo-home" RUSTUP_HOME="/workspace/rustup-home" "/workspace/cargo-home/bin/cargo" "+1.100.0-beta.1" "fetch" "--manifest-path" "Cargo.toml", kill_on_drop: false }`
[INFO] running `Command { std: "docker" "create" "-v" "/var/lib/crater-agent-workspace/builds/worker-4-tc2/source:/opt/rustwide/workdir:ro,Z" "-v" "/var/lib/crater-agent-workspace/builds/worker-4-tc2/target:/opt/rustwide/target:rw,Z" "-v" "/var/lib/crater-agent-workspace/cargo-home:/opt/rustwide/cargo-home:ro,Z" "-v" "/var/lib/crater-agent-workspace/rustup-home:/opt/rustwide/rustup-home:ro,Z" "-m" "1610612736" "--network" "none" "ghcr.io/rust-lang/crates-build-env/linux@sha256:77db811e55d90add9212f6832c23229e3de5f1c1f9905e8cb07319ea15df73ac" "sleep" "infinity", kill_on_drop: false }`
[INFO] [stdout] 79c7ac322c5ba75964239a0ea28d33301c325ea89a05150ac9896571c923149d
[INFO] running `Command { std: "docker" "start" "79c7ac322c5ba75964239a0ea28d33301c325ea89a05150ac9896571c923149d", kill_on_drop: false }`
[INFO] running `Command { std: "docker" "inspect" "79c7ac322c5ba75964239a0ea28d33301c325ea89a05150ac9896571c923149d", kill_on_drop: false }`
[INFO] running `Command { std: "docker" "exec" "-e" "SOURCE_DIR=/opt/rustwide/workdir" "-e" "CARGO_HOME=/opt/rustwide/cargo-home" "-e" "RUSTUP_HOME=/opt/rustwide/rustup-home" "-e" "CARGO_TARGET_DIR=/opt/rustwide/target" "-w" "/opt/rustwide/workdir" "--user" "0:0" "79c7ac322c5ba75964239a0ea28d33301c325ea89a05150ac9896571c923149d" "/opt/rustwide/cargo-home/bin/cargo" "+1.100.0-beta.1" "metadata" "--no-deps" "--format-version=1", kill_on_drop: false }`
[INFO] running `Command { std: "docker" "inspect" "79c7ac322c5ba75964239a0ea28d33301c325ea89a05150ac9896571c923149d", kill_on_drop: false }`
[INFO] running `Command { std: "docker" "exec" "-e" "SOURCE_DIR=/opt/rustwide/workdir" "-e" "CARGO_HOME=/opt/rustwide/cargo-home" "-e" "RUSTUP_HOME=/opt/rustwide/rustup-home" "-e" "CARGO_TARGET_DIR=/opt/rustwide/target" "-e" "CARGO_INCREMENTAL=0" "-e" "RUST_BACKTRACE=full" "-e" "RUSTFLAGS=--cap-lints=warn" "-e" "RUSTDOCFLAGS=--cap-lints=warn" "-w" "/opt/rustwide/workdir" "--user" "0:0" "79c7ac322c5ba75964239a0ea28d33301c325ea89a05150ac9896571c923149d" "/opt/rustwide/cargo-home/bin/cargo" "+1.100.0-beta.1" "build" "--frozen" "--message-format=json" "--release", kill_on_drop: false }`
[INFO] [stderr]    Compiling foldhash v0.2.0
[INFO] [stderr]    Compiling thiserror v2.0.20
[INFO] [stderr]    Compiling libm v0.2.16
[INFO] [stderr]    Compiling zerocopy v0.8.56
[INFO] [stderr]    Compiling log v0.4.34
[INFO] [stderr]    Compiling rustc-hash v1.1.0
[INFO] [stderr]    Compiling pkg-config v0.3.34
[INFO] [stderr]    Compiling bit-vec v0.9.1
[INFO] [stderr]    Compiling ash v0.38.0+1.3.281
[INFO] [stderr]    Compiling num-traits v0.2.19
[INFO] [stderr]    Compiling libloading v0.8.9
[INFO] [stderr]    Compiling naga v30.0.1
[INFO] [stderr]    Compiling unicode-width v0.2.2
[INFO] [stderr]    Compiling syn v3.0.4
[INFO] [stderr]    Compiling syn v2.0.119
[INFO] [stderr]    Compiling spirv v0.4.0+sdk-1.4.341.0
[INFO] [stderr]    Compiling hashbrown v0.17.1
[INFO] [stderr]    Compiling khronos-egl v6.0.0
[INFO] [stderr]    Compiling codespan-reporting v0.13.1
[INFO] [stderr]    Compiling arrayvec v0.7.8
[INFO] [stderr]    Compiling bit-set v0.10.0
[INFO] [stderr]    Compiling smallvec v1.15.2
[INFO] [stderr]    Compiling unicode-ident v1.0.24
[INFO] [stderr]    Compiling raw-window-handle v0.6.2
[INFO] [stderr]    Compiling hashbrown v0.16.1
[INFO] [stderr]    Compiling parking_lot_core v0.9.12
[INFO] [stderr]    Compiling dlib v0.5.3
[INFO] [stderr]    Compiling wgpu-hal v30.0.1
[INFO] [stderr]    Compiling presser v0.3.1
[INFO] [stderr]    Compiling wayland-sys v0.31.11
[INFO] [stderr]    Compiling renderdoc-sys v1.1.0
[INFO] [stderr]    Compiling glow v0.17.0
[INFO] [stderr]    Compiling profiling v1.0.18
[INFO] [stderr]    Compiling wgpu-core v30.0.1
[INFO] [stderr]    Compiling litrs v1.0.0
[INFO] [stderr]    Compiling parking_lot v0.12.5
[INFO] [stderr]    Compiling wgpu v30.0.1
[INFO] [stderr]    Compiling indexmap v2.14.1
[INFO] [stderr]    Compiling document-features v0.2.12
[INFO] [stderr]    Compiling thiserror-impl v2.0.20
[INFO] [stderr]    Compiling bytemuck_derive v1.12.0
[INFO] [stderr]    Compiling ordered-float v5.5.0
[INFO] [stderr]    Compiling bytemuck v1.25.2
[INFO] [stderr]    Compiling naga-types v30.0.1
[INFO] [stderr]    Compiling zerocopy-derive v0.8.56
[INFO] [stderr]    Compiling wgpu-types v30.0.1
[INFO] [stderr]    Compiling half v2.7.1
[INFO] [stderr]    Compiling gpu-allocator v0.28.0
[INFO] [stderr]    Compiling wgpu-naga-bridge v30.0.1
[INFO] [stderr]    Compiling wgpu-core-deps-windows-linux-android v30.0.1
[INFO] [stderr]    Compiling zenfg v0.2.0 (/opt/rustwide/workdir)
[INFO] [stderr]     Finished `release` profile [optimized] target(s) in 39.27s
[INFO] running `Command { std: "docker" "inspect" "79c7ac322c5ba75964239a0ea28d33301c325ea89a05150ac9896571c923149d", kill_on_drop: false }`
[INFO] running `Command { std: "docker" "exec" "-e" "SOURCE_DIR=/opt/rustwide/workdir" "-e" "CARGO_HOME=/opt/rustwide/cargo-home" "-e" "RUSTUP_HOME=/opt/rustwide/rustup-home" "-e" "CARGO_TARGET_DIR=/opt/rustwide/target" "-e" "CARGO_INCREMENTAL=0" "-e" "RUST_BACKTRACE=full" "-e" "RUSTFLAGS=--cap-lints=warn" "-e" "RUSTDOCFLAGS=--cap-lints=warn" "-w" "/opt/rustwide/workdir" "--user" "0:0" "79c7ac322c5ba75964239a0ea28d33301c325ea89a05150ac9896571c923149d" "/opt/rustwide/cargo-home/bin/cargo" "+1.100.0-beta.1" "test" "--frozen" "--no-run" "--message-format=json" "--release", kill_on_drop: false }`
[INFO] [stderr]    Compiling num-traits v0.2.19
[INFO] [stderr]    Compiling spirv v0.4.0+sdk-1.4.341.0
[INFO] [stderr]    Compiling wgpu-core v30.0.1
[INFO] [stderr]    Compiling wgpu v30.0.1
[INFO] [stderr]    Compiling serde_json v1.0.151
[INFO] [stderr]    Compiling target-triple v1.0.1
[INFO] [stderr]    Compiling wgpu-types v30.0.1
[INFO] [stderr]    Compiling tempfile v3.27.0
[INFO] [stderr]    Compiling toml_parser v1.1.3+spec-1.1.0
[INFO] [stderr]    Compiling ppv-lite86 v0.2.21
[INFO] [stderr]    Compiling serde_spanned v1.1.1
[INFO] [stderr]    Compiling toml_datetime v1.1.1+spec-1.1.0
[INFO] [stderr]    Compiling toml_writer v1.1.2+spec-1.1.0
[INFO] [stderr]    Compiling rand v0.9.5
[INFO] [stderr]    Compiling serde_derive v1.0.229
[INFO] [stderr]    Compiling rusty-fork v0.3.1
[INFO] [stderr]    Compiling rand_chacha v0.9.0
[INFO] [stderr]    Compiling toml v1.1.4+spec-1.1.0
[INFO] [stderr]    Compiling half v2.7.1
[INFO] [stderr]    Compiling ordered-float v5.5.0
[INFO] [stderr]    Compiling proptest v1.11.0
[INFO] [stderr]    Compiling naga v30.0.1
[INFO] [stderr]    Compiling trybuild v1.0.120
[INFO] [stderr]    Compiling wgpu-naga-bridge v30.0.1
[INFO] [stderr]    Compiling wgpu-hal v30.0.1
[INFO] [stderr]    Compiling wgpu-core-deps-windows-linux-android v30.0.1
[INFO] [stderr]    Compiling zenfg v0.2.0 (/opt/rustwide/workdir)
[INFO] [stderr]     Finished `release` profile [optimized] target(s) in 36.33s
[INFO] running `Command { std: "docker" "inspect" "79c7ac322c5ba75964239a0ea28d33301c325ea89a05150ac9896571c923149d", kill_on_drop: false }`
[INFO] running `Command { std: "docker" "exec" "-e" "SOURCE_DIR=/opt/rustwide/workdir" "-e" "CARGO_HOME=/opt/rustwide/cargo-home" "-e" "RUSTUP_HOME=/opt/rustwide/rustup-home" "-e" "CARGO_TARGET_DIR=/opt/rustwide/target" "-e" "CARGO_INCREMENTAL=0" "-e" "RUST_BACKTRACE=full" "-e" "RUSTFLAGS=--cap-lints=warn" "-e" "RUSTDOCFLAGS=--cap-lints=warn" "-w" "/opt/rustwide/workdir" "--user" "0:0" "79c7ac322c5ba75964239a0ea28d33301c325ea89a05150ac9896571c923149d" "/opt/rustwide/cargo-home/bin/cargo" "+1.100.0-beta.1" "test" "--frozen" "--release", kill_on_drop: false }`
[INFO] [stderr]     Finished `release` profile [optimized] target(s) in 0.18s
[INFO] [stderr]      Running unittests src/lib.rs (/opt/rustwide/target/release/build/zenfg/5448b383bc584fbf/out/zenfg-5448b383bc584fbf)
[INFO] [stdout] 
[INFO] [stdout] running 13 tests
[INFO] [stdout] test compiler::tests::explicit_execution_view_unions_only_retained_usage ... ok
[INFO] [stdout] test compiler::tests::aliased_logical_textures_keep_distinct_execution_views ... ok
[INFO] [stdout] test gpu_timing::tests::reversed_timestamps_saturate_to_zero ... ok
[INFO] [stdout] test compiler::tests::explicit_d2_view_uses_the_same_layer_in_range_and_execution_descriptor ... ok
[INFO] [stdout] test compiler::tests::depth24plus_estimate_is_independent_of_buffer_copy_footprint ... ok
[INFO] [stdout] test pass::completion_tests::failed_render_finish_installs_no_executor ... ok
[INFO] [stdout] test gpu_timing::tests::timing_groups_include_sparse_referenced_groups_and_ancestors_in_recording_order ... ok
[INFO] [stdout] test gpu_timing::tests::tick_conversion_uses_nanoseconds_and_saturates_bad_periods ... ok
[INFO] [stdout] test gpu_timing::tests::frame_duration_spans_the_first_begin_to_the_last_end ... ok
[INFO] [stdout] test compiler::tests::compiled_runtime_sidecar_contains_only_retained_state ... ok
[INFO] [stdout] test execution::tests::token_recording_identity_is_checked_before_pass_identity ... ok
[INFO] [stdout] test cpu_timing::tests::all_kinds_and_culling_have_exact_clock_boundaries ... ok
[INFO] [stderr]      Running tests/core.rs (/opt/rustwide/target/release/build/zenfg/74b0118f5101d8d3/out/core-74b0118f5101d8d3)
[INFO] [stdout] test cpu_timing::tests::disabled_clock_and_empty_execution ... ok
[INFO] [stdout] 
[INFO] [stdout] test result: ok. 13 passed; 0 failed; 0 ignored; 0 measured; 0 filtered out; finished in 0.01s
[INFO] [stdout] 
[INFO] [stdout] 
[INFO] [stdout] running 55 tests
[INFO] [stdout] test declarative_copy_and_clear_nodes_participate_in_content_flow ... ok
[INFO] [stdout] test a_surface_must_be_defined_before_present ... ok
[INFO] [stdout] test debug_groups_report_node_and_resource_provenance ... ok
[INFO] [stdout] test attachment_discard_invalidates_only_the_selected_view ... ok
[INFO] [stdout] test buffer_texture_copies_require_a_known_footprint_but_texture_copies_do_not ... ok
[INFO] [stdout] test clear_and_copy_native_alignment_validation_is_deferred ... ok
[INFO] [stdout] test d3_view_descriptor_normalizes_without_array_layers ... ok
[INFO] [stdout] test failed_resolve_declaration_rolls_back_source_access ... ok
[INFO] [stdout] test debug_group_stack_errors_are_stable ... ok
[INFO] [stdout] test failed_compound_copy_rolls_back_accesses_and_keeps_builder_usable ... ok
[INFO] [stdout] test dropped_pass_poisoning_is_reported_at_compile ... ok
[INFO] [stdout] test execution_segments_preserve_external_boundaries ... ok
[INFO] [stdout] test handles_from_another_graph_are_rejected_at_runtime ... ok
[INFO] [stdout] test linear_value_chain_retains_producers_and_infers_usage ... ok
[INFO] [stdout] test grouped_clear_records_ordered_precise_accesses ... ok
[INFO] [stdout] test native_render_attachment_validation_is_deferred_and_preserves_graph_errors ... ok
[INFO] [stdout] test native_texture_role_capabilities_are_deferred_even_when_the_node_would_be_culled ... ok
[INFO] [stdout] test failed_grouped_clear_preserves_original_recording_error ... ok
[INFO] [stdout] test explicit_view_dimensions_validate_resolved_remaining_layers ... ok
[INFO] [stdout] test native_texture_copy_format_compatibility_is_deferred ... ok
[INFO] [stdout] test fixed_usage_is_checked_after_culling ... ok
[INFO] [stdout] test native_texture_sample_count_capabilities_are_deferred_even_when_the_node_would_be_culled ... ok
[INFO] [stdout] test partial_buffer_coverage_is_validated_exactly ... ok
[INFO] [stdout] test overwrite_culls_an_unused_previous_writer_despite_waw_ordering ... ok
[INFO] [stdout] test imported_defined_contents_can_be_read_without_a_graph_producer ... ok
[INFO] [stdout] test partial_texture_copy_preserves_the_previous_subresource_value ... ok
[INFO] [stdout] test preserve_requires_defined_contents ... ok
[INFO] [stdout] test native_view_format_compatibility_is_deferred_but_categories_are_preserved ... ok
[INFO] [stdout] test resolve_extent_and_format_validation_is_deferred_to_native_webgpu ... ok
[INFO] [stdout] test resolve_rejects_aliasing_source_and_target ... ok
[INFO] [stdout] test resolve_source_sample_count_validation_is_deferred_to_native_webgpu ... ok
[INFO] [stdout] test resolve_target_is_an_overwrite_value_with_render_attachment_usage ... ok
[INFO] [stdout] test resolve_target_sample_count_validation_is_deferred_to_native_webgpu ... ok
[INFO] [stdout] test retained_transient_texture_usage_enforces_native_descriptor_constraints ... ok
[INFO] [stdout] test root_coverage_is_checked_without_reports ... ok
[INFO] [stdout] test non_overlapping_lifetimes_alias_and_overlapping_lifetimes_do_not ... ok
[INFO] [stdout] test ranged_roots_resolve_initial_contents_multiple_producers_and_duplicates ... ok
[INFO] [stdout] test root_ranges_reject_empty_but_empty_accesses_remain_valid ... ok
[INFO] [stdout] test read_after_discard_is_structured_error ... ok
[INFO] [stdout] test read_only_depth_consumes_defined_contents_without_producing_a_value ... ok
[INFO] [stdout] test read_only_depth_requires_defined_contents_even_if_side_effect_rooted ... ok
[INFO] [stdout] test recording_descriptor_queries_return_snapshotted_and_normalized_metadata ... ok
[INFO] [stdout] test roots_enforce_resource_kind_origin_and_readback_usage ... ok
[INFO] [stdout] test same_named_sibling_groups_keep_distinct_ids_and_culled_provenance ... ok
[INFO] [stdout] test storage_defaults_to_one_mip_and_attachments_reject_multi_mip_views ... ok
[INFO] [stdout] test reports_preserve_original_order_across_retained_and_culled_nodes ... ok
[INFO] [stdout] test summary_and_none_reports_have_expected_shapes ... ok
[INFO] [stdout] test texture_allocation_key_covers_every_physical_creation_field ... ok
[INFO] [stdout] test texture_descriptors_enforce_device_independent_webgpu_structure ... ok
[INFO] [stdout] test texture_readback_preserves_only_actual_padding ... ok
[INFO] [stdout] test texture_view_format_order_is_canonicalized_for_allocation_aliasing ... ok
[INFO] [stdout] test zero_sized_buffer_copy_does_not_define_an_output_root ... ok
[INFO] [stdout] test zero_sized_copies_are_native_noops_without_graph_value_effects ... ok
[INFO] [stdout] test zero_sized_copies_still_validate_logical_endpoints ... ok
[INFO] [stdout] test zero_sized_copy_does_not_define_an_output_root ... ok
[INFO] [stdout] 
[INFO] [stdout] test result: ok. 55 passed; 0 failed; 0 ignored; 0 measured; 0 filtered out; finished in 0.01s
[INFO] [stdout] 
[INFO] [stderr]      Running tests/execution.rs (/opt/rustwide/target/release/build/zenfg/6f06bbb714865f81/out/execution-6f06bbb714865f81)
[INFO] [stdout] 
[INFO] [stdout] running 35 tests
[INFO] [stdout] test dropping_the_graph_completes_a_pending_readback_as_failed ... ok
[INFO] [stdout] test culled_callback_capture_is_dropped_during_compile ... ok
[INFO] [stdout] test empty_or_fully_culled_timed_frames_report_no_timed_nodes ... ok
[INFO] [stdout] test a_second_timing_request_is_busy_until_mapping_completes ... ok
[INFO] [stdout] test culled_callback_is_not_invoked ... ok
[INFO] [stdout] test external_submission_is_an_ordered_segment ... ok
[INFO] [stdout] test executes_command_and_resolves_native_buffer ... ok
[INFO] [stdout] test native_descriptor_mismatch_is_reported_while_recording ... ok
[INFO] [stdout] test distinct_explicit_view_handles_remain_distinct ... ok
[INFO] [stdout] test implicit_view_cache_reuses_compatible_roles_and_separates_incompatible_roles ... ok
[INFO] [stdout] test gpu_debug_groups_support_sparse_retained_ids ... ok
[INFO] [stdout] test invalid_late_structured_node_is_rejected_before_callbacks ... ok
[INFO] [stdout] test preflight_rejects_unbound_resource_before_callbacks ... ok
[INFO] [stdout] test structured_finish_rejects_the_wrong_node_kind ... ok
[INFO] [stdout] test explicit_texture_view_is_reused_across_retained_roles ... ok
[INFO] [stdout] test cpu_only_graph_cannot_execute ... ok
[INFO] [stdout] test structured_render_and_compute_callbacks_execute_in_order ... ok
[INFO] [stdout] test foreign_texture_tokens_are_rejected_in_external_resource_context ... ok
[INFO] [stdout] test retained_command_requires_an_executor ... ok
[INFO] [stdout] test gpu_debug_groups_survive_nested_paths_and_external_boundaries ... ok
[INFO] [stdout] test one_native_object_cannot_back_two_logical_imports ... ok
[INFO] [stdout] test render_supports_multiple_color_attachments_and_a_pure_depth_pass ... ok
[INFO] [stdout] test timing_resolves_across_an_external_submission_boundary ... ok
[INFO] [stdout] test callback_panic_does_not_leave_gpu_timing_busy ... ok
[INFO] [stdout] test resolves_texture_and_execution_view ... ok
[INFO] [stdout] test timed_execution_is_non_fatal_when_timestamps_are_unsupported ... ok
[INFO] [stdout] test timed_execution_reports_only_retained_render_and_compute_nodes ... ok
[INFO] [stdout] test foreign_buffer_tokens_with_colliding_local_ids_are_rejected ... ok
[INFO] [stdout] test executes_multisample_resolve_and_read_only_depth ... ok
[INFO] [stdout] test wrong_pass_token_is_rejected_at_execution ... ok
[INFO] [stdout] test callback_error_clears_the_profiler_pending_state ... ok
[INFO] [stdout] test executes_transient_command_and_retains_physical_resource ... ok
[INFO] [stdout] test declarative_copy_directions_and_clear_encode ... ok
[INFO] [stdout] test timed_execution_without_render_or_compute_reports_no_timed_nodes ... ok
[INFO] [stdout] test too_many_timed_nodes_is_non_fatal_and_immediately_reported ... ok
[INFO] [stderr]      Running tests/properties.rs (/opt/rustwide/target/release/build/zenfg/4b7c70093baa8479/out/properties-4b7c70093baa8479)
[INFO] [stdout] 
[INFO] [stdout] test result: ok. 35 passed; 0 failed; 0 ignored; 0 measured; 0 filtered out; finished in 0.04s
[INFO] [stdout] 
[INFO] [stdout] 
[INFO] [stdout] running 3 tests
[INFO] [stdout] test texture_layer_coverage_matches_a_cell_oracle ... ok
[INFO] [stdout] test buffer_dependency_coverage_matches_a_byte_oracle ... ok
[INFO] [stdout] test every_retained_transient_has_one_compatible_non_overlapping_allocation ... ok
[INFO] [stdout] 
[INFO] [stdout] test result: ok. 3 passed; 0 failed; 0 ignored; 0 measured; 0 filtered out; finished in 0.02s
[INFO] [stdout] 
[INFO] [stderr]      Running tests/resource_pool.rs (/opt/rustwide/target/release/build/zenfg/bcd39e4748ae366b/out/resource_pool-bcd39e4748ae366b)
[INFO] [stdout] 
[INFO] [stdout] running 12 tests
[INFO] [stdout] test external_error_returns_transient_to_pool ... ok
[INFO] [stdout] test panic_unwind_returns_transient_to_pool ... ok
[INFO] [stdout] test non_overlapping_logical_resources_acquire_one_physical_allocation ... ok
[INFO] [stdout] test overlapping_logical_resources_acquire_distinct_physical_allocations ... ok
[INFO] [stdout] test cpu_only_pool_api_is_empty_and_clear_is_a_noop ... ok
[INFO] [stdout] test compatible_textures_and_views_are_reused_across_frames ... ok
[INFO] [stdout] test all_executable_node_kinds_resolve_transient_resources ... ok
[INFO] [stdout] test preflight_failure_and_culled_transient_do_not_acquire ... ok
[INFO] [stdout] test distinct_usage_keys_do_not_reuse_the_same_buffer ... ok
[INFO] [stdout] test callback_error_returns_transient_to_pool ... ok
[INFO] [stdout] test compatible_buffer_buckets_are_reused_across_frames ... ok
[INFO] [stdout] test clearing_pool_preserves_cumulative_counters ... ok
[INFO] [stdout] 
[INFO] [stdout] test result: ok. 12 passed; 0 failed; 0 ignored; 0 measured; 0 filtered out; finished in 0.01s
[INFO] [stdout] 
[INFO] [stderr]      Running tests/ui.rs (/opt/rustwide/target/release/build/zenfg/47fb7b68effc11c3/out/ui-47fb7b68effc11c3)
[INFO] [stdout] 
[INFO] [stdout] running 1 test
[INFO] [stderr]    Compiling proc-macro2 v1.0.107
[INFO] [stderr]     Checking cfg-if v1.0.4
[INFO] [stderr]    Compiling quote v1.0.47
[INFO] [stderr]    Compiling unicode-ident v1.0.24
[INFO] [stderr]    Compiling libc v0.2.189
[INFO] [stderr]    Compiling cfg_aliases v0.2.2
[INFO] [stderr]    Compiling libm v0.2.16
[INFO] [stderr]     Checking bitflags v2.13.1
[INFO] [stderr]    Compiling autocfg v1.5.1
[INFO] [stderr]    Compiling zerocopy v0.8.56
[INFO] [stderr]     Checking foldhash v0.2.0
[INFO] [stderr]     Checking equivalent v1.0.2
[INFO] [stderr]    Compiling thiserror v2.0.20
[INFO] [stderr]     Checking once_cell v1.21.4
[INFO] [stderr]     Checking log v0.4.34
[INFO] [stderr]     Checking rustc-hash v1.1.0
[INFO] [stderr]     Checking libloading v0.8.9
[INFO] [stderr]     Checking bit-vec v0.9.1
[INFO] [stderr]    Compiling naga v30.0.1
[INFO] [stderr]    Compiling parking_lot_core v0.9.12
[INFO] [stderr]     Checking hashbrown v0.17.1
[INFO] [stderr]    Compiling pkg-config v0.3.34
[INFO] [stderr]    Compiling ash v0.38.0+1.3.281
[INFO] [stderr]     Checking unicode-width v0.2.2
[INFO] [stderr]     Checking bit-set v0.10.0
[INFO] [stderr]     Checking spirv v0.4.0+sdk-1.4.341.0
[INFO] [stderr]    Compiling khronos-egl v6.0.0
[INFO] [stderr]     Checking static_assertions v1.1.0
[INFO] [stderr]     Checking allocator-api2 v0.2.21
[INFO] [stderr]     Checking arrayvec v0.7.8
[INFO] [stderr]     Checking smallvec v1.15.2
[INFO] [stderr]     Checking raw-window-handle v0.6.2
[INFO] [stderr]     Checking scopeguard v1.2.0
[INFO] [stderr]     Checking codespan-reporting v0.13.1
[INFO] [stderr]    Compiling getrandom v0.3.4
[INFO] [stderr]     Checking dlib v0.5.3
[INFO] [stderr]     Checking lock_api v0.4.14
[INFO] [stderr]    Compiling wgpu-hal v30.0.1
[INFO] [stderr]     Checking presser v0.3.1
[INFO] [stderr]    Compiling rustix v1.1.4
[INFO] [stderr]    Compiling num-traits v0.2.19
[INFO] [stderr]     Checking glow v0.17.0
[INFO] [stderr]     Checking profiling v1.0.18
[INFO] [stderr]     Checking renderdoc-sys v1.1.0
[INFO] [stderr]    Compiling getrandom v0.4.3
[INFO] [stderr]     Checking hashbrown v0.16.1
[INFO] [stderr]    Compiling wgpu-core v30.0.1
[INFO] [stderr]     Checking linux-raw-sys v0.12.1
[INFO] [stderr]     Checking indexmap v2.14.1
[INFO] [stderr]    Compiling litrs v1.0.0
[INFO] [stderr]    Compiling wgpu v30.0.1
[INFO] [stderr]    Compiling zmij v1.0.23
[INFO] [stderr]    Compiling wayland-sys v0.31.11
[INFO] [stderr]     Checking fastrand v2.5.0
[INFO] [stderr]    Compiling serde_core v1.0.229
[INFO] [stderr]    Compiling serde_json v1.0.151
[INFO] [stderr]    Compiling syn v3.0.4
[INFO] [stderr]    Compiling syn v2.0.119
[INFO] [stderr]     Checking bit-vec v0.8.0
[INFO] [stderr]     Checking quick-error v1.2.3
[INFO] [stderr]     Checking fnv v1.0.7
[INFO] [stderr]     Checking regex-syntax v0.8.11
[INFO] [stderr]     Checking unarray v0.1.4
[INFO] [stderr]    Compiling document-features v0.2.12
[INFO] [stderr]     Checking memchr v2.8.3
[INFO] [stderr]     Checking itoa v1.0.18
[INFO] [stderr]     Checking bit-set v0.8.0
[INFO] [stderr]     Checking wait-timeout v0.2.1
[INFO] [stderr]     Checking rand_core v0.9.5
[INFO] [stderr]     Checking parking_lot v0.12.5
[INFO] [stderr]     Checking rand_xorshift v0.4.0
[INFO] [stderr]     Checking rand v0.9.5
[INFO] [stderr]     Checking ordered-float v5.5.0
[INFO] [stderr]     Checking tempfile v3.27.0
[INFO] [stderr]     Checking rusty-fork v0.3.1
[INFO] [stderr]    Compiling thiserror-impl v2.0.20
[INFO] [stderr]    Compiling bytemuck_derive v1.12.0
[INFO] [stderr]     Checking bytemuck v1.25.2
[INFO] [stderr]    Compiling zerocopy-derive v0.8.56
[INFO] [stderr]     Checking naga-types v30.0.1
[INFO] [stderr]     Checking wgpu-types v30.0.1
[INFO] [stderr]     Checking half v2.7.1
[INFO] [stderr]     Checking ppv-lite86 v0.2.21
[INFO] [stderr]     Checking rand_chacha v0.9.0
[INFO] [stderr]     Checking proptest v1.11.0
[INFO] [stderr]     Checking gpu-allocator v0.28.0
[INFO] [stderr]     Checking wgpu-naga-bridge v30.0.1
[INFO] [stderr]     Checking wgpu-core-deps-windows-linux-android v30.0.1
[INFO] [stderr]     Checking zenfg v0.2.0 (/opt/rustwide/workdir)
[INFO] [stderr]     Checking zenfg-tests v0.0.0 (/opt/.cargo-target/tests/trybuild/zenfg)
[INFO] [stderr]     Finished `dev` profile [unoptimized + debuginfo] target(s) in 22.80s
[INFO] [stderr] 
[INFO] [stderr] 
[INFO] [stderr] test tests/ui/callback_context_escape.rs ... mismatch
[INFO] [stderr] 
[INFO] [stderr] EXPECTED:
[INFO] [stderr] ┈┈┈┈┈┈┈┈┈┈┈┈┈┈┈┈┈┈┈┈┈┈┈┈┈┈┈┈┈┈┈┈┈┈┈┈┈┈┈┈┈┈┈┈┈┈┈┈┈┈┈┈┈┈┈┈┈┈┈┈
[INFO] [stderr] error[E0521]: borrowed data escapes outside of closure
[INFO] [stderr]   --> tests/ui/callback_context_escape.rs:10:13
[INFO] [stderr]    |
[INFO] [stderr]  4 |     let mut escaped = None;
[INFO] [stderr]    |         ----------- `escaped` declared here, outside of the closure body
[INFO] [stderr] ...
[INFO] [stderr]  9 |         .finish_command(|ctx| {
[INFO] [stderr]    |                          --- `ctx` is a reference that is only valid in the closure body
[INFO] [stderr] 10 |             escaped = Some(ctx.encoder);
[INFO] [stderr]    |             ^^^^^^^^^^^^^^^^^^^^^^^^^^^ `ctx` escapes the closure body here
[INFO] [stderr] ┈┈┈┈┈┈┈┈┈┈┈┈┈┈┈┈┈┈┈┈┈┈┈┈┈┈┈┈┈┈┈┈┈┈┈┈┈┈┈┈┈┈┈┈┈┈┈┈┈┈┈┈┈┈┈┈┈┈┈┈
[INFO] [stderr] 
[INFO] [stderr] ACTUAL OUTPUT:
[INFO] [stderr] ┈┈┈┈┈┈┈┈┈┈┈┈┈┈┈┈┈┈┈┈┈┈┈┈┈┈┈┈┈┈┈┈┈┈┈┈┈┈┈┈┈┈┈┈┈┈┈┈┈┈┈┈┈┈┈┈┈┈┈┈
[INFO] [stderr] error[E0521]: borrowed data escapes outside of closure
[INFO] [stderr]   --> tests/ui/callback_context_escape.rs:10:13
[INFO] [stderr]    |
[INFO] [stderr]  4 |     let mut escaped = None;
[INFO] [stderr]    |         ----------- `escaped` declared here, outside of the closure body
[INFO] [stderr] ...
[INFO] [stderr]  9 |         .finish_command(|ctx| {
[INFO] [stderr]    |                          --- `ctx` is only valid in the closure body
[INFO] [stderr] 10 |             escaped = Some(ctx.encoder);
[INFO] [stderr]    |             ^^^^^^^^^^^^^^^^^^^^^^^^^^^ `ctx` escapes the closure body here
[INFO] [stderr] ┈┈┈┈┈┈┈┈┈┈┈┈┈┈┈┈┈┈┈┈┈┈┈┈┈┈┈┈┈┈┈┈┈┈┈┈┈┈┈┈┈┈┈┈┈┈┈┈┈┈┈┈┈┈┈┈┈┈┈┈
[INFO] [stderr] note: If the actual output is the correct output you can bless it by rerunning
[INFO] [stderr]       your test with the environment variable TRYBUILD=overwrite
[INFO] [stderr] 
[INFO] [stderr] test tests/ui/compile_consumes_frame.rs ... ok
[INFO] [stderr] test tests/ui/compute_pass_context_escape.rs ... mismatch
[INFO] [stderr] 
[INFO] [stderr] EXPECTED:
[INFO] [stderr] ┈┈┈┈┈┈┈┈┈┈┈┈┈┈┈┈┈┈┈┈┈┈┈┈┈┈┈┈┈┈┈┈┈┈┈┈┈┈┈┈┈┈┈┈┈┈┈┈┈┈┈┈┈┈┈┈┈┈┈┈
[INFO] [stderr] error[E0521]: borrowed data escapes outside of closure
[INFO] [stderr]   --> tests/ui/compute_pass_context_escape.rs:10:13
[INFO] [stderr]    |
[INFO] [stderr]  4 |     let mut escaped = None;
[INFO] [stderr]    |         ----------- `escaped` declared here, outside of the closure body
[INFO] [stderr] ...
[INFO] [stderr]  9 |         .finish_compute(|ctx| {
[INFO] [stderr]    |                          --- `ctx` is a reference that is only valid in the closure body
[INFO] [stderr] 10 |             escaped = Some(ctx.pass);
[INFO] [stderr]    |             ^^^^^^^ `ctx` escapes the closure body here
[INFO] [stderr] ┈┈┈┈┈┈┈┈┈┈┈┈┈┈┈┈┈┈┈┈┈┈┈┈┈┈┈┈┈┈┈┈┈┈┈┈┈┈┈┈┈┈┈┈┈┈┈┈┈┈┈┈┈┈┈┈┈┈┈┈
[INFO] [stderr] 
[INFO] [stderr] ACTUAL OUTPUT:
[INFO] [stderr] ┈┈┈┈┈┈┈┈┈┈┈┈┈┈┈┈┈┈┈┈┈┈┈┈┈┈┈┈┈┈┈┈┈┈┈┈┈┈┈┈┈┈┈┈┈┈┈┈┈┈┈┈┈┈┈┈┈┈┈┈
[INFO] [stderr] error[E0521]: borrowed data escapes outside of closure
[INFO] [stderr]   --> tests/ui/compute_pass_context_escape.rs:10:13
[INFO] [stderr]    |
[INFO] [stderr]  4 |     let mut escaped = None;
[INFO] [stderr]    |         ----------- `escaped` declared here, outside of the closure body
[INFO] [stderr] ...
[INFO] [stderr]  9 |         .finish_compute(|ctx| {
[INFO] [stderr]    |                          --- `ctx` is only valid in the closure body
[INFO] [stderr] 10 |             escaped = Some(ctx.pass);
[INFO] [stderr]    |             ^^^^^^^ `ctx` escapes the closure body here
[INFO] [stderr] ┈┈┈┈┈┈┈┈┈┈┈┈┈┈┈┈┈┈┈┈┈┈┈┈┈┈┈┈┈┈┈┈┈┈┈┈┈┈┈┈┈┈┈┈┈┈┈┈┈┈┈┈┈┈┈┈┈┈┈┈
[INFO] [stderr] note: If the actual output is the correct output you can bless it by rerunning
[INFO] [stderr]       your test with the environment variable TRYBUILD=overwrite
[INFO] [stderr] 
[INFO] [stderr] test tests/ui/handle_outlives_graph.rs ... ok
[INFO] [stderr] test tests/ui/old_handle_in_new_frame.rs ... ok
[INFO] [stderr] test tests/ui/render_pass_context_escape.rs ... mismatch
[INFO] [stderr] 
[INFO] [stderr] EXPECTED:
[INFO] [stderr] ┈┈┈┈┈┈┈┈┈┈┈┈┈┈┈┈┈┈┈┈┈┈┈┈┈┈┈┈┈┈┈┈┈┈┈┈┈┈┈┈┈┈┈┈┈┈┈┈┈┈┈┈┈┈┈┈┈┈┈┈
[INFO] [stderr] error[E0521]: borrowed data escapes outside of closure
[INFO] [stderr]   --> tests/ui/render_pass_context_escape.rs:21:9
[INFO] [stderr]    |
[INFO] [stderr]  6 |     let mut escaped = None;
[INFO] [stderr]    |         ----------- `escaped` declared here, outside of the closure body
[INFO] [stderr] ...
[INFO] [stderr] 20 |     pass.finish_render(|ctx| {
[INFO] [stderr]    |                         --- `ctx` is a reference that is only valid in the closure body
[INFO] [stderr] 21 |         escaped = Some(ctx.pass);
[INFO] [stderr]    |         ^^^^^^^ `ctx` escapes the closure body here
[INFO] [stderr] ┈┈┈┈┈┈┈┈┈┈┈┈┈┈┈┈┈┈┈┈┈┈┈┈┈┈┈┈┈┈┈┈┈┈┈┈┈┈┈┈┈┈┈┈┈┈┈┈┈┈┈┈┈┈┈┈┈┈┈┈
[INFO] [stderr] 
[INFO] [stderr] ACTUAL OUTPUT:
[INFO] [stderr] ┈┈┈┈┈┈┈┈┈┈┈┈┈┈┈┈┈┈┈┈┈┈┈┈┈┈┈┈┈┈┈┈┈┈┈┈┈┈┈┈┈┈┈┈┈┈┈┈┈┈┈┈┈┈┈┈┈┈┈┈
[INFO] [stderr] error[E0521]: borrowed data escapes outside of closure
[INFO] [stderr]   --> tests/ui/render_pass_context_escape.rs:21:9
[INFO] [stderr]    |
[INFO] [stderr]  6 |     let mut escaped = None;
[INFO] [stderr]    |         ----------- `escaped` declared here, outside of the closure body
[INFO] [stderr] ...
[INFO] [stderr] 20 |     pass.finish_render(|ctx| {
[INFO] [stderr]    |                         --- `ctx` is only valid in the closure body
[INFO] [stderr] 21 |         escaped = Some(ctx.pass);
[INFO] [stderr]    |         ^^^^^^^ `ctx` escapes the closure body here
[INFO] [stderr] ┈┈┈┈┈┈┈┈┈┈┈┈┈┈┈┈┈┈┈┈┈┈┈┈┈┈┈┈┈┈┈┈┈┈┈┈┈┈┈┈┈┈┈┈┈┈┈┈┈┈┈┈┈┈┈┈┈┈┈┈
[INFO] [stderr] note: If the actual output is the correct output you can bless it by rerunning
[INFO] [stderr]       your test with the environment variable TRYBUILD=overwrite
[INFO] [stderr] 
[INFO] [stderr] test tests/ui/typed_token_mismatch.rs ... ok
[INFO] [stderr] 
[INFO] [stderr] 
[INFO] [stdout] test lifecycle_and_typed_access_contracts ... FAILED
[INFO] [stdout] 
[INFO] [stdout] failures:
[INFO] [stdout] 
[INFO] [stdout] ---- lifecycle_and_typed_access_contracts stdout ----
[INFO] [stdout] 
[INFO] [stdout] thread 'lifecycle_and_typed_access_contracts' (2627) panicked at /opt/rustwide/cargo-home/registry/src/index.crates.io-1949cf8c6b5b557f/trybuild-1.0.120/src/run.rs:103:13:
[INFO] [stdout] 3 of 7 tests failed
[INFO] [stdout] stack backtrace:
[INFO] [stdout]    0:     0x639be7258651 - <<std[617be2ca0a6fd877]::sys::backtrace::BacktraceLock>::print::DisplayBacktrace as core[a373ad73a504971]::fmt::Display>::fmt
[INFO] [stdout]    1:     0x639be726e93a - core[a373ad73a504971]::fmt::write
[INFO] [stdout]    2:     0x639be725ce9c - <alloc[2e1b2a31b91974c5]::vec::Vec<u8> as core[a373ad73a504971]::io::write::Write>::write_fmt
[INFO] [stdout]    3:     0x639be7231906 - std[617be2ca0a6fd877]::panicking::default_hook::{closure#0}
[INFO] [stdout]    4:     0x639be724fae9 - std[617be2ca0a6fd877]::panicking::default_hook
[INFO] [stdout]    5:     0x639be71e8e50 - test[aada8e7e76ba119b]::test_main_inner::{closure#0}
[INFO] [stdout]    6:     0x639be724fca2 - std[617be2ca0a6fd877]::panicking::panic_with_hook
[INFO] [stdout]    7:     0x639be72319b2 - std[617be2ca0a6fd877]::panicking::panic_handler::{closure#0}
[INFO] [stdout]    8:     0x639be722a079 - std[617be2ca0a6fd877]::sys::backtrace::__rust_end_short_backtrace::<std[617be2ca0a6fd877]::panicking::panic_handler::{closure#0}, !>
[INFO] [stdout]    9:     0x639be723265d - __rustc[ea4f61d10b84890b]::rust_begin_unwind
[INFO] [stdout]   10:     0x639be726f0ac - core[a373ad73a504971]::panicking::panic_fmt
[INFO] [stdout]   11:     0x639be713c9f8 - <trybuild[4f69069ce1d7920f]::Runner>::run
[INFO] [stdout]   12:     0x639be713fc60 - <trybuild[4f69069ce1d7920f]::TestCases as core[a373ad73a504971]::ops::drop::Drop>::drop
[INFO] [stdout]   13:     0x639be713637d - <ui[4444259b0348666f]::lifecycle_and_typed_access_contracts::{closure#0} as core[a373ad73a504971]::ops::function::FnOnce<()>>::call_once
[INFO] [stdout]   14:     0x639be71dc29b - test[aada8e7e76ba119b]::__rust_begin_short_backtrace::<core[a373ad73a504971]::result::Result<(), alloc[2e1b2a31b91974c5]::string::String>, fn() -> core[a373ad73a504971]::result::Result<(), alloc[2e1b2a31b91974c5]::string::String>>
[INFO] [stdout]   15:     0x639be71e9475 - test[aada8e7e76ba119b]::run_test::{closure#0}
[INFO] [stdout]   16:     0x639be71e2d64 - std[617be2ca0a6fd877]::sys::backtrace::__rust_begin_short_backtrace::<test[aada8e7e76ba119b]::run_test::{closure#1}, ()>
[INFO] [stdout]   17:     0x639be71ec502 - <std[617be2ca0a6fd877]::thread::lifecycle::spawn_unchecked<test[aada8e7e76ba119b]::run_test::{closure#1}, ()>::{closure#1} as core[a373ad73a504971]::ops::function::FnOnce<()>>::call_once::{shim:vtable#0}
[INFO] [stdout]   18:     0x639be72578af - <std[617be2ca0a6fd877]::sys::thread::unix::Thread>::new::thread_start
[INFO] [stdout]   19:     0x7039a362fdfa - <unknown>
[INFO] [stdout]   20:     0x7039a36c33d4 - clone
[INFO] [stdout]   21:                0x0 - <unknown>
[INFO] [stdout] 
[INFO] [stdout] 
[INFO] [stdout] failures:
[INFO] [stdout]     lifecycle_and_typed_access_contracts
[INFO] [stdout] 
[INFO] [stdout] test result: FAILED. 0 passed; 1 failed; 0 ignored; 0 measured; 0 filtered out; finished in 38.21s
[INFO] [stdout] 
[INFO] [stderr] error: test failed, to rerun pass `--test ui`
[INFO] running `Command { std: "docker" "inspect" "79c7ac322c5ba75964239a0ea28d33301c325ea89a05150ac9896571c923149d", kill_on_drop: false }`
[INFO] running `Command { std: "docker" "rm" "-f" "79c7ac322c5ba75964239a0ea28d33301c325ea89a05150ac9896571c923149d", kill_on_drop: false }`
[INFO] [stdout] 79c7ac322c5ba75964239a0ea28d33301c325ea89a05150ac9896571c923149d
