[INFO] fetching crate ytsaurus-job 0.3.1...
[INFO] testing ytsaurus-job-0.3.1 against 1.100.0-beta.1+cargoflags=--release for beta-release-1.100-2
[INFO] extracting crate ytsaurus-job 0.3.1 into /workspace/builds/worker-3-tc2/source
[INFO] started tweaking crates.io crate ytsaurus-job 0.3.1
[INFO] removed 0 missing examples
[INFO] removed 0 missing tests
[INFO] finished tweaking crates.io crate ytsaurus-job 0.3.1
[INFO] tweaked toml for crates.io crate ytsaurus-job 0.3.1 written to /workspace/builds/worker-3-tc2/source/Cargo.toml
[INFO] validating manifest of crates.io crate ytsaurus-job 0.3.1 on toolchain 1.100.0-beta.1
[INFO] running `Command { std: CARGO_HOME="/workspace/cargo-home" RUSTUP_HOME="/workspace/rustup-home" "/workspace/cargo-home/bin/cargo" "+1.100.0-beta.1" "metadata" "--manifest-path" "Cargo.toml" "--no-deps", kill_on_drop: false }`
[INFO] crate crates.io crate ytsaurus-job 0.3.1 already has a lockfile, it will not be regenerated
[INFO] running `Command { std: CARGO_HOME="/workspace/cargo-home" RUSTUP_HOME="/workspace/rustup-home" "/workspace/cargo-home/bin/cargo" "+1.100.0-beta.1" "fetch" "--manifest-path" "Cargo.toml", kill_on_drop: false }`
[INFO] [stderr] warning: `package.homepage` is redundant with `package.repository`
[INFO] [stderr]   --> Cargo.toml:87:12
[INFO] [stderr]    |
[INFO] [stderr] 87 | homepage = "https://github.com/sshaplygin/ytsaurus-rs"
[INFO] [stderr]    |            ^^^^^^^^^^^^^^^^^^^^^^^^^^^^^^^^^^^^^^^^^^^
[INFO] [stderr] ...
[INFO] [stderr] 92 | repository = "https://github.com/sshaplygin/ytsaurus-rs"
[INFO] [stderr]    |              -------------------------------------------
[INFO] [stderr]    |
[INFO] [stderr]    = note: `cargo::redundant_homepage` is set to `warn` by default
[INFO] [stderr] help: consider removing `package.homepage`
[INFO] [stderr] warning: `ytsaurus-job` (manifest) generated 1 warning
[INFO] running `Command { std: "docker" "create" "-v" "/var/lib/crater-agent-workspace/builds/worker-3-tc2/source:/opt/rustwide/workdir:ro,Z" "-v" "/var/lib/crater-agent-workspace/builds/worker-3-tc2/target:/opt/rustwide/target:rw,Z" "-v" "/var/lib/crater-agent-workspace/cargo-home:/opt/rustwide/cargo-home:ro,Z" "-v" "/var/lib/crater-agent-workspace/rustup-home:/opt/rustwide/rustup-home:ro,Z" "-m" "1610612736" "--network" "none" "ghcr.io/rust-lang/crates-build-env/linux@sha256:77db811e55d90add9212f6832c23229e3de5f1c1f9905e8cb07319ea15df73ac" "sleep" "infinity", kill_on_drop: false }`
[INFO] [stdout] 4d72ec764a2deec45512e4046bde0ab17909e380920c0e8f28c8a2880b0ede63
[INFO] running `Command { std: "docker" "start" "4d72ec764a2deec45512e4046bde0ab17909e380920c0e8f28c8a2880b0ede63", kill_on_drop: false }`
[INFO] running `Command { std: "docker" "inspect" "4d72ec764a2deec45512e4046bde0ab17909e380920c0e8f28c8a2880b0ede63", kill_on_drop: false }`
[INFO] running `Command { std: "docker" "exec" "-e" "SOURCE_DIR=/opt/rustwide/workdir" "-e" "CARGO_HOME=/opt/rustwide/cargo-home" "-e" "RUSTUP_HOME=/opt/rustwide/rustup-home" "-e" "CARGO_TARGET_DIR=/opt/rustwide/target" "-w" "/opt/rustwide/workdir" "--user" "0:0" "4d72ec764a2deec45512e4046bde0ab17909e380920c0e8f28c8a2880b0ede63" "/opt/rustwide/cargo-home/bin/cargo" "+1.100.0-beta.1" "metadata" "--no-deps" "--format-version=1", kill_on_drop: false }`
[INFO] running `Command { std: "docker" "inspect" "4d72ec764a2deec45512e4046bde0ab17909e380920c0e8f28c8a2880b0ede63", kill_on_drop: false }`
[INFO] running `Command { std: "docker" "exec" "-e" "SOURCE_DIR=/opt/rustwide/workdir" "-e" "CARGO_HOME=/opt/rustwide/cargo-home" "-e" "RUSTUP_HOME=/opt/rustwide/rustup-home" "-e" "CARGO_TARGET_DIR=/opt/rustwide/target" "-e" "CARGO_INCREMENTAL=0" "-e" "RUST_BACKTRACE=full" "-e" "RUSTFLAGS=--cap-lints=warn" "-e" "RUSTDOCFLAGS=--cap-lints=warn" "-w" "/opt/rustwide/workdir" "--user" "0:0" "4d72ec764a2deec45512e4046bde0ab17909e380920c0e8f28c8a2880b0ede63" "/opt/rustwide/cargo-home/bin/cargo" "+1.100.0-beta.1" "build" "--frozen" "--message-format=json" "--release", kill_on_drop: false }`
[INFO] [stderr] warning: `package.homepage` is redundant with `package.repository`
[INFO] [stderr]   --> Cargo.toml:87:12
[INFO] [stderr]    |
[INFO] [stderr] 87 | homepage = "https://github.com/sshaplygin/ytsaurus-rs"
[INFO] [stderr]    |            ^^^^^^^^^^^^^^^^^^^^^^^^^^^^^^^^^^^^^^^^^^^
[INFO] [stderr] ...
[INFO] [stderr] 92 | repository = "https://github.com/sshaplygin/ytsaurus-rs"
[INFO] [stderr]    |              -------------------------------------------
[INFO] [stderr]    |
[INFO] [stderr]    = note: `cargo::redundant_homepage` is set to `warn` by default
[INFO] [stderr] help: consider removing `package.homepage`
[INFO] [stderr] warning: `ytsaurus-job` (manifest) generated 1 warning
[INFO] [stderr]    Compiling serde v1.0.229
[INFO] [stderr]    Compiling ytsaurus-yson v0.3.1
[INFO] [stderr]    Compiling ytsaurus-skiff v0.3.1
[INFO] [stderr]    Compiling ytsaurus-format v0.3.1
[INFO] [stderr]    Compiling ytsaurus-job v0.3.1 (/opt/rustwide/workdir)
[INFO] [stderr]     Finished `release` profile [optimized] target(s) in 6.76s
[INFO] running `Command { std: "docker" "inspect" "4d72ec764a2deec45512e4046bde0ab17909e380920c0e8f28c8a2880b0ede63", kill_on_drop: false }`
[INFO] running `Command { std: "docker" "exec" "-e" "SOURCE_DIR=/opt/rustwide/workdir" "-e" "CARGO_HOME=/opt/rustwide/cargo-home" "-e" "RUSTUP_HOME=/opt/rustwide/rustup-home" "-e" "CARGO_TARGET_DIR=/opt/rustwide/target" "-e" "CARGO_INCREMENTAL=0" "-e" "RUST_BACKTRACE=full" "-e" "RUSTFLAGS=--cap-lints=warn" "-e" "RUSTDOCFLAGS=--cap-lints=warn" "-w" "/opt/rustwide/workdir" "--user" "0:0" "4d72ec764a2deec45512e4046bde0ab17909e380920c0e8f28c8a2880b0ede63" "/opt/rustwide/cargo-home/bin/cargo" "+1.100.0-beta.1" "test" "--frozen" "--no-run" "--message-format=json" "--release", kill_on_drop: false }`
[INFO] [stderr] warning: `package.homepage` is redundant with `package.repository`
[INFO] [stderr]   --> Cargo.toml:87:12
[INFO] [stderr]    |
[INFO] [stderr] 87 | homepage = "https://github.com/sshaplygin/ytsaurus-rs"
[INFO] [stderr]    |            ^^^^^^^^^^^^^^^^^^^^^^^^^^^^^^^^^^^^^^^^^^^
[INFO] [stderr] ...
[INFO] [stderr] 92 | repository = "https://github.com/sshaplygin/ytsaurus-rs"
[INFO] [stderr]    |              -------------------------------------------
[INFO] [stderr]    |
[INFO] [stderr]    = note: `cargo::redundant_homepage` is set to `warn` by default
[INFO] [stderr] help: consider removing `package.homepage`
[INFO] [stderr] warning: `ytsaurus-job` (manifest) generated 1 warning
[INFO] [stderr]    Compiling zerocopy v0.8.55
[INFO] [stderr]    Compiling syn v2.0.119
[INFO] [stderr]    Compiling either v1.17.0
[INFO] [stderr]    Compiling serde v1.0.229
[INFO] [stderr]    Compiling ciborium-io v0.2.2
[INFO] [stderr]    Compiling regex-automata v0.4.16
[INFO] [stderr]    Compiling clap_builder v4.6.5
[INFO] [stderr]    Compiling serde_json v1.0.151
[INFO] [stderr]    Compiling plotters v0.3.7
[INFO] [stderr]    Compiling anes v0.1.6
[INFO] [stderr]    Compiling itertools v0.13.0
[INFO] [stderr]    Compiling rayon v1.12.0
[INFO] [stderr]    Compiling ytsaurus-yson v0.3.1
[INFO] [stderr]    Compiling ytsaurus-skiff v0.3.1
[INFO] [stderr]    Compiling tinytemplate v1.2.1
[INFO] [stderr]    Compiling ytsaurus-format v0.3.1
[INFO] [stderr]    Compiling clap v4.6.5
[INFO] [stderr]    Compiling regex v1.13.1
[INFO] [stderr]    Compiling criterion-plot v0.6.0
[INFO] [stderr]    Compiling serde_bytes v0.11.19
[INFO] [stderr]    Compiling ytsaurus-job v0.3.1 (/opt/rustwide/workdir)
[INFO] [stderr]    Compiling zerocopy-derive v0.8.55
[INFO] [stderr]    Compiling half v2.7.1
[INFO] [stderr]    Compiling ciborium-ll v0.2.2
[INFO] [stderr]    Compiling ciborium v0.2.2
[INFO] [stderr]    Compiling criterion v0.7.0
[INFO] [stderr]     Finished `release` profile [optimized] target(s) in 1m 43s
[INFO] running `Command { std: "docker" "inspect" "4d72ec764a2deec45512e4046bde0ab17909e380920c0e8f28c8a2880b0ede63", kill_on_drop: false }`
[INFO] running `Command { std: "docker" "exec" "-e" "SOURCE_DIR=/opt/rustwide/workdir" "-e" "CARGO_HOME=/opt/rustwide/cargo-home" "-e" "RUSTUP_HOME=/opt/rustwide/rustup-home" "-e" "CARGO_TARGET_DIR=/opt/rustwide/target" "-e" "CARGO_INCREMENTAL=0" "-e" "RUST_BACKTRACE=full" "-e" "RUSTFLAGS=--cap-lints=warn" "-e" "RUSTDOCFLAGS=--cap-lints=warn" "-w" "/opt/rustwide/workdir" "--user" "0:0" "4d72ec764a2deec45512e4046bde0ab17909e380920c0e8f28c8a2880b0ede63" "/opt/rustwide/cargo-home/bin/cargo" "+1.100.0-beta.1" "test" "--frozen" "--release", kill_on_drop: false }`
[INFO] [stderr] warning: `package.homepage` is redundant with `package.repository`
[INFO] [stderr]   --> Cargo.toml:87:12
[INFO] [stderr]    |
[INFO] [stderr] 87 | homepage = "https://github.com/sshaplygin/ytsaurus-rs"
[INFO] [stderr]    |            ^^^^^^^^^^^^^^^^^^^^^^^^^^^^^^^^^^^^^^^^^^^
[INFO] [stderr] ...
[INFO] [stderr] 92 | repository = "https://github.com/sshaplygin/ytsaurus-rs"
[INFO] [stderr]    |              -------------------------------------------
[INFO] [stderr]    |
[INFO] [stderr]    = note: `cargo::redundant_homepage` is set to `warn` by default
[INFO] [stderr] help: consider removing `package.homepage`
[INFO] [stderr] warning: `ytsaurus-job` (manifest) generated 1 warning
[INFO] [stderr]     Finished `release` profile [optimized] target(s) in 0.17s
[INFO] [stderr]      Running unittests src/lib.rs (/opt/rustwide/target/release/build/ytsaurus-job/d189f46850d467e2/out/ytsaurus_job-d189f46850d467e2)
[INFO] [stdout] 
[INFO] [stdout] running 10 tests
[INFO] [stdout] test tests::no_job_id_means_we_are_not ... ok
[INFO] [stdout] test statistics::tests::a_counter_that_runs_away_saturates_instead_of_panicking ... ok
[INFO] [stdout] test statistics::tests::nothing_is_encoded_for_no_statistics ... ok
[INFO] [stdout] test statistics::tests::values_accumulate_and_replace ... ok
[INFO] [stdout] test statistics::tests::the_encoding_is_a_yson_list_fragment_of_one_map ... ok
[INFO] [stdout] test tests::an_empty_job_id_does_not_count ... ok
[INFO] [stdout] test statistics::tests::the_hundred_and_twenty_ninth_name_is_refused ... ok
[INFO] [stdout] test worker::tests::reader_selects_yson_and_skiff_from_the_same_enum ... ok
[INFO] [stdout] test worker::tests::writer_rejects_a_row_from_the_other_format ... ok
[INFO] [stdout] test tests::a_job_id_means_we_are_inside_a_job ... ok
[INFO] [stdout] 
[INFO] [stdout] test result: ok. 10 passed; 0 failed; 0 ignored; 0 measured; 0 filtered out; finished in 0.01s
[INFO] [stdout] 
[INFO] [stderr]      Running tests/counted_e2e.rs (/opt/rustwide/target/release/build/ytsaurus-job/c4f9a7b0f3b120c2/out/counted_e2e-c4f9a7b0f3b120c2)
[INFO] [stdout] 
[INFO] [stdout] running 2 tests
[INFO] [stderr] error: test failed, to rerun pass `--test counted_e2e`
[INFO] [stdout] test statistics_reach_descriptor_five ... FAILED
[INFO] [stdout] test a_job_with_nothing_to_report_writes_nothing ... FAILED
[INFO] [stdout] 
[INFO] [stdout] failures:
[INFO] [stdout] 
[INFO] [stdout] ---- statistics_reach_descriptor_five stdout ----
[INFO] [stdout] 
[INFO] [stdout] thread 'statistics_reach_descriptor_five' (1094) panicked at tests/common/mod.rs:253:9:
[INFO] [stdout] building the `counted` example failed:
[INFO] [stdout] warning: `package.homepage` is redundant with `package.repository`
[INFO] [stdout]   --> Cargo.toml:87:12
[INFO] [stdout]    |
[INFO] [stdout] 87 | homepage = "https://github.com/sshaplygin/ytsaurus-rs"
[INFO] [stdout]    |            ^^^^^^^^^^^^^^^^^^^^^^^^^^^^^^^^^^^^^^^^^^^
[INFO] [stdout] ...
[INFO] [stdout] 92 | repository = "https://github.com/sshaplygin/ytsaurus-rs"
[INFO] [stdout]    |              -------------------------------------------
[INFO] [stdout]    |
[INFO] [stdout]    = note: `cargo::redundant_homepage` is set to `warn` by default
[INFO] [stdout] help: consider removing `package.homepage`
[INFO] [stdout] warning: `ytsaurus-job` (manifest) generated 1 warning
[INFO] [stdout] error: profile `out` is not defined
[INFO] [stdout] 
[INFO] [stdout] stack backtrace:
[INFO] [stdout]    0:     0x650c4b3857c1 - <<std[617be2ca0a6fd877]::sys::backtrace::BacktraceLock>::print::DisplayBacktrace as core[a373ad73a504971]::fmt::Display>::fmt
[INFO] [stdout]    1:     0x650c4b39a59a - core[a373ad73a504971]::fmt::write
[INFO] [stdout]    2:     0x650c4b389c7c - <alloc[2e1b2a31b91974c5]::vec::Vec<u8> as core[a373ad73a504971]::io::write::Write>::write_fmt
[INFO] [stdout]    3:     0x650c4b35fdc6 - std[617be2ca0a6fd877]::panicking::default_hook::{closure#0}
[INFO] [stdout]    4:     0x650c4b37cee9 - std[617be2ca0a6fd877]::panicking::default_hook
[INFO] [stdout]    5:     0x650c4b314da0 - test[aada8e7e76ba119b]::test_main_inner::{closure#0}
[INFO] [stdout]    6:     0x650c4b37d0a2 - std[617be2ca0a6fd877]::panicking::panic_with_hook
[INFO] [stdout]    7:     0x650c4b35fe72 - std[617be2ca0a6fd877]::panicking::panic_handler::{closure#0}
[INFO] [stdout]    8:     0x650c4b3588d9 - std[617be2ca0a6fd877]::sys::backtrace::__rust_end_short_backtrace::<std[617be2ca0a6fd877]::panicking::panic_handler::{closure#0}, !>
[INFO] [stdout]    9:     0x650c4b360a7d - __rustc[ea4f61d10b84890b]::rust_begin_unwind
[INFO] [stdout]   10:     0x650c4b39accc - core[a373ad73a504971]::panicking::panic_fmt
[INFO] [stdout]   11:     0x650c4b305d03 - counted_e2e[8248bd97fd277314]::common::example
[INFO] [stdout]   12:     0x650c4b3064b4 - counted_e2e[8248bd97fd277314]::run
[INFO] [stdout]   13:     0x650c4b307a1a - <counted_e2e[8248bd97fd277314]::statistics_reach_descriptor_five::{closure#0} as core[a373ad73a504971]::ops::function::FnOnce<()>>::call_once
[INFO] [stdout]   14:     0x650c4b3081eb - test[aada8e7e76ba119b]::__rust_begin_short_backtrace::<core[a373ad73a504971]::result::Result<(), alloc[2e1b2a31b91974c5]::string::String>, fn() -> core[a373ad73a504971]::result::Result<(), alloc[2e1b2a31b91974c5]::string::String>>
[INFO] [stdout]   15:     0x650c4b3153c5 - test[aada8e7e76ba119b]::run_test::{closure#0}
[INFO] [stdout]   16:     0x650c4b30ecb4 - std[617be2ca0a6fd877]::sys::backtrace::__rust_begin_short_backtrace::<test[aada8e7e76ba119b]::run_test::{closure#1}, ()>
[INFO] [stdout]   17:     0x650c4b318452 - <std[617be2ca0a6fd877]::thread::lifecycle::spawn_unchecked<test[aada8e7e76ba119b]::run_test::{closure#1}, ()>::{closure#1} as core[a373ad73a504971]::ops::function::FnOnce<()>>::call_once::{shim:vtable#0}
[INFO] [stdout]   18:     0x650c4b3847cf - <std[617be2ca0a6fd877]::sys::thread::unix::Thread>::new::thread_start
[INFO] [stdout]   19:     0x797d32af6dfa - <unknown>
[INFO] [stdout]   20:     0x797d32b8a3d4 - clone
[INFO] [stdout]   21:                0x0 - <unknown>
[INFO] [stdout] 
[INFO] [stdout] ---- a_job_with_nothing_to_report_writes_nothing stdout ----
[INFO] [stdout] 
[INFO] [stdout] thread 'a_job_with_nothing_to_report_writes_nothing' (1093) panicked at tests/common/mod.rs:230:10:
[INFO] [stdout] the build set is only ever locked here: PoisonError { .. }
[INFO] [stdout] stack backtrace:
[INFO] [stdout]    0:     0x650c4b3857c1 - <<std[617be2ca0a6fd877]::sys::backtrace::BacktraceLock>::print::DisplayBacktrace as core[a373ad73a504971]::fmt::Display>::fmt
[INFO] [stdout]    1:     0x650c4b39a59a - core[a373ad73a504971]::fmt::write
[INFO] [stdout]    2:     0x650c4b389c7c - <alloc[2e1b2a31b91974c5]::vec::Vec<u8> as core[a373ad73a504971]::io::write::Write>::write_fmt
[INFO] [stdout]    3:     0x650c4b35fdc6 - std[617be2ca0a6fd877]::panicking::default_hook::{closure#0}
[INFO] [stdout]    4:     0x650c4b37cee9 - std[617be2ca0a6fd877]::panicking::default_hook
[INFO] [stdout]    5:     0x650c4b314da0 - test[aada8e7e76ba119b]::test_main_inner::{closure#0}
[INFO] [stdout]    6:     0x650c4b37d0a2 - std[617be2ca0a6fd877]::panicking::panic_with_hook
[INFO] [stdout]    7:     0x650c4b35fe72 - std[617be2ca0a6fd877]::panicking::panic_handler::{closure#0}
[INFO] [stdout]    8:     0x650c4b3588d9 - std[617be2ca0a6fd877]::sys::backtrace::__rust_end_short_backtrace::<std[617be2ca0a6fd877]::panicking::panic_handler::{closure#0}, !>
[INFO] [stdout]    9:     0x650c4b360a7d - __rustc[ea4f61d10b84890b]::rust_begin_unwind
[INFO] [stdout]   10:     0x650c4b39accc - core[a373ad73a504971]::panicking::panic_fmt
[INFO] [stdout]   11:     0x650c4b39aaa2 - core[a373ad73a504971]::result::unwrap_failed
[INFO] [stdout]   12:     0x650c4b305c03 - counted_e2e[8248bd97fd277314]::common::example
[INFO] [stdout]   13:     0x650c4b3064b4 - counted_e2e[8248bd97fd277314]::run
[INFO] [stdout]   14:     0x650c4b307f86 - <counted_e2e[8248bd97fd277314]::a_job_with_nothing_to_report_writes_nothing::{closure#0} as core[a373ad73a504971]::ops::function::FnOnce<()>>::call_once
[INFO] [stdout]   15:     0x650c4b3081eb - test[aada8e7e76ba119b]::__rust_begin_short_backtrace::<core[a373ad73a504971]::result::Result<(), alloc[2e1b2a31b91974c5]::string::String>, fn() -> core[a373ad73a504971]::result::Result<(), alloc[2e1b2a31b91974c5]::string::String>>
[INFO] [stdout]   16:     0x650c4b3153c5 - test[aada8e7e76ba119b]::run_test::{closure#0}
[INFO] [stdout]   17:     0x650c4b30ecb4 - std[617be2ca0a6fd877]::sys::backtrace::__rust_begin_short_backtrace::<test[aada8e7e76ba119b]::run_test::{closure#1}, ()>
[INFO] [stdout]   18:     0x650c4b318452 - <std[617be2ca0a6fd877]::thread::lifecycle::spawn_unchecked<test[aada8e7e76ba119b]::run_test::{closure#1}, ()>::{closure#1} as core[a373ad73a504971]::ops::function::FnOnce<()>>::call_once::{shim:vtable#0}
[INFO] [stdout]   19:     0x650c4b3847cf - <std[617be2ca0a6fd877]::sys::thread::unix::Thread>::new::thread_start
[INFO] [stdout]   20:     0x797d32af6dfa - <unknown>
[INFO] [stdout]   21:     0x797d32b8a3d4 - clone
[INFO] [stdout]   22:                0x0 - <unknown>
[INFO] [stdout] 
[INFO] [stdout] 
[INFO] [stdout] failures:
[INFO] [stdout]     a_job_with_nothing_to_report_writes_nothing
[INFO] [stdout]     statistics_reach_descriptor_five
[INFO] [stdout] 
[INFO] [stdout] test result: FAILED. 0 passed; 2 failed; 0 ignored; 0 measured; 0 filtered out; finished in 0.10s
[INFO] [stdout] 
[INFO] running `Command { std: "docker" "inspect" "4d72ec764a2deec45512e4046bde0ab17909e380920c0e8f28c8a2880b0ede63", kill_on_drop: false }`
[INFO] running `Command { std: "docker" "rm" "-f" "4d72ec764a2deec45512e4046bde0ab17909e380920c0e8f28c8a2880b0ede63", kill_on_drop: false }`
[INFO] [stdout] 4d72ec764a2deec45512e4046bde0ab17909e380920c0e8f28c8a2880b0ede63
