[INFO] fetching crate ying-profiler 0.3.0...
[INFO] testing ying-profiler-0.3.0 against 1.100.0-beta.1+cargoflags=--release for beta-release-1.100-2
[INFO] extracting crate ying-profiler 0.3.0 into /workspace/builds/worker-4-tc2/source
[INFO] started tweaking crates.io crate ying-profiler 0.3.0
[INFO] removed 0 missing examples
[INFO] removed 0 missing tests
[INFO] finished tweaking crates.io crate ying-profiler 0.3.0
[INFO] tweaked toml for crates.io crate ying-profiler 0.3.0 written to /workspace/builds/worker-4-tc2/source/Cargo.toml
[INFO] validating manifest of crates.io crate ying-profiler 0.3.0 on toolchain 1.100.0-beta.1
[INFO] running `Command { std: CARGO_HOME="/workspace/cargo-home" RUSTUP_HOME="/workspace/rustup-home" "/workspace/cargo-home/bin/cargo" "+1.100.0-beta.1" "metadata" "--manifest-path" "Cargo.toml" "--no-deps", kill_on_drop: false }`
[INFO] crate crates.io crate ying-profiler 0.3.0 already has a lockfile, it will not be regenerated
[INFO] running `Command { std: CARGO_HOME="/workspace/cargo-home" RUSTUP_HOME="/workspace/rustup-home" "/workspace/cargo-home/bin/cargo" "+1.100.0-beta.1" "fetch" "--manifest-path" "Cargo.toml", kill_on_drop: false }`
[INFO] running `Command { std: "docker" "create" "-v" "/var/lib/crater-agent-workspace/builds/worker-4-tc2/source:/opt/rustwide/workdir:ro,Z" "-v" "/var/lib/crater-agent-workspace/builds/worker-4-tc2/target:/opt/rustwide/target:rw,Z" "-v" "/var/lib/crater-agent-workspace/cargo-home:/opt/rustwide/cargo-home:ro,Z" "-v" "/var/lib/crater-agent-workspace/rustup-home:/opt/rustwide/rustup-home:ro,Z" "-m" "1610612736" "--network" "none" "ghcr.io/rust-lang/crates-build-env/linux@sha256:77db811e55d90add9212f6832c23229e3de5f1c1f9905e8cb07319ea15df73ac" "sleep" "infinity", kill_on_drop: false }`
[INFO] [stdout] f9c8f5ed0a32e1cad49e54324dacb4782b87189aee4b6aadd69ca1914d08be47
[INFO] running `Command { std: "docker" "start" "f9c8f5ed0a32e1cad49e54324dacb4782b87189aee4b6aadd69ca1914d08be47", kill_on_drop: false }`
[INFO] running `Command { std: "docker" "inspect" "f9c8f5ed0a32e1cad49e54324dacb4782b87189aee4b6aadd69ca1914d08be47", kill_on_drop: false }`
[INFO] running `Command { std: "docker" "exec" "-e" "SOURCE_DIR=/opt/rustwide/workdir" "-e" "CARGO_HOME=/opt/rustwide/cargo-home" "-e" "RUSTUP_HOME=/opt/rustwide/rustup-home" "-e" "CARGO_TARGET_DIR=/opt/rustwide/target" "-w" "/opt/rustwide/workdir" "--user" "0:0" "f9c8f5ed0a32e1cad49e54324dacb4782b87189aee4b6aadd69ca1914d08be47" "/opt/rustwide/cargo-home/bin/cargo" "+1.100.0-beta.1" "metadata" "--no-deps" "--format-version=1", kill_on_drop: false }`
[INFO] running `Command { std: "docker" "inspect" "f9c8f5ed0a32e1cad49e54324dacb4782b87189aee4b6aadd69ca1914d08be47", kill_on_drop: false }`
[INFO] running `Command { std: "docker" "exec" "-e" "SOURCE_DIR=/opt/rustwide/workdir" "-e" "CARGO_HOME=/opt/rustwide/cargo-home" "-e" "RUSTUP_HOME=/opt/rustwide/rustup-home" "-e" "CARGO_TARGET_DIR=/opt/rustwide/target" "-e" "CARGO_INCREMENTAL=0" "-e" "RUST_BACKTRACE=full" "-e" "RUSTFLAGS=--cap-lints=warn" "-e" "RUSTDOCFLAGS=--cap-lints=warn" "-w" "/opt/rustwide/workdir" "--user" "0:0" "f9c8f5ed0a32e1cad49e54324dacb4782b87189aee4b6aadd69ca1914d08be47" "/opt/rustwide/cargo-home/bin/cargo" "+1.100.0-beta.1" "build" "--frozen" "--message-format=json" "--release", kill_on_drop: false }`
[INFO] [stderr]    Compiling unicode-ident v1.0.6
[INFO] [stderr]    Compiling num-traits v0.2.15
[INFO] [stderr]    Compiling anstyle-parse v1.0.0
[INFO] [stderr]    Compiling colorchoice v1.0.5
[INFO] [stderr]    Compiling zerocopy v0.8.57
[INFO] [stderr]    Compiling ahash v0.8.12
[INFO] [stderr]    Compiling num-integer v0.1.45
[INFO] [stderr]    Compiling object v0.37.3
[INFO] [stderr]    Compiling proc-macro2 v1.0.107
[INFO] [stderr]    Compiling log v0.4.34
[INFO] [stderr]    Compiling anstream v1.0.0
[INFO] [stderr]    Compiling env_filter v2.0.0
[INFO] [stderr]    Compiling parking_lot_core v0.9.12
[INFO] [stderr]    Compiling lock_api v0.4.14
[INFO] [stderr]    Compiling arrayvec v0.7.8
[INFO] [stderr]    Compiling clap_builder v4.6.6
[INFO] [stderr]    Compiling itoa v1.0.5
[INFO] [stderr]    Compiling bytemuck v1.25.2
[INFO] [stderr]    Compiling quote v1.0.47
[INFO] [stderr]    Compiling syn v2.0.119
[INFO] [stderr]    Compiling syn v3.0.5
[INFO] [stderr]    Compiling gimli v0.32.3
[INFO] [stderr]    Compiling hashbrown v0.14.5
[INFO] [stderr]    Compiling miniz_oxide v0.8.9
[INFO] [stderr]    Compiling dashmap v6.2.1
[INFO] [stderr]    Compiling rgb v0.8.53
[INFO] [stderr]    Compiling num-format v0.4.4
[INFO] [stderr]    Compiling env_logger v0.11.11
[INFO] [stderr]    Compiling crossbeam-channel v0.5.17
[INFO] [stderr]    Compiling time v0.1.43
[INFO] [stderr]    Compiling darling_core v0.20.11
[INFO] [stderr]    Compiling addr2line v0.25.1
[INFO] [stderr]    Compiling quick-xml v0.41.0
[INFO] [stderr]    Compiling rand_core v0.6.4
[INFO] [stderr]    Compiling rustc-demangle v0.1.28
[INFO] [stderr]    Compiling str_stack v0.1.1
[INFO] [stderr]    Compiling clap_derive v4.6.4
[INFO] [stderr]    Compiling iana-time-zone v0.1.53
[INFO] [stderr]    Compiling wyhash v0.5.0
[INFO] [stderr]    Compiling chrono v0.4.23
[INFO] [stderr]    Compiling coarsetime v0.1.22
[INFO] [stderr]    Compiling darling_macro v0.20.11
[INFO] [stderr]    Compiling backtrace v0.3.76
[INFO] [stderr]    Compiling darling v0.20.11
[INFO] [stderr]    Compiling derive_builder_core v0.20.2
[INFO] [stderr]    Compiling clap v4.6.6
[INFO] [stderr]    Compiling inferno v0.12.8
[INFO] [stderr]    Compiling derive_builder_macro v0.20.2
[INFO] [stderr]    Compiling derive_builder v0.20.2
[INFO] [stderr]    Compiling ying-profiler v0.3.0 (/opt/rustwide/workdir)
[INFO] [stderr]     Finished `release` profile [optimized] target(s) in 31.74s
[INFO] running `Command { std: "docker" "inspect" "f9c8f5ed0a32e1cad49e54324dacb4782b87189aee4b6aadd69ca1914d08be47", kill_on_drop: false }`
[INFO] running `Command { std: "docker" "exec" "-e" "SOURCE_DIR=/opt/rustwide/workdir" "-e" "CARGO_HOME=/opt/rustwide/cargo-home" "-e" "RUSTUP_HOME=/opt/rustwide/rustup-home" "-e" "CARGO_TARGET_DIR=/opt/rustwide/target" "-e" "CARGO_INCREMENTAL=0" "-e" "RUST_BACKTRACE=full" "-e" "RUSTFLAGS=--cap-lints=warn" "-e" "RUSTDOCFLAGS=--cap-lints=warn" "-w" "/opt/rustwide/workdir" "--user" "0:0" "f9c8f5ed0a32e1cad49e54324dacb4782b87189aee4b6aadd69ca1914d08be47" "/opt/rustwide/cargo-home/bin/cargo" "+1.100.0-beta.1" "test" "--frozen" "--no-run" "--message-format=json" "--release", kill_on_drop: false }`
[INFO] [stderr]    Compiling syn v1.0.107
[INFO] [stderr]    Compiling getrandom v0.2.8
[INFO] [stderr]    Compiling slab v0.4.7
[INFO] [stderr]    Compiling parking_lot v0.12.1
[INFO] [stderr]    Compiling futures-macro v0.3.34
[INFO] [stderr]    Compiling lazy_static v1.4.0
[INFO] [stderr]    Compiling proc-macro-error-attr v1.0.4
[INFO] [stderr]    Compiling crossbeam-epoch v0.9.13
[INFO] [stderr]    Compiling rand_core v0.6.4
[INFO] [stderr]    Compiling thiserror v1.0.38
[INFO] [stderr]    Compiling raw-cpuid v10.6.0
[INFO] [stderr]    Compiling tracing-core v0.1.30
[INFO] [stderr]    Compiling num_cpus v1.15.0
[INFO] [stderr]    Compiling tokio v1.25.0
[INFO] [stderr]    Compiling hashbrown v0.12.3
[INFO] [stderr]    Compiling moka v0.9.6
[INFO] [stderr]    Compiling ppv-lite86 v0.2.17
[INFO] [stderr]    Compiling futures-util v0.3.34
[INFO] [stderr]    Compiling overload v0.1.1
[INFO] [stderr]    Compiling nu-ansi-term v0.46.0
[INFO] [stderr]    Compiling rand_chacha v0.3.1
[INFO] [stderr]    Compiling dashmap v5.4.0
[INFO] [stderr]    Compiling tracing-log v0.1.3
[INFO] [stderr]    Compiling scheduled-thread-pool v0.2.6
[INFO] [stderr]    Compiling quanta v0.10.1
[INFO] [stderr]    Compiling wyhash v0.5.0
[INFO] [stderr]    Compiling sharded-slab v0.1.4
[INFO] [stderr]    Compiling uuid v1.3.0
[INFO] [stderr]    Compiling mio v0.8.5
[INFO] [stderr]    Compiling socket2 v0.4.7
[INFO] [stderr]    Compiling thread_local v1.1.4
[INFO] [stderr]    Compiling signal-hook-registry v1.4.0
[INFO] [stderr]    Compiling triomphe v0.1.8
[INFO] [stderr]    Compiling tagptr v0.2.0
[INFO] [stderr]    Compiling rand v0.8.5
[INFO] [stderr]    Compiling ying-profiler v0.3.0 (/opt/rustwide/workdir)
[INFO] [stderr]    Compiling tracing-subscriber v0.3.16
[INFO] [stderr]    Compiling proc-macro-error v1.0.4
[INFO] [stderr]    Compiling thiserror-impl v1.0.38
[INFO] [stderr]    Compiling serial_test_derive v0.9.0
[INFO] [stderr]    Compiling tokio-macros v1.8.2
[INFO] [stderr]    Compiling futures-executor v0.3.26
[INFO] [stderr]    Compiling futures v0.3.26
[INFO] [stderr]    Compiling serial_test v0.9.0
[INFO] [stderr]     Finished `release` profile [optimized] target(s) in 32.37s
[INFO] running `Command { std: "docker" "inspect" "f9c8f5ed0a32e1cad49e54324dacb4782b87189aee4b6aadd69ca1914d08be47", kill_on_drop: false }`
[INFO] running `Command { std: "docker" "exec" "-e" "SOURCE_DIR=/opt/rustwide/workdir" "-e" "CARGO_HOME=/opt/rustwide/cargo-home" "-e" "RUSTUP_HOME=/opt/rustwide/rustup-home" "-e" "CARGO_TARGET_DIR=/opt/rustwide/target" "-e" "CARGO_INCREMENTAL=0" "-e" "RUST_BACKTRACE=full" "-e" "RUSTFLAGS=--cap-lints=warn" "-e" "RUSTDOCFLAGS=--cap-lints=warn" "-w" "/opt/rustwide/workdir" "--user" "0:0" "f9c8f5ed0a32e1cad49e54324dacb4782b87189aee4b6aadd69ca1914d08be47" "/opt/rustwide/cargo-home/bin/cargo" "+1.100.0-beta.1" "test" "--frozen" "--release", kill_on_drop: false }`
[INFO] [stderr]     Finished `release` profile [optimized] target(s) in 0.15s
[INFO] [stderr]      Running unittests src/lib.rs (/opt/rustwide/target/release/build/ying-profiler/f60ad4ed0768ca5a/out/ying_profiler-f60ad4ed0768ca5a)
[INFO] [stdout] 
[INFO] [stdout] running 8 tests
[INFO] [stdout] test sharded_map::tests::update_only_touches_existing_keys ... ok
[INFO] [stdout] test sharded_map::tests::iteration_and_clear_cover_all_shards ... ok
[INFO] [stdout] test utils::tests::test_profiler_runner_builder_overrides ... ok
[INFO] [stdout] test sharded_map::tests::adjacent_keys_spread_across_shards ... ok
[INFO] [stdout] test utils::tests::test_profiler_runner_builder ... ok
[INFO] [stdout] test sharded_map::tests::update_or_insert_with_creates_then_updates ... ok
[INFO] [stdout] test sharded_map::tests::concurrent_inserts_from_many_threads ... ok
[INFO] [stdout] test sharded_map::tests::insert_get_remove ... ok
[INFO] [stderr]      Running tests/allocation_tests.rs (/opt/rustwide/target/release/build/ying-profiler/8ec67eb3309e41d6/out/allocation_tests-8ec67eb3309e41d6)
[INFO] [stdout] 
[INFO] [stdout] test result: ok. 8 passed; 0 failed; 0 ignored; 0 measured; 0 filtered out; finished in 0.01s
[INFO] [stdout] 
[INFO] [stdout] 
[INFO] [stdout] running 7 tests
[INFO] [stdout] test many_threads_allocating_and_reporting ... ok
[INFO] [stdout] test test_print_allocations_deadlock ... ok
[INFO] [stdout] test many_distinct_stacks_while_reporting ... ok
[INFO] [stdout] test test_giant_allocation ... ok
[INFO] [stdout] test realloc_churn ... ok
[INFO] [stdout] test basic_allocation_free_test ... FAILED
[INFO] [stdout] test stress_test ... ok
[INFO] [stdout] 
[INFO] [stdout] failures:
[INFO] [stdout] 
[INFO] [stdout] ---- basic_allocation_free_test stdout ----
[INFO] [stdout] allocated_now = 6864448
[INFO] [stdout] ---
[INFO] [stdout] 441600 profiled bytes allocated (3.92%) (801 allocations)
[INFO] [stdout]   441600 profiled bytes retained  (0 frees)
[INFO] [stdout]     (92.81% of all retained profiled allocs) (100.00% of allocated bytes)
[INFO] [stdout]   Histogram avg: NaNsecs {1.00s: 0, 5.00s: 0, 10.00s: 0, 30.00s: 0, 100.00s: 0, 18446744073709552.00s: 0, }
[INFO] [stdout] Callback <hash = 0x14bf28a4ec343579>
[INFO] [stdout]   <allocation_tests[3c851e71eca44327]::basic_allocation_free_test::{closure#0} as core[a373ad73a504971]::ops::function::FnOnce<()>>
[INFO] [stdout]   serial_test[116a279b1f528f80]::serial_code_lock
[INFO] [stdout]   <allocation_tests[3c851e71eca44327]::basic_allocation_free_test::{closure#0} as core[a373ad73a504971]::ops::function::FnOnce<()>>
[INFO] [stdout]   test[aada8e7e76ba119b]::__rust_begin_short_backtrace::<core[a373ad73a504971]::result::Result<(), alloc[2e1b2a31b91974c5]::string::String>, fn() -> core[a373ad73a504971]::result::Result<(), alloc[2e1b2a31b91974c5]::string::String>>
[INFO] [stdout]   test[aada8e7e76ba119b]::run_test::{closure#0}
[INFO] [stdout]   std[617be2ca0a6fd877]::sys::backtrace::__rust_begin_short_backtrace::<test[aada8e7e76ba119b]::run_test::{closure#1}, ()>
[INFO] [stdout]   <std[617be2ca0a6fd877]::thread::lifecycle::spawn_unchecked<test[aada8e7e76ba119b]::run_test::{closure#1}, ()>::{closure#1} as core[a373ad73a504971]::ops::function::FnOnce<()>>::call_once::{shim:vtable#0}
[INFO] [stdout]   <std[617be2ca0a6fd877]::sys::thread::unix::Thread>::new
[INFO] [stdout]   clone
[INFO] [stdout] 
[INFO] [stdout] 
[INFO] [stdout] 
[INFO] [stdout] 
[INFO] [stdout] thread 'basic_allocation_free_test' (1841) panicked at tests/allocation_tests.rs:137:5:
[INFO] [stdout] assertion `left == right` failed
[INFO] [stdout]   left: 551
[INFO] [stdout]  right: 512
[INFO] [stdout] stack backtrace:
[INFO] [stdout]    0:     0x5c91680012c1 - <<std[617be2ca0a6fd877]::sys::backtrace::BacktraceLock>::print::DisplayBacktrace as core[a373ad73a504971]::fmt::Display>::fmt
[INFO] [stdout]    1:     0x5c9168016c8a - core[a373ad73a504971]::fmt::write
[INFO] [stdout]    2:     0x5c91680057dc - <alloc[2e1b2a31b91974c5]::vec::Vec<u8> as core[a373ad73a504971]::io::write::Write>::write_fmt
[INFO] [stdout]    3:     0x5c9167fdcc36 - std[617be2ca0a6fd877]::panicking::default_hook::{closure#0}
[INFO] [stdout]    4:     0x5c9167ff94f9 - std[617be2ca0a6fd877]::panicking::default_hook
[INFO] [stdout]    5:     0x5c9167e7a750 - test[aada8e7e76ba119b]::test_main_inner::{closure#0}
[INFO] [stdout]    6:     0x5c9167ff9822 - std[617be2ca0a6fd877]::panicking::panic_with_hook
[INFO] [stdout]    7:     0x5c9167fdcce2 - std[617be2ca0a6fd877]::panicking::panic_handler::{closure#0}
[INFO] [stdout]    8:     0x5c9167fd59c9 - std[617be2ca0a6fd877]::sys::backtrace::__rust_end_short_backtrace::<std[617be2ca0a6fd877]::panicking::panic_handler::{closure#0}, !>
[INFO] [stdout]    9:     0x5c9167fdd7cd - __rustc[ea4f61d10b84890b]::rust_begin_unwind
[INFO] [stdout]   10:     0x5c916801746c - core[a373ad73a504971]::panicking::panic_fmt
[INFO] [stdout]   11:     0x5c9168017383 - core[a373ad73a504971]::panicking::assert_failed_inner
[INFO] [stdout]   12:     0x5c9168012c02 - core[a373ad73a504971]::panicking::assert_failed::<u64, u64>
[INFO] [stdout]   13:     0x5c9167e2bca8 - <allocation_tests[3c851e71eca44327]::basic_allocation_free_test::{closure#0} as core[a373ad73a504971]::ops::function::FnOnce<()>>::call_once
[INFO] [stdout]   14:     0x5c9167fb3146 - serial_test[116a279b1f528f80]::serial_code_lock::local_serial_core
[INFO] [stdout]   15:     0x5c9167e2b30d - <allocation_tests[3c851e71eca44327]::basic_allocation_free_test::{closure#0} as core[a373ad73a504971]::ops::function::FnOnce<()>>::call_once
[INFO] [stdout]   16:     0x5c9167e6db9b - test[aada8e7e76ba119b]::__rust_begin_short_backtrace::<core[a373ad73a504971]::result::Result<(), alloc[2e1b2a31b91974c5]::string::String>, fn() -> core[a373ad73a504971]::result::Result<(), alloc[2e1b2a31b91974c5]::string::String>>
[INFO] [stdout]   17:     0x5c9167e7ad75 - test[aada8e7e76ba119b]::run_test::{closure#0}
[INFO] [stdout]   18:     0x5c9167e74664 - std[617be2ca0a6fd877]::sys::backtrace::__rust_begin_short_backtrace::<test[aada8e7e76ba119b]::run_test::{closure#1}, ()>
[INFO] [stdout]   19:     0x5c9167e7de02 - <std[617be2ca0a6fd877]::thread::lifecycle::spawn_unchecked<test[aada8e7e76ba119b]::run_test::{closure#1}, ()>::{closure#1} as core[a373ad73a504971]::ops::function::FnOnce<()>>::call_once::{shim:vtable#0}
[INFO] [stdout]   20:     0x5c9168000adf - <std[617be2ca0a6fd877]::sys::thread::unix::Thread>::new::thread_start
[INFO] [stdout]   21:     0x7fd639286dfa - <unknown>
[INFO] [stdout]   22:     0x7fd63931a3d4 - clone
[INFO] [stdout]   23:                0x0 - <unknown>
[INFO] [stdout] 
[INFO] [stdout] 
[INFO] [stdout] failures:
[INFO] [stdout]     basic_allocation_free_test
[INFO] [stdout] 
[INFO] [stdout] test result: FAILED. 6 passed; 1 failed; 0 ignored; 0 measured; 0 filtered out; finished in 3.81s
[INFO] [stdout] 
[INFO] [stderr] error: test failed, to rerun pass `--test allocation_tests`
[INFO] running `Command { std: "docker" "inspect" "f9c8f5ed0a32e1cad49e54324dacb4782b87189aee4b6aadd69ca1914d08be47", kill_on_drop: false }`
[INFO] running `Command { std: "docker" "rm" "-f" "f9c8f5ed0a32e1cad49e54324dacb4782b87189aee4b6aadd69ca1914d08be47", kill_on_drop: false }`
[INFO] [stdout] f9c8f5ed0a32e1cad49e54324dacb4782b87189aee4b6aadd69ca1914d08be47
