[INFO] fetching crate yaspar-macros 0.1.4...
[INFO] testing yaspar-macros-0.1.4 against 1.100.0-beta.1+cargoflags=--release for beta-release-1.100-2
[INFO] extracting crate yaspar-macros 0.1.4 into /workspace/builds/worker-2-tc2/source
[INFO] started tweaking crates.io crate yaspar-macros 0.1.4
[INFO] removed 0 missing examples
[INFO] removed 0 missing tests
[INFO] finished tweaking crates.io crate yaspar-macros 0.1.4
[INFO] tweaked toml for crates.io crate yaspar-macros 0.1.4 written to /workspace/builds/worker-2-tc2/source/Cargo.toml
[INFO] validating manifest of crates.io crate yaspar-macros 0.1.4 on toolchain 1.100.0-beta.1
[INFO] running `Command { std: CARGO_HOME="/workspace/cargo-home" RUSTUP_HOME="/workspace/rustup-home" "/workspace/cargo-home/bin/cargo" "+1.100.0-beta.1" "metadata" "--manifest-path" "Cargo.toml" "--no-deps", kill_on_drop: false }`
[INFO] crate crates.io crate yaspar-macros 0.1.4 already has a lockfile, it will not be regenerated
[INFO] running `Command { std: CARGO_HOME="/workspace/cargo-home" RUSTUP_HOME="/workspace/rustup-home" "/workspace/cargo-home/bin/cargo" "+1.100.0-beta.1" "fetch" "--manifest-path" "Cargo.toml", kill_on_drop: false }`
[INFO] [stderr] warning: `package.homepage` is redundant with `package.repository`
[INFO] [stderr]   --> Cargo.toml:50:12
[INFO] [stderr]    |
[INFO] [stderr] 50 | homepage = "https://github.com/yaspar-org/yaspar-macros"
[INFO] [stderr]    |            ^^^^^^^^^^^^^^^^^^^^^^^^^^^^^^^^^^^^^^^^^^^^^
[INFO] [stderr] ...
[INFO] [stderr] 55 | repository = "https://github.com/yaspar-org/yaspar-macros"
[INFO] [stderr]    |              ---------------------------------------------
[INFO] [stderr]    |
[INFO] [stderr]    = note: `cargo::redundant_homepage` is set to `warn` by default
[INFO] [stderr] help: consider removing `package.homepage`
[INFO] [stderr] warning: `yaspar-macros` (manifest) generated 1 warning
[INFO] running `Command { std: "docker" "create" "-v" "/var/lib/crater-agent-workspace/builds/worker-2-tc2/source:/opt/rustwide/workdir:ro,Z" "-v" "/var/lib/crater-agent-workspace/builds/worker-2-tc2/target:/opt/rustwide/target:rw,Z" "-v" "/var/lib/crater-agent-workspace/cargo-home:/opt/rustwide/cargo-home:ro,Z" "-v" "/var/lib/crater-agent-workspace/rustup-home:/opt/rustwide/rustup-home:ro,Z" "-m" "1610612736" "--network" "none" "ghcr.io/rust-lang/crates-build-env/linux@sha256:77db811e55d90add9212f6832c23229e3de5f1c1f9905e8cb07319ea15df73ac" "sleep" "infinity", kill_on_drop: false }`
[INFO] [stdout] b88de222d9ba9c52935a82d85cfa9442887c41a3c7a1578330cc0d1de8cd133c
[INFO] running `Command { std: "docker" "start" "b88de222d9ba9c52935a82d85cfa9442887c41a3c7a1578330cc0d1de8cd133c", kill_on_drop: false }`
[INFO] running `Command { std: "docker" "inspect" "b88de222d9ba9c52935a82d85cfa9442887c41a3c7a1578330cc0d1de8cd133c", kill_on_drop: false }`
[INFO] running `Command { std: "docker" "exec" "-e" "SOURCE_DIR=/opt/rustwide/workdir" "-e" "CARGO_HOME=/opt/rustwide/cargo-home" "-e" "RUSTUP_HOME=/opt/rustwide/rustup-home" "-e" "CARGO_TARGET_DIR=/opt/rustwide/target" "-w" "/opt/rustwide/workdir" "--user" "0:0" "b88de222d9ba9c52935a82d85cfa9442887c41a3c7a1578330cc0d1de8cd133c" "/opt/rustwide/cargo-home/bin/cargo" "+1.100.0-beta.1" "metadata" "--no-deps" "--format-version=1", kill_on_drop: false }`
[INFO] running `Command { std: "docker" "inspect" "b88de222d9ba9c52935a82d85cfa9442887c41a3c7a1578330cc0d1de8cd133c", kill_on_drop: false }`
[INFO] running `Command { std: "docker" "exec" "-e" "SOURCE_DIR=/opt/rustwide/workdir" "-e" "CARGO_HOME=/opt/rustwide/cargo-home" "-e" "RUSTUP_HOME=/opt/rustwide/rustup-home" "-e" "CARGO_TARGET_DIR=/opt/rustwide/target" "-e" "CARGO_INCREMENTAL=0" "-e" "RUST_BACKTRACE=full" "-e" "RUSTFLAGS=--cap-lints=warn" "-e" "RUSTDOCFLAGS=--cap-lints=warn" "-w" "/opt/rustwide/workdir" "--user" "0:0" "b88de222d9ba9c52935a82d85cfa9442887c41a3c7a1578330cc0d1de8cd133c" "/opt/rustwide/cargo-home/bin/cargo" "+1.100.0-beta.1" "build" "--frozen" "--message-format=json" "--release", kill_on_drop: false }`
[INFO] [stderr] warning: `package.homepage` is redundant with `package.repository`
[INFO] [stderr]   --> Cargo.toml:50:12
[INFO] [stderr]    |
[INFO] [stderr] 50 | homepage = "https://github.com/yaspar-org/yaspar-macros"
[INFO] [stderr]    |            ^^^^^^^^^^^^^^^^^^^^^^^^^^^^^^^^^^^^^^^^^^^^^
[INFO] [stderr] ...
[INFO] [stderr] 55 | repository = "https://github.com/yaspar-org/yaspar-macros"
[INFO] [stderr]    |              ---------------------------------------------
[INFO] [stderr]    |
[INFO] [stderr]    = note: `cargo::redundant_homepage` is set to `warn` by default
[INFO] [stderr] help: consider removing `package.homepage`
[INFO] [stderr] warning: `yaspar-macros` (manifest) generated 1 warning
[INFO] [stderr]    Compiling syn v3.0.6
[INFO] [stderr]    Compiling yaspar-macros v0.1.4 (/opt/rustwide/workdir)
[INFO] [stderr]     Finished `release` profile [optimized] target(s) in 1m 03s
[INFO] running `Command { std: "docker" "inspect" "b88de222d9ba9c52935a82d85cfa9442887c41a3c7a1578330cc0d1de8cd133c", kill_on_drop: false }`
[INFO] running `Command { std: "docker" "exec" "-e" "SOURCE_DIR=/opt/rustwide/workdir" "-e" "CARGO_HOME=/opt/rustwide/cargo-home" "-e" "RUSTUP_HOME=/opt/rustwide/rustup-home" "-e" "CARGO_TARGET_DIR=/opt/rustwide/target" "-e" "CARGO_INCREMENTAL=0" "-e" "RUST_BACKTRACE=full" "-e" "RUSTFLAGS=--cap-lints=warn" "-e" "RUSTDOCFLAGS=--cap-lints=warn" "-w" "/opt/rustwide/workdir" "--user" "0:0" "b88de222d9ba9c52935a82d85cfa9442887c41a3c7a1578330cc0d1de8cd133c" "/opt/rustwide/cargo-home/bin/cargo" "+1.100.0-beta.1" "test" "--frozen" "--no-run" "--message-format=json" "--release", kill_on_drop: false }`
[INFO] [stderr] warning: `package.homepage` is redundant with `package.repository`
[INFO] [stderr]   --> Cargo.toml:50:12
[INFO] [stderr]    |
[INFO] [stderr] 50 | homepage = "https://github.com/yaspar-org/yaspar-macros"
[INFO] [stderr]    |            ^^^^^^^^^^^^^^^^^^^^^^^^^^^^^^^^^^^^^^^^^^^^^
[INFO] [stderr] ...
[INFO] [stderr] 55 | repository = "https://github.com/yaspar-org/yaspar-macros"
[INFO] [stderr]    |              ---------------------------------------------
[INFO] [stderr]    |
[INFO] [stderr]    = note: `cargo::redundant_homepage` is set to `warn` by default
[INFO] [stderr] help: consider removing `package.homepage`
[INFO] [stderr] warning: `yaspar-macros` (manifest) generated 1 warning
[INFO] [stderr]    Compiling target-tuple v1.0.2
[INFO] [stderr]    Compiling winnow v1.0.4
[INFO] [stderr]    Compiling unicode-ident v1.0.26
[INFO] [stderr]    Compiling toml_writer v1.1.2+spec-1.1.0
[INFO] [stderr]    Compiling yaspar-macros-defs v0.1.4
[INFO] [stderr]    Compiling toml_datetime v1.1.1+spec-1.1.0
[INFO] [stderr]    Compiling serde v1.0.229
[INFO] [stderr]    Compiling serde_spanned v1.1.1
[INFO] [stderr]    Compiling termcolor v1.4.1
[INFO] [stderr]    Compiling serde_json v1.0.151
[INFO] [stderr]    Compiling serde_derive v1.0.229
[INFO] [stderr]    Compiling yaspar-macros v0.1.4 (/opt/rustwide/workdir)
[INFO] [stderr]    Compiling proc-macro2 v1.0.107
[INFO] [stderr]    Compiling toml_parser v1.1.3+spec-1.1.0
[INFO] [stderr]    Compiling quote v1.0.47
[INFO] [stderr]    Compiling toml v1.1.6+spec-1.1.0
[INFO] [stderr]    Compiling syn v3.0.6
[INFO] [stderr]    Compiling trybuild v1.0.121
[INFO] [stderr]     Finished `release` profile [optimized] target(s) in 48.77s
[INFO] running `Command { std: "docker" "inspect" "b88de222d9ba9c52935a82d85cfa9442887c41a3c7a1578330cc0d1de8cd133c", kill_on_drop: false }`
[INFO] running `Command { std: "docker" "exec" "-e" "SOURCE_DIR=/opt/rustwide/workdir" "-e" "CARGO_HOME=/opt/rustwide/cargo-home" "-e" "RUSTUP_HOME=/opt/rustwide/rustup-home" "-e" "CARGO_TARGET_DIR=/opt/rustwide/target" "-e" "CARGO_INCREMENTAL=0" "-e" "RUST_BACKTRACE=full" "-e" "RUSTFLAGS=--cap-lints=warn" "-e" "RUSTDOCFLAGS=--cap-lints=warn" "-w" "/opt/rustwide/workdir" "--user" "0:0" "b88de222d9ba9c52935a82d85cfa9442887c41a3c7a1578330cc0d1de8cd133c" "/opt/rustwide/cargo-home/bin/cargo" "+1.100.0-beta.1" "test" "--frozen" "--release", kill_on_drop: false }`
[INFO] [stderr] warning: `package.homepage` is redundant with `package.repository`
[INFO] [stderr]   --> Cargo.toml:50:12
[INFO] [stderr]    |
[INFO] [stderr] 50 | homepage = "https://github.com/yaspar-org/yaspar-macros"
[INFO] [stderr]    |            ^^^^^^^^^^^^^^^^^^^^^^^^^^^^^^^^^^^^^^^^^^^^^
[INFO] [stderr] ...
[INFO] [stderr] 55 | repository = "https://github.com/yaspar-org/yaspar-macros"
[INFO] [stderr]    |              ---------------------------------------------
[INFO] [stderr]    |
[INFO] [stderr]    = note: `cargo::redundant_homepage` is set to `warn` by default
[INFO] [stderr] help: consider removing `package.homepage`
[INFO] [stderr] warning: `yaspar-macros` (manifest) generated 1 warning
[INFO] [stderr]     Finished `release` profile [optimized] target(s) in 0.06s
[INFO] [stderr]      Running unittests src/lib.rs (/opt/rustwide/target/release/build/yaspar-macros/34603ad7bcb3ac60/out/yaspar_macros-34603ad7bcb3ac60)
[INFO] [stdout] 
[INFO] [stdout] running 0 tests
[INFO] [stdout] 
[INFO] [stdout] test result: ok. 0 passed; 0 failed; 0 ignored; 0 measured; 0 filtered out; finished in 0.00s
[INFO] [stdout] 
[INFO] [stdout] 
[INFO] [stderr]      Running tests/adversarial.rs (/opt/rustwide/target/release/build/yaspar-macros/83db06dc086277b5/out/adversarial-83db06dc086277b5)
[INFO] [stdout] running 27 tests
[INFO] [stdout] test body_level_item_across_a_call::agrees_with_native ... ok
[INFO] [stdout] test finding_09_argument_deref_coercion::diverges_from_native ... ok
[INFO] [stdout] test calls_on_both_sides_of_an_index::agrees_with_native ... ok
[INFO] [stdout] test finding_02_callable_evaluation_order::agrees_with_native ... ok
[INFO] [stdout] test finding_10_for_track_caller::diverges_from_native ... ok
[INFO] [stdout] test finding_11_question_mark_track_caller::diverges_from_native ... ok
[INFO] [stdout] test callee_expression_recurses::agrees_with_native ... ok
[INFO] [stdout] test finding_12_derived_place_order::agrees_with_native ... ok
[INFO] [stdout] test finding_15_lent_place_shadow_capture::agrees_with_native ... ok
[INFO] [stdout] test callee_and_arguments_in_order::agrees_with_native ... ok
[INFO] [stdout] test finding_13_data_in_frame_relocation::diverges_from_native ... ok
[INFO] [stdout] test raw_identifier_payload::agrees_with_native ... ok
[INFO] [stdout] test finding_03_by_value_place_receiver::diverges_from_native ... ok
[INFO] [stdout] test recursive_receiver_then_argument::agrees_with_native ... ok
[INFO] [stdout] test finding_04_raw_format_capture::agrees_with_native ... ok
[INFO] [stdout] test finding_21_module_reexport_resolution::diverges_from_native ... ok
[INFO] [stderr]      Running tests/carrier.rs (/opt/rustwide/target/release/build/yaspar-macros/7f874b8c9769d0c6/out/carrier-7f874b8c9769d0c6)
[INFO] [stdout] test same_name_in_different_bodies::agrees_with_native ... ok
[INFO] [stdout] test finding_06_unrelated_same_named_method::diverges_from_native ... ok
[INFO] [stdout] test shadowing_in_one_block::agrees_with_native ... ok
[INFO] [stdout] test shadowing_a_finished_binding::agrees_with_native ... ok
[INFO] [stdout] test finding_14_nonlinear_mut_binding_address::diverges_from_native ... ok
[INFO] [stdout] test finding_20_method_track_caller::agrees_with_native ... ok
[INFO] [stdout] test finding_08_borrowed_receiver_autoderef::diverges_from_native ... ok
[INFO] [stdout] test shadowing_read_only_before::agrees_with_native ... ok
[INFO] [stdout] test struct_literal_field_order::agrees_with_native ... ok
[INFO] [stdout] test track_caller_free_function::agrees_with_native ... ok
[INFO] [stdout] test turbofish_restating_its_own_generics::agrees_with_native ... ok
[INFO] [stdout] 
[INFO] [stdout] test result: ok. 27 passed; 0 failed; 0 ignored; 0 measured; 0 filtered out; finished in 0.01s
[INFO] [stdout] 
[INFO] [stdout] 
[INFO] [stdout] running 5 tests
[INFO] [stdout] test question_mark_on_control_flow_propagates_the_break_value ... ok
[INFO] [stdout] test deep_early_exit_on_a_hand_written_carrier_is_stack_safe ... ok
[INFO] [stdout] test question_mark_on_a_hand_written_carrier_agrees_with_plain_recursion ... ok
[INFO] [stdout] test deep_question_mark_on_a_hand_written_carrier_is_stack_safe ... ok
[INFO] [stdout] test deep_question_mark_on_control_flow_is_stack_safe ... ok
[INFO] [stdout] 
[INFO] [stdout] test result: ok. 5 passed; 0 failed; 0 ignored; 0 measured; 0 filtered out; finished in 0.01s
[INFO] [stdout] 
[INFO] [stderr]      Running tests/cfg_gates.rs (/opt/rustwide/target/release/build/yaspar-macros/a639cf51012559c7/out/cfg_gates-a639cf51012559c7)
[INFO] [stdout] 
[INFO] [stdout] running 6 tests
[INFO] [stdout] test gated_arm_keeps_the_live_arm ... ok
[INFO] [stdout] test gated_arm_is_flat ... ok
[INFO] [stdout] test gated_field_keeps_the_live_field ... ok
[INFO] [stdout] test gated_statement_keeps_the_live_branch ... ok
[INFO] [stderr]      Running tests/context.rs (/opt/rustwide/target/release/build/yaspar-macros/a350db0beeac8488/out/context-a350db0beeac8488)
[INFO] [stdout] test gated_field_is_flat ... ok
[INFO] [stdout] test gated_statement_is_flat ... ok
[INFO] [stdout] 
[INFO] [stdout] test result: ok. 6 passed; 0 failed; 0 ignored; 0 measured; 0 filtered out; finished in 0.02s
[INFO] [stdout] 
[INFO] [stdout] 
[INFO] [stdout] running 27 tests
[INFO] [stdout] test a_nested_impl_trait_is_accepted ... ok
[INFO] [stdout] test destructuring_parameters_agree_with_plain_recursion ... ok
[INFO] [stdout] test argument_order_around_a_swap_matches_the_source ... ok
[INFO] [stdout] test derived_reborrow_agrees_with_naive ... ok
[INFO] [stdout] test escaping_payload_argument_leaves_the_slot_intact ... ok
[INFO] [stdout] test mut_param_across_a_loop ... ok
[INFO] [stdout] test non_linear_mut_param_agrees_with_naive ... ok
[INFO] [stdout] test method_recursing_into_a_derived_receiver ... ok
[INFO] [stdout] test a_custom_projection_runs_in_source_order ... ok
[INFO] [stdout] test payload_that_writes_through_the_context_is_ordered_before_the_swap ... ok
[INFO] [stdout] test shared_method_recursing_into_a_child ... ok
[INFO] [stdout] test both_options_across_a_body_agree_with_naive ... ok
[INFO] [stdout] test tail_calls_between_methods_agree_with_naive ... ok
[INFO] [stdout] test a_derived_place_and_a_built_value_in_one_call_agree_with_naive ... ok
[INFO] [stdout] test the_two_options_agree_with_naive_in_every_argument_order ... ok
[INFO] [stdout] test deep_destructuring_parameter_is_flat ... ok
[INFO] [stdout] test deep_cycle_spelling_one_slot_two_ways_is_flat ... ok
[INFO] [stdout] test deep_mut_param_is_flat ... ok
[INFO] [stdout] test deep_parenthesised_slot_is_flat ... ok
[INFO] [stdout] test deep_inert_mut_on_a_slot_is_flat ... ok
[INFO] [stdout] test deep_tail_calls_between_methods_are_flat ... ok
[INFO] [stdout] test method_receiver_recursion_is_stack_safe ... ok
[INFO] [stdout] test both_options_across_a_body_is_flat ... ok
[INFO] [stdout] test deep_mut_self_method_is_flat ... ok
[INFO] [stdout] test deep_derived_reborrow_is_flat ... ok
[INFO] [stdout] test a_derived_place_and_a_built_value_in_one_call_is_flat ... ok
[INFO] [stdout] test the_two_options_in_every_argument_order_is_flat ... ok
[INFO] [stdout] 
[INFO] [stdout] test result: ok. 27 passed; 0 failed; 0 ignored; 0 measured; 0 filtered out; finished in 0.17s
[INFO] [stdout] 
[INFO] [stderr]      Running tests/delegate_trait.rs (/opt/rustwide/target/release/build/yaspar-macros/bca5706d80878d4d/out/delegate_trait-bca5706d80878d4d)
[INFO] [stdout] 
[INFO] [stdout] running 24 tests
[INFO] [stdout] test a_default_naming_an_earlier_parameter_delegates ... ok
[INFO] [stdout] test default_methods_are_not_delegated ... ok
[INFO] [stdout] test inherent_method_does_not_shadow_the_trait_method ... ok
[INFO] [stdout] test interleaved_kinds_delegate ... ok
[INFO] [stdout] test lifetime_parameter_trait_delegates ... ok
[INFO] [stdout] test empty_impl_delegates_everything ... ok
[INFO] [stdout] test a_default_naming_a_const_parameter_delegates ... ok
[INFO] [stdout] test cfg_gated_trait_methods_are_gated_in_the_impl_too ... ok
[INFO] [stdout] test helper_is_reachable_through_the_trait_path ... ok
[INFO] [stdout] test all_receiver_kinds_delegate ... ok
[INFO] [stdout] test generic_impl_delegates ... ok
[INFO] [stdout] test const_parameter_trait_delegates ... ok
[INFO] [stdout] test a_parameter_named_like_an_associated_type_delegates ... ok
[INFO] [stdout] test generic_trait_delegates ... ok
[INFO] [stdout] test generic_methods_and_where_clauses_delegate ... ok
[INFO] [stdout] test defaulted_parameter_delegates_either_way ... ok
[INFO] [stdout] test two_parameter_trait_delegates ... ok
[INFO] [stdout] test wildcard_argument_patterns_are_forwarded_positionally ... ok
[INFO] [stdout] test local_helper_is_reachable_by_bare_name_in_its_own_module ... ok
[INFO] [stderr]      Running tests/group.rs (/opt/rustwide/target/release/build/yaspar-macros/1c3a160847d1df05/out/group-1c3a160847d1df05)
[INFO] [stdout] test receiverless_method_written_by_hand_coexists_with_delegation ... ok
[INFO] [stdout] test partial_impl_delegates_the_rest ... ok
[INFO] [stdout] test same_trait_name_in_one_crate_delegates_under_local ... ok
[INFO] [stdout] test unsafe_methods_delegate ... ok
[INFO] [stdout] test target_may_be_a_tuple_index_or_a_nested_field ... ok
[INFO] [stdout] 
[INFO] [stdout] test result: ok. 24 passed; 0 failed; 0 ignored; 0 measured; 0 filtered out; finished in 0.01s
[INFO] [stdout] 
[INFO] [stdout] 
[INFO] [stdout] running 58 tests
[INFO] [stdout] test a_cycle_leaving_a_body_for_another_member_agrees_with_naive ... ok
[INFO] [stdout] test a_reference_alias_works_when_its_lifetime_is_written ... ok
[INFO] [stdout] test a_recursion_in_a_member_body_agrees_with_naive ... ok
[INFO] [stdout] test a_marker_on_a_nested_module_is_flat ... ok
[INFO] [stdout] test a_union_composes_with_data_in_frame ... ok
[INFO] [stdout] test a_union_composes_with_use_nonlinear_mut ... ok
[INFO] [stdout] test a_cycle_through_a_block_nested_fn_is_flat ... ok
[INFO] [stdout] test a_fn_declared_in_a_nested_block_is_flat ... ok
[INFO] [stdout] test a_unit_member_joins_the_union ... ok
[INFO] [stdout] test cycle_through_a_loop_agrees_with_naive ... ok
[INFO] [stdout] test a_unit_member_is_flat ... ok
[INFO] [stdout] test a_cfg_gated_member_does_not_break_the_thread_out ... ok
[INFO] [stdout] test cycle_two_modules_deep_is_flat ... ok
[INFO] [stdout] test cycle_in_a_nested_impl_is_flat ... ok
[INFO] [stdout] test cycle_with_shared_mut_context_agrees_with_naive ... ok
[INFO] [stdout] test a_group_can_lend_values_it_builds ... ok
[INFO] [stdout] test differing_return_types_across_a_loop ... ok
[INFO] [stdout] test a_method_call_on_a_value_is_not_a_call_to_a_member ... ok
[INFO] [stdout] test a_break_carrying_a_value_enters_the_union ... ok
[INFO] [stdout] test differing_return_types_on_an_impl_block ... ok
[INFO] [stdout] test differing_return_types_agree_with_naive ... ok
[INFO] [stdout] test a_self_recursive_impl_trait_member_is_flat ... ok
[INFO] [stdout] test differing_return_types_are_reachable_unqualified ... ok
[INFO] [stdout] test impl_trait_is_allowed_outside_a_shared_result ... ok
[INFO] [stdout] test members_may_use_different_carriers_for_question_mark ... ok
[INFO] [stdout] test differing_return_types_with_a_mut_context ... ok
[INFO] [stdout] test lend_a_local_carried_into_a_loop_agrees_with_naive ... ok
[INFO] [stdout] test a_mod_declared_in_a_body_is_flat ... ok
[INFO] [stdout] test non_cyclic_function_still_works ... ok
[INFO] [stdout] test question_mark_inside_a_cycle_of_differing_types ... ok
[INFO] [stdout] test a_bare_call_in_an_impl_block_names_the_free_function ... ok
[INFO] [stdout] test differing_return_types_are_flat ... ok
[INFO] [stdout] test a_cycle_leaving_a_body_for_another_member_is_flat ... ok
[INFO] [stdout] test threaded_visibility_is_re_expressed ... ok
[INFO] [stdout] test threading_out_covers_every_public_top_level_function ... ok
[INFO] [stdout] test threading_out_handles_module_owned_types ... ok
[INFO] [stdout] test differing_return_types_on_an_impl_block_are_flat ... ok
[INFO] [stdout] test three_members_with_three_return_types ... ok
[INFO] [stdout] test signatures_a_shared_driver_can_name_agree_with_naive ... ok
[INFO] [stdout] test question_mark_unwinds_a_cycle_of_differing_types ... ok
[INFO] [stdout] test three_function_cycle_is_flat ... ok
[INFO] [stdout] test unsafe_options_across_a_cycle_agree_with_naive ... ok
[INFO] [stdout] test self_recursion_in_a_group_module ... ok
[INFO] [stdout] test nested_module_cycle_is_flat ... ok
[INFO] [stdout] test deep_cycle_with_mut_context_is_flat ... ok
[INFO] [stdout] test two_function_cycle_is_flat ... ok
[INFO] [stdout] test differing_return_types_with_a_mut_context_are_flat ... ok
[INFO] [stdout] test three_return_types_are_flat ... ok
[INFO] [stdout] test signatures_a_shared_driver_can_name_are_flat ... ok
[INFO] [stdout] test a_lending_group_is_stack_safe ... ok
[INFO] [stdout] test cycle_through_a_loop_is_flat ... ok
[INFO] [stdout] test a_marker_through_a_crate_alias_is_flat ... ok
[INFO] [stdout] test two_independent_cycles_in_one_module ... ok
[INFO] [stdout] test a_recursion_in_a_member_body_is_flat ... ok
[INFO] [stdout] test mutually_recursive_methods_are_flat ... ok
[INFO] [stdout] test a_trait_impl_may_hold_a_recursion_in_a_body ... ok
[INFO] [stdout] test unsafe_options_across_a_cycle_is_flat ... ok
[INFO] [stdout] test encoding_module_reaches_private_items ... ok
[INFO] [stdout] 
[INFO] [stdout] test result: ok. 58 passed; 0 failed; 0 ignored; 0 measured; 0 filtered out; finished in 0.27s
[INFO] [stdout] 
[INFO] [stderr]      Running tests/loops.rs (/opt/rustwide/target/release/build/yaspar-macros/b0d8b277f2879490/out/loops-b0d8b277f2879490)
[INFO] [stdout] 
[INFO] [stdout] running 26 tests
[INFO] [stdout] test borrowed_loop_releases_on_break_and_question_mark ... ok
[INFO] [stdout] test local_moved_before_the_loop ... ok
[INFO] [stdout] test for_loop_agrees_with_naive ... ok
[INFO] [stdout] test break_and_continue ... ok
[INFO] [stdout] test ordinary_loop_beside_a_lowered_one ... ok
[INFO] [stdout] test preserves_order_around_a_loop ... ok
[INFO] [stdout] test nested_loops ... ok
[INFO] [stdout] test nested_range_indices ... ok
[INFO] [stdout] test loop_after_a_call_is_typed ... ok
[INFO] [stdout] test nested_loops_agree_with_naive ... ok
[INFO] [stdout] test char_range_index ... ok
[INFO] [stdout] test range_index_survives_calls ... ok
[INFO] [stdout] test shadowed_range_index ... ok
[INFO] [stdout] test borrowed_loop_is_correct ... ok
[INFO] [stdout] test wide_loop_is_flat ... ok
[INFO] [stdout] test deep_for_loop_recursion_is_flat ... ok
[INFO] [stdout] test wide_range_loop_is_flat ... ok
[INFO] [stdout] test nested_loops_are_flat ... ok
[INFO] [stdout] test wide_bare_loop_is_flat ... ok
[INFO] [stdout] test borrowed_loop_with_exits_is_flat ... ok
[INFO] [stdout] test loop_with_break_value ... ok
[INFO] [stdout] test question_mark_inside_a_loop ... ok
[INFO] [stdout] test borrowed_loop_is_flat ... ok
[INFO] [stdout] test loop_after_a_call_is_flat ... ok
[INFO] [stdout] test while_loop ... ok
[INFO] [stdout] test while_let_loop ... ok
[INFO] [stdout] 
[INFO] [stdout] test result: ok. 26 passed; 0 failed; 0 ignored; 0 measured; 0 filtered out; finished in 0.28s
[INFO] [stdout] 
[INFO] [stderr]      Running tests/observable.rs (/opt/rustwide/target/release/build/yaspar-macros/82a99b34a6ca6c0e/out/observable-82a99b34a6ca6c0e)
[INFO] [stdout] 
[INFO] [stdout] running 27 tests
[INFO] [stdout] test arguments_around_a_recursive_argument_keep_their_order ... ok
[INFO] [stdout] test local_live_across_a_call_drops_in_order ... ok
[INFO] [stdout] test a_disabled_cfg_statement_does_not_run ... ok
[INFO] [stdout] test for_loop_iterator_expression_runs_once ... ok
[INFO] [stdout] test locals_in_branches_drop_once_each ... ok
[INFO] [stdout] test break_with_a_recursive_value ... ok
[INFO] [stdout] test method_receiver_is_evaluated_before_arguments ... ok
[INFO] [stdout] test lowered_loop_iterator_is_dropped_after_the_loop_epilogue ... ok
[INFO] [stdout] test a_non_copy_place_indexed_across_a_call_is_not_moved ... ok
[INFO] [stdout] test locals_in_a_lowered_loop_body_drop_per_iteration ... ok
[INFO] [stdout] test a_place_indexed_across_a_call_is_still_the_original ... ok
[INFO] [stdout] test temporary_before_a_call_dies_before_it ... ok
[INFO] [stdout] test recursive_call_arguments_keep_left_to_right_order ... ok
[INFO] [stdout] test tuple_array_and_index_positions_keep_order ... ok
[INFO] [stdout] test question_mark_inside_a_lowered_loop ... ok
[INFO] [stdout] test two_locals_in_one_frame_drop_in_reverse_order ... ok
[INFO] [stdout] test question_mark_from_depth_drops_every_frame ... ok
[INFO] [stdout] test parked_block_local_outlives_its_block ... ok
[INFO] [stdout] test return_from_a_loop_inside_a_continuation ... ok
[INFO] [stdout] test compound_assignment_keeps_effect_order ... ok
[INFO] [stdout] test short_circuit_operators_stay_lazy ... ok
[INFO] [stdout] test panic_drops_parked_frames_outermost_first ... ok
[INFO] [stdout] test panic_from_depth_drops_every_parked_frame_exactly_once ... ok
[INFO] [stdout] test early_return_from_depth_drops_every_frame ... ok
[INFO] [stdout] test unmentioned_local_is_dropped_before_the_call_not_after ... ok
[INFO] [stdout] test while_condition_effects_run_once_per_iteration ... ok
[INFO] [stdout] test call_arguments_keep_left_to_right_order ... ok
[INFO] [stderr]      Running tests/pinned_places.rs (/opt/rustwide/target/release/build/yaspar-macros/47f5aa93516d08a0/out/pinned_places-47f5aa93516d08a0)
[INFO] [stdout] 
[INFO] [stdout] test result: ok. 27 passed; 0 failed; 0 ignored; 0 measured; 0 filtered out; finished in 0.05s
[INFO] [stdout] 
[INFO] [stdout] 
[INFO] [stdout] running 14 tests
[INFO] [stdout] test a_panic_leaves_the_store_to_drop_what_it_holds ... ok
[INFO] [stdout] test a_panic_drops_every_shape_once ... ok
[INFO] [stdout] test three_shapes_share_one_store ... ok
[INFO] [stdout] test a_park_inside_a_borrowing_loop ... ok
[INFO] [stdout] test two_members_park_their_own_shapes ... ok
[INFO] [stdout] test a_whole_local_needs_no_annotation ... ok
[INFO] [stdout] test a_place_inside_a_local_is_parked_and_handed_back ... ok
[INFO] [stdout] test two_lends_in_one_call ... ok
[INFO] [stdout] test two_members_parking_is_flat ... ok
[INFO] [stdout] test a_field_of_a_mut_parameter_too ... ok
[INFO] [stdout] test the_same_local_lent_from_two_sites ... ok
[INFO] [stdout] test a_field_of_a_parameter_stays_a_plain_borrow ... ok
[INFO] [stdout] test an_element_of_a_local_collection_too ... ok
[INFO] [stdout] test a_place_lend_after_a_gated_call_shares_one_slot ... ok
[INFO] [stdout] 
[INFO] [stdout] test result: ok. 14 passed; 0 failed; 0 ignored; 0 measured; 0 filtered out; finished in 0.15s
[INFO] [stdout] 
[INFO] [stderr]      Running tests/transform.rs (/opt/rustwide/target/release/build/yaspar-macros/c617b79bd82e89b6/out/transform-c617b79bd82e89b6)
[INFO] [stdout] 
[INFO] [stdout] running 50 tests
[INFO] [stdout] test a_bare_reference_alias_works_outside_a_group ... ok
[INFO] [stdout] test closures_without_recursion_are_untouched ... ok
[INFO] [stdout] test a_cycle_through_three_levels_agrees_with_naive ... ok
[INFO] [stdout] test debug_frame_reports ... ok
[INFO] [stdout] test a_mutated_receiver_is_not_hoisted_by_value ... ok
[INFO] [stdout] test generic_function ... ok
[INFO] [stdout] test agrees_with_naive_on_shallow_trees ... ok
[INFO] [stdout] test a_cycle_across_a_body_may_pass_a_trait_object ... ok
[INFO] [stdout] test impl_trait_return ... ok
[INFO] [stdout] test a_nested_recursion_is_rewritten ... ok
[INFO] [stdout] test borrowed_local_is_lent ... ok
[INFO] [stdout] test lends_the_callee_a_value_built_here ... ok
[INFO] [stdout] test a_nested_recursion_is_stack_safe ... ok
[INFO] [stdout] test a_diverging_branch_generates_no_continuation ... ok
[INFO] [stdout] test a_cycle_through_three_levels_is_stack_safe ... ok
[INFO] [stdout] test method_call_on_a_recursive_result ... ok
[INFO] [stdout] test method_recursing_on_another_receiver ... ok
[INFO] [stdout] test nested_calls_in_one_expression ... ok
[INFO] [stdout] test preserves_evaluation_order ... ok
[INFO] [stdout] test question_mark_propagates_through_continuations ... ok
[INFO] [stdout] test impl_trait_parameter_is_named ... ok
[INFO] [stdout] test question_mark_still_widens_the_error ... ok
[INFO] [stdout] test question_mark_works_on_option ... ok
[INFO] [stdout] test a_cycle_through_the_host_is_rewritten ... ok
[INFO] [stdout] test recursive_result_live_across_a_later_loop ... ok
[INFO] [stdout] test struct_literal_with_functional_update ... ok
[INFO] [stdout] test suffixed_counter_counts ... ok
[INFO] [stdout] test question_mark_is_stack_safe ... ok
[INFO] [stdout] test implicit_format_captures_are_carried ... ok
[INFO] [stdout] test a_bare_reference_alias_is_stack_safe ... ok
[INFO] [stdout] test a_mutated_receiver_is_stack_safe ... ok
[INFO] [stdout] test three_lent_values_with_differing_subsets ... ok
[INFO] [stdout] test the_original_is_kept_under_its_suffix ... ok
[INFO] [stdout] test two_values_of_different_types_lent_in_one_call ... ok
[INFO] [stdout] test unit_return_type ... ok
[INFO] [stdout] test recursive_call_as_argument_of_recursive_call ... ok
[INFO] [stdout] test suffixed_counter_is_flat ... ok
[INFO] [stdout] test lazy_frame_stack_across_growth_boundaries ... ok
[INFO] [stdout] test two_lent_values_are_stack_safe ... ok
[INFO] [stdout] test early_error_unwinds_the_heap_stack ... ok
[INFO] [stdout] test let_bindings_and_nested_blocks ... ok
[INFO] [stdout] test short_circuit_and_is_lazy_and_stack_safe ... ok
[INFO] [stdout] test a_nested_recursion_keeps_its_own_options ... ok
[INFO] [stdout] test a_cycle_through_the_host_is_stack_safe ... ok
[INFO] [stdout] test three_lent_values_are_stack_safe ... ok
[INFO] [stdout] test question_mark_on_option_is_stack_safe ... ok
[INFO] [stdout] test borrowed_local_is_flat ... ok
[INFO] [stdout] test survives_depth_that_would_overflow ... ok
[INFO] [stdout] test impl_trait_parameter_is_flat ... ok
[INFO] [stdout] test lending_a_built_value_is_stack_safe ... ok
[INFO] [stdout] 
[INFO] [stdout] test result: ok. 50 passed; 0 failed; 0 ignored; 0 measured; 0 filtered out; finished in 0.12s
[INFO] [stdout] 
[INFO] [stderr]      Running tests/ui.rs (/opt/rustwide/target/release/build/yaspar-macros/1a953ecfe0054d70/out/ui-1a953ecfe0054d70)
[INFO] [stdout] 
[INFO] [stdout] running 1 test
[INFO] [stderr] warning: `package.homepage` is redundant with `package.repository`
[INFO] [stderr]   --> /opt/rustwide/workdir/Cargo.toml:50:12
[INFO] [stderr]    |
[INFO] [stderr] 50 | homepage = "https://github.com/yaspar-org/yaspar-macros"
[INFO] [stderr]    |            ^^^^^^^^^^^^^^^^^^^^^^^^^^^^^^^^^^^^^^^^^^^^^
[INFO] [stderr] ...
[INFO] [stderr] 55 | repository = "https://github.com/yaspar-org/yaspar-macros"
[INFO] [stderr]    |              ---------------------------------------------
[INFO] [stderr]    |
[INFO] [stderr]    = note: `cargo::redundant_homepage` is set to `warn` by default
[INFO] [stderr] help: consider removing `package.homepage`
[INFO] [stderr] warning: `yaspar-macros` (manifest) generated 1 warning
[INFO] [stderr]    Compiling proc-macro2 v1.0.107
[INFO] [stderr]    Compiling quote v1.0.47
[INFO] [stderr]    Compiling unicode-ident v1.0.26
[INFO] [stderr]     Checking yaspar-macros-defs v0.1.4
[INFO] [stderr]     Checking syn v3.0.6
[INFO] [stderr]    Compiling yaspar-macros v0.1.4 (/opt/rustwide/workdir)
[INFO] [stderr]     Checking yaspar-macros-tests v0.0.0 (/opt/rustwide/target/tests/trybuild/yaspar-macros)
[INFO] [stderr]     Finished `dev` profile [unoptimized + debuginfo] target(s) in 14.10s
[INFO] [stderr] 
[INFO] [stderr] 
[INFO] [stderr] test tests/ui/aliased_marker.rs ... ok
[INFO] [stderr] test tests/ui/aliased_marker_with_options.rs ... ok
[INFO] [stderr] test tests/ui/ambiguous_sibling_definitions.rs ... ok
[INFO] [stderr] test tests/ui/async_fn.rs ... ok
[INFO] [stderr] test tests/ui/block_local_item_across_a_call.rs ... ok
[INFO] [stderr] test tests/ui/built_value_not_opted_in.rs ... ok
[INFO] [stderr] test tests/ui/call_in_closure.rs ... ok
[INFO] [stderr] test tests/ui/call_in_macro.rs ... ok
[INFO] [stderr] test tests/ui/call_through_a_path.rs ... ok
[INFO] [stderr] test tests/ui/cfg_in_a_position_that_cannot_be_gated.rs ... ok
[INFO] [stderr] test tests/ui/clashing_items.rs ... ok
[INFO] [stderr] test tests/ui/container_no_effect.rs ... ok
[INFO] [stderr] test tests/ui/delegate_receiverless_method.rs ... ok
[INFO] [stderr] test tests/ui/delegate_target_is_expression.rs ... ok
[INFO] [stderr] test tests/ui/delegate_target_not_a_field.rs ... ok
[INFO] [stderr] test tests/ui/delegate_target_trailing_tokens.rs ... ok
[INFO] [stderr] test tests/ui/delegate_typed_receiver.rs ... ok
[INFO] [stderr] test tests/ui/delegate_wrong_generic_arity.rs ... mismatch
[INFO] [stderr] 
[INFO] [stderr] EXPECTED:
[INFO] [stderr] ┈┈┈┈┈┈┈┈┈┈┈┈┈┈┈┈┈┈┈┈┈┈┈┈┈┈┈┈┈┈┈┈┈┈┈┈┈┈┈┈┈┈┈┈┈┈┈┈┈┈┈┈┈┈┈┈┈┈┈┈
[INFO] [stderr] error: `#[delegate_trait]` for `Pair`: the impl block passes the wrong number of generic arguments; `Pair` takes 1 to 2
[INFO] [stderr]   --> tests/ui/delegate_wrong_generic_arity.rs:13:1
[INFO] [stderr]    |
[INFO] [stderr] 13 | #[delegatable_trait]
[INFO] [stderr]    | ^^^^^^^^^^^^^^^^^^^^
[INFO] [stderr] ...
[INFO] [stderr] 34 | #[delegate_trait(target = inner)]
[INFO] [stderr]    | --------------------------------- in this attribute macro expansion
[INFO] [stderr]    |
[INFO] [stderr]    = note: this error originates in the macro `__delegate_impl_Pair` which comes from the expansion of the attribute macro `delegate_trait` (in Nightly builds, run with -Z macro-backtrace for more info)
[INFO] [stderr] 
[INFO] [stderr] error[E0107]: trait takes at most 2 generic arguments but 3 generic arguments were supplied
[INFO] [stderr]   --> tests/ui/delegate_wrong_generic_arity.rs:35:6
[INFO] [stderr]    |
[INFO] [stderr] 35 | impl Pair<u8, u16, u32> for Wrapper {}
[INFO] [stderr]    |      ^^^^        ----- help: remove the unnecessary generic argument
[INFO] [stderr]    |      |
[INFO] [stderr]    |      expected at most 2 generic arguments
[INFO] [stderr]    |
[INFO] [stderr] note: trait defined here, with at most 2 generic parameters: `A`, `B`
[INFO] [stderr]   --> tests/ui/delegate_wrong_generic_arity.rs:14:7
[INFO] [stderr]    |
[INFO] [stderr] 14 | trait Pair<A, B = u16> {
[INFO] [stderr]    |       ^^^^ -  -------
[INFO] [stderr] ┈┈┈┈┈┈┈┈┈┈┈┈┈┈┈┈┈┈┈┈┈┈┈┈┈┈┈┈┈┈┈┈┈┈┈┈┈┈┈┈┈┈┈┈┈┈┈┈┈┈┈┈┈┈┈┈┈┈┈┈
[INFO] [stderr] 
[INFO] [stderr] ACTUAL OUTPUT:
[INFO] [stderr] ┈┈┈┈┈┈┈┈┈┈┈┈┈┈┈┈┈┈┈┈┈┈┈┈┈┈┈┈┈┈┈┈┈┈┈┈┈┈┈┈┈┈┈┈┈┈┈┈┈┈┈┈┈┈┈┈┈┈┈┈
[INFO] [stderr] error: `#[delegate_trait]` for `Pair`: the impl block passes the wrong number of generic arguments; `Pair` takes 1 to 2
[INFO] [stderr]   --> tests/ui/delegate_wrong_generic_arity.rs:13:1
[INFO] [stderr]    |
[INFO] [stderr] 13 | #[delegatable_trait]
[INFO] [stderr]    | ^^^^^^^^^^^^^^^^^^^^
[INFO] [stderr] ...
[INFO] [stderr] 34 | #[delegate_trait(target = inner)]
[INFO] [stderr]    | --------------------------------- in this attribute macro expansion
[INFO] [stderr] 
[INFO] [stderr] error[E0107]: trait takes at most 2 generic arguments but 3 generic arguments were supplied
[INFO] [stderr]   --> tests/ui/delegate_wrong_generic_arity.rs:35:6
[INFO] [stderr]    |
[INFO] [stderr] 35 | impl Pair<u8, u16, u32> for Wrapper {}
[INFO] [stderr]    |      ^^^^        ----- help: remove the unnecessary generic argument
[INFO] [stderr]    |      |
[INFO] [stderr]    |      expected at most 2 generic arguments
[INFO] [stderr]    |
[INFO] [stderr] note: trait defined here, with at most 2 generic parameters: `A`, `B`
[INFO] [stderr]   --> tests/ui/delegate_wrong_generic_arity.rs:14:7
[INFO] [stderr]    |
[INFO] [stderr] 14 | trait Pair<A, B = u16> {
[INFO] [stderr]    |       ^^^^ -  -------
[INFO] [stderr] ┈┈┈┈┈┈┈┈┈┈┈┈┈┈┈┈┈┈┈┈┈┈┈┈┈┈┈┈┈┈┈┈┈┈┈┈┈┈┈┈┈┈┈┈┈┈┈┈┈┈┈┈┈┈┈┈┈┈┈┈
[INFO] [stderr] note: If the actual output is the correct output you can bless it by rerunning
[INFO] [stderr]       your test with the environment variable TRYBUILD=overwrite
[INFO] [stderr] 
[INFO] [stderr] test tests/ui/derived_place_not_opted_in.rs ... ok
[INFO] [stderr] test tests/ui/impl_trait_in_group.rs ... ok
[INFO] [stderr] test tests/ui/marker_no_effect.rs ... ok
[INFO] [stderr] test tests/ui/nested_bodiless_mod.rs ... ok
[INFO] [stderr] test tests/ui/nested_member_generic.rs ... ok
[INFO] [stderr] test tests/ui/no_effect.rs ... ok
[INFO] [stderr] test tests/ui/option_given_twice.rs ... ok
[INFO] [stderr] test tests/ui/option_shape.rs ... ok
[INFO] [stderr] test tests/ui/option_takes_no_value.rs ... ok
[INFO] [stderr] test tests/ui/options_disagree.rs ... ok
[INFO] [stderr] test tests/ui/original_borrow_check.rs ... ok
[INFO] [stderr] test tests/ui/original_moved.rs ... ok
[INFO] [stderr] test tests/ui/original_stash.rs ... ok
[INFO] [stderr] test tests/ui/original_suffix_invalid.rs ... ok
[INFO] [stderr] test tests/ui/recursive_generic_args.rs ... ok
[INFO] [stderr] test tests/ui/reserved_raw_name.rs ... ok
[INFO] [stderr] test tests/ui/shadowed_local_across_a_call.rs ... ok
[INFO] [stderr] test tests/ui/shadowed_local_in_one_statement.rs ... ok
[INFO] [stderr] test tests/ui/shadowed_member_name.rs ... ok
[INFO] [stderr] test tests/ui/slot_mismatch.rs ... ok
[INFO] [stderr] test tests/ui/slot_reassigned.rs ... ok
[INFO] [stderr] test tests/ui/trait_impl_assoc_recursion.rs ... ok
[INFO] [stderr] test tests/ui/trait_impl_marked_member.rs ... ok
[INFO] [stderr] test tests/ui/trait_impl_mutual.rs ... ok
[INFO] [stderr] test tests/ui/trait_impl_recursion.rs ... ok
[INFO] [stderr] test tests/ui/two_members_one_name.rs ... ok
[INFO] [stderr] test tests/ui/unknown_option.rs ... ok
[INFO] [stderr] test tests/ui/wrong_arity.rs ... ok
[INFO] [stderr] test tests/ui/wrong_item.rs ... ok
[INFO] [stderr] 
[INFO] [stderr] 
[INFO] [stdout] test rejections_say_what_is_wrong ... FAILED
[INFO] [stdout] 
[INFO] [stdout] failures:
[INFO] [stdout] 
[INFO] [stdout] ---- rejections_say_what_is_wrong stdout ----
[INFO] [stdout] 
[INFO] [stdout] thread 'rejections_say_what_is_wrong' (1533) panicked at /opt/rustwide/cargo-home/registry/src/index.crates.io-1949cf8c6b5b557f/trybuild-1.0.121/src/run.rs:103:13:
[INFO] [stdout] 1 of 47 tests failed
[INFO] [stdout] stack backtrace:
[INFO] [stdout]    0:     0x5f49d3c57c41 - <<std[617be2ca0a6fd877]::sys::backtrace::BacktraceLock>::print::DisplayBacktrace as core[a373ad73a504971]::fmt::Display>::fmt
[INFO] [stdout]    1:     0x5f49d3c6df2a - core[a373ad73a504971]::fmt::write
[INFO] [stdout]    2:     0x5f49d3c5c48c - <alloc[2e1b2a31b91974c5]::vec::Vec<u8> as core[a373ad73a504971]::io::write::Write>::write_fmt
[INFO] [stdout]    3:     0x5f49d3c310a6 - std[617be2ca0a6fd877]::panicking::default_hook::{closure#0}
[INFO] [stdout]    4:     0x5f49d3c4f1e9 - std[617be2ca0a6fd877]::panicking::default_hook
[INFO] [stdout]    5:     0x5f49d3be87f0 - test[aada8e7e76ba119b]::test_main_inner::{closure#0}
[INFO] [stdout]    6:     0x5f49d3c4f3a2 - std[617be2ca0a6fd877]::panicking::panic_with_hook
[INFO] [stdout]    7:     0x5f49d3c31152 - std[617be2ca0a6fd877]::panicking::panic_handler::{closure#0}
[INFO] [stdout]    8:     0x5f49d3c299a9 - std[617be2ca0a6fd877]::sys::backtrace::__rust_end_short_backtrace::<std[617be2ca0a6fd877]::panicking::panic_handler::{closure#0}, !>
[INFO] [stdout]    9:     0x5f49d3c31d5d - __rustc[ea4f61d10b84890b]::rust_begin_unwind
[INFO] [stdout]   10:     0x5f49d3c6e69c - core[a373ad73a504971]::panicking::panic_fmt
[INFO] [stdout]   11:     0x5f49d3b3c4c8 - <trybuild[bbf3ecd537b82860]::Runner>::run
[INFO] [stdout]   12:     0x5f49d3b3f730 - <trybuild[bbf3ecd537b82860]::TestCases as core[a373ad73a504971]::ops::drop::Drop>::drop
[INFO] [stdout]   13:     0x5f49d3b35d98 - ui[b75a34a72fb81f2f]::rejections_say_what_is_wrong
[INFO] [stdout]   14:     0x5f49d3b35f99 - <ui[b75a34a72fb81f2f]::rejections_say_what_is_wrong::{closure#0} as core[a373ad73a504971]::ops::function::FnOnce<()>>::call_once
[INFO] [stdout]   15:     0x5f49d3bdbc3b - test[aada8e7e76ba119b]::__rust_begin_short_backtrace::<core[a373ad73a504971]::result::Result<(), alloc[2e1b2a31b91974c5]::string::String>, fn() -> core[a373ad73a504971]::result::Result<(), alloc[2e1b2a31b91974c5]::string::String>>
[INFO] [stdout]   16:     0x5f49d3be8e15 - test[aada8e7e76ba119b]::run_test::{closure#0}
[INFO] [stdout]   17:     0x5f49d3be2704 - std[617be2ca0a6fd877]::sys::backtrace::__rust_begin_short_backtrace::<test[aada8e7e76ba119b]::run_test::{closure#1}, ()>
[INFO] [stdout]   18:     0x5f49d3bebea2 - <std[617be2ca0a6fd877]::thread::lifecycle::spawn_unchecked<test[aada8e7e76ba119b]::run_test::{closure#1}, ()>::{closure#1} as core[a373ad73a504971]::ops::function::FnOnce<()>>::call_once::{shim:vtable#0}
[INFO] [stdout]   19:     0x5f49d3c56e9f - <std[617be2ca0a6fd877]::sys::thread::unix::Thread>::new::thread_start
[INFO] [stdout]   20:     0x75a235c48dfa - <unknown>
[INFO] [stdout]   21:     0x75a235cdc3d4 - clone
[INFO] [stdout]   22:                0x0 - <unknown>
[INFO] [stdout] 
[INFO] [stdout] 
[INFO] [stdout] failures:
[INFO] [stdout]     rejections_say_what_is_wrong
[INFO] [stdout] 
[INFO] [stdout] test result: FAILED. 0 passed; 1 failed; 0 ignored; 0 measured; 0 filtered out; finished in 19.02s
[INFO] [stdout] 
[INFO] [stderr] error: test failed, to rerun pass `--test ui`
[INFO] running `Command { std: "docker" "inspect" "b88de222d9ba9c52935a82d85cfa9442887c41a3c7a1578330cc0d1de8cd133c", kill_on_drop: false }`
[INFO] running `Command { std: "docker" "rm" "-f" "b88de222d9ba9c52935a82d85cfa9442887c41a3c7a1578330cc0d1de8cd133c", kill_on_drop: false }`
[INFO] [stdout] b88de222d9ba9c52935a82d85cfa9442887c41a3c7a1578330cc0d1de8cd133c
