[INFO] fetching crate xdg-config-stow 0.1.6...
[INFO] testing xdg-config-stow-0.1.6 against 1.100.0-beta.1+cargoflags=--release for beta-release-1.100-2
[INFO] extracting crate xdg-config-stow 0.1.6 into /workspace/builds/worker-1-tc2/source
[INFO] started tweaking crates.io crate xdg-config-stow 0.1.6
[INFO] removed 0 missing tests
[INFO] finished tweaking crates.io crate xdg-config-stow 0.1.6
[INFO] tweaked toml for crates.io crate xdg-config-stow 0.1.6 written to /workspace/builds/worker-1-tc2/source/Cargo.toml
[INFO] validating manifest of crates.io crate xdg-config-stow 0.1.6 on toolchain 1.100.0-beta.1
[INFO] running `Command { std: CARGO_HOME="/workspace/cargo-home" RUSTUP_HOME="/workspace/rustup-home" "/workspace/cargo-home/bin/cargo" "+1.100.0-beta.1" "metadata" "--manifest-path" "Cargo.toml" "--no-deps", kill_on_drop: false }`
[INFO] crate crates.io crate xdg-config-stow 0.1.6 already has a lockfile, it will not be regenerated
[INFO] running `Command { std: CARGO_HOME="/workspace/cargo-home" RUSTUP_HOME="/workspace/rustup-home" "/workspace/cargo-home/bin/cargo" "+1.100.0-beta.1" "fetch" "--manifest-path" "Cargo.toml", kill_on_drop: false }`
[INFO] [stderr] warning: `package.homepage` is redundant with `package.repository`
[INFO] [stderr]   --> Cargo.toml:39:12
[INFO] [stderr]    |
[INFO] [stderr] 39 | homepage = "https://github.com/josefaidt/xdg-config-stow"
[INFO] [stderr]    |            ^^^^^^^^^^^^^^^^^^^^^^^^^^^^^^^^^^^^^^^^^^^^^^
[INFO] [stderr] ...
[INFO] [stderr] 44 | repository = "https://github.com/josefaidt/xdg-config-stow"
[INFO] [stderr]    |              ----------------------------------------------
[INFO] [stderr]    |
[INFO] [stderr]    = note: `cargo::redundant_homepage` is set to `warn` by default
[INFO] [stderr] help: consider removing `package.homepage`
[INFO] [stderr] warning: `xdg-config-stow` (manifest) generated 1 warning
[INFO] running `Command { std: "docker" "create" "-v" "/var/lib/crater-agent-workspace/builds/worker-1-tc2/source:/opt/rustwide/workdir:ro,Z" "-v" "/var/lib/crater-agent-workspace/builds/worker-1-tc2/target:/opt/rustwide/target:rw,Z" "-v" "/var/lib/crater-agent-workspace/cargo-home:/opt/rustwide/cargo-home:ro,Z" "-v" "/var/lib/crater-agent-workspace/rustup-home:/opt/rustwide/rustup-home:ro,Z" "-m" "1610612736" "--network" "none" "ghcr.io/rust-lang/crates-build-env/linux@sha256:77db811e55d90add9212f6832c23229e3de5f1c1f9905e8cb07319ea15df73ac" "sleep" "infinity", kill_on_drop: false }`
[INFO] [stdout] 9391b06515bec1c3b3677416b51359c9c22165ee274875ed23fd131faa9b5ebf
[INFO] running `Command { std: "docker" "start" "9391b06515bec1c3b3677416b51359c9c22165ee274875ed23fd131faa9b5ebf", kill_on_drop: false }`
[INFO] running `Command { std: "docker" "inspect" "9391b06515bec1c3b3677416b51359c9c22165ee274875ed23fd131faa9b5ebf", kill_on_drop: false }`
[INFO] running `Command { std: "docker" "exec" "-e" "SOURCE_DIR=/opt/rustwide/workdir" "-e" "CARGO_HOME=/opt/rustwide/cargo-home" "-e" "RUSTUP_HOME=/opt/rustwide/rustup-home" "-e" "CARGO_TARGET_DIR=/opt/rustwide/target" "-w" "/opt/rustwide/workdir" "--user" "0:0" "9391b06515bec1c3b3677416b51359c9c22165ee274875ed23fd131faa9b5ebf" "/opt/rustwide/cargo-home/bin/cargo" "+1.100.0-beta.1" "metadata" "--no-deps" "--format-version=1", kill_on_drop: false }`
[INFO] running `Command { std: "docker" "inspect" "9391b06515bec1c3b3677416b51359c9c22165ee274875ed23fd131faa9b5ebf", kill_on_drop: false }`
[INFO] running `Command { std: "docker" "exec" "-e" "SOURCE_DIR=/opt/rustwide/workdir" "-e" "CARGO_HOME=/opt/rustwide/cargo-home" "-e" "RUSTUP_HOME=/opt/rustwide/rustup-home" "-e" "CARGO_TARGET_DIR=/opt/rustwide/target" "-e" "CARGO_INCREMENTAL=0" "-e" "RUST_BACKTRACE=full" "-e" "RUSTFLAGS=--cap-lints=warn" "-e" "RUSTDOCFLAGS=--cap-lints=warn" "-w" "/opt/rustwide/workdir" "--user" "0:0" "9391b06515bec1c3b3677416b51359c9c22165ee274875ed23fd131faa9b5ebf" "/opt/rustwide/cargo-home/bin/cargo" "+1.100.0-beta.1" "build" "--frozen" "--message-format=json" "--release", kill_on_drop: false }`
[INFO] [stderr] warning: `package.homepage` is redundant with `package.repository`
[INFO] [stderr]   --> Cargo.toml:39:12
[INFO] [stderr]    |
[INFO] [stderr] 39 | homepage = "https://github.com/josefaidt/xdg-config-stow"
[INFO] [stderr]    |            ^^^^^^^^^^^^^^^^^^^^^^^^^^^^^^^^^^^^^^^^^^^^^^
[INFO] [stderr] ...
[INFO] [stderr] 44 | repository = "https://github.com/josefaidt/xdg-config-stow"
[INFO] [stderr]    |              ----------------------------------------------
[INFO] [stderr]    |
[INFO] [stderr]    = note: `cargo::redundant_homepage` is set to `warn` by default
[INFO] [stderr] help: consider removing `package.homepage`
[INFO] [stderr] warning: `xdg-config-stow` (manifest) generated 1 warning
[INFO] [stderr]    Compiling crossbeam-utils v0.8.21
[INFO] [stderr]    Compiling quote v1.0.44
[INFO] [stderr]    Compiling memchr v2.7.6
[INFO] [stderr]    Compiling unicode-ident v1.0.22
[INFO] [stderr]    Compiling anstyle v1.0.13
[INFO] [stderr]    Compiling colorchoice v1.0.4
[INFO] [stderr]    Compiling regex-syntax v0.8.8
[INFO] [stderr]    Compiling anyhow v1.0.100
[INFO] [stderr]    Compiling clap_lex v0.7.7
[INFO] [stderr]    Compiling same-file v1.0.6
[INFO] [stderr]    Compiling anstyle-parse v0.2.7
[INFO] [stderr]    Compiling lazy_static v1.5.0
[INFO] [stderr]    Compiling walkdir v2.5.0
[INFO] [stderr]    Compiling colored v2.2.0
[INFO] [stderr]    Compiling proc-macro2 v1.0.106
[INFO] [stderr]    Compiling anstream v0.6.21
[INFO] [stderr]    Compiling clap_builder v4.5.54
[INFO] [stderr]    Compiling aho-corasick v1.1.4
[INFO] [stderr]    Compiling bstr v1.12.1
[INFO] [stderr]    Compiling syn v2.0.114
[INFO] [stderr]    Compiling crossbeam-epoch v0.9.18
[INFO] [stderr]    Compiling crossbeam-deque v0.8.6
[INFO] [stderr]    Compiling regex-automata v0.4.13
[INFO] [stderr]    Compiling clap_derive v4.5.49
[INFO] [stderr]    Compiling globset v0.4.18
[INFO] [stderr]    Compiling ignore v0.4.25
[INFO] [stderr]    Compiling clap v4.5.54
[INFO] [stderr]    Compiling xdg-config-stow v0.1.6 (/opt/rustwide/workdir)
[INFO] [stderr]     Finished `release` profile [optimized] target(s) in 33.82s
[INFO] running `Command { std: "docker" "inspect" "9391b06515bec1c3b3677416b51359c9c22165ee274875ed23fd131faa9b5ebf", kill_on_drop: false }`
[INFO] running `Command { std: "docker" "exec" "-e" "SOURCE_DIR=/opt/rustwide/workdir" "-e" "CARGO_HOME=/opt/rustwide/cargo-home" "-e" "RUSTUP_HOME=/opt/rustwide/rustup-home" "-e" "CARGO_TARGET_DIR=/opt/rustwide/target" "-e" "CARGO_INCREMENTAL=0" "-e" "RUST_BACKTRACE=full" "-e" "RUSTFLAGS=--cap-lints=warn" "-e" "RUSTDOCFLAGS=--cap-lints=warn" "-w" "/opt/rustwide/workdir" "--user" "0:0" "9391b06515bec1c3b3677416b51359c9c22165ee274875ed23fd131faa9b5ebf" "/opt/rustwide/cargo-home/bin/cargo" "+1.100.0-beta.1" "test" "--frozen" "--no-run" "--message-format=json" "--release", kill_on_drop: false }`
[INFO] [stderr] warning: `package.homepage` is redundant with `package.repository`
[INFO] [stderr]   --> Cargo.toml:39:12
[INFO] [stderr]    |
[INFO] [stderr] 39 | homepage = "https://github.com/josefaidt/xdg-config-stow"
[INFO] [stderr]    |            ^^^^^^^^^^^^^^^^^^^^^^^^^^^^^^^^^^^^^^^^^^^^^^
[INFO] [stderr] ...
[INFO] [stderr] 44 | repository = "https://github.com/josefaidt/xdg-config-stow"
[INFO] [stderr]    |              ----------------------------------------------
[INFO] [stderr]    |
[INFO] [stderr]    = note: `cargo::redundant_homepage` is set to `warn` by default
[INFO] [stderr] help: consider removing `package.homepage`
[INFO] [stderr] warning: `xdg-config-stow` (manifest) generated 1 warning
[INFO] [stderr]    Compiling libc v0.2.180
[INFO] [stderr]    Compiling rustix v1.1.3
[INFO] [stderr]    Compiling linux-raw-sys v0.11.0
[INFO] [stderr]    Compiling bitflags v2.10.0
[INFO] [stderr]    Compiling once_cell v1.21.3
[INFO] [stderr]    Compiling fastrand v2.3.0
[INFO] [stderr]    Compiling getrandom v0.3.4
[INFO] [stderr]    Compiling tempfile v3.24.0
[INFO] [stderr]    Compiling xdg-config-stow v0.1.6 (/opt/rustwide/workdir)
[INFO] [stderr]     Finished `release` profile [optimized] target(s) in 6.78s
[INFO] running `Command { std: "docker" "inspect" "9391b06515bec1c3b3677416b51359c9c22165ee274875ed23fd131faa9b5ebf", kill_on_drop: false }`
[INFO] running `Command { std: "docker" "exec" "-e" "SOURCE_DIR=/opt/rustwide/workdir" "-e" "CARGO_HOME=/opt/rustwide/cargo-home" "-e" "RUSTUP_HOME=/opt/rustwide/rustup-home" "-e" "CARGO_TARGET_DIR=/opt/rustwide/target" "-e" "CARGO_INCREMENTAL=0" "-e" "RUST_BACKTRACE=full" "-e" "RUSTFLAGS=--cap-lints=warn" "-e" "RUSTDOCFLAGS=--cap-lints=warn" "-w" "/opt/rustwide/workdir" "--user" "0:0" "9391b06515bec1c3b3677416b51359c9c22165ee274875ed23fd131faa9b5ebf" "/opt/rustwide/cargo-home/bin/cargo" "+1.100.0-beta.1" "test" "--frozen" "--release", kill_on_drop: false }`
[INFO] [stderr] warning: `package.homepage` is redundant with `package.repository`
[INFO] [stderr]   --> Cargo.toml:39:12
[INFO] [stderr]    |
[INFO] [stderr] 39 | homepage = "https://github.com/josefaidt/xdg-config-stow"
[INFO] [stderr]    |            ^^^^^^^^^^^^^^^^^^^^^^^^^^^^^^^^^^^^^^^^^^^^^^
[INFO] [stderr] ...
[INFO] [stderr] 44 | repository = "https://github.com/josefaidt/xdg-config-stow"
[INFO] [stderr]    |              ----------------------------------------------
[INFO] [stderr]    |
[INFO] [stderr]    = note: `cargo::redundant_homepage` is set to `warn` by default
[INFO] [stderr] help: consider removing `package.homepage`
[INFO] [stderr] warning: `xdg-config-stow` (manifest) generated 1 warning
[INFO] [stderr]     Finished `release` profile [optimized] target(s) in 0.09s
[INFO] [stderr]      Running unittests src/lib.rs (/opt/rustwide/target/release/build/xdg-config-stow/d6e2802e7ea1127d/out/xdg_config_stow-d6e2802e7ea1127d)
[INFO] [stdout] 
[INFO] [stdout] running 8 tests
[INFO] [stdout] test tests::test_stowignore ... ok
[INFO] [stdout] test tests::test_remove_empty_directories ... ok
[INFO] [stdout] test tests::test_ignore_directory ... ok
[INFO] [stdout] test tests::test_target_exists_error ... ok
[INFO] [stdout] test tests::test_remove_package ... ok
[INFO] [stdout] test tests::test_stow_directory_structure ... ok
[INFO] [stdout] test tests::test_stow_single_file ... ok
[INFO] [stdout] test tests::test_already_linked ... ok
[INFO] [stdout] 
[INFO] [stdout] test result: ok. 8 passed; 0 failed; 0 ignored; 0 measured; 0 filtered out; finished in 0.00s
[INFO] [stdout] 
[INFO] [stderr]      Running unittests src/main.rs (/opt/rustwide/target/release/build/xdg-config-stow/a2f137c2897a3881/out/xdg_config_stow-a2f137c2897a3881)
[INFO] [stderr]      Running tests/integration_tests.rs (/opt/rustwide/target/release/build/xdg-config-stow/13c20aa51661f7ae/out/integration_tests-13c20aa51661f7ae)
[INFO] [stdout] 
[INFO] [stdout] running 0 tests
[INFO] [stdout] 
[INFO] [stdout] test result: ok. 0 passed; 0 failed; 0 ignored; 0 measured; 0 filtered out; finished in 0.00s
[INFO] [stdout] 
[INFO] [stdout] 
[INFO] [stdout] running 15 tests
[INFO] [stdout] test test_migration_safety_wrong_symlink ... FAILED
[INFO] [stdout] test test_missing_package ... FAILED
[INFO] [stdout] test test_missing_config_directory ... FAILED
[INFO] [stdout] test test_stow_already_linked ... FAILED
[INFO] [stdout] test test_migration_with_conflicting_file ... FAILED
[INFO] [stdout] test test_no_migration_when_not_needed ... FAILED
[INFO] [stdout] test test_remove_nonexistent_package ... FAILED
[INFO] [stdout] test test_directory_symlink_migration ... FAILED
[INFO] [stdout] test test_directory_to_file_symlinks_migration ... FAILED
[INFO] [stdout] test test_migration_preserves_correct_symlinks ... FAILED
[INFO] [stdout] test test_stow_target_exists_error ... FAILED
[INFO] [stdout] test test_stow_and_remove_package ... FAILED
[INFO] [stdout] test test_stow_with_ignore_file ... FAILED
[INFO] [stderr] error: test failed, to rerun pass `--test integration_tests`
[INFO] [stdout] test test_xdg_config_home_resolution ... FAILED
[INFO] [stdout] test test_complex_directory_structure ... FAILED
[INFO] [stdout] 
[INFO] [stdout] failures:
[INFO] [stdout] 
[INFO] [stdout] ---- test_migration_safety_wrong_symlink stdout ----
[INFO] [stdout] 
[INFO] [stdout] thread 'test_migration_safety_wrong_symlink' (975) panicked at tests/integration_tests.rs:436:10:
[INFO] [stdout] called `Result::unwrap()` on an `Err` value: Os { code: 2, kind: NotFound, message: "No such file or directory" }
[INFO] [stdout] stack backtrace:
[INFO] [stdout]    0:     0x55eccdeda321 - <<std[617be2ca0a6fd877]::sys::backtrace::BacktraceLock>::print::DisplayBacktrace as core[a373ad73a504971]::fmt::Display>::fmt
[INFO] [stdout]    1:     0x55eccdeeeb3a - core[a373ad73a504971]::fmt::write
[INFO] [stdout]    2:     0x55eccdede9dc - <alloc[2e1b2a31b91974c5]::vec::Vec<u8> as core[a373ad73a504971]::io::write::Write>::write_fmt
[INFO] [stdout]    3:     0x55eccdeb49d6 - std[617be2ca0a6fd877]::panicking::default_hook::{closure#0}
[INFO] [stdout]    4:     0x55eccded1bb9 - std[617be2ca0a6fd877]::panicking::default_hook
[INFO] [stdout]    5:     0x55eccde6b990 - test[aada8e7e76ba119b]::test_main_inner::{closure#0}
[INFO] [stdout]    6:     0x55eccded1d72 - std[617be2ca0a6fd877]::panicking::panic_with_hook
[INFO] [stdout]    7:     0x55eccdeb4a82 - std[617be2ca0a6fd877]::panicking::panic_handler::{closure#0}
[INFO] [stdout]    8:     0x55eccdead619 - std[617be2ca0a6fd877]::sys::backtrace::__rust_end_short_backtrace::<std[617be2ca0a6fd877]::panicking::panic_handler::{closure#0}, !>
[INFO] [stdout]    9:     0x55eccdeb577d - __rustc[ea4f61d10b84890b]::rust_begin_unwind
[INFO] [stdout]   10:     0x55eccdeef26c - core[a373ad73a504971]::panicking::panic_fmt
[INFO] [stdout]   11:     0x55eccdeef042 - core[a373ad73a504971]::result::unwrap_failed
[INFO] [stdout]   12:     0x55eccde5be4d - <integration_tests[dbf9754a46759e1e]::test_migration_safety_wrong_symlink::{closure#0} as core[a373ad73a504971]::ops::function::FnOnce<()>>::call_once
[INFO] [stdout]   13:     0x55eccde5eddb - test[aada8e7e76ba119b]::__rust_begin_short_backtrace::<core[a373ad73a504971]::result::Result<(), alloc[2e1b2a31b91974c5]::string::String>, fn() -> core[a373ad73a504971]::result::Result<(), alloc[2e1b2a31b91974c5]::string::String>>
[INFO] [stdout]   14:     0x55eccde6bfb5 - test[aada8e7e76ba119b]::run_test::{closure#0}
[INFO] [stdout]   15:     0x55eccde658a4 - std[617be2ca0a6fd877]::sys::backtrace::__rust_begin_short_backtrace::<test[aada8e7e76ba119b]::run_test::{closure#1}, ()>
[INFO] [stdout]   16:     0x55eccde6f042 - <std[617be2ca0a6fd877]::thread::lifecycle::spawn_unchecked<test[aada8e7e76ba119b]::run_test::{closure#1}, ()>::{closure#1} as core[a373ad73a504971]::ops::function::FnOnce<()>>::call_once::{shim:vtable#0}
[INFO] [stdout]   17:     0x55eccded999f - <std[617be2ca0a6fd877]::sys::thread::unix::Thread>::new::thread_start
[INFO] [stdout]   18:     0x77ab33691dfa - <unknown>
[INFO] [stdout]   19:     0x77ab337253d4 - clone
[INFO] [stdout]   20:                0x0 - <unknown>
[INFO] [stdout] 
[INFO] [stdout] ---- test_missing_package stdout ----
[INFO] [stdout] 
[INFO] [stdout] thread 'test_missing_package' (978) panicked at tests/integration_tests.rs:38:10:
[INFO] [stdout] called `Result::unwrap()` on an `Err` value: Os { code: 2, kind: NotFound, message: "No such file or directory" }
[INFO] [stdout] stack backtrace:
[INFO] [stdout]    0:     0x55eccdeda321 - <<std[617be2ca0a6fd877]::sys::backtrace::BacktraceLock>::print::DisplayBacktrace as core[a373ad73a504971]::fmt::Display>::fmt
[INFO] [stdout]    1:     0x55eccdeeeb3a - core[a373ad73a504971]::fmt::write
[INFO] [stdout]    2:     0x55eccdede9dc - <alloc[2e1b2a31b91974c5]::vec::Vec<u8> as core[a373ad73a504971]::io::write::Write>::write_fmt
[INFO] [stdout]    3:     0x55eccdeb49d6 - std[617be2ca0a6fd877]::panicking::default_hook::{closure#0}
[INFO] [stdout]    4:     0x55eccded1bb9 - std[617be2ca0a6fd877]::panicking::default_hook
[INFO] [stdout]    5:     0x55eccde6b990 - test[aada8e7e76ba119b]::test_main_inner::{closure#0}
[INFO] [stdout]    6:     0x55eccded1d72 - std[617be2ca0a6fd877]::panicking::panic_with_hook
[INFO] [stdout]    7:     0x55eccdeb4a82 - std[617be2ca0a6fd877]::panicking::panic_handler::{closure#0}
[INFO] [stdout]    8:     0x55eccdead619 - std[617be2ca0a6fd877]::sys::backtrace::__rust_end_short_backtrace::<std[617be2ca0a6fd877]::panicking::panic_handler::{closure#0}, !>
[INFO] [stdout]    9:     0x55eccdeb577d - __rustc[ea4f61d10b84890b]::rust_begin_unwind
[INFO] [stdout]   10:     0x55eccdeef26c - core[a373ad73a504971]::panicking::panic_fmt
[INFO] [stdout]   11:     0x55eccdeef042 - core[a373ad73a504971]::result::unwrap_failed
[INFO] [stdout]   12:     0x55eccde5569d - <integration_tests[dbf9754a46759e1e]::test_missing_package::{closure#0} as core[a373ad73a504971]::ops::function::FnOnce<()>>::call_once
[INFO] [stdout]   13:     0x55eccde5eddb - test[aada8e7e76ba119b]::__rust_begin_short_backtrace::<core[a373ad73a504971]::result::Result<(), alloc[2e1b2a31b91974c5]::string::String>, fn() -> core[a373ad73a504971]::result::Result<(), alloc[2e1b2a31b91974c5]::string::String>>
[INFO] [stdout]   14:     0x55eccde6bfb5 - test[aada8e7e76ba119b]::run_test::{closure#0}
[INFO] [stdout]   15:     0x55eccde658a4 - std[617be2ca0a6fd877]::sys::backtrace::__rust_begin_short_backtrace::<test[aada8e7e76ba119b]::run_test::{closure#1}, ()>
[INFO] [stdout]   16:     0x55eccde6f042 - <std[617be2ca0a6fd877]::thread::lifecycle::spawn_unchecked<test[aada8e7e76ba119b]::run_test::{closure#1}, ()>::{closure#1} as core[a373ad73a504971]::ops::function::FnOnce<()>>::call_once::{shim:vtable#0}
[INFO] [stdout]   17:     0x55eccded999f - <std[617be2ca0a6fd877]::sys::thread::unix::Thread>::new::thread_start
[INFO] [stdout]   18:     0x77ab33691dfa - <unknown>
[INFO] [stdout]   19:     0x77ab337253d4 - clone
[INFO] [stdout]   20:                0x0 - <unknown>
[INFO] [stdout] 
[INFO] [stdout] ---- test_missing_config_directory stdout ----
[INFO] [stdout] 
[INFO] [stdout] thread 'test_missing_config_directory' (977) panicked at tests/integration_tests.rs:22:10:
[INFO] [stdout] called `Result::unwrap()` on an `Err` value: Os { code: 2, kind: NotFound, message: "No such file or directory" }
[INFO] [stdout] stack backtrace:
[INFO] [stdout]    0:     0x55eccdeda321 - <<std[617be2ca0a6fd877]::sys::backtrace::BacktraceLock>::print::DisplayBacktrace as core[a373ad73a504971]::fmt::Display>::fmt
[INFO] [stdout]    1:     0x55eccdeeeb3a - core[a373ad73a504971]::fmt::write
[INFO] [stdout]    2:     0x55eccdede9dc - <alloc[2e1b2a31b91974c5]::vec::Vec<u8> as core[a373ad73a504971]::io::write::Write>::write_fmt
[INFO] [stdout]    3:     0x55eccdeb49d6 - std[617be2ca0a6fd877]::panicking::default_hook::{closure#0}
[INFO] [stdout]    4:     0x55eccded1bb9 - std[617be2ca0a6fd877]::panicking::default_hook
[INFO] [stdout]    5:     0x55eccde6b990 - test[aada8e7e76ba119b]::test_main_inner::{closure#0}
[INFO] [stdout]    6:     0x55eccded1d72 - std[617be2ca0a6fd877]::panicking::panic_with_hook
[INFO] [stdout]    7:     0x55eccdeb4a82 - std[617be2ca0a6fd877]::panicking::panic_handler::{closure#0}
[INFO] [stdout]    8:     0x55eccdead619 - std[617be2ca0a6fd877]::sys::backtrace::__rust_end_short_backtrace::<std[617be2ca0a6fd877]::panicking::panic_handler::{closure#0}, !>
[INFO] [stdout]    9:     0x55eccdeb577d - __rustc[ea4f61d10b84890b]::rust_begin_unwind
[INFO] [stdout]   10:     0x55eccdeef26c - core[a373ad73a504971]::panicking::panic_fmt
[INFO] [stdout]   11:     0x55eccdeef042 - core[a373ad73a504971]::result::unwrap_failed
[INFO] [stdout]   12:     0x55eccde57beb - <integration_tests[dbf9754a46759e1e]::test_missing_config_directory::{closure#0} as core[a373ad73a504971]::ops::function::FnOnce<()>>::call_once
[INFO] [stdout]   13:     0x55eccde5eddb - test[aada8e7e76ba119b]::__rust_begin_short_backtrace::<core[a373ad73a504971]::result::Result<(), alloc[2e1b2a31b91974c5]::string::String>, fn() -> core[a373ad73a504971]::result::Result<(), alloc[2e1b2a31b91974c5]::string::String>>
[INFO] [stdout]   14:     0x55eccde6bfb5 - test[aada8e7e76ba119b]::run_test::{closure#0}
[INFO] [stdout]   15:     0x55eccde658a4 - std[617be2ca0a6fd877]::sys::backtrace::__rust_begin_short_backtrace::<test[aada8e7e76ba119b]::run_test::{closure#1}, ()>
[INFO] [stdout]   16:     0x55eccde6f042 - <std[617be2ca0a6fd877]::thread::lifecycle::spawn_unchecked<test[aada8e7e76ba119b]::run_test::{closure#1}, ()>::{closure#1} as core[a373ad73a504971]::ops::function::FnOnce<()>>::call_once::{shim:vtable#0}
[INFO] [stdout]   17:     0x55eccded999f - <std[617be2ca0a6fd877]::sys::thread::unix::Thread>::new::thread_start
[INFO] [stdout]   18:     0x77ab33691dfa - <unknown>
[INFO] [stdout]   19:     0x77ab337253d4 - clone
[INFO] [stdout]   20:                0x0 - <unknown>
[INFO] [stdout] 
[INFO] [stdout] ---- test_stow_already_linked stdout ----
[INFO] [stdout] 
[INFO] [stdout] thread 'test_stow_already_linked' (986) panicked at tests/integration_tests.rs:158:10:
[INFO] [stdout] called `Result::unwrap()` on an `Err` value: Os { code: 2, kind: NotFound, message: "No such file or directory" }
[INFO] [stdout] stack backtrace:
[INFO] [stdout]    0:     0x55eccdeda321 - <<std[617be2ca0a6fd877]::sys::backtrace::BacktraceLock>::print::DisplayBacktrace as core[a373ad73a504971]::fmt::Display>::fmt
[INFO] [stdout]    1:     0x55eccdeeeb3a - core[a373ad73a504971]::fmt::write
[INFO] [stdout]    2:     0x55eccdede9dc - <alloc[2e1b2a31b91974c5]::vec::Vec<u8> as core[a373ad73a504971]::io::write::Write>::write_fmt
[INFO] [stdout]    3:     0x55eccdeb49d6 - std[617be2ca0a6fd877]::panicking::default_hook::{closure#0}
[INFO] [stdout]    4:     0x55eccded1bb9 - std[617be2ca0a6fd877]::panicking::default_hook
[INFO] [stdout]    5:     0x55eccde6b990 - test[aada8e7e76ba119b]::test_main_inner::{closure#0}
[INFO] [stdout]    6:     0x55eccded1d72 - std[617be2ca0a6fd877]::panicking::panic_with_hook
[INFO] [stdout]    7:     0x55eccdeb4a82 - std[617be2ca0a6fd877]::panicking::panic_handler::{closure#0}
[INFO] [stdout]    8:     0x55eccdead619 - std[617be2ca0a6fd877]::sys::backtrace::__rust_end_short_backtrace::<std[617be2ca0a6fd877]::panicking::panic_handler::{closure#0}, !>
[INFO] [stdout]    9:     0x55eccdeb577d - __rustc[ea4f61d10b84890b]::rust_begin_unwind
[INFO] [stdout]   10:     0x55eccdeef26c - core[a373ad73a504971]::panicking::panic_fmt
[INFO] [stdout]   11:     0x55eccdeef042 - core[a373ad73a504971]::result::unwrap_failed
[INFO] [stdout]   12:     0x55eccde55db6 - <integration_tests[dbf9754a46759e1e]::test_stow_already_linked::{closure#0} as core[a373ad73a504971]::ops::function::FnOnce<()>>::call_once
[INFO] [stdout]   13:     0x55eccde5eddb - test[aada8e7e76ba119b]::__rust_begin_short_backtrace::<core[a373ad73a504971]::result::Result<(), alloc[2e1b2a31b91974c5]::string::String>, fn() -> core[a373ad73a504971]::result::Result<(), alloc[2e1b2a31b91974c5]::string::String>>
[INFO] [stdout]   14:     0x55eccde6bfb5 - test[aada8e7e76ba119b]::run_test::{closure#0}
[INFO] [stdout]   15:     0x55eccde658a4 - std[617be2ca0a6fd877]::sys::backtrace::__rust_begin_short_backtrace::<test[aada8e7e76ba119b]::run_test::{closure#1}, ()>
[INFO] [stdout]   16:     0x55eccde6f042 - <std[617be2ca0a6fd877]::thread::lifecycle::spawn_unchecked<test[aada8e7e76ba119b]::run_test::{closure#1}, ()>::{closure#1} as core[a373ad73a504971]::ops::function::FnOnce<()>>::call_once::{shim:vtable#0}
[INFO] [stdout]   17:     0x55eccded999f - <std[617be2ca0a6fd877]::sys::thread::unix::Thread>::new::thread_start
[INFO] [stdout]   18:     0x77ab33691dfa - <unknown>
[INFO] [stdout]   19:     0x77ab337253d4 - clone
[INFO] [stdout]   20:                0x0 - <unknown>
[INFO] [stdout] 
[INFO] [stdout] ---- test_migration_with_conflicting_file stdout ----
[INFO] [stdout] 
[INFO] [stdout] thread 'test_migration_with_conflicting_file' (976) panicked at tests/integration_tests.rs:466:10:
[INFO] [stdout] called `Result::unwrap()` on an `Err` value: Os { code: 2, kind: NotFound, message: "No such file or directory" }
[INFO] [stdout] stack backtrace:
[INFO] [stdout]    0:     0x55eccdeda321 - <<std[617be2ca0a6fd877]::sys::backtrace::BacktraceLock>::print::DisplayBacktrace as core[a373ad73a504971]::fmt::Display>::fmt
[INFO] [stdout]    1:     0x55eccdeeeb3a - core[a373ad73a504971]::fmt::write
[INFO] [stdout]    2:     0x55eccdede9dc - <alloc[2e1b2a31b91974c5]::vec::Vec<u8> as core[a373ad73a504971]::io::write::Write>::write_fmt
[INFO] [stdout]    3:     0x55eccdeb49d6 - std[617be2ca0a6fd877]::panicking::default_hook::{closure#0}
[INFO] [stdout]    4:     0x55eccded1bb9 - std[617be2ca0a6fd877]::panicking::default_hook
[INFO] [stdout]    5:     0x55eccde6b990 - test[aada8e7e76ba119b]::test_main_inner::{closure#0}
[INFO] [stdout]    6:     0x55eccded1d72 - std[617be2ca0a6fd877]::panicking::panic_with_hook
[INFO] [stdout]    7:     0x55eccdeb4a82 - std[617be2ca0a6fd877]::panicking::panic_handler::{closure#0}
[INFO] [stdout]    8:     0x55eccdead619 - std[617be2ca0a6fd877]::sys::backtrace::__rust_end_short_backtrace::<std[617be2ca0a6fd877]::panicking::panic_handler::{closure#0}, !>
[INFO] [stdout]    9:     0x55eccdeb577d - __rustc[ea4f61d10b84890b]::rust_begin_unwind
[INFO] [stdout]   10:     0x55eccdeef26c - core[a373ad73a504971]::panicking::panic_fmt
[INFO] [stdout]   11:     0x55eccdeef042 - core[a373ad73a504971]::result::unwrap_failed
[INFO] [stdout]   12:     0x55eccde5c96d - <integration_tests[dbf9754a46759e1e]::test_migration_with_conflicting_file::{closure#0} as core[a373ad73a504971]::ops::function::FnOnce<()>>::call_once
[INFO] [stdout]   13:     0x55eccde5eddb - test[aada8e7e76ba119b]::__rust_begin_short_backtrace::<core[a373ad73a504971]::result::Result<(), alloc[2e1b2a31b91974c5]::string::String>, fn() -> core[a373ad73a504971]::result::Result<(), alloc[2e1b2a31b91974c5]::string::String>>
[INFO] [stdout]   14:     0x55eccde6bfb5 - test[aada8e7e76ba119b]::run_test::{closure#0}
[INFO] [stdout]   15:     0x55eccde658a4 - std[617be2ca0a6fd877]::sys::backtrace::__rust_begin_short_backtrace::<test[aada8e7e76ba119b]::run_test::{closure#1}, ()>
[INFO] [stdout]   16:     0x55eccde6f042 - <std[617be2ca0a6fd877]::thread::lifecycle::spawn_unchecked<test[aada8e7e76ba119b]::run_test::{closure#1}, ()>::{closure#1} as core[a373ad73a504971]::ops::function::FnOnce<()>>::call_once::{shim:vtable#0}
[INFO] [stdout]   17:     0x55eccded999f - <std[617be2ca0a6fd877]::sys::thread::unix::Thread>::new::thread_start
[INFO] [stdout]   18:     0x77ab33691dfa - <unknown>
[INFO] [stdout]   19:     0x77ab337253d4 - clone
[INFO] [stdout]   20:                0x0 - <unknown>
[INFO] [stdout] 
[INFO] [stdout] ---- test_no_migration_when_not_needed stdout ----
[INFO] [stdout] 
[INFO] [stdout] thread 'test_no_migration_when_not_needed' (979) panicked at tests/integration_tests.rs:573:10:
[INFO] [stdout] called `Result::unwrap()` on an `Err` value: Os { code: 2, kind: NotFound, message: "No such file or directory" }
[INFO] [stdout] stack backtrace:
[INFO] [stdout]    0:     0x55eccdeda321 - <<std[617be2ca0a6fd877]::sys::backtrace::BacktraceLock>::print::DisplayBacktrace as core[a373ad73a504971]::fmt::Display>::fmt
[INFO] [stdout]    1:     0x55eccdeeeb3a - core[a373ad73a504971]::fmt::write
[INFO] [stdout]    2:     0x55eccdede9dc - <alloc[2e1b2a31b91974c5]::vec::Vec<u8> as core[a373ad73a504971]::io::write::Write>::write_fmt
[INFO] [stdout]    3:     0x55eccdeb49d6 - std[617be2ca0a6fd877]::panicking::default_hook::{closure#0}
[INFO] [stdout]    4:     0x55eccded1bb9 - std[617be2ca0a6fd877]::panicking::default_hook
[INFO] [stdout]    5:     0x55eccde6b990 - test[aada8e7e76ba119b]::test_main_inner::{closure#0}
[INFO] [stdout]    6:     0x55eccded1d72 - std[617be2ca0a6fd877]::panicking::panic_with_hook
[INFO] [stdout]    7:     0x55eccdeb4a82 - std[617be2ca0a6fd877]::panicking::panic_handler::{closure#0}
[INFO] [stdout]    8:     0x55eccdead619 - std[617be2ca0a6fd877]::sys::backtrace::__rust_end_short_backtrace::<std[617be2ca0a6fd877]::panicking::panic_handler::{closure#0}, !>
[INFO] [stdout]    9:     0x55eccdeb577d - __rustc[ea4f61d10b84890b]::rust_begin_unwind
[INFO] [stdout]   10:     0x55eccdeef26c - core[a373ad73a504971]::panicking::panic_fmt
[INFO] [stdout]   11:     0x55eccdeef042 - core[a373ad73a504971]::result::unwrap_failed
[INFO] [stdout]   12:     0x55eccde5b2e8 - <integration_tests[dbf9754a46759e1e]::test_no_migration_when_not_needed::{closure#0} as core[a373ad73a504971]::ops::function::FnOnce<()>>::call_once
[INFO] [stdout]   13:     0x55eccde5eddb - test[aada8e7e76ba119b]::__rust_begin_short_backtrace::<core[a373ad73a504971]::result::Result<(), alloc[2e1b2a31b91974c5]::string::String>, fn() -> core[a373ad73a504971]::result::Result<(), alloc[2e1b2a31b91974c5]::string::String>>
[INFO] [stdout]   14:     0x55eccde6bfb5 - test[aada8e7e76ba119b]::run_test::{closure#0}
[INFO] [stdout]   15:     0x55eccde658a4 - std[617be2ca0a6fd877]::sys::backtrace::__rust_begin_short_backtrace::<test[aada8e7e76ba119b]::run_test::{closure#1}, ()>
[INFO] [stdout]   16:     0x55eccde6f042 - <std[617be2ca0a6fd877]::thread::lifecycle::spawn_unchecked<test[aada8e7e76ba119b]::run_test::{closure#1}, ()>::{closure#1} as core[a373ad73a504971]::ops::function::FnOnce<()>>::call_once::{shim:vtable#0}
[INFO] [stdout]   17:     0x55eccded999f - <std[617be2ca0a6fd877]::sys::thread::unix::Thread>::new::thread_start
[INFO] [stdout]   18:     0x77ab33691dfa - <unknown>
[INFO] [stdout]   19:     0x77ab337253d4 - clone
[INFO] [stdout]   20:                0x0 - <unknown>
[INFO] [stdout] 
[INFO] [stdout] ---- test_remove_nonexistent_package stdout ----
[INFO] [stdout] 
[INFO] [stdout] thread 'test_remove_nonexistent_package' (985) panicked at tests/integration_tests.rs:218:10:
[INFO] [stdout] called `Result::unwrap()` on an `Err` value: Os { code: 2, kind: NotFound, message: "No such file or directory" }
[INFO] [stdout] stack backtrace:
[INFO] [stdout]    0:     0x55eccdeda321 - <<std[617be2ca0a6fd877]::sys::backtrace::BacktraceLock>::print::DisplayBacktrace as core[a373ad73a504971]::fmt::Display>::fmt
[INFO] [stdout]    1:     0x55eccdeeeb3a - core[a373ad73a504971]::fmt::write
[INFO] [stdout]    2:     0x55eccdede9dc - <alloc[2e1b2a31b91974c5]::vec::Vec<u8> as core[a373ad73a504971]::io::write::Write>::write_fmt
[INFO] [stdout]    3:     0x55eccdeb49d6 - std[617be2ca0a6fd877]::panicking::default_hook::{closure#0}
[INFO] [stdout]    4:     0x55eccded1bb9 - std[617be2ca0a6fd877]::panicking::default_hook
[INFO] [stdout]    5:     0x55eccde6b990 - test[aada8e7e76ba119b]::test_main_inner::{closure#0}
[INFO] [stdout]    6:     0x55eccded1d72 - std[617be2ca0a6fd877]::panicking::panic_with_hook
[INFO] [stdout]    7:     0x55eccdeb4a82 - std[617be2ca0a6fd877]::panicking::panic_handler::{closure#0}
[INFO] [stdout]    8:     0x55eccdead619 - std[617be2ca0a6fd877]::sys::backtrace::__rust_end_short_backtrace::<std[617be2ca0a6fd877]::panicking::panic_handler::{closure#0}, !>
[INFO] [stdout]    9:     0x55eccdeb577d - __rustc[ea4f61d10b84890b]::rust_begin_unwind
[INFO] [stdout]   10:     0x55eccdeef26c - core[a373ad73a504971]::panicking::panic_fmt
[INFO] [stdout]   11:     0x55eccdeef042 - core[a373ad73a504971]::result::unwrap_failed
[INFO] [stdout]   12:     0x55eccde58964 - <integration_tests[dbf9754a46759e1e]::test_remove_nonexistent_package::{closure#0} as core[a373ad73a504971]::ops::function::FnOnce<()>>::call_once
[INFO] [stdout]   13:     0x55eccde5eddb - test[aada8e7e76ba119b]::__rust_begin_short_backtrace::<core[a373ad73a504971]::result::Result<(), alloc[2e1b2a31b91974c5]::string::String>, fn() -> core[a373ad73a504971]::result::Result<(), alloc[2e1b2a31b91974c5]::string::String>>
[INFO] [stdout]   14:     0x55eccde6bfb5 - test[aada8e7e76ba119b]::run_test::{closure#0}
[INFO] [stdout]   15:     0x55eccde658a4 - std[617be2ca0a6fd877]::sys::backtrace::__rust_begin_short_backtrace::<test[aada8e7e76ba119b]::run_test::{closure#1}, ()>
[INFO] [stdout]   16:     0x55eccde6f042 - <std[617be2ca0a6fd877]::thread::lifecycle::spawn_unchecked<test[aada8e7e76ba119b]::run_test::{closure#1}, ()>::{closure#1} as core[a373ad73a504971]::ops::function::FnOnce<()>>::call_once::{shim:vtable#0}
[INFO] [stdout]   17:     0x55eccded999f - <std[617be2ca0a6fd877]::sys::thread::unix::Thread>::new::thread_start
[INFO] [stdout]   18:     0x77ab33691dfa - <unknown>
[INFO] [stdout]   19:     0x77ab337253d4 - clone
[INFO] [stdout]   20:                0x0 - <unknown>
[INFO] [stdout] 
[INFO] [stdout] ---- test_directory_symlink_migration stdout ----
[INFO] [stdout] 
[INFO] [stdout] thread 'test_directory_symlink_migration' (972) panicked at tests/integration_tests.rs:290:10:
[INFO] [stdout] called `Result::unwrap()` on an `Err` value: Os { code: 2, kind: NotFound, message: "No such file or directory" }
[INFO] [stdout] stack backtrace:
[INFO] [stdout]    0:     0x55eccdeda321 - <<std[617be2ca0a6fd877]::sys::backtrace::BacktraceLock>::print::DisplayBacktrace as core[a373ad73a504971]::fmt::Display>::fmt
[INFO] [stdout]    1:     0x55eccdeeeb3a - core[a373ad73a504971]::fmt::write
[INFO] [stdout]    2:     0x55eccdede9dc - <alloc[2e1b2a31b91974c5]::vec::Vec<u8> as core[a373ad73a504971]::io::write::Write>::write_fmt
[INFO] [stdout]    3:     0x55eccdeb49d6 - std[617be2ca0a6fd877]::panicking::default_hook::{closure#0}
[INFO] [stdout]    4:     0x55eccded1bb9 - std[617be2ca0a6fd877]::panicking::default_hook
[INFO] [stdout]    5:     0x55eccde6b990 - test[aada8e7e76ba119b]::test_main_inner::{closure#0}
[INFO] [stdout]    6:     0x55eccded1d72 - std[617be2ca0a6fd877]::panicking::panic_with_hook
[INFO] [stdout]    7:     0x55eccdeb4a82 - std[617be2ca0a6fd877]::panicking::panic_handler::{closure#0}
[INFO] [stdout]    8:     0x55eccdead619 - std[617be2ca0a6fd877]::sys::backtrace::__rust_end_short_backtrace::<std[617be2ca0a6fd877]::panicking::panic_handler::{closure#0}, !>
[INFO] [stdout]    9:     0x55eccdeb577d - __rustc[ea4f61d10b84890b]::rust_begin_unwind
[INFO] [stdout]   10:     0x55eccdeef26c - core[a373ad73a504971]::panicking::panic_fmt
[INFO] [stdout]   11:     0x55eccdeef042 - core[a373ad73a504971]::result::unwrap_failed
[INFO] [stdout]   12:     0x55eccde5a5d2 - <integration_tests[dbf9754a46759e1e]::test_directory_symlink_migration::{closure#0} as core[a373ad73a504971]::ops::function::FnOnce<()>>::call_once
[INFO] [stdout]   13:     0x55eccde5eddb - test[aada8e7e76ba119b]::__rust_begin_short_backtrace::<core[a373ad73a504971]::result::Result<(), alloc[2e1b2a31b91974c5]::string::String>, fn() -> core[a373ad73a504971]::result::Result<(), alloc[2e1b2a31b91974c5]::string::String>>
[INFO] [stdout]   14:     0x55eccde6bfb5 - test[aada8e7e76ba119b]::run_test::{closure#0}
[INFO] [stdout]   15:     0x55eccde658a4 - std[617be2ca0a6fd877]::sys::backtrace::__rust_begin_short_backtrace::<test[aada8e7e76ba119b]::run_test::{closure#1}, ()>
[INFO] [stdout]   16:     0x55eccde6f042 - <std[617be2ca0a6fd877]::thread::lifecycle::spawn_unchecked<test[aada8e7e76ba119b]::run_test::{closure#1}, ()>::{closure#1} as core[a373ad73a504971]::ops::function::FnOnce<()>>::call_once::{shim:vtable#0}
[INFO] [stdout]   17:     0x55eccded999f - <std[617be2ca0a6fd877]::sys::thread::unix::Thread>::new::thread_start
[INFO] [stdout]   18:     0x77ab33691dfa - <unknown>
[INFO] [stdout]   19:     0x77ab337253d4 - clone
[INFO] [stdout]   20:                0x0 - <unknown>
[INFO] [stdout] 
[INFO] [stdout] ---- test_directory_to_file_symlinks_migration stdout ----
[INFO] [stdout] 
[INFO] [stdout] thread 'test_directory_to_file_symlinks_migration' (973) panicked at tests/integration_tests.rs:345:10:
[INFO] [stdout] called `Result::unwrap()` on an `Err` value: Os { code: 2, kind: NotFound, message: "No such file or directory" }
[INFO] [stdout] stack backtrace:
[INFO] [stdout]    0:     0x55eccdeda321 - <<std[617be2ca0a6fd877]::sys::backtrace::BacktraceLock>::print::DisplayBacktrace as core[a373ad73a504971]::fmt::Display>::fmt
[INFO] [stdout]    1:     0x55eccdeeeb3a - core[a373ad73a504971]::fmt::write
[INFO] [stdout]    2:     0x55eccdede9dc - <alloc[2e1b2a31b91974c5]::vec::Vec<u8> as core[a373ad73a504971]::io::write::Write>::write_fmt
[INFO] [stdout]    3:     0x55eccdeb49d6 - std[617be2ca0a6fd877]::panicking::default_hook::{closure#0}
[INFO] [stdout]    4:     0x55eccded1bb9 - std[617be2ca0a6fd877]::panicking::default_hook
[INFO] [stdout]    5:     0x55eccde6b990 - test[aada8e7e76ba119b]::test_main_inner::{closure#0}
[INFO] [stdout]    6:     0x55eccded1d72 - std[617be2ca0a6fd877]::panicking::panic_with_hook
[INFO] [stdout]    7:     0x55eccdeb4a82 - std[617be2ca0a6fd877]::panicking::panic_handler::{closure#0}
[INFO] [stdout]    8:     0x55eccdead619 - std[617be2ca0a6fd877]::sys::backtrace::__rust_end_short_backtrace::<std[617be2ca0a6fd877]::panicking::panic_handler::{closure#0}, !>
[INFO] [stdout]    9:     0x55eccdeb577d - __rustc[ea4f61d10b84890b]::rust_begin_unwind
[INFO] [stdout]   10:     0x55eccdeef26c - core[a373ad73a504971]::panicking::panic_fmt
[INFO] [stdout]   11:     0x55eccdeef042 - core[a373ad73a504971]::result::unwrap_failed
[INFO] [stdout]   12:     0x55eccde5d78b - <integration_tests[dbf9754a46759e1e]::test_directory_to_file_symlinks_migration::{closure#0} as core[a373ad73a504971]::ops::function::FnOnce<()>>::call_once
[INFO] [stdout]   13:     0x55eccde5eddb - test[aada8e7e76ba119b]::__rust_begin_short_backtrace::<core[a373ad73a504971]::result::Result<(), alloc[2e1b2a31b91974c5]::string::String>, fn() -> core[a373ad73a504971]::result::Result<(), alloc[2e1b2a31b91974c5]::string::String>>
[INFO] [stdout]   14:     0x55eccde6bfb5 - test[aada8e7e76ba119b]::run_test::{closure#0}
[INFO] [stdout]   15:     0x55eccde658a4 - std[617be2ca0a6fd877]::sys::backtrace::__rust_begin_short_backtrace::<test[aada8e7e76ba119b]::run_test::{closure#1}, ()>
[INFO] [stdout]   16:     0x55eccde6f042 - <std[617be2ca0a6fd877]::thread::lifecycle::spawn_unchecked<test[aada8e7e76ba119b]::run_test::{closure#1}, ()>::{closure#1} as core[a373ad73a504971]::ops::function::FnOnce<()>>::call_once::{shim:vtable#0}
[INFO] [stdout]   17:     0x55eccded999f - <std[617be2ca0a6fd877]::sys::thread::unix::Thread>::new::thread_start
[INFO] [stdout]   18:     0x77ab33691dfa - <unknown>
[INFO] [stdout]   19:     0x77ab337253d4 - clone
[INFO] [stdout]   20:                0x0 - <unknown>
[INFO] [stdout] 
[INFO] [stdout] ---- test_migration_preserves_correct_symlinks stdout ----
[INFO] [stdout] 
[INFO] [stdout] thread 'test_migration_preserves_correct_symlinks' (974) panicked at tests/integration_tests.rs:513:10:
[INFO] [stdout] called `Result::unwrap()` on an `Err` value: Os { code: 2, kind: NotFound, message: "No such file or directory" }
[INFO] [stdout] stack backtrace:
[INFO] [stdout]    0:     0x55eccdeda321 - <<std[617be2ca0a6fd877]::sys::backtrace::BacktraceLock>::print::DisplayBacktrace as core[a373ad73a504971]::fmt::Display>::fmt
[INFO] [stdout]    1:     0x55eccdeeeb3a - core[a373ad73a504971]::fmt::write
[INFO] [stdout]    2:     0x55eccdede9dc - <alloc[2e1b2a31b91974c5]::vec::Vec<u8> as core[a373ad73a504971]::io::write::Write>::write_fmt
[INFO] [stdout]    3:     0x55eccdeb49d6 - std[617be2ca0a6fd877]::panicking::default_hook::{closure#0}
[INFO] [stdout]    4:     0x55eccded1bb9 - std[617be2ca0a6fd877]::panicking::default_hook
[INFO] [stdout]    5:     0x55eccde6b990 - test[aada8e7e76ba119b]::test_main_inner::{closure#0}
[INFO] [stdout]    6:     0x55eccded1d72 - std[617be2ca0a6fd877]::panicking::panic_with_hook
[INFO] [stdout]    7:     0x55eccdeb4a82 - std[617be2ca0a6fd877]::panicking::panic_handler::{closure#0}
[INFO] [stdout]    8:     0x55eccdead619 - std[617be2ca0a6fd877]::sys::backtrace::__rust_end_short_backtrace::<std[617be2ca0a6fd877]::panicking::panic_handler::{closure#0}, !>
[INFO] [stdout]    9:     0x55eccdeb577d - __rustc[ea4f61d10b84890b]::rust_begin_unwind
[INFO] [stdout]   10:     0x55eccdeef26c - core[a373ad73a504971]::panicking::panic_fmt
[INFO] [stdout]   11:     0x55eccdeef042 - core[a373ad73a504971]::result::unwrap_failed
[INFO] [stdout]   12:     0x55eccde5e789 - <integration_tests[dbf9754a46759e1e]::test_migration_preserves_correct_symlinks::{closure#0} as core[a373ad73a504971]::ops::function::FnOnce<()>>::call_once
[INFO] [stdout]   13:     0x55eccde5eddb - test[aada8e7e76ba119b]::__rust_begin_short_backtrace::<core[a373ad73a504971]::result::Result<(), alloc[2e1b2a31b91974c5]::string::String>, fn() -> core[a373ad73a504971]::result::Result<(), alloc[2e1b2a31b91974c5]::string::String>>
[INFO] [stdout]   14:     0x55eccde6bfb5 - test[aada8e7e76ba119b]::run_test::{closure#0}
[INFO] [stdout]   15:     0x55eccde658a4 - std[617be2ca0a6fd877]::sys::backtrace::__rust_begin_short_backtrace::<test[aada8e7e76ba119b]::run_test::{closure#1}, ()>
[INFO] [stdout]   16:     0x55eccde6f042 - <std[617be2ca0a6fd877]::thread::lifecycle::spawn_unchecked<test[aada8e7e76ba119b]::run_test::{closure#1}, ()>::{closure#1} as core[a373ad73a504971]::ops::function::FnOnce<()>>::call_once::{shim:vtable#0}
[INFO] [stdout]   17:     0x55eccded999f - <std[617be2ca0a6fd877]::sys::thread::unix::Thread>::new::thread_start
[INFO] [stdout]   18:     0x77ab33691dfa - <unknown>
[INFO] [stdout]   19:     0x77ab337253d4 - clone
[INFO] [stdout]   20:                0x0 - <unknown>
[INFO] [stdout] 
[INFO] [stdout] ---- test_stow_target_exists_error stdout ----
[INFO] [stdout] 
[INFO] [stdout] thread 'test_stow_target_exists_error' (988) panicked at tests/integration_tests.rs:194:10:
[INFO] [stdout] called `Result::unwrap()` on an `Err` value: Os { code: 2, kind: NotFound, message: "No such file or directory" }
[INFO] [stdout] stack backtrace:
[INFO] [stdout]    0:     0x55eccdeda321 - <<std[617be2ca0a6fd877]::sys::backtrace::BacktraceLock>::print::DisplayBacktrace as core[a373ad73a504971]::fmt::Display>::fmt
[INFO] [stdout]    1:     0x55eccdeeeb3a - core[a373ad73a504971]::fmt::write
[INFO] [stdout]    2:     0x55eccdede9dc - <alloc[2e1b2a31b91974c5]::vec::Vec<u8> as core[a373ad73a504971]::io::write::Write>::write_fmt
[INFO] [stdout]    3:     0x55eccdeb49d6 - std[617be2ca0a6fd877]::panicking::default_hook::{closure#0}
[INFO] [stdout]    4:     0x55eccded1bb9 - std[617be2ca0a6fd877]::panicking::default_hook
[INFO] [stdout]    5:     0x55eccde6b990 - test[aada8e7e76ba119b]::test_main_inner::{closure#0}
[INFO] [stdout]    6:     0x55eccded1d72 - std[617be2ca0a6fd877]::panicking::panic_with_hook
[INFO] [stdout]    7:     0x55eccdeb4a82 - std[617be2ca0a6fd877]::panicking::panic_handler::{closure#0}
[INFO] [stdout]    8:     0x55eccdead619 - std[617be2ca0a6fd877]::sys::backtrace::__rust_end_short_backtrace::<std[617be2ca0a6fd877]::panicking::panic_handler::{closure#0}, !>
[INFO] [stdout]    9:     0x55eccdeb577d - __rustc[ea4f61d10b84890b]::rust_begin_unwind
[INFO] [stdout]   10:     0x55eccdeef26c - core[a373ad73a504971]::panicking::panic_fmt
[INFO] [stdout]   11:     0x55eccdeef042 - core[a373ad73a504971]::result::unwrap_failed
[INFO] [stdout]   12:     0x55eccde582d3 - <integration_tests[dbf9754a46759e1e]::test_stow_target_exists_error::{closure#0} as core[a373ad73a504971]::ops::function::FnOnce<()>>::call_once
[INFO] [stdout]   13:     0x55eccde5eddb - test[aada8e7e76ba119b]::__rust_begin_short_backtrace::<core[a373ad73a504971]::result::Result<(), alloc[2e1b2a31b91974c5]::string::String>, fn() -> core[a373ad73a504971]::result::Result<(), alloc[2e1b2a31b91974c5]::string::String>>
[INFO] [stdout]   14:     0x55eccde6bfb5 - test[aada8e7e76ba119b]::run_test::{closure#0}
[INFO] [stdout]   15:     0x55eccde658a4 - std[617be2ca0a6fd877]::sys::backtrace::__rust_begin_short_backtrace::<test[aada8e7e76ba119b]::run_test::{closure#1}, ()>
[INFO] [stdout]   16:     0x55eccde6f042 - <std[617be2ca0a6fd877]::thread::lifecycle::spawn_unchecked<test[aada8e7e76ba119b]::run_test::{closure#1}, ()>::{closure#1} as core[a373ad73a504971]::ops::function::FnOnce<()>>::call_once::{shim:vtable#0}
[INFO] [stdout]   17:     0x55eccded999f - <std[617be2ca0a6fd877]::sys::thread::unix::Thread>::new::thread_start
[INFO] [stdout]   18:     0x77ab33691dfa - <unknown>
[INFO] [stdout]   19:     0x77ab337253d4 - clone
[INFO] [stdout]   20:                0x0 - <unknown>
[INFO] [stdout] 
[INFO] [stdout] ---- test_stow_and_remove_package stdout ----
[INFO] [stdout] 
[INFO] [stdout] thread 'test_stow_and_remove_package' (987) panicked at tests/integration_tests.rs:66:10:
[INFO] [stdout] called `Result::unwrap()` on an `Err` value: Os { code: 2, kind: NotFound, message: "No such file or directory" }
[INFO] [stdout] stack backtrace:
[INFO] [stdout]    0:     0x55eccdeda321 - <<std[617be2ca0a6fd877]::sys::backtrace::BacktraceLock>::print::DisplayBacktrace as core[a373ad73a504971]::fmt::Display>::fmt
[INFO] [stdout]    1:     0x55eccdeeeb3a - core[a373ad73a504971]::fmt::write
[INFO] [stdout]    2:     0x55eccdede9dc - <alloc[2e1b2a31b91974c5]::vec::Vec<u8> as core[a373ad73a504971]::io::write::Write>::write_fmt
[INFO] [stdout]    3:     0x55eccdeb49d6 - std[617be2ca0a6fd877]::panicking::default_hook::{closure#0}
[INFO] [stdout]    4:     0x55eccded1bb9 - std[617be2ca0a6fd877]::panicking::default_hook
[INFO] [stdout]    5:     0x55eccde6b990 - test[aada8e7e76ba119b]::test_main_inner::{closure#0}
[INFO] [stdout]    6:     0x55eccded1d72 - std[617be2ca0a6fd877]::panicking::panic_with_hook
[INFO] [stdout]    7:     0x55eccdeb4a82 - std[617be2ca0a6fd877]::panicking::panic_handler::{closure#0}
[INFO] [stdout]    8:     0x55eccdead619 - std[617be2ca0a6fd877]::sys::backtrace::__rust_end_short_backtrace::<std[617be2ca0a6fd877]::panicking::panic_handler::{closure#0}, !>
[INFO] [stdout]    9:     0x55eccdeb577d - __rustc[ea4f61d10b84890b]::rust_begin_unwind
[INFO] [stdout]   10:     0x55eccdeef26c - core[a373ad73a504971]::panicking::panic_fmt
[INFO] [stdout]   11:     0x55eccdeef042 - core[a373ad73a504971]::result::unwrap_failed
[INFO] [stdout]   12:     0x55eccde573ff - <integration_tests[dbf9754a46759e1e]::test_stow_and_remove_package::{closure#0} as core[a373ad73a504971]::ops::function::FnOnce<()>>::call_once
[INFO] [stdout]   13:     0x55eccde5eddb - test[aada8e7e76ba119b]::__rust_begin_short_backtrace::<core[a373ad73a504971]::result::Result<(), alloc[2e1b2a31b91974c5]::string::String>, fn() -> core[a373ad73a504971]::result::Result<(), alloc[2e1b2a31b91974c5]::string::String>>
[INFO] [stdout]   14:     0x55eccde6bfb5 - test[aada8e7e76ba119b]::run_test::{closure#0}
[INFO] [stdout]   15:     0x55eccde658a4 - std[617be2ca0a6fd877]::sys::backtrace::__rust_begin_short_backtrace::<test[aada8e7e76ba119b]::run_test::{closure#1}, ()>
[INFO] [stdout]   16:     0x55eccde6f042 - <std[617be2ca0a6fd877]::thread::lifecycle::spawn_unchecked<test[aada8e7e76ba119b]::run_test::{closure#1}, ()>::{closure#1} as core[a373ad73a504971]::ops::function::FnOnce<()>>::call_once::{shim:vtable#0}
[INFO] [stdout]   17:     0x55eccded999f - <std[617be2ca0a6fd877]::sys::thread::unix::Thread>::new::thread_start
[INFO] [stdout]   18:     0x77ab33691dfa - <unknown>
[INFO] [stdout]   19:     0x77ab337253d4 - clone
[INFO] [stdout]   20:                0x0 - <unknown>
[INFO] [stdout] 
[INFO] [stdout] ---- test_stow_with_ignore_file stdout ----
[INFO] [stdout] 
[INFO] [stdout] thread 'test_stow_with_ignore_file' (989) panicked at tests/integration_tests.rs:132:10:
[INFO] [stdout] called `Result::unwrap()` on an `Err` value: Os { code: 2, kind: NotFound, message: "No such file or directory" }
[INFO] [stdout] stack backtrace:
[INFO] [stdout]    0:     0x55eccdeda321 - <<std[617be2ca0a6fd877]::sys::backtrace::BacktraceLock>::print::DisplayBacktrace as core[a373ad73a504971]::fmt::Display>::fmt
[INFO] [stdout]    1:     0x55eccdeeeb3a - core[a373ad73a504971]::fmt::write
[INFO] [stdout]    2:     0x55eccdede9dc - <alloc[2e1b2a31b91974c5]::vec::Vec<u8> as core[a373ad73a504971]::io::write::Write>::write_fmt
[INFO] [stdout]    3:     0x55eccdeb49d6 - std[617be2ca0a6fd877]::panicking::default_hook::{closure#0}
[INFO] [stdout]    4:     0x55eccded1bb9 - std[617be2ca0a6fd877]::panicking::default_hook
[INFO] [stdout]    5:     0x55eccde6b990 - test[aada8e7e76ba119b]::test_main_inner::{closure#0}
[INFO] [stdout]    6:     0x55eccded1d72 - std[617be2ca0a6fd877]::panicking::panic_with_hook
[INFO] [stdout]    7:     0x55eccdeb4a82 - std[617be2ca0a6fd877]::panicking::panic_handler::{closure#0}
[INFO] [stdout]    8:     0x55eccdead619 - std[617be2ca0a6fd877]::sys::backtrace::__rust_end_short_backtrace::<std[617be2ca0a6fd877]::panicking::panic_handler::{closure#0}, !>
[INFO] [stdout]    9:     0x55eccdeb577d - __rustc[ea4f61d10b84890b]::rust_begin_unwind
[INFO] [stdout]   10:     0x55eccdeef26c - core[a373ad73a504971]::panicking::panic_fmt
[INFO] [stdout]   11:     0x55eccdeef042 - core[a373ad73a504971]::result::unwrap_failed
[INFO] [stdout]   12:     0x55eccde56732 - <integration_tests[dbf9754a46759e1e]::test_stow_with_ignore_file::{closure#0} as core[a373ad73a504971]::ops::function::FnOnce<()>>::call_once
[INFO] [stdout]   13:     0x55eccde5eddb - test[aada8e7e76ba119b]::__rust_begin_short_backtrace::<core[a373ad73a504971]::result::Result<(), alloc[2e1b2a31b91974c5]::string::String>, fn() -> core[a373ad73a504971]::result::Result<(), alloc[2e1b2a31b91974c5]::string::String>>
[INFO] [stdout]   14:     0x55eccde6bfb5 - test[aada8e7e76ba119b]::run_test::{closure#0}
[INFO] [stdout]   15:     0x55eccde658a4 - std[617be2ca0a6fd877]::sys::backtrace::__rust_begin_short_backtrace::<test[aada8e7e76ba119b]::run_test::{closure#1}, ()>
[INFO] [stdout]   16:     0x55eccde6f042 - <std[617be2ca0a6fd877]::thread::lifecycle::spawn_unchecked<test[aada8e7e76ba119b]::run_test::{closure#1}, ()>::{closure#1} as core[a373ad73a504971]::ops::function::FnOnce<()>>::call_once::{shim:vtable#0}
[INFO] [stdout]   17:     0x55eccded999f - <std[617be2ca0a6fd877]::sys::thread::unix::Thread>::new::thread_start
[INFO] [stdout]   18:     0x77ab33691dfa - <unknown>
[INFO] [stdout]   19:     0x77ab337253d4 - clone
[INFO] [stdout]   20:                0x0 - <unknown>
[INFO] [stdout] 
[INFO] [stdout] ---- test_xdg_config_home_resolution stdout ----
[INFO] [stdout] 
[INFO] [stdout] thread 'test_xdg_config_home_resolution' (990) panicked at tests/integration_tests.rs:400:10:
[INFO] [stdout] called `Result::unwrap()` on an `Err` value: Os { code: 2, kind: NotFound, message: "No such file or directory" }
[INFO] [stdout] stack backtrace:
[INFO] [stdout]    0:     0x55eccdeda321 - <<std[617be2ca0a6fd877]::sys::backtrace::BacktraceLock>::print::DisplayBacktrace as core[a373ad73a504971]::fmt::Display>::fmt
[INFO] [stdout]    1:     0x55eccdeeeb3a - core[a373ad73a504971]::fmt::write
[INFO] [stdout]    2:     0x55eccdede9dc - <alloc[2e1b2a31b91974c5]::vec::Vec<u8> as core[a373ad73a504971]::io::write::Write>::write_fmt
[INFO] [stdout]    3:     0x55eccdeb49d6 - std[617be2ca0a6fd877]::panicking::default_hook::{closure#0}
[INFO] [stdout]    4:     0x55eccded1bb9 - std[617be2ca0a6fd877]::panicking::default_hook
[INFO] [stdout]    5:     0x55eccde6b990 - test[aada8e7e76ba119b]::test_main_inner::{closure#0}
[INFO] [stdout]    6:     0x55eccded1d72 - std[617be2ca0a6fd877]::panicking::panic_with_hook
[INFO] [stdout]    7:     0x55eccdeb4a82 - std[617be2ca0a6fd877]::panicking::panic_handler::{closure#0}
[INFO] [stdout]    8:     0x55eccdead619 - std[617be2ca0a6fd877]::sys::backtrace::__rust_end_short_backtrace::<std[617be2ca0a6fd877]::panicking::panic_handler::{closure#0}, !>
[INFO] [stdout]    9:     0x55eccdeb577d - __rustc[ea4f61d10b84890b]::rust_begin_unwind
[INFO] [stdout]   10:     0x55eccdeef26c - core[a373ad73a504971]::panicking::panic_fmt
[INFO] [stdout]   11:     0x55eccdeef042 - core[a373ad73a504971]::result::unwrap_failed
[INFO] [stdout]   12:     0x55eccde58f65 - <integration_tests[dbf9754a46759e1e]::test_xdg_config_home_resolution::{closure#0} as core[a373ad73a504971]::ops::function::FnOnce<()>>::call_once
[INFO] [stdout]   13:     0x55eccde5eddb - test[aada8e7e76ba119b]::__rust_begin_short_backtrace::<core[a373ad73a504971]::result::Result<(), alloc[2e1b2a31b91974c5]::string::String>, fn() -> core[a373ad73a504971]::result::Result<(), alloc[2e1b2a31b91974c5]::string::String>>
[INFO] [stdout]   14:     0x55eccde6bfb5 - test[aada8e7e76ba119b]::run_test::{closure#0}
[INFO] [stdout]   15:     0x55eccde658a4 - std[617be2ca0a6fd877]::sys::backtrace::__rust_begin_short_backtrace::<test[aada8e7e76ba119b]::run_test::{closure#1}, ()>
[INFO] [stdout]   16:     0x55eccde6f042 - <std[617be2ca0a6fd877]::thread::lifecycle::spawn_unchecked<test[aada8e7e76ba119b]::run_test::{closure#1}, ()>::{closure#1} as core[a373ad73a504971]::ops::function::FnOnce<()>>::call_once::{shim:vtable#0}
[INFO] [stdout]   17:     0x55eccded999f - <std[617be2ca0a6fd877]::sys::thread::unix::Thread>::new::thread_start
[INFO] [stdout]   18:     0x77ab33691dfa - <unknown>
[INFO] [stdout]   19:     0x77ab337253d4 - clone
[INFO] [stdout]   20:                0x0 - <unknown>
[INFO] [stdout] 
[INFO] [stdout] ---- test_complex_directory_structure stdout ----
[INFO] [stdout] 
[INFO] [stdout] thread 'test_complex_directory_structure' (971) panicked at tests/integration_tests.rs:252:10:
[INFO] [stdout] called `Result::unwrap()` on an `Err` value: Os { code: 2, kind: NotFound, message: "No such file or directory" }
[INFO] [stdout] stack backtrace:
[INFO] [stdout]    0:     0x55eccdeda321 - <<std[617be2ca0a6fd877]::sys::backtrace::BacktraceLock>::print::DisplayBacktrace as core[a373ad73a504971]::fmt::Display>::fmt
[INFO] [stdout]    1:     0x55eccdeeeb3a - core[a373ad73a504971]::fmt::write
[INFO] [stdout]    2:     0x55eccdede9dc - <alloc[2e1b2a31b91974c5]::vec::Vec<u8> as core[a373ad73a504971]::io::write::Write>::write_fmt
[INFO] [stdout]    3:     0x55eccdeb49d6 - std[617be2ca0a6fd877]::panicking::default_hook::{closure#0}
[INFO] [stdout]    4:     0x55eccded1bb9 - std[617be2ca0a6fd877]::panicking::default_hook
[INFO] [stdout]    5:     0x55eccde6b990 - test[aada8e7e76ba119b]::test_main_inner::{closure#0}
[INFO] [stdout]    6:     0x55eccded1d72 - std[617be2ca0a6fd877]::panicking::panic_with_hook
[INFO] [stdout]    7:     0x55eccdeb4a82 - std[617be2ca0a6fd877]::panicking::panic_handler::{closure#0}
[INFO] [stdout]    8:     0x55eccdead619 - std[617be2ca0a6fd877]::sys::backtrace::__rust_end_short_backtrace::<std[617be2ca0a6fd877]::panicking::panic_handler::{closure#0}, !>
[INFO] [stdout]    9:     0x55eccdeb577d - __rustc[ea4f61d10b84890b]::rust_begin_unwind
[INFO] [stdout]   10:     0x55eccdeef26c - core[a373ad73a504971]::panicking::panic_fmt
[INFO] [stdout]   11:     0x55eccdeef042 - core[a373ad73a504971]::result::unwrap_failed
[INFO] [stdout]   12:     0x55eccde598d8 - <integration_tests[dbf9754a46759e1e]::test_complex_directory_structure::{closure#0} as core[a373ad73a504971]::ops::function::FnOnce<()>>::call_once
[INFO] [stdout]   13:     0x55eccde5eddb - test[aada8e7e76ba119b]::__rust_begin_short_backtrace::<core[a373ad73a504971]::result::Result<(), alloc[2e1b2a31b91974c5]::string::String>, fn() -> core[a373ad73a504971]::result::Result<(), alloc[2e1b2a31b91974c5]::string::String>>
[INFO] [stdout]   14:     0x55eccde6bfb5 - test[aada8e7e76ba119b]::run_test::{closure#0}
[INFO] [stdout]   15:     0x55eccde658a4 - std[617be2ca0a6fd877]::sys::backtrace::__rust_begin_short_backtrace::<test[aada8e7e76ba119b]::run_test::{closure#1}, ()>
[INFO] [stdout]   16:     0x55eccde6f042 - <std[617be2ca0a6fd877]::thread::lifecycle::spawn_unchecked<test[aada8e7e76ba119b]::run_test::{closure#1}, ()>::{closure#1} as core[a373ad73a504971]::ops::function::FnOnce<()>>::call_once::{shim:vtable#0}
[INFO] [stdout]   17:     0x55eccded999f - <std[617be2ca0a6fd877]::sys::thread::unix::Thread>::new::thread_start
[INFO] [stdout]   18:     0x77ab33691dfa - <unknown>
[INFO] [stdout]   19:     0x77ab337253d4 - clone
[INFO] [stdout]   20:                0x0 - <unknown>
[INFO] [stdout] 
[INFO] [stdout] 
[INFO] [stdout] failures:
[INFO] [stdout]     test_complex_directory_structure
[INFO] [stdout]     test_directory_symlink_migration
[INFO] [stdout]     test_directory_to_file_symlinks_migration
[INFO] [stdout]     test_migration_preserves_correct_symlinks
[INFO] [stdout]     test_migration_safety_wrong_symlink
[INFO] [stdout]     test_migration_with_conflicting_file
[INFO] [stdout]     test_missing_config_directory
[INFO] [stdout]     test_missing_package
[INFO] [stdout]     test_no_migration_when_not_needed
[INFO] [stdout]     test_remove_nonexistent_package
[INFO] [stdout]     test_stow_already_linked
[INFO] [stdout]     test_stow_and_remove_package
[INFO] [stdout]     test_stow_target_exists_error
[INFO] [stdout]     test_stow_with_ignore_file
[INFO] [stdout]     test_xdg_config_home_resolution
[INFO] [stdout] 
[INFO] [stdout] test result: FAILED. 0 passed; 15 failed; 0 ignored; 0 measured; 0 filtered out; finished in 0.01s
[INFO] [stdout] 
[INFO] running `Command { std: "docker" "inspect" "9391b06515bec1c3b3677416b51359c9c22165ee274875ed23fd131faa9b5ebf", kill_on_drop: false }`
[INFO] running `Command { std: "docker" "rm" "-f" "9391b06515bec1c3b3677416b51359c9c22165ee274875ed23fd131faa9b5ebf", kill_on_drop: false }`
[INFO] [stdout] 9391b06515bec1c3b3677416b51359c9c22165ee274875ed23fd131faa9b5ebf
