[INFO] fetching crate webarchive 0.2.1...
[INFO] testing webarchive-0.2.1 against 1.100.0-beta.1+cargoflags=--release for beta-release-1.100-2
[INFO] extracting crate webarchive 0.2.1 into /workspace/builds/worker-3-tc2/source
[INFO] started tweaking crates.io crate webarchive 0.2.1
[INFO] finished tweaking crates.io crate webarchive 0.2.1
[INFO] tweaked toml for crates.io crate webarchive 0.2.1 written to /workspace/builds/worker-3-tc2/source/Cargo.toml
[INFO] validating manifest of crates.io crate webarchive 0.2.1 on toolchain 1.100.0-beta.1
[INFO] running `Command { std: CARGO_HOME="/workspace/cargo-home" RUSTUP_HOME="/workspace/rustup-home" "/workspace/cargo-home/bin/cargo" "+1.100.0-beta.1" "metadata" "--manifest-path" "Cargo.toml" "--no-deps", kill_on_drop: false }`
[INFO] crate crates.io crate webarchive 0.2.1 already has a lockfile, it will not be regenerated
[INFO] running `Command { std: CARGO_HOME="/workspace/cargo-home" RUSTUP_HOME="/workspace/rustup-home" "/workspace/cargo-home/bin/cargo" "+1.100.0-beta.1" "fetch" "--manifest-path" "Cargo.toml", kill_on_drop: false }`
[INFO] running `Command { std: "docker" "create" "-v" "/var/lib/crater-agent-workspace/builds/worker-3-tc2/source:/opt/rustwide/workdir:ro,Z" "-v" "/var/lib/crater-agent-workspace/builds/worker-3-tc2/target:/opt/rustwide/target:rw,Z" "-v" "/var/lib/crater-agent-workspace/cargo-home:/opt/rustwide/cargo-home:ro,Z" "-v" "/var/lib/crater-agent-workspace/rustup-home:/opt/rustwide/rustup-home:ro,Z" "-m" "1610612736" "--network" "none" "ghcr.io/rust-lang/crates-build-env/linux@sha256:77db811e55d90add9212f6832c23229e3de5f1c1f9905e8cb07319ea15df73ac" "sleep" "infinity", kill_on_drop: false }`
[INFO] [stdout] 08c99497cfa36a7191a904e32907db08cd955c4770c5a1da71b807df98691297
[INFO] running `Command { std: "docker" "start" "08c99497cfa36a7191a904e32907db08cd955c4770c5a1da71b807df98691297", kill_on_drop: false }`
[INFO] running `Command { std: "docker" "inspect" "08c99497cfa36a7191a904e32907db08cd955c4770c5a1da71b807df98691297", kill_on_drop: false }`
[INFO] running `Command { std: "docker" "exec" "-e" "SOURCE_DIR=/opt/rustwide/workdir" "-e" "CARGO_HOME=/opt/rustwide/cargo-home" "-e" "RUSTUP_HOME=/opt/rustwide/rustup-home" "-e" "CARGO_TARGET_DIR=/opt/rustwide/target" "-w" "/opt/rustwide/workdir" "--user" "0:0" "08c99497cfa36a7191a904e32907db08cd955c4770c5a1da71b807df98691297" "/opt/rustwide/cargo-home/bin/cargo" "+1.100.0-beta.1" "metadata" "--no-deps" "--format-version=1", kill_on_drop: false }`
[INFO] running `Command { std: "docker" "inspect" "08c99497cfa36a7191a904e32907db08cd955c4770c5a1da71b807df98691297", kill_on_drop: false }`
[INFO] running `Command { std: "docker" "exec" "-e" "SOURCE_DIR=/opt/rustwide/workdir" "-e" "CARGO_HOME=/opt/rustwide/cargo-home" "-e" "RUSTUP_HOME=/opt/rustwide/rustup-home" "-e" "CARGO_TARGET_DIR=/opt/rustwide/target" "-e" "CARGO_INCREMENTAL=0" "-e" "RUST_BACKTRACE=full" "-e" "RUSTFLAGS=--cap-lints=warn" "-e" "RUSTDOCFLAGS=--cap-lints=warn" "-w" "/opt/rustwide/workdir" "--user" "0:0" "08c99497cfa36a7191a904e32907db08cd955c4770c5a1da71b807df98691297" "/opt/rustwide/cargo-home/bin/cargo" "+1.100.0-beta.1" "build" "--frozen" "--message-format=json" "--release", kill_on_drop: false }`
[INFO] [stderr]    Compiling proc-macro2 v1.0.36
[INFO] [stderr]    Compiling unicode-xid v0.2.2
[INFO] [stderr]    Compiling syn v1.0.86
[INFO] [stderr]    Compiling serde_derive v1.0.136
[INFO] [stderr]    Compiling serde v1.0.136
[INFO] [stderr]    Compiling libc v0.2.119
[INFO] [stderr]    Compiling unicase v2.6.0
[INFO] [stderr]    Compiling proc-macro-error-attr v1.0.4
[INFO] [stderr]    Compiling proc-macro-error v1.0.4
[INFO] [stderr]    Compiling itoa v1.0.1
[INFO] [stderr]    Compiling autocfg v1.1.0
[INFO] [stderr]    Compiling matches v0.1.9
[INFO] [stderr]    Compiling tinyvec_macros v0.1.0
[INFO] [stderr]    Compiling tinyvec v1.5.1
[INFO] [stderr]    Compiling percent-encoding v2.1.0
[INFO] [stderr]    Compiling unicode-width v0.1.9
[INFO] [stderr]    Compiling unicode-segmentation v1.9.0
[INFO] [stderr]    Compiling serde_json v1.0.79
[INFO] [stderr]    Compiling quote v1.0.15
[INFO] [stderr]    Compiling indexmap v1.8.0
[INFO] [stderr]    Compiling mime_guess v2.0.4
[INFO] [stderr]    Compiling form_urlencoded v1.0.1
[INFO] [stderr]    Compiling textwrap v0.11.0
[INFO] [stderr]    Compiling heck v0.3.3
[INFO] [stderr]    Compiling atty v0.2.14
[INFO] [stderr]    Compiling ryu v1.0.9
[INFO] [stderr]    Compiling hashbrown v0.11.2
[INFO] [stderr]    Compiling num_threads v0.1.3
[INFO] [stderr]    Compiling safemem v0.3.3
[INFO] [stderr]    Compiling bitflags v1.3.2
[INFO] [stderr]    Compiling unicode-bidi v0.3.7
[INFO] [stderr]    Compiling ansi_term v0.12.1
[INFO] [stderr]    Compiling unicode-normalization v0.1.19
[INFO] [stderr]    Compiling anyhow v1.0.55
[INFO] [stderr]    Compiling strsim v0.8.0
[INFO] [stderr]    Compiling base64 v0.13.0
[INFO] [stderr]    Compiling vec_map v0.8.2
[INFO] [stderr]    Compiling clap v2.34.0
[INFO] [stderr]    Compiling time v0.3.7
[INFO] [stderr]    Compiling idna v0.2.3
[INFO] [stderr]    Compiling line-wrap v0.1.1
[INFO] [stderr]    Compiling mime v0.3.16
[INFO] [stderr]    Compiling bytes v1.1.0
[INFO] [stderr]    Compiling lazy_static v1.4.0
[INFO] [stderr]    Compiling xml-rs v0.8.4
[INFO] [stderr]    Compiling url v2.2.2
[INFO] [stderr]    Compiling toml v0.5.8
[INFO] [stderr]    Compiling thiserror-impl v1.0.30
[INFO] [stderr]    Compiling structopt-derive v0.4.18
[INFO] [stderr]    Compiling thiserror v1.0.30
[INFO] [stderr]    Compiling proc-macro-crate v1.1.3
[INFO] [stderr]    Compiling structopt v0.3.26
[INFO] [stderr]    Compiling ruma-serde-macros v0.6.0
[INFO] [stderr]    Compiling js_int v0.2.1
[INFO] [stderr]    Compiling serde_bytes v0.11.5
[INFO] [stderr]    Compiling plist v1.3.1
[INFO] [stderr]    Compiling ruma-serde v0.6.0
[INFO] [stderr]    Compiling webarchive v0.2.1 (/opt/rustwide/workdir)
[INFO] [stderr] warning: unused dependency `url`
[INFO] [stderr]   --> Cargo.toml:22:15
[INFO] [stderr]    |
[INFO] [stderr] 22 | [dependencies.url]
[INFO] [stderr]    |               ^^^^
[INFO] [stderr]    |
[INFO] [stderr]    = note: `cargo::unused_dependencies` is set to `warn` by default
[INFO] [stderr] help: consider removing the dependency on `url`
[INFO] [stderr] warning: `webarchive` (manifest) generated 1 warning
[INFO] [stderr]     Finished `release` profile [optimized] target(s) in 1m 02s
[INFO] running `Command { std: "docker" "inspect" "08c99497cfa36a7191a904e32907db08cd955c4770c5a1da71b807df98691297", kill_on_drop: false }`
[INFO] running `Command { std: "docker" "exec" "-e" "SOURCE_DIR=/opt/rustwide/workdir" "-e" "CARGO_HOME=/opt/rustwide/cargo-home" "-e" "RUSTUP_HOME=/opt/rustwide/rustup-home" "-e" "CARGO_TARGET_DIR=/opt/rustwide/target" "-e" "CARGO_INCREMENTAL=0" "-e" "RUST_BACKTRACE=full" "-e" "RUSTFLAGS=--cap-lints=warn" "-e" "RUSTDOCFLAGS=--cap-lints=warn" "-w" "/opt/rustwide/workdir" "--user" "0:0" "08c99497cfa36a7191a904e32907db08cd955c4770c5a1da71b807df98691297" "/opt/rustwide/cargo-home/bin/cargo" "+1.100.0-beta.1" "test" "--frozen" "--no-run" "--message-format=json" "--release", kill_on_drop: false }`
[INFO] [stderr]    Compiling memchr v2.4.1
[INFO] [stderr]    Compiling log v0.4.14
[INFO] [stderr]    Compiling regex-automata v0.1.10
[INFO] [stderr]    Compiling regex-syntax v0.6.25
[INFO] [stderr]    Compiling crossbeam-utils v0.8.7
[INFO] [stderr]    Compiling once_cell v1.9.0
[INFO] [stderr]    Compiling either v1.6.1
[INFO] [stderr]    Compiling predicates-core v1.0.3
[INFO] [stderr]    Compiling doc-comment v0.3.3
[INFO] [stderr]    Compiling same-file v1.0.6
[INFO] [stderr]    Compiling thread_local v1.1.4
[INFO] [stderr]    Compiling walkdir v2.3.2
[INFO] [stderr]    Compiling itertools v0.10.3
[INFO] [stderr]    Compiling termtree v0.2.4
[INFO] [stderr]    Compiling difflib v0.4.0
[INFO] [stderr]    Compiling predicates-tree v1.0.5
[INFO] [stderr]    Compiling bstr v0.2.17
[INFO] [stderr]    Compiling aho-corasick v0.7.18
[INFO] [stderr]    Compiling fastrand v1.7.0
[INFO] [stderr]    Compiling remove_dir_all v0.5.3
[INFO] [stderr]    Compiling wait-timeout v0.2.0
[INFO] [stderr]    Compiling tempfile v3.3.0
[INFO] [stderr]    Compiling predicates v2.1.1
[INFO] [stderr]    Compiling regex v1.5.4
[INFO] [stderr]    Compiling assert_cmd v2.0.4
[INFO] [stderr]    Compiling globset v0.4.8
[INFO] [stderr]    Compiling ignore v0.4.18
[INFO] [stderr]    Compiling globwalk v0.8.1
[INFO] [stderr]    Compiling assert_fs v1.0.7
[INFO] [stderr]    Compiling webarchive v0.2.1 (/opt/rustwide/workdir)
[INFO] [stderr] warning: unused dependency `url`
[INFO] [stderr]   --> Cargo.toml:22:15
[INFO] [stderr]    |
[INFO] [stderr] 22 | [dependencies.url]
[INFO] [stderr]    |               ^^^^
[INFO] [stderr]    |
[INFO] [stderr]    = note: `cargo::unused_dependencies` is set to `warn` by default
[INFO] [stderr] help: consider removing the dependency on `url`
[INFO] [stderr] warning: `webarchive` (manifest) generated 1 warning
[INFO] [stderr]     Finished `release` profile [optimized] target(s) in 46.92s
[INFO] running `Command { std: "docker" "inspect" "08c99497cfa36a7191a904e32907db08cd955c4770c5a1da71b807df98691297", kill_on_drop: false }`
[INFO] running `Command { std: "docker" "exec" "-e" "SOURCE_DIR=/opt/rustwide/workdir" "-e" "CARGO_HOME=/opt/rustwide/cargo-home" "-e" "RUSTUP_HOME=/opt/rustwide/rustup-home" "-e" "CARGO_TARGET_DIR=/opt/rustwide/target" "-e" "CARGO_INCREMENTAL=0" "-e" "RUST_BACKTRACE=full" "-e" "RUSTFLAGS=--cap-lints=warn" "-e" "RUSTDOCFLAGS=--cap-lints=warn" "-w" "/opt/rustwide/workdir" "--user" "0:0" "08c99497cfa36a7191a904e32907db08cd955c4770c5a1da71b807df98691297" "/opt/rustwide/cargo-home/bin/cargo" "+1.100.0-beta.1" "test" "--frozen" "--release", kill_on_drop: false }`
[INFO] [stderr] warning: unused dependency `url`
[INFO] [stderr]   --> Cargo.toml:22:15
[INFO] [stderr]    |
[INFO] [stderr] 22 | [dependencies.url]
[INFO] [stderr]    |               ^^^^
[INFO] [stderr]    |
[INFO] [stderr]    = note: `cargo::unused_dependencies` is set to `warn` by default
[INFO] [stderr] help: consider removing the dependency on `url`
[INFO] [stderr] warning: `webarchive` (manifest) generated 1 warning
[INFO] [stderr]     Finished `release` profile [optimized] target(s) in 0.15s
[INFO] [stderr]      Running unittests src/lib.rs (/opt/rustwide/target/release/build/webarchive/a1b22f36ce59fbb4/out/webarchive-a1b22f36ce59fbb4)
[INFO] [stdout] 
[INFO] [stdout] running 1 test
[INFO] [stdout] test tests::parse_crouton ... ok
[INFO] [stdout] 
[INFO] [stdout] test result: ok. 1 passed; 0 failed; 0 ignored; 0 measured; 0 filtered out; finished in 0.00s
[INFO] [stdout] 
[INFO] [stderr]      Running unittests src/main.rs (/opt/rustwide/target/release/build/webarchive/a8398f4580b9c71d/out/webarchive-a8398f4580b9c71d)
[INFO] [stdout] 
[INFO] [stdout] running 2 tests
[INFO] [stdout] test tests::list_crouton ... FAILED
[INFO] [stdout] test tests::extract_crouton ... FAILED
[INFO] [stdout] 
[INFO] [stdout] failures:
[INFO] [stdout] 
[INFO] [stdout] ---- tests::list_crouton stdout ----
[INFO] [stdout] 
[INFO] [stdout] thread 'tests::list_crouton' (1768) panicked at src/main.rs:132:69:
[INFO] [stdout] called `Result::unwrap()` on an `Err` value: CargoError { cause: Some(NotFoundError { path: "/opt/rustwide/target/release/build/webarchive/a8398f4580b9c71d/out/webarchive" }) }
[INFO] [stdout] stack backtrace:
[INFO] [stdout]    0:     0x6197e8c28311 - <<std[617be2ca0a6fd877]::sys::backtrace::BacktraceLock>::print::DisplayBacktrace as core[a373ad73a504971]::fmt::Display>::fmt
[INFO] [stdout]    1:     0x6197e8c3defa - core[a373ad73a504971]::fmt::write
[INFO] [stdout]    2:     0x6197e8c2db9c - <alloc[2e1b2a31b91974c5]::vec::Vec<u8> as core[a373ad73a504971]::io::write::Write>::write_fmt
[INFO] [stdout]    3:     0x6197e8c02c86 - std[617be2ca0a6fd877]::panicking::default_hook::{closure#0}
[INFO] [stdout]    4:     0x6197e8c20209 - std[617be2ca0a6fd877]::panicking::default_hook
[INFO] [stdout]    5:     0x6197e8ba3b50 - test[aada8e7e76ba119b]::test_main_inner::{closure#0}
[INFO] [stdout]    6:     0x6197e8c203c2 - std[617be2ca0a6fd877]::panicking::panic_with_hook
[INFO] [stdout]    7:     0x6197e8c02d32 - std[617be2ca0a6fd877]::panicking::panic_handler::{closure#0}
[INFO] [stdout]    8:     0x6197e8bfb929 - std[617be2ca0a6fd877]::sys::backtrace::__rust_end_short_backtrace::<std[617be2ca0a6fd877]::panicking::panic_handler::{closure#0}, !>
[INFO] [stdout]    9:     0x6197e8c0393d - __rustc[ea4f61d10b84890b]::rust_begin_unwind
[INFO] [stdout]   10:     0x6197e8c3e62c - core[a373ad73a504971]::panicking::panic_fmt
[INFO] [stdout]   11:     0x6197e8c3e402 - core[a373ad73a504971]::result::unwrap_failed
[INFO] [stdout]   12:     0x6197e8b96843 - <webarchive[adab970ff10ef5e2]::tests::list_crouton::{closure#0} as core[a373ad73a504971]::ops::function::FnOnce<()>>::call_once
[INFO] [stdout]   13:     0x6197e8b96f9b - test[aada8e7e76ba119b]::__rust_begin_short_backtrace::<core[a373ad73a504971]::result::Result<(), alloc[2e1b2a31b91974c5]::string::String>, fn() -> core[a373ad73a504971]::result::Result<(), alloc[2e1b2a31b91974c5]::string::String>>
[INFO] [stdout]   14:     0x6197e8ba4175 - test[aada8e7e76ba119b]::run_test::{closure#0}
[INFO] [stdout]   15:     0x6197e8b9da64 - std[617be2ca0a6fd877]::sys::backtrace::__rust_begin_short_backtrace::<test[aada8e7e76ba119b]::run_test::{closure#1}, ()>
[INFO] [stdout]   16:     0x6197e8ba7202 - <std[617be2ca0a6fd877]::thread::lifecycle::spawn_unchecked<test[aada8e7e76ba119b]::run_test::{closure#1}, ()>::{closure#1} as core[a373ad73a504971]::ops::function::FnOnce<()>>::call_once::{shim:vtable#0}
[INFO] [stdout]   17:     0x6197e8c27aef - <std[617be2ca0a6fd877]::sys::thread::unix::Thread>::new::thread_start
[INFO] [stdout]   18:     0x73040ca17dfa - <unknown>
[INFO] [stdout]   19:     0x73040caab3d4 - clone
[INFO] [stdout]   20:                0x0 - <unknown>
[INFO] [stdout] 
[INFO] [stdout] ---- tests::extract_crouton stdout ----
[INFO] [stdout] 
[INFO] [stdout] thread 'tests::extract_crouton' (1767) panicked at src/main.rs:151:69:
[INFO] [stdout] called `Result::unwrap()` on an `Err` value: CargoError { cause: Some(NotFoundError { path: "/opt/rustwide/target/release/build/webarchive/a8398f4580b9c71d/out/webarchive" }) }
[INFO] [stdout] stack backtrace:
[INFO] [stdout]    0:     0x6197e8c28311 - <<std[617be2ca0a6fd877]::sys::backtrace::BacktraceLock>::print::DisplayBacktrace as core[a373ad73a504971]::fmt::Display>::fmt
[INFO] [stdout]    1:     0x6197e8c3defa - core[a373ad73a504971]::fmt::write
[INFO] [stdout]    2:     0x6197e8c2db9c - <alloc[2e1b2a31b91974c5]::vec::Vec<u8> as core[a373ad73a504971]::io::write::Write>::write_fmt
[INFO] [stdout]    3:     0x6197e8c02c86 - std[617be2ca0a6fd877]::panicking::default_hook::{closure#0}
[INFO] [stdout]    4:     0x6197e8c20209 - std[617be2ca0a6fd877]::panicking::default_hook
[INFO] [stdout]    5:     0x6197e8ba3b50 - test[aada8e7e76ba119b]::test_main_inner::{closure#0}
[INFO] [stdout]    6:     0x6197e8c203c2 - std[617be2ca0a6fd877]::panicking::panic_with_hook
[INFO] [stdout]    7:     0x6197e8c02d32 - std[617be2ca0a6fd877]::panicking::panic_handler::{closure#0}
[INFO] [stdout]    8:     0x6197e8bfb929 - std[617be2ca0a6fd877]::sys::backtrace::__rust_end_short_backtrace::<std[617be2ca0a6fd877]::panicking::panic_handler::{closure#0}, !>
[INFO] [stdout]    9:     0x6197e8c0393d - __rustc[ea4f61d10b84890b]::rust_begin_unwind
[INFO] [stdout]   10:     0x6197e8c3e62c - core[a373ad73a504971]::panicking::panic_fmt
[INFO] [stdout]   11:     0x6197e8c3e402 - core[a373ad73a504971]::result::unwrap_failed
[INFO] [stdout]   12:     0x6197e8b96de3 - <webarchive[adab970ff10ef5e2]::tests::extract_crouton::{closure#0} as core[a373ad73a504971]::ops::function::FnOnce<()>>::call_once
[INFO] [stdout]   13:     0x6197e8b96f9b - test[aada8e7e76ba119b]::__rust_begin_short_backtrace::<core[a373ad73a504971]::result::Result<(), alloc[2e1b2a31b91974c5]::string::String>, fn() -> core[a373ad73a504971]::result::Result<(), alloc[2e1b2a31b91974c5]::string::String>>
[INFO] [stdout]   14:     0x6197e8ba4175 - test[aada8e7e76ba119b]::run_test::{closure#0}
[INFO] [stdout]   15:     0x6197e8b9da64 - std[617be2ca0a6fd877]::sys::backtrace::__rust_begin_short_backtrace::<test[aada8e7e76ba119b]::run_test::{closure#1}, ()>
[INFO] [stdout]   16:     0x6197e8ba7202 - <std[617be2ca0a6fd877]::thread::lifecycle::spawn_unchecked<test[aada8e7e76ba119b]::run_test::{closure#1}, ()>::{closure#1} as core[a373ad73a504971]::ops::function::FnOnce<()>>::call_once::{shim:vtable#0}
[INFO] [stdout]   17:     0x6197e8c27aef - <std[617be2ca0a6fd877]::sys::thread::unix::Thread>::new::thread_start
[INFO] [stdout]   18:     0x73040ca17dfa - <unknown>
[INFO] [stdout]   19:     0x73040caab3d4 - clone
[INFO] [stdout]   20:                0x0 - <unknown>
[INFO] [stdout] 
[INFO] [stdout] 
[INFO] [stdout] failures:
[INFO] [stdout]     tests::extract_crouton
[INFO] [stdout]     tests::list_crouton
[INFO] [stdout] 
[INFO] [stdout] test result: FAILED. 0 passed; 2 failed; 0 ignored; 0 measured; 0 filtered out; finished in 0.00s
[INFO] [stdout] 
[INFO] [stderr] error: test failed, to rerun pass `--bin webarchive`
[INFO] running `Command { std: "docker" "inspect" "08c99497cfa36a7191a904e32907db08cd955c4770c5a1da71b807df98691297", kill_on_drop: false }`
[INFO] running `Command { std: "docker" "rm" "-f" "08c99497cfa36a7191a904e32907db08cd955c4770c5a1da71b807df98691297", kill_on_drop: false }`
[INFO] [stdout] 08c99497cfa36a7191a904e32907db08cd955c4770c5a1da71b807df98691297
