[INFO] fetching crate vitrail-d1-macros 0.0.15...
[INFO] testing vitrail-d1-macros-0.0.15 against 1.100.0-beta.1+cargoflags=--release for beta-release-1.100-2
[INFO] extracting crate vitrail-d1-macros 0.0.15 into /workspace/builds/worker-3-tc2/source
[INFO] started tweaking crates.io crate vitrail-d1-macros 0.0.15
[INFO] removed 0 missing tests
[INFO] finished tweaking crates.io crate vitrail-d1-macros 0.0.15
[INFO] tweaked toml for crates.io crate vitrail-d1-macros 0.0.15 written to /workspace/builds/worker-3-tc2/source/Cargo.toml
[INFO] validating manifest of crates.io crate vitrail-d1-macros 0.0.15 on toolchain 1.100.0-beta.1
[INFO] running `Command { std: CARGO_HOME="/workspace/cargo-home" RUSTUP_HOME="/workspace/rustup-home" "/workspace/cargo-home/bin/cargo" "+1.100.0-beta.1" "metadata" "--manifest-path" "Cargo.toml" "--no-deps", kill_on_drop: false }`
[INFO] crate crates.io crate vitrail-d1-macros 0.0.15 already has a lockfile, it will not be regenerated
[INFO] running `Command { std: CARGO_HOME="/workspace/cargo-home" RUSTUP_HOME="/workspace/rustup-home" "/workspace/cargo-home/bin/cargo" "+1.100.0-beta.1" "fetch" "--manifest-path" "Cargo.toml", kill_on_drop: false }`
[INFO] running `Command { std: "docker" "create" "-v" "/var/lib/crater-agent-workspace/builds/worker-3-tc2/source:/opt/rustwide/workdir:ro,Z" "-v" "/var/lib/crater-agent-workspace/builds/worker-3-tc2/target:/opt/rustwide/target:rw,Z" "-v" "/var/lib/crater-agent-workspace/cargo-home:/opt/rustwide/cargo-home:ro,Z" "-v" "/var/lib/crater-agent-workspace/rustup-home:/opt/rustwide/rustup-home:ro,Z" "-m" "1610612736" "--network" "none" "ghcr.io/rust-lang/crates-build-env/linux@sha256:77db811e55d90add9212f6832c23229e3de5f1c1f9905e8cb07319ea15df73ac" "sleep" "infinity", kill_on_drop: false }`
[INFO] [stdout] ca1d850ec8ea529587613a2ab5e25c06a849d80ed02c59d24b9dd1989fb8c2f5
[INFO] running `Command { std: "docker" "start" "ca1d850ec8ea529587613a2ab5e25c06a849d80ed02c59d24b9dd1989fb8c2f5", kill_on_drop: false }`
[INFO] running `Command { std: "docker" "inspect" "ca1d850ec8ea529587613a2ab5e25c06a849d80ed02c59d24b9dd1989fb8c2f5", kill_on_drop: false }`
[INFO] running `Command { std: "docker" "exec" "-e" "SOURCE_DIR=/opt/rustwide/workdir" "-e" "CARGO_HOME=/opt/rustwide/cargo-home" "-e" "RUSTUP_HOME=/opt/rustwide/rustup-home" "-e" "CARGO_TARGET_DIR=/opt/rustwide/target" "-w" "/opt/rustwide/workdir" "--user" "0:0" "ca1d850ec8ea529587613a2ab5e25c06a849d80ed02c59d24b9dd1989fb8c2f5" "/opt/rustwide/cargo-home/bin/cargo" "+1.100.0-beta.1" "metadata" "--no-deps" "--format-version=1", kill_on_drop: false }`
[INFO] running `Command { std: "docker" "inspect" "ca1d850ec8ea529587613a2ab5e25c06a849d80ed02c59d24b9dd1989fb8c2f5", kill_on_drop: false }`
[INFO] running `Command { std: "docker" "exec" "-e" "SOURCE_DIR=/opt/rustwide/workdir" "-e" "CARGO_HOME=/opt/rustwide/cargo-home" "-e" "RUSTUP_HOME=/opt/rustwide/rustup-home" "-e" "CARGO_TARGET_DIR=/opt/rustwide/target" "-e" "CARGO_INCREMENTAL=0" "-e" "RUST_BACKTRACE=full" "-e" "RUSTFLAGS=--cap-lints=warn" "-e" "RUSTDOCFLAGS=--cap-lints=warn" "-w" "/opt/rustwide/workdir" "--user" "0:0" "ca1d850ec8ea529587613a2ab5e25c06a849d80ed02c59d24b9dd1989fb8c2f5" "/opt/rustwide/cargo-home/bin/cargo" "+1.100.0-beta.1" "build" "--frozen" "--message-format=json" "--release", kill_on_drop: false }`
[INFO] [stderr]    Compiling num-traits v0.2.19
[INFO] [stderr]    Compiling syn v2.0.117
[INFO] [stderr]    Compiling chrono v0.4.44
[INFO] [stderr]    Compiling vitrail-core v0.0.15
[INFO] [stderr]    Compiling vitrail-macros-core v0.0.15
[INFO] [stderr]    Compiling vitrail-sqlite-dialect v0.0.15
[INFO] [stderr]    Compiling vitrail-d1-macros v0.0.15 (/opt/rustwide/workdir)
[INFO] [stderr]     Finished `release` profile [optimized] target(s) in 24.39s
[INFO] running `Command { std: "docker" "inspect" "ca1d850ec8ea529587613a2ab5e25c06a849d80ed02c59d24b9dd1989fb8c2f5", kill_on_drop: false }`
[INFO] running `Command { std: "docker" "exec" "-e" "SOURCE_DIR=/opt/rustwide/workdir" "-e" "CARGO_HOME=/opt/rustwide/cargo-home" "-e" "RUSTUP_HOME=/opt/rustwide/rustup-home" "-e" "CARGO_TARGET_DIR=/opt/rustwide/target" "-e" "CARGO_INCREMENTAL=0" "-e" "RUST_BACKTRACE=full" "-e" "RUSTFLAGS=--cap-lints=warn" "-e" "RUSTDOCFLAGS=--cap-lints=warn" "-w" "/opt/rustwide/workdir" "--user" "0:0" "ca1d850ec8ea529587613a2ab5e25c06a849d80ed02c59d24b9dd1989fb8c2f5" "/opt/rustwide/cargo-home/bin/cargo" "+1.100.0-beta.1" "test" "--frozen" "--no-run" "--message-format=json" "--release", kill_on_drop: false }`
[INFO] [stderr]    Compiling wasm-bindgen-shared v0.2.126
[INFO] [stderr]    Compiling bumpalo v3.20.2
[INFO] [stderr]    Compiling memchr v2.8.0
[INFO] [stderr]    Compiling wasm-bindgen v0.2.126
[INFO] [stderr]    Compiling serde_core v1.0.228
[INFO] [stderr]    Compiling zerofrom v0.1.6
[INFO] [stderr]    Compiling futures-core v0.3.32
[INFO] [stderr]    Compiling futures-task v0.3.32
[INFO] [stderr]    Compiling yoke v0.8.1
[INFO] [stderr]    Compiling futures-io v0.3.32
[INFO] [stderr]    Compiling once_cell v1.21.4
[INFO] [stderr]    Compiling futures-sink v0.3.32
[INFO] [stderr]    Compiling futures-util v0.3.32
[INFO] [stderr]    Compiling zerovec v0.11.5
[INFO] [stderr]    Compiling wasm-bindgen-macro-support v0.2.126
[INFO] [stderr]    Compiling zerotrie v0.2.3
[INFO] [stderr]    Compiling pin-project-internal v1.1.13
[INFO] [stderr]    Compiling syn v3.0.0
[INFO] [stderr]    Compiling tinystr v0.8.2
[INFO] [stderr]    Compiling icu_locale_core v2.1.1
[INFO] [stderr]    Compiling potential_utf v0.1.4
[INFO] [stderr]    Compiling icu_collections v2.1.1
[INFO] [stderr]    Compiling target-triple v1.0.0
[INFO] [stderr]    Compiling strum v0.27.2
[INFO] [stderr]    Compiling smallvec v1.15.1
[INFO] [stderr]    Compiling chrono v0.4.44
[INFO] [stderr]    Compiling icu_normalizer v2.1.1
[INFO] [stderr]    Compiling icu_provider v2.1.1
[INFO] [stderr]    Compiling icu_properties v2.1.2
[INFO] [stderr]    Compiling serde_json v1.0.149
[INFO] [stderr]    Compiling serde v1.0.228
[INFO] [stderr]    Compiling form_urlencoded v1.2.2
[INFO] [stderr]    Compiling bytes v1.11.1
[INFO] [stderr]    Compiling idna_adapter v1.2.1
[INFO] [stderr]    Compiling http v1.4.2
[INFO] [stderr]    Compiling vitrail-sqlite-dialect v0.0.15
[INFO] [stderr]    Compiling idna v1.1.0
[INFO] [stderr]    Compiling ryu v1.0.23
[INFO] [stderr]    Compiling wasm-bindgen-macro v0.2.126
[INFO] [stderr]    Compiling winnow v1.0.0
[INFO] [stderr]    Compiling toml_parser v1.0.10+spec-1.1.0
[INFO] [stderr]    Compiling http-body v1.1.0
[INFO] [stderr]    Compiling vitrail-core v0.0.15
[INFO] [stderr]    Compiling async-trait v0.1.91
[INFO] [stderr]    Compiling url v2.5.8
[INFO] [stderr]    Compiling serde_urlencoded v0.7.1
[INFO] [stderr]    Compiling js-sys v0.3.103
[INFO] [stderr]    Compiling toml_datetime v1.0.1+spec-1.1.0
[INFO] [stderr]    Compiling serde_spanned v1.0.4
[INFO] [stderr]    Compiling vitrail-macros-core v0.0.15
[INFO] [stderr]    Compiling pin-project v1.1.13
[INFO] [stderr]    Compiling futures-channel v0.3.32
[INFO] [stderr]    Compiling tokio v1.50.0
[INFO] [stderr]    Compiling toml_writer v1.0.7+spec-1.1.0
[INFO] [stderr]    Compiling matchit v0.7.3
[INFO] [stderr]    Compiling toml v1.0.7+spec-1.1.0
[INFO] [stderr]    Compiling termcolor v1.4.1
[INFO] [stderr]    Compiling trybuild v1.0.116
[INFO] [stderr]    Compiling syn v2.0.117
[INFO] [stderr]    Compiling vitrail-d1-macros v0.0.15 (/opt/rustwide/workdir)
[INFO] [stderr]    Compiling web-sys v0.3.103
[INFO] [stderr]    Compiling wasm-bindgen-futures v0.4.76
[INFO] [stderr]    Compiling serde-wasm-bindgen v0.6.5
[INFO] [stderr]    Compiling worker-sys v0.8.5
[INFO] [stderr]    Compiling wasm-streams v0.6.0
[INFO] [stderr]    Compiling worker-macros v0.8.5
[INFO] [stderr]    Compiling worker v0.8.5
[INFO] [stderr]    Compiling vitrail-d1-core v0.0.15
[INFO] [stderr]     Finished `release` profile [optimized] target(s) in 3m 10s
[INFO] running `Command { std: "docker" "inspect" "ca1d850ec8ea529587613a2ab5e25c06a849d80ed02c59d24b9dd1989fb8c2f5", kill_on_drop: false }`
[INFO] running `Command { std: "docker" "exec" "-e" "SOURCE_DIR=/opt/rustwide/workdir" "-e" "CARGO_HOME=/opt/rustwide/cargo-home" "-e" "RUSTUP_HOME=/opt/rustwide/rustup-home" "-e" "CARGO_TARGET_DIR=/opt/rustwide/target" "-e" "CARGO_INCREMENTAL=0" "-e" "RUST_BACKTRACE=full" "-e" "RUSTFLAGS=--cap-lints=warn" "-e" "RUSTDOCFLAGS=--cap-lints=warn" "-w" "/opt/rustwide/workdir" "--user" "0:0" "ca1d850ec8ea529587613a2ab5e25c06a849d80ed02c59d24b9dd1989fb8c2f5" "/opt/rustwide/cargo-home/bin/cargo" "+1.100.0-beta.1" "test" "--frozen" "--release", kill_on_drop: false }`
[INFO] [stderr]     Finished `release` profile [optimized] target(s) in 0.31s
[INFO] [stderr]      Running unittests src/lib.rs (/opt/rustwide/target/release/build/vitrail-d1-macros/f61ae7b135da6266/out/vitrail_d1_macros-f61ae7b135da6266)
[INFO] [stdout] 
[INFO] [stdout] running 3 tests
[INFO] [stdout] test tests::d1_query_adapter_uses_d1_row_and_error_paths ... ok
[INFO] [stdout] test tests::d1_insert_adapter_uses_d1_row_and_error_paths ... ok
[INFO] [stdout] test tests::d1_schema_adapter_emits_every_operation_family_and_platform_limits ... ok
[INFO] [stdout] 
[INFO] [stdout] test result: ok. 3 passed; 0 failed; 0 ignored; 0 measured; 0 filtered out; finished in 0.04s
[INFO] [stdout] 
[INFO] [stderr]      Running tests/ui.rs (/opt/rustwide/target/release/build/vitrail-d1-macros/cdbd060b952c5fdb/out/ui-cdbd060b952c5fdb)
[INFO] [stdout] 
[INFO] [stdout] running 1 test
[INFO] [stderr]    Compiling proc-macro2 v1.0.106
[INFO] [stderr]    Compiling quote v1.0.45
[INFO] [stderr]    Compiling unicode-ident v1.0.24
[INFO] [stderr]    Compiling wasm-bindgen-shared v0.2.126
[INFO] [stderr]    Compiling rustversion v1.0.22
[INFO] [stderr]    Compiling autocfg v1.5.0
[INFO] [stderr]    Compiling bumpalo v3.20.2
[INFO] [stderr]    Compiling stable_deref_trait v1.2.1
[INFO] [stderr]    Compiling zmij v1.0.21
[INFO] [stderr]    Compiling memchr v2.8.0
[INFO] [stderr]    Compiling heck v0.5.0
[INFO] [stderr]    Compiling futures-core v0.3.32
[INFO] [stderr]    Compiling pin-project-lite v0.2.17
[INFO] [stderr]    Compiling futures-io v0.3.32
[INFO] [stderr]    Compiling futures-task v0.3.32
[INFO] [stderr]    Compiling num-traits v0.2.19
[INFO] [stderr]    Compiling cfg-if v1.0.4
[INFO] [stderr]    Compiling serde_core v1.0.228
[INFO] [stderr]    Compiling litemap v0.8.1
[INFO] [stderr]    Compiling once_cell v1.21.4
[INFO] [stderr]    Compiling serde_json v1.0.149
[INFO] [stderr]    Compiling writeable v0.6.2
[INFO] [stderr]    Compiling slab v0.4.12
[INFO] [stderr]    Compiling futures-sink v0.3.32
[INFO] [stderr]    Compiling icu_normalizer_data v2.1.1
[INFO] [stderr]    Compiling icu_properties_data v2.1.2
[INFO] [stderr]    Compiling itoa v1.0.17
[INFO] [stderr]    Compiling syn v2.0.117
[INFO] [stderr]    Compiling futures-util v0.3.32
[INFO] [stderr]    Compiling wasm-bindgen v0.2.126
[INFO] [stderr]    Compiling iana-time-zone v0.1.65
[INFO] [stderr]    Compiling serde v1.0.228
[INFO] [stderr]    Compiling smallvec v1.15.1
[INFO] [stderr]    Compiling percent-encoding v2.3.2
[INFO] [stderr]    Compiling form_urlencoded v1.2.2
[INFO] [stderr]    Compiling syn v3.0.0
[INFO] [stderr]    Compiling bytes v1.11.1
[INFO] [stderr]    Compiling utf8_iter v1.0.4
[INFO] [stderr]    Compiling chrono v0.4.44
[INFO] [stderr]    Compiling http v1.4.2
[INFO] [stderr]    Compiling vitrail-core v0.0.15
[INFO] [stderr]    Compiling ryu v1.0.23
[INFO] [stderr]    Compiling http-body v1.1.0
[INFO] [stderr]    Compiling tokio v1.50.0
[INFO] [stderr]    Compiling futures-channel v0.3.32
[INFO] [stderr]    Compiling matchit v0.7.3
[INFO] [stderr]    Compiling vitrail-sqlite-dialect v0.0.15
[INFO] [stderr]    Compiling synstructure v0.13.2
[INFO] [stderr]    Compiling wasm-bindgen-macro-support v0.2.126
[INFO] [stderr]    Compiling async-trait v0.1.91
[INFO] [stderr]    Compiling vitrail-macros-core v0.0.15
[INFO] [stderr]    Compiling zerofrom-derive v0.1.6
[INFO] [stderr]    Compiling yoke-derive v0.8.1
[INFO] [stderr]    Compiling zerovec-derive v0.11.2
[INFO] [stderr]    Compiling displaydoc v0.2.5
[INFO] [stdout] test ui has been running for over 60 seconds
[INFO] [stderr]    Compiling futures-macro v0.3.32
[INFO] [stderr]    Compiling serde_derive v1.0.228
[INFO] [stderr]    Compiling strum_macros v0.27.2
[INFO] [stderr]    Compiling zerofrom v0.1.6
[INFO] [stderr]    Compiling yoke v0.8.1
[INFO] [stderr]    Compiling zerovec v0.11.5
[INFO] [stderr]    Compiling zerotrie v0.2.3
[INFO] [stderr]    Compiling pin-project-internal v1.1.13
[INFO] [stderr]    Compiling tinystr v0.8.2
[INFO] [stderr]    Compiling icu_locale_core v2.1.1
[INFO] [stderr]    Compiling potential_utf v0.1.4
[INFO] [stderr]    Compiling icu_provider v2.1.1
[INFO] [stderr]    Compiling icu_collections v2.1.1
[INFO] [stderr]    Compiling pin-project v1.1.13
[INFO] [stderr]    Compiling vitrail-d1-macros v0.0.15 (/opt/rustwide/workdir)
[INFO] [stderr]    Compiling icu_normalizer v2.1.1
[INFO] [stderr]    Compiling icu_properties v2.1.2
[INFO] [stderr]    Compiling strum v0.27.2
[INFO] [stderr]    Compiling wasm-bindgen-macro v0.2.126
[INFO] [stderr]    Compiling idna_adapter v1.2.1
[INFO] [stderr]    Compiling idna v1.1.0
[INFO] [stderr]    Compiling serde_urlencoded v0.7.1
[INFO] [stderr]    Compiling url v2.5.8
[INFO] [stderr]    Compiling js-sys v0.3.103
[INFO] [stderr]    Compiling web-sys v0.3.103
[INFO] [stderr]    Compiling wasm-bindgen-futures v0.4.76
[INFO] [stderr]    Compiling serde-wasm-bindgen v0.6.5
[INFO] [stderr]    Compiling worker-sys v0.8.5
[INFO] [stderr]    Compiling wasm-streams v0.6.0
[INFO] [stderr]    Compiling worker-macros v0.8.5
[INFO] [stderr]    Compiling worker v0.8.5
[INFO] [stderr]    Compiling vitrail-d1-core v0.0.15
[INFO] [stderr]    Compiling vitrail-d1-macros-tests v0.0.0 (/opt/rustwide/target/tests/trybuild/vitrail-d1-macros)
[INFO] [stderr]     Finished `dev` profile [unoptimized + debuginfo] target(s) in 2m 16s
[INFO] [stderr] 
[INFO] [stderr] 
[INFO] [stderr] test tests/ui/pass/all_operations.rs [should pass] ... ok
[INFO] [stderr] test tests/ui/pass/multiple_forward_relations.rs [should pass] ... ok
[INFO] [stderr] test tests/ui/pass/ordered_filter_derives.rs [should pass] ... ok
[INFO] [stderr] test tests/ui/pass/ordered_filter_helpers.rs [should pass] ... ok
[INFO] [stderr] test tests/ui/pass/ordered_filter_operand_types.rs [should pass] ... ok
[INFO] [stderr] test tests/ui/pass/ordered_helper_field_names.rs [should pass] ... ok
[INFO] [stderr] test tests/ui/pass/ordered_helper_operand_types.rs [should pass] ... ok
[INFO] [stderr] test tests/ui/fail/ambiguous_relation_back_links.rs [should fail to compile] ... ok
[INFO] [stderr] test tests/ui/fail/ordered_filter_gt_wrong_types.rs [should fail to compile] ... mismatch
[INFO] [stderr] 
[INFO] [stderr] EXPECTED:
[INFO] [stderr] ┈┈┈┈┈┈┈┈┈┈┈┈┈┈┈┈┈┈┈┈┈┈┈┈┈┈┈┈┈┈┈┈┈┈┈┈┈┈┈┈┈┈┈┈┈┈┈┈┈┈┈┈┈┈┈┈┈┈┈┈
[INFO] [stderr] error[E0277]: the trait bound `&std::string::String: __VitrailQueryFilterEqType_ordered_filter_schema_user_age` is not satisfied
[INFO] [stderr]   --> tests/ui/fail/ordered_filter_gt_wrong_types.rs:7:1
[INFO] [stderr]    |
[INFO] [stderr]  7 | / schema! {
[INFO] [stderr]  8 | |     name ordered_filter_schema
[INFO] [stderr]  9 | |     model user {
[INFO] [stderr] 10 | |         id  Int @id
[INFO] [stderr] ...  |
[INFO] [stderr] 13 | | }
[INFO] [stderr]    | |_^ the trait `__VitrailQueryFilterEqType_ordered_filter_schema_user_age` is not implemented for `&std::string::String`
[INFO] [stderr] ...
[INFO] [stderr] 27 |   #[derive(QueryResult)]
[INFO] [stderr]    |            ----------- in this derive macro expansion
[INFO] [stderr]    |
[INFO] [stderr] help: the following other types implement trait `__VitrailQueryFilterEqType_ordered_filter_schema_user_age`
[INFO] [stderr]   --> tests/ui/fail/ordered_filter_gt_wrong_types.rs:7:1
[INFO] [stderr]    |
[INFO] [stderr]  7 | / schema! {
[INFO] [stderr]  8 | |     name ordered_filter_schema
[INFO] [stderr]  9 | |     model user {
[INFO] [stderr] 10 | |         id  Int @id
[INFO] [stderr] ...  |
[INFO] [stderr] 13 | | }
[INFO] [stderr]    | | ^
[INFO] [stderr]    | | |
[INFO] [stderr]    | |_`&i64`
[INFO] [stderr]    |   `i64`
[INFO] [stderr] note: required by a bound in `RootQuery::__vitrail_validate_query::__vitrail_assert_filter_value_type`
[INFO] [stderr]   --> tests/ui/fail/ordered_filter_gt_wrong_types.rs:8:10
[INFO] [stderr]    |
[INFO] [stderr]  8 |     name ordered_filter_schema
[INFO] [stderr]    |          ^^^^^^^^^^^^^^^^^^^^^ required by this bound in `__vitrail_assert_filter_value_type`
[INFO] [stderr] ...
[INFO] [stderr] 27 | #[derive(QueryResult)]
[INFO] [stderr]    |          ----------- in this derive macro expansion
[INFO] [stderr]    = note: this error originates in the macro `crate::ordered_filter_schema::__vitrail_assert_query_filter_value_type_ordered_filter_schema_user` which comes from the expansion of the derive macro `QueryResult` (in Nightly builds, run with -Z macro-backtrace for more info)
[INFO] [stderr] 
[INFO] [stderr] error[E0277]: the trait bound `&std::string::String: __VitrailQueryFilterEqType_ordered_filter_schema_user_age` is not satisfied
[INFO] [stderr]   --> tests/ui/fail/ordered_filter_gt_wrong_types.rs:7:1
[INFO] [stderr]    |
[INFO] [stderr]  7 | / schema! {
[INFO] [stderr]  8 | |     name ordered_filter_schema
[INFO] [stderr]  9 | |     model user {
[INFO] [stderr] 10 | |         id  Int @id
[INFO] [stderr] ...  |
[INFO] [stderr] 13 | | }
[INFO] [stderr]    | |_^ the trait `__VitrailQueryFilterEqType_ordered_filter_schema_user_age` is not implemented for `&std::string::String`
[INFO] [stderr] ...
[INFO] [stderr] 35 |   #[derive(QueryResult)]
[INFO] [stderr]    |            ----------- in this derive macro expansion
[INFO] [stderr]    |
[INFO] [stderr] help: the following other types implement trait `__VitrailQueryFilterEqType_ordered_filter_schema_user_age`
[INFO] [stderr]   --> tests/ui/fail/ordered_filter_gt_wrong_types.rs:7:1
[INFO] [stderr]    |
[INFO] [stderr]  7 | / schema! {
[INFO] [stderr]  8 | |     name ordered_filter_schema
[INFO] [stderr]  9 | |     model user {
[INFO] [stderr] 10 | |         id  Int @id
[INFO] [stderr] ...  |
[INFO] [stderr] 13 | | }
[INFO] [stderr]    | | ^
[INFO] [stderr]    | | |
[INFO] [stderr]    | |_`&i64`
[INFO] [stderr]    |   `i64`
[INFO] [stderr] note: required by a bound in `FieldQuery::__vitrail_validate_query::__vitrail_assert_filter_value_type`
[INFO] [stderr]   --> tests/ui/fail/ordered_filter_gt_wrong_types.rs:8:10
[INFO] [stderr]    |
[INFO] [stderr]  8 |     name ordered_filter_schema
[INFO] [stderr]    |          ^^^^^^^^^^^^^^^^^^^^^ required by this bound in `__vitrail_assert_filter_value_type`
[INFO] [stderr] ...
[INFO] [stderr] 35 | #[derive(QueryResult)]
[INFO] [stderr]    |          ----------- in this derive macro expansion
[INFO] [stderr]    = note: this error originates in the macro `crate::ordered_filter_schema::__vitrail_assert_query_filter_value_type_ordered_filter_schema_user` which comes from the expansion of the derive macro `QueryResult` (in Nightly builds, run with -Z macro-backtrace for more info)
[INFO] [stderr] 
[INFO] [stderr] error[E0277]: the trait bound `&std::string::String: __VitrailUpdateFilterEqType_ordered_filter_schema_user_age` is not satisfied
[INFO] [stderr]   --> tests/ui/fail/ordered_filter_gt_wrong_types.rs:7:1
[INFO] [stderr]    |
[INFO] [stderr]  7 | / schema! {
[INFO] [stderr]  8 | |     name ordered_filter_schema
[INFO] [stderr]  9 | |     model user {
[INFO] [stderr] 10 | |         id  Int @id
[INFO] [stderr] ...  |
[INFO] [stderr] 13 | | }
[INFO] [stderr]    | |_^ the trait `__VitrailUpdateFilterEqType_ordered_filter_schema_user_age` is not implemented for `&std::string::String`
[INFO] [stderr] ...
[INFO] [stderr] 42 |   #[derive(UpdateMany)]
[INFO] [stderr]    |            ---------- in this derive macro expansion
[INFO] [stderr]    |
[INFO] [stderr] help: the following other types implement trait `__VitrailUpdateFilterEqType_ordered_filter_schema_user_age`
[INFO] [stderr]   --> tests/ui/fail/ordered_filter_gt_wrong_types.rs:7:1
[INFO] [stderr]    |
[INFO] [stderr]  7 | / schema! {
[INFO] [stderr]  8 | |     name ordered_filter_schema
[INFO] [stderr]  9 | |     model user {
[INFO] [stderr] 10 | |         id  Int @id
[INFO] [stderr] ...  |
[INFO] [stderr] 13 | | }
[INFO] [stderr]    | | ^
[INFO] [stderr]    | | |
[INFO] [stderr]    | |_`&i64`
[INFO] [stderr]    |   `i64`
[INFO] [stderr] note: required by a bound in `Update::__vitrail_validate_update_many::__vitrail_assert_filter_value_type`
[INFO] [stderr]   --> tests/ui/fail/ordered_filter_gt_wrong_types.rs:8:10
[INFO] [stderr]    |
[INFO] [stderr]  8 |     name ordered_filter_schema
[INFO] [stderr]    |          ^^^^^^^^^^^^^^^^^^^^^ required by this bound in `__vitrail_assert_filter_value_type`
[INFO] [stderr] ...
[INFO] [stderr] 42 | #[derive(UpdateMany)]
[INFO] [stderr]    |          ---------- in this derive macro expansion
[INFO] [stderr]    = note: this error originates in the macro `crate::ordered_filter_schema::__vitrail_assert_update_filter_value_type_ordered_filter_schema_user` which comes from the expansion of the derive macro `UpdateMany` (in Nightly builds, run with -Z macro-backtrace for more info)
[INFO] [stderr] 
[INFO] [stderr] error[E0277]: the trait bound `&std::string::String: __VitrailDeleteFilterEqType_ordered_filter_schema_user_age` is not satisfied
[INFO] [stderr]   --> tests/ui/fail/ordered_filter_gt_wrong_types.rs:7:1
[INFO] [stderr]    |
[INFO] [stderr]  7 | / schema! {
[INFO] [stderr]  8 | |     name ordered_filter_schema
[INFO] [stderr]  9 | |     model user {
[INFO] [stderr] 10 | |         id  Int @id
[INFO] [stderr] ...  |
[INFO] [stderr] 13 | | }
[INFO] [stderr]    | |_^ the trait `__VitrailDeleteFilterEqType_ordered_filter_schema_user_age` is not implemented for `&std::string::String`
[INFO] [stderr] ...
[INFO] [stderr] 51 |   #[derive(DeleteMany)]
[INFO] [stderr]    |            ---------- in this derive macro expansion
[INFO] [stderr]    |
[INFO] [stderr] help: the following other types implement trait `__VitrailDeleteFilterEqType_ordered_filter_schema_user_age`
[INFO] [stderr]   --> tests/ui/fail/ordered_filter_gt_wrong_types.rs:7:1
[INFO] [stderr]    |
[INFO] [stderr]  7 | / schema! {
[INFO] [stderr]  8 | |     name ordered_filter_schema
[INFO] [stderr]  9 | |     model user {
[INFO] [stderr] 10 | |         id  Int @id
[INFO] [stderr] ...  |
[INFO] [stderr] 13 | | }
[INFO] [stderr]    | | ^
[INFO] [stderr]    | | |
[INFO] [stderr]    | |_`&i64`
[INFO] [stderr]    |   `i64`
[INFO] [stderr] note: required by a bound in `Delete::__vitrail_validate_delete_many::__vitrail_assert_filter_value_type`
[INFO] [stderr]   --> tests/ui/fail/ordered_filter_gt_wrong_types.rs:8:10
[INFO] [stderr]    |
[INFO] [stderr]  8 |     name ordered_filter_schema
[INFO] [stderr]    |          ^^^^^^^^^^^^^^^^^^^^^ required by this bound in `__vitrail_assert_filter_value_type`
[INFO] [stderr] ...
[INFO] [stderr] 51 | #[derive(DeleteMany)]
[INFO] [stderr]    |          ---------- in this derive macro expansion
[INFO] [stderr]    = note: this error originates in the macro `crate::ordered_filter_schema::__vitrail_assert_delete_filter_value_type_ordered_filter_schema_user` which comes from the expansion of the derive macro `DeleteMany` (in Nightly builds, run with -Z macro-backtrace for more info)
[INFO] [stderr] ┈┈┈┈┈┈┈┈┈┈┈┈┈┈┈┈┈┈┈┈┈┈┈┈┈┈┈┈┈┈┈┈┈┈┈┈┈┈┈┈┈┈┈┈┈┈┈┈┈┈┈┈┈┈┈┈┈┈┈┈
[INFO] [stderr] 
[INFO] [stderr] ACTUAL OUTPUT:
[INFO] [stderr] ┈┈┈┈┈┈┈┈┈┈┈┈┈┈┈┈┈┈┈┈┈┈┈┈┈┈┈┈┈┈┈┈┈┈┈┈┈┈┈┈┈┈┈┈┈┈┈┈┈┈┈┈┈┈┈┈┈┈┈┈
[INFO] [stderr] error[E0277]: the trait bound `&std::string::String: __VitrailQueryFilterEqType_ordered_filter_schema_user_age` is not satisfied
[INFO] [stderr]   --> tests/ui/fail/ordered_filter_gt_wrong_types.rs:7:1
[INFO] [stderr]    |
[INFO] [stderr]  7 | / schema! {
[INFO] [stderr]  8 | |     name ordered_filter_schema
[INFO] [stderr]  9 | |     model user {
[INFO] [stderr] 10 | |         id  Int @id
[INFO] [stderr] ...  |
[INFO] [stderr] 13 | | }
[INFO] [stderr]    | |_^ the trait `__VitrailQueryFilterEqType_ordered_filter_schema_user_age` is not implemented for `&std::string::String`
[INFO] [stderr] ...
[INFO] [stderr] 27 |   #[derive(QueryResult)]
[INFO] [stderr]    |            ----------- in this derive macro expansion
[INFO] [stderr]    |
[INFO] [stderr] help: the following other types implement trait `__VitrailQueryFilterEqType_ordered_filter_schema_user_age`
[INFO] [stderr]   --> tests/ui/fail/ordered_filter_gt_wrong_types.rs:7:1
[INFO] [stderr]    |
[INFO] [stderr]  7 | / schema! {
[INFO] [stderr]  8 | |     name ordered_filter_schema
[INFO] [stderr]  9 | |     model user {
[INFO] [stderr] 10 | |         id  Int @id
[INFO] [stderr] ...  |
[INFO] [stderr] 13 | | }
[INFO] [stderr]    | | ^
[INFO] [stderr]    | | |
[INFO] [stderr]    | |_`&i64`
[INFO] [stderr]    |   `i64`
[INFO] [stderr] note: required by a bound in `RootQuery::__vitrail_validate_query::__vitrail_assert_filter_value_type`
[INFO] [stderr]   --> tests/ui/fail/ordered_filter_gt_wrong_types.rs:8:10
[INFO] [stderr]    |
[INFO] [stderr]  7 | schema! {
[INFO] [stderr]  8 |     name ordered_filter_schema
[INFO] [stderr]    |          ^^^^^^^^^^^^^^^^^^^^^ required by this bound in `__vitrail_assert_filter_value_type`
[INFO] [stderr]  9 |     model user {
[INFO] [stderr] 10 |         id  Int @id
[INFO] [stderr] 11 |         age Int
[INFO] [stderr] 12 |     }
[INFO] [stderr] 13 | }
[INFO] [stderr] ...
[INFO] [stderr] 27 | #[derive(QueryResult)]
[INFO] [stderr]    |          ----------- in this derive macro expansion
[INFO] [stderr] 
[INFO] [stderr] error[E0277]: the trait bound `&std::string::String: __VitrailQueryFilterEqType_ordered_filter_schema_user_age` is not satisfied
[INFO] [stderr]   --> tests/ui/fail/ordered_filter_gt_wrong_types.rs:7:1
[INFO] [stderr]    |
[INFO] [stderr]  7 | / schema! {
[INFO] [stderr]  8 | |     name ordered_filter_schema
[INFO] [stderr]  9 | |     model user {
[INFO] [stderr] 10 | |         id  Int @id
[INFO] [stderr] ...  |
[INFO] [stderr] 13 | | }
[INFO] [stderr]    | |_^ the trait `__VitrailQueryFilterEqType_ordered_filter_schema_user_age` is not implemented for `&std::string::String`
[INFO] [stderr] ...
[INFO] [stderr] 35 |   #[derive(QueryResult)]
[INFO] [stderr]    |            ----------- in this derive macro expansion
[INFO] [stderr]    |
[INFO] [stderr] help: the following other types implement trait `__VitrailQueryFilterEqType_ordered_filter_schema_user_age`
[INFO] [stderr]   --> tests/ui/fail/ordered_filter_gt_wrong_types.rs:7:1
[INFO] [stderr]    |
[INFO] [stderr]  7 | / schema! {
[INFO] [stderr]  8 | |     name ordered_filter_schema
[INFO] [stderr]  9 | |     model user {
[INFO] [stderr] 10 | |         id  Int @id
[INFO] [stderr] ...  |
[INFO] [stderr] 13 | | }
[INFO] [stderr]    | | ^
[INFO] [stderr]    | | |
[INFO] [stderr]    | |_`&i64`
[INFO] [stderr]    |   `i64`
[INFO] [stderr] note: required by a bound in `FieldQuery::__vitrail_validate_query::__vitrail_assert_filter_value_type`
[INFO] [stderr]   --> tests/ui/fail/ordered_filter_gt_wrong_types.rs:8:10
[INFO] [stderr]    |
[INFO] [stderr]  7 | schema! {
[INFO] [stderr]  8 |     name ordered_filter_schema
[INFO] [stderr]    |          ^^^^^^^^^^^^^^^^^^^^^ required by this bound in `__vitrail_assert_filter_value_type`
[INFO] [stderr]  9 |     model user {
[INFO] [stderr] 10 |         id  Int @id
[INFO] [stderr] 11 |         age Int
[INFO] [stderr] 12 |     }
[INFO] [stderr] 13 | }
[INFO] [stderr] ...
[INFO] [stderr] 35 | #[derive(QueryResult)]
[INFO] [stderr]    |          ----------- in this derive macro expansion
[INFO] [stderr] 
[INFO] [stderr] error[E0277]: the trait bound `&std::string::String: __VitrailUpdateFilterEqType_ordered_filter_schema_user_age` is not satisfied
[INFO] [stderr]   --> tests/ui/fail/ordered_filter_gt_wrong_types.rs:7:1
[INFO] [stderr]    |
[INFO] [stderr]  7 | / schema! {
[INFO] [stderr]  8 | |     name ordered_filter_schema
[INFO] [stderr]  9 | |     model user {
[INFO] [stderr] 10 | |         id  Int @id
[INFO] [stderr] ...  |
[INFO] [stderr] 13 | | }
[INFO] [stderr]    | |_^ the trait `__VitrailUpdateFilterEqType_ordered_filter_schema_user_age` is not implemented for `&std::string::String`
[INFO] [stderr] ...
[INFO] [stderr] 42 |   #[derive(UpdateMany)]
[INFO] [stderr]    |            ---------- in this derive macro expansion
[INFO] [stderr]    |
[INFO] [stderr] help: the following other types implement trait `__VitrailUpdateFilterEqType_ordered_filter_schema_user_age`
[INFO] [stderr]   --> tests/ui/fail/ordered_filter_gt_wrong_types.rs:7:1
[INFO] [stderr]    |
[INFO] [stderr]  7 | / schema! {
[INFO] [stderr]  8 | |     name ordered_filter_schema
[INFO] [stderr]  9 | |     model user {
[INFO] [stderr] 10 | |         id  Int @id
[INFO] [stderr] ...  |
[INFO] [stderr] 13 | | }
[INFO] [stderr]    | | ^
[INFO] [stderr]    | | |
[INFO] [stderr]    | |_`&i64`
[INFO] [stderr]    |   `i64`
[INFO] [stderr] note: required by a bound in `Update::__vitrail_validate_update_many::__vitrail_assert_filter_value_type`
[INFO] [stderr]   --> tests/ui/fail/ordered_filter_gt_wrong_types.rs:8:10
[INFO] [stderr]    |
[INFO] [stderr]  7 | schema! {
[INFO] [stderr]  8 |     name ordered_filter_schema
[INFO] [stderr]    |          ^^^^^^^^^^^^^^^^^^^^^ required by this bound in `__vitrail_assert_filter_value_type`
[INFO] [stderr]  9 |     model user {
[INFO] [stderr] 10 |         id  Int @id
[INFO] [stderr] 11 |         age Int
[INFO] [stderr] 12 |     }
[INFO] [stderr] 13 | }
[INFO] [stderr] ...
[INFO] [stderr] 42 | #[derive(UpdateMany)]
[INFO] [stderr]    |          ---------- in this derive macro expansion
[INFO] [stderr] 
[INFO] [stderr] error[E0277]: the trait bound `&std::string::String: __VitrailDeleteFilterEqType_ordered_filter_schema_user_age` is not satisfied
[INFO] [stderr]   --> tests/ui/fail/ordered_filter_gt_wrong_types.rs:7:1
[INFO] [stderr]    |
[INFO] [stderr]  7 | / schema! {
[INFO] [stderr]  8 | |     name ordered_filter_schema
[INFO] [stderr]  9 | |     model user {
[INFO] [stderr] 10 | |         id  Int @id
[INFO] [stderr] ...  |
[INFO] [stderr] 13 | | }
[INFO] [stderr]    | |_^ the trait `__VitrailDeleteFilterEqType_ordered_filter_schema_user_age` is not implemented for `&std::string::String`
[INFO] [stderr] ...
[INFO] [stderr] 51 |   #[derive(DeleteMany)]
[INFO] [stderr]    |            ---------- in this derive macro expansion
[INFO] [stderr]    |
[INFO] [stderr] help: the following other types implement trait `__VitrailDeleteFilterEqType_ordered_filter_schema_user_age`
[INFO] [stderr]   --> tests/ui/fail/ordered_filter_gt_wrong_types.rs:7:1
[INFO] [stderr]    |
[INFO] [stderr]  7 | / schema! {
[INFO] [stderr]  8 | |     name ordered_filter_schema
[INFO] [stderr]  9 | |     model user {
[INFO] [stderr] 10 | |         id  Int @id
[INFO] [stderr] ...  |
[INFO] [stderr] 13 | | }
[INFO] [stderr]    | | ^
[INFO] [stderr]    | | |
[INFO] [stderr]    | |_`&i64`
[INFO] [stderr]    |   `i64`
[INFO] [stderr] note: required by a bound in `Delete::__vitrail_validate_delete_many::__vitrail_assert_filter_value_type`
[INFO] [stderr]   --> tests/ui/fail/ordered_filter_gt_wrong_types.rs:8:10
[INFO] [stderr]    |
[INFO] [stderr]  7 | schema! {
[INFO] [stderr]  8 |     name ordered_filter_schema
[INFO] [stderr]    |          ^^^^^^^^^^^^^^^^^^^^^ required by this bound in `__vitrail_assert_filter_value_type`
[INFO] [stderr]  9 |     model user {
[INFO] [stderr] 10 |         id  Int @id
[INFO] [stderr] 11 |         age Int
[INFO] [stderr] 12 |     }
[INFO] [stderr] 13 | }
[INFO] [stderr] ...
[INFO] [stderr] 51 | #[derive(DeleteMany)]
[INFO] [stderr]    |          ---------- in this derive macro expansion
[INFO] [stderr] ┈┈┈┈┈┈┈┈┈┈┈┈┈┈┈┈┈┈┈┈┈┈┈┈┈┈┈┈┈┈┈┈┈┈┈┈┈┈┈┈┈┈┈┈┈┈┈┈┈┈┈┈┈┈┈┈┈┈┈┈
[INFO] [stderr] note: If the actual output is the correct output you can bless it by rerunning
[INFO] [stderr]       your test with the environment variable TRYBUILD=overwrite
[INFO] [stderr] 
[INFO] [stderr] test tests/ui/fail/ordered_filter_gte_wrong_types.rs [should fail to compile] ... mismatch
[INFO] [stderr] 
[INFO] [stderr] EXPECTED:
[INFO] [stderr] ┈┈┈┈┈┈┈┈┈┈┈┈┈┈┈┈┈┈┈┈┈┈┈┈┈┈┈┈┈┈┈┈┈┈┈┈┈┈┈┈┈┈┈┈┈┈┈┈┈┈┈┈┈┈┈┈┈┈┈┈
[INFO] [stderr] error[E0277]: the trait bound `&std::string::String: __VitrailQueryFilterEqType_ordered_filter_schema_user_age` is not satisfied
[INFO] [stderr]   --> tests/ui/fail/ordered_filter_gte_wrong_types.rs:7:1
[INFO] [stderr]    |
[INFO] [stderr]  7 | / schema! {
[INFO] [stderr]  8 | |     name ordered_filter_schema
[INFO] [stderr]  9 | |     model user {
[INFO] [stderr] 10 | |         id  Int @id
[INFO] [stderr] ...  |
[INFO] [stderr] 13 | | }
[INFO] [stderr]    | |_^ the trait `__VitrailQueryFilterEqType_ordered_filter_schema_user_age` is not implemented for `&std::string::String`
[INFO] [stderr] ...
[INFO] [stderr] 27 |   #[derive(QueryResult)]
[INFO] [stderr]    |            ----------- in this derive macro expansion
[INFO] [stderr]    |
[INFO] [stderr] help: the following other types implement trait `__VitrailQueryFilterEqType_ordered_filter_schema_user_age`
[INFO] [stderr]   --> tests/ui/fail/ordered_filter_gte_wrong_types.rs:7:1
[INFO] [stderr]    |
[INFO] [stderr]  7 | / schema! {
[INFO] [stderr]  8 | |     name ordered_filter_schema
[INFO] [stderr]  9 | |     model user {
[INFO] [stderr] 10 | |         id  Int @id
[INFO] [stderr] ...  |
[INFO] [stderr] 13 | | }
[INFO] [stderr]    | | ^
[INFO] [stderr]    | | |
[INFO] [stderr]    | |_`&i64`
[INFO] [stderr]    |   `i64`
[INFO] [stderr] note: required by a bound in `RootQuery::__vitrail_validate_query::__vitrail_assert_filter_value_type`
[INFO] [stderr]   --> tests/ui/fail/ordered_filter_gte_wrong_types.rs:8:10
[INFO] [stderr]    |
[INFO] [stderr]  8 |     name ordered_filter_schema
[INFO] [stderr]    |          ^^^^^^^^^^^^^^^^^^^^^ required by this bound in `__vitrail_assert_filter_value_type`
[INFO] [stderr] ...
[INFO] [stderr] 27 | #[derive(QueryResult)]
[INFO] [stderr]    |          ----------- in this derive macro expansion
[INFO] [stderr]    = note: this error originates in the macro `crate::ordered_filter_schema::__vitrail_assert_query_filter_value_type_ordered_filter_schema_user` which comes from the expansion of the derive macro `QueryResult` (in Nightly builds, run with -Z macro-backtrace for more info)
[INFO] [stderr] 
[INFO] [stderr] error[E0277]: the trait bound `&std::string::String: __VitrailQueryFilterEqType_ordered_filter_schema_user_age` is not satisfied
[INFO] [stderr]   --> tests/ui/fail/ordered_filter_gte_wrong_types.rs:7:1
[INFO] [stderr]    |
[INFO] [stderr]  7 | / schema! {
[INFO] [stderr]  8 | |     name ordered_filter_schema
[INFO] [stderr]  9 | |     model user {
[INFO] [stderr] 10 | |         id  Int @id
[INFO] [stderr] ...  |
[INFO] [stderr] 13 | | }
[INFO] [stderr]    | |_^ the trait `__VitrailQueryFilterEqType_ordered_filter_schema_user_age` is not implemented for `&std::string::String`
[INFO] [stderr] ...
[INFO] [stderr] 35 |   #[derive(QueryResult)]
[INFO] [stderr]    |            ----------- in this derive macro expansion
[INFO] [stderr]    |
[INFO] [stderr] help: the following other types implement trait `__VitrailQueryFilterEqType_ordered_filter_schema_user_age`
[INFO] [stderr]   --> tests/ui/fail/ordered_filter_gte_wrong_types.rs:7:1
[INFO] [stderr]    |
[INFO] [stderr]  7 | / schema! {
[INFO] [stderr]  8 | |     name ordered_filter_schema
[INFO] [stderr]  9 | |     model user {
[INFO] [stderr] 10 | |         id  Int @id
[INFO] [stderr] ...  |
[INFO] [stderr] 13 | | }
[INFO] [stderr]    | | ^
[INFO] [stderr]    | | |
[INFO] [stderr]    | |_`&i64`
[INFO] [stderr]    |   `i64`
[INFO] [stderr] note: required by a bound in `FieldQuery::__vitrail_validate_query::__vitrail_assert_filter_value_type`
[INFO] [stderr]   --> tests/ui/fail/ordered_filter_gte_wrong_types.rs:8:10
[INFO] [stderr]    |
[INFO] [stderr]  8 |     name ordered_filter_schema
[INFO] [stderr]    |          ^^^^^^^^^^^^^^^^^^^^^ required by this bound in `__vitrail_assert_filter_value_type`
[INFO] [stderr] ...
[INFO] [stderr] 35 | #[derive(QueryResult)]
[INFO] [stderr]    |          ----------- in this derive macro expansion
[INFO] [stderr]    = note: this error originates in the macro `crate::ordered_filter_schema::__vitrail_assert_query_filter_value_type_ordered_filter_schema_user` which comes from the expansion of the derive macro `QueryResult` (in Nightly builds, run with -Z macro-backtrace for more info)
[INFO] [stderr] 
[INFO] [stderr] error[E0277]: the trait bound `&std::string::String: __VitrailUpdateFilterEqType_ordered_filter_schema_user_age` is not satisfied
[INFO] [stderr]   --> tests/ui/fail/ordered_filter_gte_wrong_types.rs:7:1
[INFO] [stderr]    |
[INFO] [stderr]  7 | / schema! {
[INFO] [stderr]  8 | |     name ordered_filter_schema
[INFO] [stderr]  9 | |     model user {
[INFO] [stderr] 10 | |         id  Int @id
[INFO] [stderr] ...  |
[INFO] [stderr] 13 | | }
[INFO] [stderr]    | |_^ the trait `__VitrailUpdateFilterEqType_ordered_filter_schema_user_age` is not implemented for `&std::string::String`
[INFO] [stderr] ...
[INFO] [stderr] 42 |   #[derive(UpdateMany)]
[INFO] [stderr]    |            ---------- in this derive macro expansion
[INFO] [stderr]    |
[INFO] [stderr] help: the following other types implement trait `__VitrailUpdateFilterEqType_ordered_filter_schema_user_age`
[INFO] [stderr]   --> tests/ui/fail/ordered_filter_gte_wrong_types.rs:7:1
[INFO] [stderr]    |
[INFO] [stderr]  7 | / schema! {
[INFO] [stderr]  8 | |     name ordered_filter_schema
[INFO] [stderr]  9 | |     model user {
[INFO] [stderr] 10 | |         id  Int @id
[INFO] [stderr] ...  |
[INFO] [stderr] 13 | | }
[INFO] [stderr]    | | ^
[INFO] [stderr]    | | |
[INFO] [stderr]    | |_`&i64`
[INFO] [stderr]    |   `i64`
[INFO] [stderr] note: required by a bound in `Update::__vitrail_validate_update_many::__vitrail_assert_filter_value_type`
[INFO] [stderr]   --> tests/ui/fail/ordered_filter_gte_wrong_types.rs:8:10
[INFO] [stderr]    |
[INFO] [stderr]  8 |     name ordered_filter_schema
[INFO] [stderr]    |          ^^^^^^^^^^^^^^^^^^^^^ required by this bound in `__vitrail_assert_filter_value_type`
[INFO] [stderr] ...
[INFO] [stderr] 42 | #[derive(UpdateMany)]
[INFO] [stderr]    |          ---------- in this derive macro expansion
[INFO] [stderr]    = note: this error originates in the macro `crate::ordered_filter_schema::__vitrail_assert_update_filter_value_type_ordered_filter_schema_user` which comes from the expansion of the derive macro `UpdateMany` (in Nightly builds, run with -Z macro-backtrace for more info)
[INFO] [stderr] 
[INFO] [stderr] error[E0277]: the trait bound `&std::string::String: __VitrailDeleteFilterEqType_ordered_filter_schema_user_age` is not satisfied
[INFO] [stderr]   --> tests/ui/fail/ordered_filter_gte_wrong_types.rs:7:1
[INFO] [stderr]    |
[INFO] [stderr]  7 | / schema! {
[INFO] [stderr]  8 | |     name ordered_filter_schema
[INFO] [stderr]  9 | |     model user {
[INFO] [stderr] 10 | |         id  Int @id
[INFO] [stderr] ...  |
[INFO] [stderr] 13 | | }
[INFO] [stderr]    | |_^ the trait `__VitrailDeleteFilterEqType_ordered_filter_schema_user_age` is not implemented for `&std::string::String`
[INFO] [stderr] ...
[INFO] [stderr] 51 |   #[derive(DeleteMany)]
[INFO] [stderr]    |            ---------- in this derive macro expansion
[INFO] [stderr]    |
[INFO] [stderr] help: the following other types implement trait `__VitrailDeleteFilterEqType_ordered_filter_schema_user_age`
[INFO] [stderr]   --> tests/ui/fail/ordered_filter_gte_wrong_types.rs:7:1
[INFO] [stderr]    |
[INFO] [stderr]  7 | / schema! {
[INFO] [stderr]  8 | |     name ordered_filter_schema
[INFO] [stderr]  9 | |     model user {
[INFO] [stderr] 10 | |         id  Int @id
[INFO] [stderr] ...  |
[INFO] [stderr] 13 | | }
[INFO] [stderr]    | | ^
[INFO] [stderr]    | | |
[INFO] [stderr]    | |_`&i64`
[INFO] [stderr]    |   `i64`
[INFO] [stderr] note: required by a bound in `Delete::__vitrail_validate_delete_many::__vitrail_assert_filter_value_type`
[INFO] [stderr]   --> tests/ui/fail/ordered_filter_gte_wrong_types.rs:8:10
[INFO] [stderr]    |
[INFO] [stderr]  8 |     name ordered_filter_schema
[INFO] [stderr]    |          ^^^^^^^^^^^^^^^^^^^^^ required by this bound in `__vitrail_assert_filter_value_type`
[INFO] [stderr] ...
[INFO] [stderr] 51 | #[derive(DeleteMany)]
[INFO] [stderr]    |          ---------- in this derive macro expansion
[INFO] [stderr]    = note: this error originates in the macro `crate::ordered_filter_schema::__vitrail_assert_delete_filter_value_type_ordered_filter_schema_user` which comes from the expansion of the derive macro `DeleteMany` (in Nightly builds, run with -Z macro-backtrace for more info)
[INFO] [stderr] ┈┈┈┈┈┈┈┈┈┈┈┈┈┈┈┈┈┈┈┈┈┈┈┈┈┈┈┈┈┈┈┈┈┈┈┈┈┈┈┈┈┈┈┈┈┈┈┈┈┈┈┈┈┈┈┈┈┈┈┈
[INFO] [stderr] 
[INFO] [stderr] ACTUAL OUTPUT:
[INFO] [stderr] ┈┈┈┈┈┈┈┈┈┈┈┈┈┈┈┈┈┈┈┈┈┈┈┈┈┈┈┈┈┈┈┈┈┈┈┈┈┈┈┈┈┈┈┈┈┈┈┈┈┈┈┈┈┈┈┈┈┈┈┈
[INFO] [stderr] error[E0277]: the trait bound `&std::string::String: __VitrailQueryFilterEqType_ordered_filter_schema_user_age` is not satisfied
[INFO] [stderr]   --> tests/ui/fail/ordered_filter_gte_wrong_types.rs:7:1
[INFO] [stderr]    |
[INFO] [stderr]  7 | / schema! {
[INFO] [stderr]  8 | |     name ordered_filter_schema
[INFO] [stderr]  9 | |     model user {
[INFO] [stderr] 10 | |         id  Int @id
[INFO] [stderr] ...  |
[INFO] [stderr] 13 | | }
[INFO] [stderr]    | |_^ the trait `__VitrailQueryFilterEqType_ordered_filter_schema_user_age` is not implemented for `&std::string::String`
[INFO] [stderr] ...
[INFO] [stderr] 27 |   #[derive(QueryResult)]
[INFO] [stderr]    |            ----------- in this derive macro expansion
[INFO] [stderr]    |
[INFO] [stderr] help: the following other types implement trait `__VitrailQueryFilterEqType_ordered_filter_schema_user_age`
[INFO] [stderr]   --> tests/ui/fail/ordered_filter_gte_wrong_types.rs:7:1
[INFO] [stderr]    |
[INFO] [stderr]  7 | / schema! {
[INFO] [stderr]  8 | |     name ordered_filter_schema
[INFO] [stderr]  9 | |     model user {
[INFO] [stderr] 10 | |         id  Int @id
[INFO] [stderr] ...  |
[INFO] [stderr] 13 | | }
[INFO] [stderr]    | | ^
[INFO] [stderr]    | | |
[INFO] [stderr]    | |_`&i64`
[INFO] [stderr]    |   `i64`
[INFO] [stderr] note: required by a bound in `RootQuery::__vitrail_validate_query::__vitrail_assert_filter_value_type`
[INFO] [stderr]   --> tests/ui/fail/ordered_filter_gte_wrong_types.rs:8:10
[INFO] [stderr]    |
[INFO] [stderr]  7 | schema! {
[INFO] [stderr]  8 |     name ordered_filter_schema
[INFO] [stderr]    |          ^^^^^^^^^^^^^^^^^^^^^ required by this bound in `__vitrail_assert_filter_value_type`
[INFO] [stderr]  9 |     model user {
[INFO] [stderr] 10 |         id  Int @id
[INFO] [stderr] 11 |         age Int
[INFO] [stderr] 12 |     }
[INFO] [stderr] 13 | }
[INFO] [stderr] ...
[INFO] [stderr] 27 | #[derive(QueryResult)]
[INFO] [stderr]    |          ----------- in this derive macro expansion
[INFO] [stderr] 
[INFO] [stderr] error[E0277]: the trait bound `&std::string::String: __VitrailQueryFilterEqType_ordered_filter_schema_user_age` is not satisfied
[INFO] [stderr]   --> tests/ui/fail/ordered_filter_gte_wrong_types.rs:7:1
[INFO] [stderr]    |
[INFO] [stderr]  7 | / schema! {
[INFO] [stderr]  8 | |     name ordered_filter_schema
[INFO] [stderr]  9 | |     model user {
[INFO] [stderr] 10 | |         id  Int @id
[INFO] [stderr] ...  |
[INFO] [stderr] 13 | | }
[INFO] [stderr]    | |_^ the trait `__VitrailQueryFilterEqType_ordered_filter_schema_user_age` is not implemented for `&std::string::String`
[INFO] [stderr] ...
[INFO] [stderr] 35 |   #[derive(QueryResult)]
[INFO] [stderr]    |            ----------- in this derive macro expansion
[INFO] [stderr]    |
[INFO] [stderr] help: the following other types implement trait `__VitrailQueryFilterEqType_ordered_filter_schema_user_age`
[INFO] [stderr]   --> tests/ui/fail/ordered_filter_gte_wrong_types.rs:7:1
[INFO] [stderr]    |
[INFO] [stderr]  7 | / schema! {
[INFO] [stderr]  8 | |     name ordered_filter_schema
[INFO] [stderr]  9 | |     model user {
[INFO] [stderr] 10 | |         id  Int @id
[INFO] [stderr] ...  |
[INFO] [stderr] 13 | | }
[INFO] [stderr]    | | ^
[INFO] [stderr]    | | |
[INFO] [stderr]    | |_`&i64`
[INFO] [stderr]    |   `i64`
[INFO] [stderr] note: required by a bound in `FieldQuery::__vitrail_validate_query::__vitrail_assert_filter_value_type`
[INFO] [stderr]   --> tests/ui/fail/ordered_filter_gte_wrong_types.rs:8:10
[INFO] [stderr]    |
[INFO] [stderr]  7 | schema! {
[INFO] [stderr]  8 |     name ordered_filter_schema
[INFO] [stderr]    |          ^^^^^^^^^^^^^^^^^^^^^ required by this bound in `__vitrail_assert_filter_value_type`
[INFO] [stderr]  9 |     model user {
[INFO] [stderr] 10 |         id  Int @id
[INFO] [stderr] 11 |         age Int
[INFO] [stderr] 12 |     }
[INFO] [stderr] 13 | }
[INFO] [stderr] ...
[INFO] [stderr] 35 | #[derive(QueryResult)]
[INFO] [stderr]    |          ----------- in this derive macro expansion
[INFO] [stderr] 
[INFO] [stderr] error[E0277]: the trait bound `&std::string::String: __VitrailUpdateFilterEqType_ordered_filter_schema_user_age` is not satisfied
[INFO] [stderr]   --> tests/ui/fail/ordered_filter_gte_wrong_types.rs:7:1
[INFO] [stderr]    |
[INFO] [stderr]  7 | / schema! {
[INFO] [stderr]  8 | |     name ordered_filter_schema
[INFO] [stderr]  9 | |     model user {
[INFO] [stderr] 10 | |         id  Int @id
[INFO] [stderr] ...  |
[INFO] [stderr] 13 | | }
[INFO] [stderr]    | |_^ the trait `__VitrailUpdateFilterEqType_ordered_filter_schema_user_age` is not implemented for `&std::string::String`
[INFO] [stderr] ...
[INFO] [stderr] 42 |   #[derive(UpdateMany)]
[INFO] [stderr]    |            ---------- in this derive macro expansion
[INFO] [stderr]    |
[INFO] [stderr] help: the following other types implement trait `__VitrailUpdateFilterEqType_ordered_filter_schema_user_age`
[INFO] [stderr]   --> tests/ui/fail/ordered_filter_gte_wrong_types.rs:7:1
[INFO] [stderr]    |
[INFO] [stderr]  7 | / schema! {
[INFO] [stderr]  8 | |     name ordered_filter_schema
[INFO] [stderr]  9 | |     model user {
[INFO] [stderr] 10 | |         id  Int @id
[INFO] [stderr] ...  |
[INFO] [stderr] 13 | | }
[INFO] [stderr]    | | ^
[INFO] [stderr]    | | |
[INFO] [stderr]    | |_`&i64`
[INFO] [stderr]    |   `i64`
[INFO] [stderr] note: required by a bound in `Update::__vitrail_validate_update_many::__vitrail_assert_filter_value_type`
[INFO] [stderr]   --> tests/ui/fail/ordered_filter_gte_wrong_types.rs:8:10
[INFO] [stderr]    |
[INFO] [stderr]  7 | schema! {
[INFO] [stderr]  8 |     name ordered_filter_schema
[INFO] [stderr]    |          ^^^^^^^^^^^^^^^^^^^^^ required by this bound in `__vitrail_assert_filter_value_type`
[INFO] [stderr]  9 |     model user {
[INFO] [stderr] 10 |         id  Int @id
[INFO] [stderr] 11 |         age Int
[INFO] [stderr] 12 |     }
[INFO] [stderr] 13 | }
[INFO] [stderr] ...
[INFO] [stderr] 42 | #[derive(UpdateMany)]
[INFO] [stderr]    |          ---------- in this derive macro expansion
[INFO] [stderr] 
[INFO] [stderr] error[E0277]: the trait bound `&std::string::String: __VitrailDeleteFilterEqType_ordered_filter_schema_user_age` is not satisfied
[INFO] [stderr]   --> tests/ui/fail/ordered_filter_gte_wrong_types.rs:7:1
[INFO] [stderr]    |
[INFO] [stderr]  7 | / schema! {
[INFO] [stderr]  8 | |     name ordered_filter_schema
[INFO] [stderr]  9 | |     model user {
[INFO] [stderr] 10 | |         id  Int @id
[INFO] [stderr] ...  |
[INFO] [stderr] 13 | | }
[INFO] [stderr]    | |_^ the trait `__VitrailDeleteFilterEqType_ordered_filter_schema_user_age` is not implemented for `&std::string::String`
[INFO] [stderr] ...
[INFO] [stderr] 51 |   #[derive(DeleteMany)]
[INFO] [stderr]    |            ---------- in this derive macro expansion
[INFO] [stderr]    |
[INFO] [stderr] help: the following other types implement trait `__VitrailDeleteFilterEqType_ordered_filter_schema_user_age`
[INFO] [stderr]   --> tests/ui/fail/ordered_filter_gte_wrong_types.rs:7:1
[INFO] [stderr]    |
[INFO] [stderr]  7 | / schema! {
[INFO] [stderr]  8 | |     name ordered_filter_schema
[INFO] [stderr]  9 | |     model user {
[INFO] [stderr] 10 | |         id  Int @id
[INFO] [stderr] ...  |
[INFO] [stderr] 13 | | }
[INFO] [stderr]    | | ^
[INFO] [stderr]    | | |
[INFO] [stderr]    | |_`&i64`
[INFO] [stderr]    |   `i64`
[INFO] [stderr] note: required by a bound in `Delete::__vitrail_validate_delete_many::__vitrail_assert_filter_value_type`
[INFO] [stderr]   --> tests/ui/fail/ordered_filter_gte_wrong_types.rs:8:10
[INFO] [stderr]    |
[INFO] [stderr]  7 | schema! {
[INFO] [stderr]  8 |     name ordered_filter_schema
[INFO] [stderr]    |          ^^^^^^^^^^^^^^^^^^^^^ required by this bound in `__vitrail_assert_filter_value_type`
[INFO] [stderr]  9 |     model user {
[INFO] [stderr] 10 |         id  Int @id
[INFO] [stderr] 11 |         age Int
[INFO] [stderr] 12 |     }
[INFO] [stderr] 13 | }
[INFO] [stderr] ...
[INFO] [stderr] 51 | #[derive(DeleteMany)]
[INFO] [stderr]    |          ---------- in this derive macro expansion
[INFO] [stderr] ┈┈┈┈┈┈┈┈┈┈┈┈┈┈┈┈┈┈┈┈┈┈┈┈┈┈┈┈┈┈┈┈┈┈┈┈┈┈┈┈┈┈┈┈┈┈┈┈┈┈┈┈┈┈┈┈┈┈┈┈
[INFO] [stderr] note: If the actual output is the correct output you can bless it by rerunning
[INFO] [stderr]       your test with the environment variable TRYBUILD=overwrite
[INFO] [stderr] 
[INFO] [stderr] test tests/ui/fail/ordered_filter_invalid_syntax.rs [should fail to compile] ... ok
[INFO] [stderr] test tests/ui/fail/ordered_filter_lt_wrong_types.rs [should fail to compile] ... mismatch
[INFO] [stderr] 
[INFO] [stderr] EXPECTED:
[INFO] [stderr] ┈┈┈┈┈┈┈┈┈┈┈┈┈┈┈┈┈┈┈┈┈┈┈┈┈┈┈┈┈┈┈┈┈┈┈┈┈┈┈┈┈┈┈┈┈┈┈┈┈┈┈┈┈┈┈┈┈┈┈┈
[INFO] [stderr] error[E0277]: the trait bound `&std::string::String: __VitrailQueryFilterEqType_ordered_filter_schema_user_age` is not satisfied
[INFO] [stderr]   --> tests/ui/fail/ordered_filter_lt_wrong_types.rs:7:1
[INFO] [stderr]    |
[INFO] [stderr]  7 | / schema! {
[INFO] [stderr]  8 | |     name ordered_filter_schema
[INFO] [stderr]  9 | |     model user {
[INFO] [stderr] 10 | |         id  Int @id
[INFO] [stderr] ...  |
[INFO] [stderr] 13 | | }
[INFO] [stderr]    | |_^ the trait `__VitrailQueryFilterEqType_ordered_filter_schema_user_age` is not implemented for `&std::string::String`
[INFO] [stderr] ...
[INFO] [stderr] 27 |   #[derive(QueryResult)]
[INFO] [stderr]    |            ----------- in this derive macro expansion
[INFO] [stderr]    |
[INFO] [stderr] help: the following other types implement trait `__VitrailQueryFilterEqType_ordered_filter_schema_user_age`
[INFO] [stderr]   --> tests/ui/fail/ordered_filter_lt_wrong_types.rs:7:1
[INFO] [stderr]    |
[INFO] [stderr]  7 | / schema! {
[INFO] [stderr]  8 | |     name ordered_filter_schema
[INFO] [stderr]  9 | |     model user {
[INFO] [stderr] 10 | |         id  Int @id
[INFO] [stderr] ...  |
[INFO] [stderr] 13 | | }
[INFO] [stderr]    | | ^
[INFO] [stderr]    | | |
[INFO] [stderr]    | |_`&i64`
[INFO] [stderr]    |   `i64`
[INFO] [stderr] note: required by a bound in `RootQuery::__vitrail_validate_query::__vitrail_assert_filter_value_type`
[INFO] [stderr]   --> tests/ui/fail/ordered_filter_lt_wrong_types.rs:8:10
[INFO] [stderr]    |
[INFO] [stderr]  8 |     name ordered_filter_schema
[INFO] [stderr]    |          ^^^^^^^^^^^^^^^^^^^^^ required by this bound in `__vitrail_assert_filter_value_type`
[INFO] [stderr] ...
[INFO] [stderr] 27 | #[derive(QueryResult)]
[INFO] [stderr]    |          ----------- in this derive macro expansion
[INFO] [stderr]    = note: this error originates in the macro `crate::ordered_filter_schema::__vitrail_assert_query_filter_value_type_ordered_filter_schema_user` which comes from the expansion of the derive macro `QueryResult` (in Nightly builds, run with -Z macro-backtrace for more info)
[INFO] [stderr] 
[INFO] [stderr] error[E0277]: the trait bound `&std::string::String: __VitrailQueryFilterEqType_ordered_filter_schema_user_age` is not satisfied
[INFO] [stderr]   --> tests/ui/fail/ordered_filter_lt_wrong_types.rs:7:1
[INFO] [stderr]    |
[INFO] [stderr]  7 | / schema! {
[INFO] [stderr]  8 | |     name ordered_filter_schema
[INFO] [stderr]  9 | |     model user {
[INFO] [stderr] 10 | |         id  Int @id
[INFO] [stderr] ...  |
[INFO] [stderr] 13 | | }
[INFO] [stderr]    | |_^ the trait `__VitrailQueryFilterEqType_ordered_filter_schema_user_age` is not implemented for `&std::string::String`
[INFO] [stderr] ...
[INFO] [stderr] 35 |   #[derive(QueryResult)]
[INFO] [stderr]    |            ----------- in this derive macro expansion
[INFO] [stderr]    |
[INFO] [stderr] help: the following other types implement trait `__VitrailQueryFilterEqType_ordered_filter_schema_user_age`
[INFO] [stderr]   --> tests/ui/fail/ordered_filter_lt_wrong_types.rs:7:1
[INFO] [stderr]    |
[INFO] [stderr]  7 | / schema! {
[INFO] [stderr]  8 | |     name ordered_filter_schema
[INFO] [stderr]  9 | |     model user {
[INFO] [stderr] 10 | |         id  Int @id
[INFO] [stderr] ...  |
[INFO] [stderr] 13 | | }
[INFO] [stderr]    | | ^
[INFO] [stderr]    | | |
[INFO] [stderr]    | |_`&i64`
[INFO] [stderr]    |   `i64`
[INFO] [stderr] note: required by a bound in `FieldQuery::__vitrail_validate_query::__vitrail_assert_filter_value_type`
[INFO] [stderr]   --> tests/ui/fail/ordered_filter_lt_wrong_types.rs:8:10
[INFO] [stderr]    |
[INFO] [stderr]  8 |     name ordered_filter_schema
[INFO] [stderr]    |          ^^^^^^^^^^^^^^^^^^^^^ required by this bound in `__vitrail_assert_filter_value_type`
[INFO] [stderr] ...
[INFO] [stderr] 35 | #[derive(QueryResult)]
[INFO] [stderr]    |          ----------- in this derive macro expansion
[INFO] [stderr]    = note: this error originates in the macro `crate::ordered_filter_schema::__vitrail_assert_query_filter_value_type_ordered_filter_schema_user` which comes from the expansion of the derive macro `QueryResult` (in Nightly builds, run with -Z macro-backtrace for more info)
[INFO] [stderr] 
[INFO] [stderr] error[E0277]: the trait bound `&std::string::String: __VitrailUpdateFilterEqType_ordered_filter_schema_user_age` is not satisfied
[INFO] [stderr]   --> tests/ui/fail/ordered_filter_lt_wrong_types.rs:7:1
[INFO] [stderr]    |
[INFO] [stderr]  7 | / schema! {
[INFO] [stderr]  8 | |     name ordered_filter_schema
[INFO] [stderr]  9 | |     model user {
[INFO] [stderr] 10 | |         id  Int @id
[INFO] [stderr] ...  |
[INFO] [stderr] 13 | | }
[INFO] [stderr]    | |_^ the trait `__VitrailUpdateFilterEqType_ordered_filter_schema_user_age` is not implemented for `&std::string::String`
[INFO] [stderr] ...
[INFO] [stderr] 42 |   #[derive(UpdateMany)]
[INFO] [stderr]    |            ---------- in this derive macro expansion
[INFO] [stderr]    |
[INFO] [stderr] help: the following other types implement trait `__VitrailUpdateFilterEqType_ordered_filter_schema_user_age`
[INFO] [stderr]   --> tests/ui/fail/ordered_filter_lt_wrong_types.rs:7:1
[INFO] [stderr]    |
[INFO] [stderr]  7 | / schema! {
[INFO] [stderr]  8 | |     name ordered_filter_schema
[INFO] [stderr]  9 | |     model user {
[INFO] [stderr] 10 | |         id  Int @id
[INFO] [stderr] ...  |
[INFO] [stderr] 13 | | }
[INFO] [stderr]    | | ^
[INFO] [stderr]    | | |
[INFO] [stderr]    | |_`&i64`
[INFO] [stderr]    |   `i64`
[INFO] [stderr] note: required by a bound in `Update::__vitrail_validate_update_many::__vitrail_assert_filter_value_type`
[INFO] [stderr]   --> tests/ui/fail/ordered_filter_lt_wrong_types.rs:8:10
[INFO] [stderr]    |
[INFO] [stderr]  8 |     name ordered_filter_schema
[INFO] [stderr]    |          ^^^^^^^^^^^^^^^^^^^^^ required by this bound in `__vitrail_assert_filter_value_type`
[INFO] [stderr] ...
[INFO] [stderr] 42 | #[derive(UpdateMany)]
[INFO] [stderr]    |          ---------- in this derive macro expansion
[INFO] [stderr]    = note: this error originates in the macro `crate::ordered_filter_schema::__vitrail_assert_update_filter_value_type_ordered_filter_schema_user` which comes from the expansion of the derive macro `UpdateMany` (in Nightly builds, run with -Z macro-backtrace for more info)
[INFO] [stderr] 
[INFO] [stderr] error[E0277]: the trait bound `&std::string::String: __VitrailDeleteFilterEqType_ordered_filter_schema_user_age` is not satisfied
[INFO] [stderr]   --> tests/ui/fail/ordered_filter_lt_wrong_types.rs:7:1
[INFO] [stderr]    |
[INFO] [stderr]  7 | / schema! {
[INFO] [stderr]  8 | |     name ordered_filter_schema
[INFO] [stderr]  9 | |     model user {
[INFO] [stderr] 10 | |         id  Int @id
[INFO] [stderr] ...  |
[INFO] [stderr] 13 | | }
[INFO] [stderr]    | |_^ the trait `__VitrailDeleteFilterEqType_ordered_filter_schema_user_age` is not implemented for `&std::string::String`
[INFO] [stderr] ...
[INFO] [stderr] 51 |   #[derive(DeleteMany)]
[INFO] [stderr]    |            ---------- in this derive macro expansion
[INFO] [stderr]    |
[INFO] [stderr] help: the following other types implement trait `__VitrailDeleteFilterEqType_ordered_filter_schema_user_age`
[INFO] [stderr]   --> tests/ui/fail/ordered_filter_lt_wrong_types.rs:7:1
[INFO] [stderr]    |
[INFO] [stderr]  7 | / schema! {
[INFO] [stderr]  8 | |     name ordered_filter_schema
[INFO] [stderr]  9 | |     model user {
[INFO] [stderr] 10 | |         id  Int @id
[INFO] [stderr] ...  |
[INFO] [stderr] 13 | | }
[INFO] [stderr]    | | ^
[INFO] [stderr]    | | |
[INFO] [stderr]    | |_`&i64`
[INFO] [stderr]    |   `i64`
[INFO] [stderr] note: required by a bound in `Delete::__vitrail_validate_delete_many::__vitrail_assert_filter_value_type`
[INFO] [stderr]   --> tests/ui/fail/ordered_filter_lt_wrong_types.rs:8:10
[INFO] [stderr]    |
[INFO] [stderr]  8 |     name ordered_filter_schema
[INFO] [stderr]    |          ^^^^^^^^^^^^^^^^^^^^^ required by this bound in `__vitrail_assert_filter_value_type`
[INFO] [stderr] ...
[INFO] [stderr] 51 | #[derive(DeleteMany)]
[INFO] [stderr]    |          ---------- in this derive macro expansion
[INFO] [stderr]    = note: this error originates in the macro `crate::ordered_filter_schema::__vitrail_assert_delete_filter_value_type_ordered_filter_schema_user` which comes from the expansion of the derive macro `DeleteMany` (in Nightly builds, run with -Z macro-backtrace for more info)
[INFO] [stderr] ┈┈┈┈┈┈┈┈┈┈┈┈┈┈┈┈┈┈┈┈┈┈┈┈┈┈┈┈┈┈┈┈┈┈┈┈┈┈┈┈┈┈┈┈┈┈┈┈┈┈┈┈┈┈┈┈┈┈┈┈
[INFO] [stderr] 
[INFO] [stderr] ACTUAL OUTPUT:
[INFO] [stderr] ┈┈┈┈┈┈┈┈┈┈┈┈┈┈┈┈┈┈┈┈┈┈┈┈┈┈┈┈┈┈┈┈┈┈┈┈┈┈┈┈┈┈┈┈┈┈┈┈┈┈┈┈┈┈┈┈┈┈┈┈
[INFO] [stderr] error[E0277]: the trait bound `&std::string::String: __VitrailQueryFilterEqType_ordered_filter_schema_user_age` is not satisfied
[INFO] [stderr]   --> tests/ui/fail/ordered_filter_lt_wrong_types.rs:7:1
[INFO] [stderr]    |
[INFO] [stderr]  7 | / schema! {
[INFO] [stderr]  8 | |     name ordered_filter_schema
[INFO] [stderr]  9 | |     model user {
[INFO] [stderr] 10 | |         id  Int @id
[INFO] [stderr] ...  |
[INFO] [stderr] 13 | | }
[INFO] [stderr]    | |_^ the trait `__VitrailQueryFilterEqType_ordered_filter_schema_user_age` is not implemented for `&std::string::String`
[INFO] [stderr] ...
[INFO] [stderr] 27 |   #[derive(QueryResult)]
[INFO] [stderr]    |            ----------- in this derive macro expansion
[INFO] [stderr]    |
[INFO] [stderr] help: the following other types implement trait `__VitrailQueryFilterEqType_ordered_filter_schema_user_age`
[INFO] [stderr]   --> tests/ui/fail/ordered_filter_lt_wrong_types.rs:7:1
[INFO] [stderr]    |
[INFO] [stderr]  7 | / schema! {
[INFO] [stderr]  8 | |     name ordered_filter_schema
[INFO] [stderr]  9 | |     model user {
[INFO] [stderr] 10 | |         id  Int @id
[INFO] [stderr] ...  |
[INFO] [stderr] 13 | | }
[INFO] [stderr]    | | ^
[INFO] [stderr]    | | |
[INFO] [stderr]    | |_`&i64`
[INFO] [stderr]    |   `i64`
[INFO] [stderr] note: required by a bound in `RootQuery::__vitrail_validate_query::__vitrail_assert_filter_value_type`
[INFO] [stderr]   --> tests/ui/fail/ordered_filter_lt_wrong_types.rs:8:10
[INFO] [stderr]    |
[INFO] [stderr]  7 | schema! {
[INFO] [stderr]  8 |     name ordered_filter_schema
[INFO] [stderr]    |          ^^^^^^^^^^^^^^^^^^^^^ required by this bound in `__vitrail_assert_filter_value_type`
[INFO] [stderr]  9 |     model user {
[INFO] [stderr] 10 |         id  Int @id
[INFO] [stderr] 11 |         age Int
[INFO] [stderr] 12 |     }
[INFO] [stderr] 13 | }
[INFO] [stderr] ...
[INFO] [stderr] 27 | #[derive(QueryResult)]
[INFO] [stderr]    |          ----------- in this derive macro expansion
[INFO] [stderr] 
[INFO] [stderr] error[E0277]: the trait bound `&std::string::String: __VitrailQueryFilterEqType_ordered_filter_schema_user_age` is not satisfied
[INFO] [stderr]   --> tests/ui/fail/ordered_filter_lt_wrong_types.rs:7:1
[INFO] [stderr]    |
[INFO] [stderr]  7 | / schema! {
[INFO] [stderr]  8 | |     name ordered_filter_schema
[INFO] [stderr]  9 | |     model user {
[INFO] [stderr] 10 | |         id  Int @id
[INFO] [stderr] ...  |
[INFO] [stderr] 13 | | }
[INFO] [stderr]    | |_^ the trait `__VitrailQueryFilterEqType_ordered_filter_schema_user_age` is not implemented for `&std::string::String`
[INFO] [stderr] ...
[INFO] [stderr] 35 |   #[derive(QueryResult)]
[INFO] [stderr]    |            ----------- in this derive macro expansion
[INFO] [stderr]    |
[INFO] [stderr] help: the following other types implement trait `__VitrailQueryFilterEqType_ordered_filter_schema_user_age`
[INFO] [stderr]   --> tests/ui/fail/ordered_filter_lt_wrong_types.rs:7:1
[INFO] [stderr]    |
[INFO] [stderr]  7 | / schema! {
[INFO] [stderr]  8 | |     name ordered_filter_schema
[INFO] [stderr]  9 | |     model user {
[INFO] [stderr] 10 | |         id  Int @id
[INFO] [stderr] ...  |
[INFO] [stderr] 13 | | }
[INFO] [stderr]    | | ^
[INFO] [stderr]    | | |
[INFO] [stderr]    | |_`&i64`
[INFO] [stderr]    |   `i64`
[INFO] [stderr] note: required by a bound in `FieldQuery::__vitrail_validate_query::__vitrail_assert_filter_value_type`
[INFO] [stderr]   --> tests/ui/fail/ordered_filter_lt_wrong_types.rs:8:10
[INFO] [stderr]    |
[INFO] [stderr]  7 | schema! {
[INFO] [stderr]  8 |     name ordered_filter_schema
[INFO] [stderr]    |          ^^^^^^^^^^^^^^^^^^^^^ required by this bound in `__vitrail_assert_filter_value_type`
[INFO] [stderr]  9 |     model user {
[INFO] [stderr] 10 |         id  Int @id
[INFO] [stderr] 11 |         age Int
[INFO] [stderr] 12 |     }
[INFO] [stderr] 13 | }
[INFO] [stderr] ...
[INFO] [stderr] 35 | #[derive(QueryResult)]
[INFO] [stderr]    |          ----------- in this derive macro expansion
[INFO] [stderr] 
[INFO] [stderr] error[E0277]: the trait bound `&std::string::String: __VitrailUpdateFilterEqType_ordered_filter_schema_user_age` is not satisfied
[INFO] [stderr]   --> tests/ui/fail/ordered_filter_lt_wrong_types.rs:7:1
[INFO] [stderr]    |
[INFO] [stderr]  7 | / schema! {
[INFO] [stderr]  8 | |     name ordered_filter_schema
[INFO] [stderr]  9 | |     model user {
[INFO] [stderr] 10 | |         id  Int @id
[INFO] [stderr] ...  |
[INFO] [stderr] 13 | | }
[INFO] [stderr]    | |_^ the trait `__VitrailUpdateFilterEqType_ordered_filter_schema_user_age` is not implemented for `&std::string::String`
[INFO] [stderr] ...
[INFO] [stderr] 42 |   #[derive(UpdateMany)]
[INFO] [stderr]    |            ---------- in this derive macro expansion
[INFO] [stderr]    |
[INFO] [stderr] help: the following other types implement trait `__VitrailUpdateFilterEqType_ordered_filter_schema_user_age`
[INFO] [stderr]   --> tests/ui/fail/ordered_filter_lt_wrong_types.rs:7:1
[INFO] [stderr]    |
[INFO] [stderr]  7 | / schema! {
[INFO] [stderr]  8 | |     name ordered_filter_schema
[INFO] [stderr]  9 | |     model user {
[INFO] [stderr] 10 | |         id  Int @id
[INFO] [stderr] ...  |
[INFO] [stderr] 13 | | }
[INFO] [stderr]    | | ^
[INFO] [stderr]    | | |
[INFO] [stderr]    | |_`&i64`
[INFO] [stderr]    |   `i64`
[INFO] [stderr] note: required by a bound in `Update::__vitrail_validate_update_many::__vitrail_assert_filter_value_type`
[INFO] [stderr]   --> tests/ui/fail/ordered_filter_lt_wrong_types.rs:8:10
[INFO] [stderr]    |
[INFO] [stderr]  7 | schema! {
[INFO] [stderr]  8 |     name ordered_filter_schema
[INFO] [stderr]    |          ^^^^^^^^^^^^^^^^^^^^^ required by this bound in `__vitrail_assert_filter_value_type`
[INFO] [stderr]  9 |     model user {
[INFO] [stderr] 10 |         id  Int @id
[INFO] [stderr] 11 |         age Int
[INFO] [stderr] 12 |     }
[INFO] [stderr] 13 | }
[INFO] [stderr] ...
[INFO] [stderr] 42 | #[derive(UpdateMany)]
[INFO] [stderr]    |          ---------- in this derive macro expansion
[INFO] [stderr] 
[INFO] [stderr] error[E0277]: the trait bound `&std::string::String: __VitrailDeleteFilterEqType_ordered_filter_schema_user_age` is not satisfied
[INFO] [stderr]   --> tests/ui/fail/ordered_filter_lt_wrong_types.rs:7:1
[INFO] [stderr]    |
[INFO] [stderr]  7 | / schema! {
[INFO] [stderr]  8 | |     name ordered_filter_schema
[INFO] [stderr]  9 | |     model user {
[INFO] [stderr] 10 | |         id  Int @id
[INFO] [stderr] ...  |
[INFO] [stderr] 13 | | }
[INFO] [stderr]    | |_^ the trait `__VitrailDeleteFilterEqType_ordered_filter_schema_user_age` is not implemented for `&std::string::String`
[INFO] [stderr] ...
[INFO] [stderr] 51 |   #[derive(DeleteMany)]
[INFO] [stderr]    |            ---------- in this derive macro expansion
[INFO] [stderr]    |
[INFO] [stderr] help: the following other types implement trait `__VitrailDeleteFilterEqType_ordered_filter_schema_user_age`
[INFO] [stderr]   --> tests/ui/fail/ordered_filter_lt_wrong_types.rs:7:1
[INFO] [stderr]    |
[INFO] [stderr]  7 | / schema! {
[INFO] [stderr]  8 | |     name ordered_filter_schema
[INFO] [stderr]  9 | |     model user {
[INFO] [stderr] 10 | |         id  Int @id
[INFO] [stderr] ...  |
[INFO] [stderr] 13 | | }
[INFO] [stderr]    | | ^
[INFO] [stderr]    | | |
[INFO] [stderr]    | |_`&i64`
[INFO] [stderr]    |   `i64`
[INFO] [stderr] note: required by a bound in `Delete::__vitrail_validate_delete_many::__vitrail_assert_filter_value_type`
[INFO] [stderr]   --> tests/ui/fail/ordered_filter_lt_wrong_types.rs:8:10
[INFO] [stderr]    |
[INFO] [stderr]  7 | schema! {
[INFO] [stderr]  8 |     name ordered_filter_schema
[INFO] [stderr]    |          ^^^^^^^^^^^^^^^^^^^^^ required by this bound in `__vitrail_assert_filter_value_type`
[INFO] [stderr]  9 |     model user {
[INFO] [stderr] 10 |         id  Int @id
[INFO] [stderr] 11 |         age Int
[INFO] [stderr] 12 |     }
[INFO] [stderr] 13 | }
[INFO] [stderr] ...
[INFO] [stderr] 51 | #[derive(DeleteMany)]
[INFO] [stderr]    |          ---------- in this derive macro expansion
[INFO] [stderr] ┈┈┈┈┈┈┈┈┈┈┈┈┈┈┈┈┈┈┈┈┈┈┈┈┈┈┈┈┈┈┈┈┈┈┈┈┈┈┈┈┈┈┈┈┈┈┈┈┈┈┈┈┈┈┈┈┈┈┈┈
[INFO] [stderr] note: If the actual output is the correct output you can bless it by rerunning
[INFO] [stderr]       your test with the environment variable TRYBUILD=overwrite
[INFO] [stderr] 
[INFO] [stderr] test tests/ui/fail/ordered_filter_lte_wrong_types.rs [should fail to compile] ... mismatch
[INFO] [stderr] 
[INFO] [stderr] EXPECTED:
[INFO] [stderr] ┈┈┈┈┈┈┈┈┈┈┈┈┈┈┈┈┈┈┈┈┈┈┈┈┈┈┈┈┈┈┈┈┈┈┈┈┈┈┈┈┈┈┈┈┈┈┈┈┈┈┈┈┈┈┈┈┈┈┈┈
[INFO] [stderr] error[E0277]: the trait bound `&std::string::String: __VitrailQueryFilterEqType_ordered_filter_schema_user_age` is not satisfied
[INFO] [stderr]   --> tests/ui/fail/ordered_filter_lte_wrong_types.rs:7:1
[INFO] [stderr]    |
[INFO] [stderr]  7 | / schema! {
[INFO] [stderr]  8 | |     name ordered_filter_schema
[INFO] [stderr]  9 | |     model user {
[INFO] [stderr] 10 | |         id  Int @id
[INFO] [stderr] ...  |
[INFO] [stderr] 13 | | }
[INFO] [stderr]    | |_^ the trait `__VitrailQueryFilterEqType_ordered_filter_schema_user_age` is not implemented for `&std::string::String`
[INFO] [stderr] ...
[INFO] [stderr] 27 |   #[derive(QueryResult)]
[INFO] [stderr]    |            ----------- in this derive macro expansion
[INFO] [stderr]    |
[INFO] [stderr] help: the following other types implement trait `__VitrailQueryFilterEqType_ordered_filter_schema_user_age`
[INFO] [stderr]   --> tests/ui/fail/ordered_filter_lte_wrong_types.rs:7:1
[INFO] [stderr]    |
[INFO] [stderr]  7 | / schema! {
[INFO] [stderr]  8 | |     name ordered_filter_schema
[INFO] [stderr]  9 | |     model user {
[INFO] [stderr] 10 | |         id  Int @id
[INFO] [stderr] ...  |
[INFO] [stderr] 13 | | }
[INFO] [stderr]    | | ^
[INFO] [stderr]    | | |
[INFO] [stderr]    | |_`&i64`
[INFO] [stderr]    |   `i64`
[INFO] [stderr] note: required by a bound in `RootQuery::__vitrail_validate_query::__vitrail_assert_filter_value_type`
[INFO] [stderr]   --> tests/ui/fail/ordered_filter_lte_wrong_types.rs:8:10
[INFO] [stderr]    |
[INFO] [stderr]  8 |     name ordered_filter_schema
[INFO] [stderr]    |          ^^^^^^^^^^^^^^^^^^^^^ required by this bound in `__vitrail_assert_filter_value_type`
[INFO] [stderr] ...
[INFO] [stderr] 27 | #[derive(QueryResult)]
[INFO] [stderr]    |          ----------- in this derive macro expansion
[INFO] [stderr]    = note: this error originates in the macro `crate::ordered_filter_schema::__vitrail_assert_query_filter_value_type_ordered_filter_schema_user` which comes from the expansion of the derive macro `QueryResult` (in Nightly builds, run with -Z macro-backtrace for more info)
[INFO] [stderr] 
[INFO] [stderr] error[E0277]: the trait bound `&std::string::String: __VitrailQueryFilterEqType_ordered_filter_schema_user_age` is not satisfied
[INFO] [stderr]   --> tests/ui/fail/ordered_filter_lte_wrong_types.rs:7:1
[INFO] [stderr]    |
[INFO] [stderr]  7 | / schema! {
[INFO] [stderr]  8 | |     name ordered_filter_schema
[INFO] [stderr]  9 | |     model user {
[INFO] [stderr] 10 | |         id  Int @id
[INFO] [stderr] ...  |
[INFO] [stderr] 13 | | }
[INFO] [stderr]    | |_^ the trait `__VitrailQueryFilterEqType_ordered_filter_schema_user_age` is not implemented for `&std::string::String`
[INFO] [stderr] ...
[INFO] [stderr] 35 |   #[derive(QueryResult)]
[INFO] [stderr]    |            ----------- in this derive macro expansion
[INFO] [stderr]    |
[INFO] [stderr] help: the following other types implement trait `__VitrailQueryFilterEqType_ordered_filter_schema_user_age`
[INFO] [stderr]   --> tests/ui/fail/ordered_filter_lte_wrong_types.rs:7:1
[INFO] [stderr]    |
[INFO] [stderr]  7 | / schema! {
[INFO] [stderr]  8 | |     name ordered_filter_schema
[INFO] [stderr]  9 | |     model user {
[INFO] [stderr] 10 | |         id  Int @id
[INFO] [stderr] ...  |
[INFO] [stderr] 13 | | }
[INFO] [stderr]    | | ^
[INFO] [stderr]    | | |
[INFO] [stderr]    | |_`&i64`
[INFO] [stderr]    |   `i64`
[INFO] [stderr] note: required by a bound in `FieldQuery::__vitrail_validate_query::__vitrail_assert_filter_value_type`
[INFO] [stderr]   --> tests/ui/fail/ordered_filter_lte_wrong_types.rs:8:10
[INFO] [stderr]    |
[INFO] [stderr]  8 |     name ordered_filter_schema
[INFO] [stderr]    |          ^^^^^^^^^^^^^^^^^^^^^ required by this bound in `__vitrail_assert_filter_value_type`
[INFO] [stderr] ...
[INFO] [stderr] 35 | #[derive(QueryResult)]
[INFO] [stderr]    |          ----------- in this derive macro expansion
[INFO] [stderr]    = note: this error originates in the macro `crate::ordered_filter_schema::__vitrail_assert_query_filter_value_type_ordered_filter_schema_user` which comes from the expansion of the derive macro `QueryResult` (in Nightly builds, run with -Z macro-backtrace for more info)
[INFO] [stderr] 
[INFO] [stderr] error[E0277]: the trait bound `&std::string::String: __VitrailUpdateFilterEqType_ordered_filter_schema_user_age` is not satisfied
[INFO] [stderr]   --> tests/ui/fail/ordered_filter_lte_wrong_types.rs:7:1
[INFO] [stderr]    |
[INFO] [stderr]  7 | / schema! {
[INFO] [stderr]  8 | |     name ordered_filter_schema
[INFO] [stderr]  9 | |     model user {
[INFO] [stderr] 10 | |         id  Int @id
[INFO] [stderr] ...  |
[INFO] [stderr] 13 | | }
[INFO] [stderr]    | |_^ the trait `__VitrailUpdateFilterEqType_ordered_filter_schema_user_age` is not implemented for `&std::string::String`
[INFO] [stderr] ...
[INFO] [stderr] 42 |   #[derive(UpdateMany)]
[INFO] [stderr]    |            ---------- in this derive macro expansion
[INFO] [stderr]    |
[INFO] [stderr] help: the following other types implement trait `__VitrailUpdateFilterEqType_ordered_filter_schema_user_age`
[INFO] [stderr]   --> tests/ui/fail/ordered_filter_lte_wrong_types.rs:7:1
[INFO] [stderr]    |
[INFO] [stderr]  7 | / schema! {
[INFO] [stderr]  8 | |     name ordered_filter_schema
[INFO] [stderr]  9 | |     model user {
[INFO] [stderr] 10 | |         id  Int @id
[INFO] [stderr] ...  |
[INFO] [stderr] 13 | | }
[INFO] [stderr]    | | ^
[INFO] [stderr]    | | |
[INFO] [stderr]    | |_`&i64`
[INFO] [stderr]    |   `i64`
[INFO] [stderr] note: required by a bound in `Update::__vitrail_validate_update_many::__vitrail_assert_filter_value_type`
[INFO] [stderr]   --> tests/ui/fail/ordered_filter_lte_wrong_types.rs:8:10
[INFO] [stderr]    |
[INFO] [stderr]  8 |     name ordered_filter_schema
[INFO] [stderr]    |          ^^^^^^^^^^^^^^^^^^^^^ required by this bound in `__vitrail_assert_filter_value_type`
[INFO] [stderr] ...
[INFO] [stderr] 42 | #[derive(UpdateMany)]
[INFO] [stderr]    |          ---------- in this derive macro expansion
[INFO] [stderr]    = note: this error originates in the macro `crate::ordered_filter_schema::__vitrail_assert_update_filter_value_type_ordered_filter_schema_user` which comes from the expansion of the derive macro `UpdateMany` (in Nightly builds, run with -Z macro-backtrace for more info)
[INFO] [stderr] 
[INFO] [stderr] error[E0277]: the trait bound `&std::string::String: __VitrailDeleteFilterEqType_ordered_filter_schema_user_age` is not satisfied
[INFO] [stderr]   --> tests/ui/fail/ordered_filter_lte_wrong_types.rs:7:1
[INFO] [stderr]    |
[INFO] [stderr]  7 | / schema! {
[INFO] [stderr]  8 | |     name ordered_filter_schema
[INFO] [stderr]  9 | |     model user {
[INFO] [stderr] 10 | |         id  Int @id
[INFO] [stderr] ...  |
[INFO] [stderr] 13 | | }
[INFO] [stderr]    | |_^ the trait `__VitrailDeleteFilterEqType_ordered_filter_schema_user_age` is not implemented for `&std::string::String`
[INFO] [stderr] ...
[INFO] [stderr] 51 |   #[derive(DeleteMany)]
[INFO] [stderr]    |            ---------- in this derive macro expansion
[INFO] [stderr]    |
[INFO] [stderr] help: the following other types implement trait `__VitrailDeleteFilterEqType_ordered_filter_schema_user_age`
[INFO] [stderr]   --> tests/ui/fail/ordered_filter_lte_wrong_types.rs:7:1
[INFO] [stderr]    |
[INFO] [stderr]  7 | / schema! {
[INFO] [stderr]  8 | |     name ordered_filter_schema
[INFO] [stderr]  9 | |     model user {
[INFO] [stderr] 10 | |         id  Int @id
[INFO] [stderr] ...  |
[INFO] [stderr] 13 | | }
[INFO] [stderr]    | | ^
[INFO] [stderr]    | | |
[INFO] [stderr]    | |_`&i64`
[INFO] [stderr]    |   `i64`
[INFO] [stderr] note: required by a bound in `Delete::__vitrail_validate_delete_many::__vitrail_assert_filter_value_type`
[INFO] [stderr]   --> tests/ui/fail/ordered_filter_lte_wrong_types.rs:8:10
[INFO] [stderr]    |
[INFO] [stderr]  8 |     name ordered_filter_schema
[INFO] [stderr]    |          ^^^^^^^^^^^^^^^^^^^^^ required by this bound in `__vitrail_assert_filter_value_type`
[INFO] [stderr] ...
[INFO] [stderr] 51 | #[derive(DeleteMany)]
[INFO] [stderr]    |          ---------- in this derive macro expansion
[INFO] [stderr]    = note: this error originates in the macro `crate::ordered_filter_schema::__vitrail_assert_delete_filter_value_type_ordered_filter_schema_user` which comes from the expansion of the derive macro `DeleteMany` (in Nightly builds, run with -Z macro-backtrace for more info)
[INFO] [stderr] ┈┈┈┈┈┈┈┈┈┈┈┈┈┈┈┈┈┈┈┈┈┈┈┈┈┈┈┈┈┈┈┈┈┈┈┈┈┈┈┈┈┈┈┈┈┈┈┈┈┈┈┈┈┈┈┈┈┈┈┈
[INFO] [stderr] 
[INFO] [stderr] ACTUAL OUTPUT:
[INFO] [stderr] ┈┈┈┈┈┈┈┈┈┈┈┈┈┈┈┈┈┈┈┈┈┈┈┈┈┈┈┈┈┈┈┈┈┈┈┈┈┈┈┈┈┈┈┈┈┈┈┈┈┈┈┈┈┈┈┈┈┈┈┈
[INFO] [stderr] error[E0277]: the trait bound `&std::string::String: __VitrailQueryFilterEqType_ordered_filter_schema_user_age` is not satisfied
[INFO] [stderr]   --> tests/ui/fail/ordered_filter_lte_wrong_types.rs:7:1
[INFO] [stderr]    |
[INFO] [stderr]  7 | / schema! {
[INFO] [stderr]  8 | |     name ordered_filter_schema
[INFO] [stderr]  9 | |     model user {
[INFO] [stderr] 10 | |         id  Int @id
[INFO] [stderr] ...  |
[INFO] [stderr] 13 | | }
[INFO] [stderr]    | |_^ the trait `__VitrailQueryFilterEqType_ordered_filter_schema_user_age` is not implemented for `&std::string::String`
[INFO] [stderr] ...
[INFO] [stderr] 27 |   #[derive(QueryResult)]
[INFO] [stderr]    |            ----------- in this derive macro expansion
[INFO] [stderr]    |
[INFO] [stderr] help: the following other types implement trait `__VitrailQueryFilterEqType_ordered_filter_schema_user_age`
[INFO] [stderr]   --> tests/ui/fail/ordered_filter_lte_wrong_types.rs:7:1
[INFO] [stderr]    |
[INFO] [stderr]  7 | / schema! {
[INFO] [stderr]  8 | |     name ordered_filter_schema
[INFO] [stderr]  9 | |     model user {
[INFO] [stderr] 10 | |         id  Int @id
[INFO] [stderr] ...  |
[INFO] [stderr] 13 | | }
[INFO] [stderr]    | | ^
[INFO] [stderr]    | | |
[INFO] [stderr]    | |_`&i64`
[INFO] [stderr]    |   `i64`
[INFO] [stderr] note: required by a bound in `RootQuery::__vitrail_validate_query::__vitrail_assert_filter_value_type`
[INFO] [stderr]   --> tests/ui/fail/ordered_filter_lte_wrong_types.rs:8:10
[INFO] [stderr]    |
[INFO] [stderr]  7 | schema! {
[INFO] [stderr]  8 |     name ordered_filter_schema
[INFO] [stderr]    |          ^^^^^^^^^^^^^^^^^^^^^ required by this bound in `__vitrail_assert_filter_value_type`
[INFO] [stderr]  9 |     model user {
[INFO] [stderr] 10 |         id  Int @id
[INFO] [stderr] 11 |         age Int
[INFO] [stderr] 12 |     }
[INFO] [stderr] 13 | }
[INFO] [stderr] ...
[INFO] [stderr] 27 | #[derive(QueryResult)]
[INFO] [stderr]    |          ----------- in this derive macro expansion
[INFO] [stderr] 
[INFO] [stderr] error[E0277]: the trait bound `&std::string::String: __VitrailQueryFilterEqType_ordered_filter_schema_user_age` is not satisfied
[INFO] [stderr]   --> tests/ui/fail/ordered_filter_lte_wrong_types.rs:7:1
[INFO] [stderr]    |
[INFO] [stderr]  7 | / schema! {
[INFO] [stderr]  8 | |     name ordered_filter_schema
[INFO] [stderr]  9 | |     model user {
[INFO] [stderr] 10 | |         id  Int @id
[INFO] [stderr] ...  |
[INFO] [stderr] 13 | | }
[INFO] [stderr]    | |_^ the trait `__VitrailQueryFilterEqType_ordered_filter_schema_user_age` is not implemented for `&std::string::String`
[INFO] [stderr] ...
[INFO] [stderr] 35 |   #[derive(QueryResult)]
[INFO] [stderr]    |            ----------- in this derive macro expansion
[INFO] [stderr]    |
[INFO] [stderr] help: the following other types implement trait `__VitrailQueryFilterEqType_ordered_filter_schema_user_age`
[INFO] [stderr]   --> tests/ui/fail/ordered_filter_lte_wrong_types.rs:7:1
[INFO] [stderr]    |
[INFO] [stderr]  7 | / schema! {
[INFO] [stderr]  8 | |     name ordered_filter_schema
[INFO] [stderr]  9 | |     model user {
[INFO] [stderr] 10 | |         id  Int @id
[INFO] [stderr] ...  |
[INFO] [stderr] 13 | | }
[INFO] [stderr]    | | ^
[INFO] [stderr]    | | |
[INFO] [stderr]    | |_`&i64`
[INFO] [stderr]    |   `i64`
[INFO] [stderr] note: required by a bound in `FieldQuery::__vitrail_validate_query::__vitrail_assert_filter_value_type`
[INFO] [stderr]   --> tests/ui/fail/ordered_filter_lte_wrong_types.rs:8:10
[INFO] [stderr]    |
[INFO] [stderr]  7 | schema! {
[INFO] [stderr]  8 |     name ordered_filter_schema
[INFO] [stderr]    |          ^^^^^^^^^^^^^^^^^^^^^ required by this bound in `__vitrail_assert_filter_value_type`
[INFO] [stderr]  9 |     model user {
[INFO] [stderr] 10 |         id  Int @id
[INFO] [stderr] 11 |         age Int
[INFO] [stderr] 12 |     }
[INFO] [stderr] 13 | }
[INFO] [stderr] ...
[INFO] [stderr] 35 | #[derive(QueryResult)]
[INFO] [stderr]    |          ----------- in this derive macro expansion
[INFO] [stderr] 
[INFO] [stderr] error[E0277]: the trait bound `&std::string::String: __VitrailUpdateFilterEqType_ordered_filter_schema_user_age` is not satisfied
[INFO] [stderr]   --> tests/ui/fail/ordered_filter_lte_wrong_types.rs:7:1
[INFO] [stderr]    |
[INFO] [stderr]  7 | / schema! {
[INFO] [stderr]  8 | |     name ordered_filter_schema
[INFO] [stderr]  9 | |     model user {
[INFO] [stderr] 10 | |         id  Int @id
[INFO] [stderr] ...  |
[INFO] [stderr] 13 | | }
[INFO] [stderr]    | |_^ the trait `__VitrailUpdateFilterEqType_ordered_filter_schema_user_age` is not implemented for `&std::string::String`
[INFO] [stderr] ...
[INFO] [stderr] 42 |   #[derive(UpdateMany)]
[INFO] [stderr]    |            ---------- in this derive macro expansion
[INFO] [stderr]    |
[INFO] [stderr] help: the following other types implement trait `__VitrailUpdateFilterEqType_ordered_filter_schema_user_age`
[INFO] [stderr]   --> tests/ui/fail/ordered_filter_lte_wrong_types.rs:7:1
[INFO] [stderr]    |
[INFO] [stderr]  7 | / schema! {
[INFO] [stderr]  8 | |     name ordered_filter_schema
[INFO] [stderr]  9 | |     model user {
[INFO] [stderr] 10 | |         id  Int @id
[INFO] [stderr] ...  |
[INFO] [stderr] 13 | | }
[INFO] [stderr]    | | ^
[INFO] [stderr]    | | |
[INFO] [stderr]    | |_`&i64`
[INFO] [stderr]    |   `i64`
[INFO] [stderr] note: required by a bound in `Update::__vitrail_validate_update_many::__vitrail_assert_filter_value_type`
[INFO] [stderr]   --> tests/ui/fail/ordered_filter_lte_wrong_types.rs:8:10
[INFO] [stderr]    |
[INFO] [stderr]  7 | schema! {
[INFO] [stderr]  8 |     name ordered_filter_schema
[INFO] [stderr]    |          ^^^^^^^^^^^^^^^^^^^^^ required by this bound in `__vitrail_assert_filter_value_type`
[INFO] [stderr]  9 |     model user {
[INFO] [stderr] 10 |         id  Int @id
[INFO] [stderr] 11 |         age Int
[INFO] [stderr] 12 |     }
[INFO] [stderr] 13 | }
[INFO] [stderr] ...
[INFO] [stderr] 42 | #[derive(UpdateMany)]
[INFO] [stderr]    |          ---------- in this derive macro expansion
[INFO] [stderr] 
[INFO] [stderr] error[E0277]: the trait bound `&std::string::String: __VitrailDeleteFilterEqType_ordered_filter_schema_user_age` is not satisfied
[INFO] [stderr]   --> tests/ui/fail/ordered_filter_lte_wrong_types.rs:7:1
[INFO] [stderr]    |
[INFO] [stderr]  7 | / schema! {
[INFO] [stderr]  8 | |     name ordered_filter_schema
[INFO] [stderr]  9 | |     model user {
[INFO] [stderr] 10 | |         id  Int @id
[INFO] [stderr] ...  |
[INFO] [stderr] 13 | | }
[INFO] [stderr]    | |_^ the trait `__VitrailDeleteFilterEqType_ordered_filter_schema_user_age` is not implemented for `&std::string::String`
[INFO] [stderr] ...
[INFO] [stderr] 51 |   #[derive(DeleteMany)]
[INFO] [stderr]    |            ---------- in this derive macro expansion
[INFO] [stderr]    |
[INFO] [stderr] help: the following other types implement trait `__VitrailDeleteFilterEqType_ordered_filter_schema_user_age`
[INFO] [stderr]   --> tests/ui/fail/ordered_filter_lte_wrong_types.rs:7:1
[INFO] [stderr]    |
[INFO] [stderr]  7 | / schema! {
[INFO] [stderr]  8 | |     name ordered_filter_schema
[INFO] [stderr]  9 | |     model user {
[INFO] [stderr] 10 | |         id  Int @id
[INFO] [stderr] ...  |
[INFO] [stderr] 13 | | }
[INFO] [stderr]    | | ^
[INFO] [stderr]    | | |
[INFO] [stderr]    | |_`&i64`
[INFO] [stderr]    |   `i64`
[INFO] [stderr] note: required by a bound in `Delete::__vitrail_validate_delete_many::__vitrail_assert_filter_value_type`
[INFO] [stderr]   --> tests/ui/fail/ordered_filter_lte_wrong_types.rs:8:10
[INFO] [stderr]    |
[INFO] [stderr]  7 | schema! {
[INFO] [stderr]  8 |     name ordered_filter_schema
[INFO] [stderr]    |          ^^^^^^^^^^^^^^^^^^^^^ required by this bound in `__vitrail_assert_filter_value_type`
[INFO] [stderr]  9 |     model user {
[INFO] [stderr] 10 |         id  Int @id
[INFO] [stderr] 11 |         age Int
[INFO] [stderr] 12 |     }
[INFO] [stderr] 13 | }
[INFO] [stderr] ...
[INFO] [stderr] 51 | #[derive(DeleteMany)]
[INFO] [stderr]    |          ---------- in this derive macro expansion
[INFO] [stderr] ┈┈┈┈┈┈┈┈┈┈┈┈┈┈┈┈┈┈┈┈┈┈┈┈┈┈┈┈┈┈┈┈┈┈┈┈┈┈┈┈┈┈┈┈┈┈┈┈┈┈┈┈┈┈┈┈┈┈┈┈
[INFO] [stderr] note: If the actual output is the correct output you can bless it by rerunning
[INFO] [stderr]       your test with the environment variable TRYBUILD=overwrite
[INFO] [stderr] 
[INFO] [stderr] test tests/ui/fail/ordered_filter_missing_variables.rs [should fail to compile] ... ok
[INFO] [stderr] test tests/ui/fail/ordered_filter_relation_wrong_types.rs [should fail to compile] ... mismatch
[INFO] [stderr] 
[INFO] [stderr] EXPECTED:
[INFO] [stderr] ┈┈┈┈┈┈┈┈┈┈┈┈┈┈┈┈┈┈┈┈┈┈┈┈┈┈┈┈┈┈┈┈┈┈┈┈┈┈┈┈┈┈┈┈┈┈┈┈┈┈┈┈┈┈┈┈┈┈┈┈
[INFO] [stderr] error[E0277]: the trait bound `&std::string::String: __VitrailQueryFilterEqType_ordered_filter_schema_user_age` is not satisfied
[INFO] [stderr]   --> tests/ui/fail/ordered_filter_relation_wrong_types.rs:7:1
[INFO] [stderr]    |
[INFO] [stderr]  7 | / schema! {
[INFO] [stderr]  8 | |     name ordered_filter_schema
[INFO] [stderr]  9 | |     model user {
[INFO] [stderr] 10 | |         id    Int    @id
[INFO] [stderr] ...  |
[INFO] [stderr] 19 | | }
[INFO] [stderr]    | |_^ the trait `__VitrailQueryFilterEqType_ordered_filter_schema_user_age` is not implemented for `&std::string::String`
[INFO] [stderr] ...
[INFO] [stderr] 34 |   #[derive(QueryResult)]
[INFO] [stderr]    |            ----------- in this derive macro expansion
[INFO] [stderr]    |
[INFO] [stderr] help: the following other types implement trait `__VitrailQueryFilterEqType_ordered_filter_schema_user_age`
[INFO] [stderr]   --> tests/ui/fail/ordered_filter_relation_wrong_types.rs:7:1
[INFO] [stderr]    |
[INFO] [stderr]  7 | / schema! {
[INFO] [stderr]  8 | |     name ordered_filter_schema
[INFO] [stderr]  9 | |     model user {
[INFO] [stderr] 10 | |         id    Int    @id
[INFO] [stderr] ...  |
[INFO] [stderr] 19 | | }
[INFO] [stderr]    | | ^
[INFO] [stderr]    | | |
[INFO] [stderr]    | |_`&i64`
[INFO] [stderr]    |   `i64`
[INFO] [stderr] note: required by a bound in `RelationQuery::__vitrail_validate_query::__vitrail_assert_filter_value_type`
[INFO] [stderr]   --> tests/ui/fail/ordered_filter_relation_wrong_types.rs:8:10
[INFO] [stderr]    |
[INFO] [stderr]  8 |     name ordered_filter_schema
[INFO] [stderr]    |          ^^^^^^^^^^^^^^^^^^^^^ required by this bound in `__vitrail_assert_filter_value_type`
[INFO] [stderr] ...
[INFO] [stderr] 34 | #[derive(QueryResult)]
[INFO] [stderr]    |          ----------- in this derive macro expansion
[INFO] [stderr]    = note: this error originates in the macro `ordered_filter_schema::__vitrail_assert_query_filter_value_type_ordered_filter_schema_user` which comes from the expansion of the derive macro `QueryResult` (in Nightly builds, run with -Z macro-backtrace for more info)
[INFO] [stderr] 
[INFO] [stderr] error[E0277]: the trait bound `&std::string::String: __VitrailUpdateFilterEqType_ordered_filter_schema_user_age` is not satisfied
[INFO] [stderr]   --> tests/ui/fail/ordered_filter_relation_wrong_types.rs:7:1
[INFO] [stderr]    |
[INFO] [stderr]  7 | / schema! {
[INFO] [stderr]  8 | |     name ordered_filter_schema
[INFO] [stderr]  9 | |     model user {
[INFO] [stderr] 10 | |         id    Int    @id
[INFO] [stderr] ...  |
[INFO] [stderr] 19 | | }
[INFO] [stderr]    | |_^ the trait `__VitrailUpdateFilterEqType_ordered_filter_schema_user_age` is not implemented for `&std::string::String`
[INFO] [stderr] ...
[INFO] [stderr] 44 |   #[derive(UpdateMany)]
[INFO] [stderr]    |            ---------- in this derive macro expansion
[INFO] [stderr]    |
[INFO] [stderr] help: the following other types implement trait `__VitrailUpdateFilterEqType_ordered_filter_schema_user_age`
[INFO] [stderr]   --> tests/ui/fail/ordered_filter_relation_wrong_types.rs:7:1
[INFO] [stderr]    |
[INFO] [stderr]  7 | / schema! {
[INFO] [stderr]  8 | |     name ordered_filter_schema
[INFO] [stderr]  9 | |     model user {
[INFO] [stderr] 10 | |         id    Int    @id
[INFO] [stderr] ...  |
[INFO] [stderr] 19 | | }
[INFO] [stderr]    | | ^
[INFO] [stderr]    | | |
[INFO] [stderr]    | |_`&i64`
[INFO] [stderr]    |   `i64`
[INFO] [stderr] note: required by a bound in `RelationUpdate::__vitrail_validate_update_many::__vitrail_assert_filter_value_type`
[INFO] [stderr]   --> tests/ui/fail/ordered_filter_relation_wrong_types.rs:8:10
[INFO] [stderr]    |
[INFO] [stderr]  8 |     name ordered_filter_schema
[INFO] [stderr]    |          ^^^^^^^^^^^^^^^^^^^^^ required by this bound in `__vitrail_assert_filter_value_type`
[INFO] [stderr] ...
[INFO] [stderr] 44 | #[derive(UpdateMany)]
[INFO] [stderr]    |          ---------- in this derive macro expansion
[INFO] [stderr]    = note: this error originates in the macro `ordered_filter_schema::__vitrail_assert_update_filter_value_type_ordered_filter_schema_user` which comes from the expansion of the derive macro `UpdateMany` (in Nightly builds, run with -Z macro-backtrace for more info)
[INFO] [stderr] 
[INFO] [stderr] error[E0277]: the trait bound `&std::string::String: __VitrailDeleteFilterEqType_ordered_filter_schema_user_age` is not satisfied
[INFO] [stderr]   --> tests/ui/fail/ordered_filter_relation_wrong_types.rs:7:1
[INFO] [stderr]    |
[INFO] [stderr]  7 | / schema! {
[INFO] [stderr]  8 | |     name ordered_filter_schema
[INFO] [stderr]  9 | |     model user {
[INFO] [stderr] 10 | |         id    Int    @id
[INFO] [stderr] ...  |
[INFO] [stderr] 19 | | }
[INFO] [stderr]    | |_^ the trait `__VitrailDeleteFilterEqType_ordered_filter_schema_user_age` is not implemented for `&std::string::String`
[INFO] [stderr] ...
[INFO] [stderr] 51 |   #[derive(DeleteMany)]
[INFO] [stderr]    |            ---------- in this derive macro expansion
[INFO] [stderr]    |
[INFO] [stderr] help: the following other types implement trait `__VitrailDeleteFilterEqType_ordered_filter_schema_user_age`
[INFO] [stderr]   --> tests/ui/fail/ordered_filter_relation_wrong_types.rs:7:1
[INFO] [stderr]    |
[INFO] [stderr]  7 | / schema! {
[INFO] [stderr]  8 | |     name ordered_filter_schema
[INFO] [stderr]  9 | |     model user {
[INFO] [stderr] 10 | |         id    Int    @id
[INFO] [stderr] ...  |
[INFO] [stderr] 19 | | }
[INFO] [stderr]    | | ^
[INFO] [stderr]    | | |
[INFO] [stderr]    | |_`&i64`
[INFO] [stderr]    |   `i64`
[INFO] [stderr] note: required by a bound in `RelationDelete::__vitrail_validate_delete_many::__vitrail_assert_filter_value_type`
[INFO] [stderr]   --> tests/ui/fail/ordered_filter_relation_wrong_types.rs:8:10
[INFO] [stderr]    |
[INFO] [stderr]  8 |     name ordered_filter_schema
[INFO] [stderr]    |          ^^^^^^^^^^^^^^^^^^^^^ required by this bound in `__vitrail_assert_filter_value_type`
[INFO] [stderr] ...
[INFO] [stderr] 51 | #[derive(DeleteMany)]
[INFO] [stderr]    |          ---------- in this derive macro expansion
[INFO] [stderr]    = note: this error originates in the macro `ordered_filter_schema::__vitrail_assert_delete_filter_value_type_ordered_filter_schema_user` which comes from the expansion of the derive macro `DeleteMany` (in Nightly builds, run with -Z macro-backtrace for more info)
[INFO] [stderr] 
[INFO] [stderr] error[E0277]: the trait bound `&Vec<i64>: __VitrailQueryFilterEqType_ordered_filter_schema_user_age` is not satisfied
[INFO] [stderr]   --> tests/ui/fail/ordered_filter_relation_wrong_types.rs:7:1
[INFO] [stderr]    |
[INFO] [stderr]  7 | / schema! {
[INFO] [stderr]  8 | |     name ordered_filter_schema
[INFO] [stderr]  9 | |     model user {
[INFO] [stderr] 10 | |         id    Int    @id
[INFO] [stderr] ...  |
[INFO] [stderr] 19 | | }
[INFO] [stderr]    | |_^ the trait `__VitrailQueryFilterEqType_ordered_filter_schema_user_age` is not implemented for `&Vec<i64>`
[INFO] [stderr] ...
[INFO] [stderr] 58 |   #[derive(QueryResult)]
[INFO] [stderr]    |            ----------- in this derive macro expansion
[INFO] [stderr]    |
[INFO] [stderr] help: the following other types implement trait `__VitrailQueryFilterEqType_ordered_filter_schema_user_age`
[INFO] [stderr]   --> tests/ui/fail/ordered_filter_relation_wrong_types.rs:7:1
[INFO] [stderr]    |
[INFO] [stderr]  7 | / schema! {
[INFO] [stderr]  8 | |     name ordered_filter_schema
[INFO] [stderr]  9 | |     model user {
[INFO] [stderr] 10 | |         id    Int    @id
[INFO] [stderr] ...  |
[INFO] [stderr] 19 | | }
[INFO] [stderr]    | | ^
[INFO] [stderr]    | | |
[INFO] [stderr]    | |_`&i64`
[INFO] [stderr]    |   `i64`
[INFO] [stderr] note: required by a bound in `ListOperand::__vitrail_validate_query::__vitrail_assert_filter_value_type`
[INFO] [stderr]   --> tests/ui/fail/ordered_filter_relation_wrong_types.rs:8:10
[INFO] [stderr]    |
[INFO] [stderr]  8 |     name ordered_filter_schema
[INFO] [stderr]    |          ^^^^^^^^^^^^^^^^^^^^^ required by this bound in `__vitrail_assert_filter_value_type`
[INFO] [stderr] ...
[INFO] [stderr] 58 | #[derive(QueryResult)]
[INFO] [stderr]    |          ----------- in this derive macro expansion
[INFO] [stderr]    = note: this error originates in the macro `crate::ordered_filter_schema::__vitrail_assert_query_filter_value_type_ordered_filter_schema_user` which comes from the expansion of the derive macro `QueryResult` (in Nightly builds, run with -Z macro-backtrace for more info)
[INFO] [stderr] ┈┈┈┈┈┈┈┈┈┈┈┈┈┈┈┈┈┈┈┈┈┈┈┈┈┈┈┈┈┈┈┈┈┈┈┈┈┈┈┈┈┈┈┈┈┈┈┈┈┈┈┈┈┈┈┈┈┈┈┈
[INFO] [stderr] 
[INFO] [stderr] ACTUAL OUTPUT:
[INFO] [stderr] ┈┈┈┈┈┈┈┈┈┈┈┈┈┈┈┈┈┈┈┈┈┈┈┈┈┈┈┈┈┈┈┈┈┈┈┈┈┈┈┈┈┈┈┈┈┈┈┈┈┈┈┈┈┈┈┈┈┈┈┈
[INFO] [stderr] error[E0277]: the trait bound `&std::string::String: __VitrailQueryFilterEqType_ordered_filter_schema_user_age` is not satisfied
[INFO] [stderr]   --> tests/ui/fail/ordered_filter_relation_wrong_types.rs:7:1
[INFO] [stderr]    |
[INFO] [stderr]  7 | / schema! {
[INFO] [stderr]  8 | |     name ordered_filter_schema
[INFO] [stderr]  9 | |     model user {
[INFO] [stderr] 10 | |         id    Int    @id
[INFO] [stderr] ...  |
[INFO] [stderr] 19 | | }
[INFO] [stderr]    | |_^ the trait `__VitrailQueryFilterEqType_ordered_filter_schema_user_age` is not implemented for `&std::string::String`
[INFO] [stderr] ...
[INFO] [stderr] 34 |   #[derive(QueryResult)]
[INFO] [stderr]    |            ----------- in this derive macro expansion
[INFO] [stderr]    |
[INFO] [stderr] help: the following other types implement trait `__VitrailQueryFilterEqType_ordered_filter_schema_user_age`
[INFO] [stderr]   --> tests/ui/fail/ordered_filter_relation_wrong_types.rs:7:1
[INFO] [stderr]    |
[INFO] [stderr]  7 | / schema! {
[INFO] [stderr]  8 | |     name ordered_filter_schema
[INFO] [stderr]  9 | |     model user {
[INFO] [stderr] 10 | |         id    Int    @id
[INFO] [stderr] ...  |
[INFO] [stderr] 19 | | }
[INFO] [stderr]    | | ^
[INFO] [stderr]    | | |
[INFO] [stderr]    | |_`&i64`
[INFO] [stderr]    |   `i64`
[INFO] [stderr] note: required by a bound in `RelationQuery::__vitrail_validate_query::__vitrail_assert_filter_value_type`
[INFO] [stderr]   --> tests/ui/fail/ordered_filter_relation_wrong_types.rs:8:10
[INFO] [stderr]    |
[INFO] [stderr]  7 | schema! {
[INFO] [stderr]  8 |     name ordered_filter_schema
[INFO] [stderr]    |          ^^^^^^^^^^^^^^^^^^^^^ required by this bound in `__vitrail_assert_filter_value_type`
[INFO] [stderr]  9 |     model user {
[INFO] [stderr] 10 |         id    Int    @id
[INFO] [stderr] 11 |         age   Int
[INFO] [stderr] 12 |         posts post[]
[INFO] [stderr] 13 |     }
[INFO] [stderr] 14 |     model post {
[INFO] [stderr] 15 |         id        Int  @id
[INFO] [stderr] 16 |         author_id Int
[INFO] [stderr] 17 |         author    user @relation(fields: [author_id], references: [id])
[INFO] [stderr] 18 |     }
[INFO] [stderr] 19 | }
[INFO] [stderr] ...
[INFO] [stderr] 34 | #[derive(QueryResult)]
[INFO] [stderr]    |          ----------- in this derive macro expansion
[INFO] [stderr] 
[INFO] [stderr] error[E0277]: the trait bound `&std::string::String: __VitrailUpdateFilterEqType_ordered_filter_schema_user_age` is not satisfied
[INFO] [stderr]   --> tests/ui/fail/ordered_filter_relation_wrong_types.rs:7:1
[INFO] [stderr]    |
[INFO] [stderr]  7 | / schema! {
[INFO] [stderr]  8 | |     name ordered_filter_schema
[INFO] [stderr]  9 | |     model user {
[INFO] [stderr] 10 | |         id    Int    @id
[INFO] [stderr] ...  |
[INFO] [stderr] 19 | | }
[INFO] [stderr]    | |_^ the trait `__VitrailUpdateFilterEqType_ordered_filter_schema_user_age` is not implemented for `&std::string::String`
[INFO] [stderr] ...
[INFO] [stderr] 44 |   #[derive(UpdateMany)]
[INFO] [stderr]    |            ---------- in this derive macro expansion
[INFO] [stderr]    |
[INFO] [stderr] help: the following other types implement trait `__VitrailUpdateFilterEqType_ordered_filter_schema_user_age`
[INFO] [stderr]   --> tests/ui/fail/ordered_filter_relation_wrong_types.rs:7:1
[INFO] [stderr]    |
[INFO] [stderr]  7 | / schema! {
[INFO] [stderr]  8 | |     name ordered_filter_schema
[INFO] [stderr]  9 | |     model user {
[INFO] [stderr] 10 | |         id    Int    @id
[INFO] [stderr] ...  |
[INFO] [stderr] 19 | | }
[INFO] [stderr]    | | ^
[INFO] [stderr]    | | |
[INFO] [stderr]    | |_`&i64`
[INFO] [stderr]    |   `i64`
[INFO] [stderr] note: required by a bound in `RelationUpdate::__vitrail_validate_update_many::__vitrail_assert_filter_value_type`
[INFO] [stderr]   --> tests/ui/fail/ordered_filter_relation_wrong_types.rs:8:10
[INFO] [stderr]    |
[INFO] [stderr]  7 | schema! {
[INFO] [stderr]  8 |     name ordered_filter_schema
[INFO] [stderr]    |          ^^^^^^^^^^^^^^^^^^^^^ required by this bound in `__vitrail_assert_filter_value_type`
[INFO] [stderr]  9 |     model user {
[INFO] [stderr] 10 |         id    Int    @id
[INFO] [stderr] 11 |         age   Int
[INFO] [stderr] 12 |         posts post[]
[INFO] [stderr] 13 |     }
[INFO] [stderr] 14 |     model post {
[INFO] [stderr] 15 |         id        Int  @id
[INFO] [stderr] 16 |         author_id Int
[INFO] [stderr] 17 |         author    user @relation(fields: [author_id], references: [id])
[INFO] [stderr] 18 |     }
[INFO] [stderr] 19 | }
[INFO] [stderr] ...
[INFO] [stderr] 44 | #[derive(UpdateMany)]
[INFO] [stderr]    |          ---------- in this derive macro expansion
[INFO] [stderr] 
[INFO] [stderr] error[E0277]: the trait bound `&std::string::String: __VitrailDeleteFilterEqType_ordered_filter_schema_user_age` is not satisfied
[INFO] [stderr]   --> tests/ui/fail/ordered_filter_relation_wrong_types.rs:7:1
[INFO] [stderr]    |
[INFO] [stderr]  7 | / schema! {
[INFO] [stderr]  8 | |     name ordered_filter_schema
[INFO] [stderr]  9 | |     model user {
[INFO] [stderr] 10 | |         id    Int    @id
[INFO] [stderr] ...  |
[INFO] [stderr] 19 | | }
[INFO] [stderr]    | |_^ the trait `__VitrailDeleteFilterEqType_ordered_filter_schema_user_age` is not implemented for `&std::string::String`
[INFO] [stderr] ...
[INFO] [stderr] 51 |   #[derive(DeleteMany)]
[INFO] [stderr]    |            ---------- in this derive macro expansion
[INFO] [stderr]    |
[INFO] [stderr] help: the following other types implement trait `__VitrailDeleteFilterEqType_ordered_filter_schema_user_age`
[INFO] [stderr]   --> tests/ui/fail/ordered_filter_relation_wrong_types.rs:7:1
[INFO] [stderr]    |
[INFO] [stderr]  7 | / schema! {
[INFO] [stderr]  8 | |     name ordered_filter_schema
[INFO] [stderr]  9 | |     model user {
[INFO] [stderr] 10 | |         id    Int    @id
[INFO] [stderr] ...  |
[INFO] [stderr] 19 | | }
[INFO] [stderr]    | | ^
[INFO] [stderr]    | | |
[INFO] [stderr]    | |_`&i64`
[INFO] [stderr]    |   `i64`
[INFO] [stderr] note: required by a bound in `RelationDelete::__vitrail_validate_delete_many::__vitrail_assert_filter_value_type`
[INFO] [stderr]   --> tests/ui/fail/ordered_filter_relation_wrong_types.rs:8:10
[INFO] [stderr]    |
[INFO] [stderr]  7 | schema! {
[INFO] [stderr]  8 |     name ordered_filter_schema
[INFO] [stderr]    |          ^^^^^^^^^^^^^^^^^^^^^ required by this bound in `__vitrail_assert_filter_value_type`
[INFO] [stderr]  9 |     model user {
[INFO] [stderr] 10 |         id    Int    @id
[INFO] [stderr] 11 |         age   Int
[INFO] [stderr] 12 |         posts post[]
[INFO] [stderr] 13 |     }
[INFO] [stderr] 14 |     model post {
[INFO] [stderr] 15 |         id        Int  @id
[INFO] [stderr] 16 |         author_id Int
[INFO] [stderr] 17 |         author    user @relation(fields: [author_id], references: [id])
[INFO] [stderr] 18 |     }
[INFO] [stderr] 19 | }
[INFO] [stderr] ...
[INFO] [stderr] 51 | #[derive(DeleteMany)]
[INFO] [stderr]    |          ---------- in this derive macro expansion
[INFO] [stderr] 
[INFO] [stderr] error[E0277]: the trait bound `&Vec<i64>: __VitrailQueryFilterEqType_ordered_filter_schema_user_age` is not satisfied
[INFO] [stderr]   --> tests/ui/fail/ordered_filter_relation_wrong_types.rs:7:1
[INFO] [stderr]    |
[INFO] [stderr]  7 | / schema! {
[INFO] [stderr]  8 | |     name ordered_filter_schema
[INFO] [stderr]  9 | |     model user {
[INFO] [stderr] 10 | |         id    Int    @id
[INFO] [stderr] ...  |
[INFO] [stderr] 19 | | }
[INFO] [stderr]    | |_^ the trait `__VitrailQueryFilterEqType_ordered_filter_schema_user_age` is not implemented for `&Vec<i64>`
[INFO] [stderr] ...
[INFO] [stderr] 58 |   #[derive(QueryResult)]
[INFO] [stderr]    |            ----------- in this derive macro expansion
[INFO] [stderr]    |
[INFO] [stderr] help: the following other types implement trait `__VitrailQueryFilterEqType_ordered_filter_schema_user_age`
[INFO] [stderr]   --> tests/ui/fail/ordered_filter_relation_wrong_types.rs:7:1
[INFO] [stderr]    |
[INFO] [stderr]  7 | / schema! {
[INFO] [stderr]  8 | |     name ordered_filter_schema
[INFO] [stderr]  9 | |     model user {
[INFO] [stderr] 10 | |         id    Int    @id
[INFO] [stderr] ...  |
[INFO] [stderr] 19 | | }
[INFO] [stderr]    | | ^
[INFO] [stderr]    | | |
[INFO] [stderr]    | |_`&i64`
[INFO] [stderr]    |   `i64`
[INFO] [stderr] note: required by a bound in `ListOperand::__vitrail_validate_query::__vitrail_assert_filter_value_type`
[INFO] [stderr]   --> tests/ui/fail/ordered_filter_relation_wrong_types.rs:8:10
[INFO] [stderr]    |
[INFO] [stderr]  7 | schema! {
[INFO] [stderr]  8 |     name ordered_filter_schema
[INFO] [stderr]    |          ^^^^^^^^^^^^^^^^^^^^^ required by this bound in `__vitrail_assert_filter_value_type`
[INFO] [stderr]  9 |     model user {
[INFO] [stderr] 10 |         id    Int    @id
[INFO] [stderr] 11 |         age   Int
[INFO] [stderr] 12 |         posts post[]
[INFO] [stderr] 13 |     }
[INFO] [stderr] 14 |     model post {
[INFO] [stderr] 15 |         id        Int  @id
[INFO] [stderr] 16 |         author_id Int
[INFO] [stderr] 17 |         author    user @relation(fields: [author_id], references: [id])
[INFO] [stderr] 18 |     }
[INFO] [stderr] 19 | }
[INFO] [stderr] ...
[INFO] [stderr] 58 | #[derive(QueryResult)]
[INFO] [stderr]    |          ----------- in this derive macro expansion
[INFO] [stderr] ┈┈┈┈┈┈┈┈┈┈┈┈┈┈┈┈┈┈┈┈┈┈┈┈┈┈┈┈┈┈┈┈┈┈┈┈┈┈┈┈┈┈┈┈┈┈┈┈┈┈┈┈┈┈┈┈┈┈┈┈
[INFO] [stderr] note: If the actual output is the correct output you can bless it by rerunning
[INFO] [stderr]       your test with the environment variable TRYBUILD=overwrite
[INFO] [stderr] 
[INFO] [stderr] test tests/ui/fail/ordered_filter_unknown_variables.rs [should fail to compile] ... ok
[INFO] [stderr] test tests/ui/fail/ordered_helper_gt_wrong_types.rs [should fail to compile] ... mismatch
[INFO] [stderr] 
[INFO] [stderr] EXPECTED:
[INFO] [stderr] ┈┈┈┈┈┈┈┈┈┈┈┈┈┈┈┈┈┈┈┈┈┈┈┈┈┈┈┈┈┈┈┈┈┈┈┈┈┈┈┈┈┈┈┈┈┈┈┈┈┈┈┈┈┈┈┈┈┈┈┈
[INFO] [stderr] error[E0277]: the trait bound `&str: __VitrailQueryFilterEqType_helper_type_error_schema_user_age` is not satisfied
[INFO] [stderr]   --> tests/ui/fail/ordered_helper_gt_wrong_types.rs:7:1
[INFO] [stderr]    |
[INFO] [stderr]  7 | / schema! {
[INFO] [stderr]  8 | |     name helper_type_error_schema
[INFO] [stderr]  9 | |     model user {
[INFO] [stderr] 10 | |         id  Int @id
[INFO] [stderr] ...  |
[INFO] [stderr] 13 | | }
[INFO] [stderr]    | |_^ the trait `__VitrailQueryFilterEqType_helper_type_error_schema_user_age` is not implemented for `&str`
[INFO] [stderr] ...
[INFO] [stderr] 16 |       let _ = query! {
[INFO] [stderr]    |  _____________-
[INFO] [stderr] 17 | |         crate::helper_type_error_schema,
[INFO] [stderr] 18 | |         user { select: { id: true }, where: { age: { gt: "wrong" } } }
[INFO] [stderr] 19 | |     };
[INFO] [stderr]    | |_____- in this macro invocation
[INFO] [stderr]    |
[INFO] [stderr] help: the following other types implement trait `__VitrailQueryFilterEqType_helper_type_error_schema_user_age`
[INFO] [stderr]   --> tests/ui/fail/ordered_helper_gt_wrong_types.rs:7:1
[INFO] [stderr]    |
[INFO] [stderr]  7 | / schema! {
[INFO] [stderr]  8 | |     name helper_type_error_schema
[INFO] [stderr]  9 | |     model user {
[INFO] [stderr] 10 | |         id  Int @id
[INFO] [stderr] ...  |
[INFO] [stderr] 13 | | }
[INFO] [stderr]    | | ^
[INFO] [stderr]    | | |
[INFO] [stderr]    | |_`&i64`
[INFO] [stderr]    |   `i64`
[INFO] [stderr] note: required by a bound in `main::{closure#0}::__vitrail_assert_filter_value_type`
[INFO] [stderr]   --> tests/ui/fail/ordered_helper_gt_wrong_types.rs:8:10
[INFO] [stderr]    |
[INFO] [stderr]  8 |       name helper_type_error_schema
[INFO] [stderr]    |            ^^^^^^^^^^^^^^^^^^^^^^^^ required by this bound in `__vitrail_assert_filter_value_type`
[INFO] [stderr] ...
[INFO] [stderr] 16 |       let _ = query! {
[INFO] [stderr]    |  _____________-
[INFO] [stderr] 17 | |         crate::helper_type_error_schema,
[INFO] [stderr] 18 | |         user { select: { id: true }, where: { age: { gt: "wrong" } } }
[INFO] [stderr] 19 | |     };
[INFO] [stderr]    | |_____- in this macro invocation
[INFO] [stderr]    = note: this error originates in the macro `helper_type_error_schema::__vitrail_assert_query_filter_value_type_helper_type_error_schema_user` which comes from the expansion of the macro `query` (in Nightly builds, run with -Z macro-backtrace for more info)
[INFO] [stderr] 
[INFO] [stderr] error[E0277]: the trait bound `&str: __VitrailUpdateFilterEqType_helper_type_error_schema_user_age` is not satisfied
[INFO] [stderr]   --> tests/ui/fail/ordered_helper_gt_wrong_types.rs:7:1
[INFO] [stderr]    |
[INFO] [stderr]  7 | / schema! {
[INFO] [stderr]  8 | |     name helper_type_error_schema
[INFO] [stderr]  9 | |     model user {
[INFO] [stderr] 10 | |         id  Int @id
[INFO] [stderr] ...  |
[INFO] [stderr] 13 | | }
[INFO] [stderr]    | |_^ the trait `__VitrailUpdateFilterEqType_helper_type_error_schema_user_age` is not implemented for `&str`
[INFO] [stderr] ...
[INFO] [stderr] 20 |       let _ = update! {
[INFO] [stderr]    |  _____________-
[INFO] [stderr] 21 | |         crate::helper_type_error_schema,
[INFO] [stderr] 22 | |         user { data: { age: 21_i64 }, where: { age: { gt: "wrong" } } }
[INFO] [stderr] 23 | |     };
[INFO] [stderr]    | |_____- in this macro invocation
[INFO] [stderr]    |
[INFO] [stderr] help: the following other types implement trait `__VitrailUpdateFilterEqType_helper_type_error_schema_user_age`
[INFO] [stderr]   --> tests/ui/fail/ordered_helper_gt_wrong_types.rs:7:1
[INFO] [stderr]    |
[INFO] [stderr]  7 | / schema! {
[INFO] [stderr]  8 | |     name helper_type_error_schema
[INFO] [stderr]  9 | |     model user {
[INFO] [stderr] 10 | |         id  Int @id
[INFO] [stderr] ...  |
[INFO] [stderr] 13 | | }
[INFO] [stderr]    | | ^
[INFO] [stderr]    | | |
[INFO] [stderr]    | |_`&i64`
[INFO] [stderr]    |   `i64`
[INFO] [stderr] note: required by a bound in `main::__vitrail_assert_filter_value_type`
[INFO] [stderr]   --> tests/ui/fail/ordered_helper_gt_wrong_types.rs:8:10
[INFO] [stderr]    |
[INFO] [stderr]  8 |       name helper_type_error_schema
[INFO] [stderr]    |            ^^^^^^^^^^^^^^^^^^^^^^^^ required by this bound in `__vitrail_assert_filter_value_type`
[INFO] [stderr] ...
[INFO] [stderr] 20 |       let _ = update! {
[INFO] [stderr]    |  _____________-
[INFO] [stderr] 21 | |         crate::helper_type_error_schema,
[INFO] [stderr] 22 | |         user { data: { age: 21_i64 }, where: { age: { gt: "wrong" } } }
[INFO] [stderr] 23 | |     };
[INFO] [stderr]    | |_____- in this macro invocation
[INFO] [stderr]    = note: this error originates in the macro `helper_type_error_schema::__vitrail_assert_update_filter_value_type_helper_type_error_schema_user` which comes from the expansion of the macro `update` (in Nightly builds, run with -Z macro-backtrace for more info)
[INFO] [stderr] 
[INFO] [stderr] error[E0277]: the trait bound `&str: __VitrailDeleteFilterEqType_helper_type_error_schema_user_age` is not satisfied
[INFO] [stderr]   --> tests/ui/fail/ordered_helper_gt_wrong_types.rs:7:1
[INFO] [stderr]    |
[INFO] [stderr]  7 | / schema! {
[INFO] [stderr]  8 | |     name helper_type_error_schema
[INFO] [stderr]  9 | |     model user {
[INFO] [stderr] 10 | |         id  Int @id
[INFO] [stderr] ...  |
[INFO] [stderr] 13 | | }
[INFO] [stderr]    | |_^ the trait `__VitrailDeleteFilterEqType_helper_type_error_schema_user_age` is not implemented for `&str`
[INFO] [stderr] ...
[INFO] [stderr] 24 |       let _ = delete! {
[INFO] [stderr]    |  _____________-
[INFO] [stderr] 25 | |         crate::helper_type_error_schema,
[INFO] [stderr] 26 | |         user { where: { age: { gt: "wrong" } } }
[INFO] [stderr] 27 | |     };
[INFO] [stderr]    | |_____- in this macro invocation
[INFO] [stderr]    |
[INFO] [stderr] help: the following other types implement trait `__VitrailDeleteFilterEqType_helper_type_error_schema_user_age`
[INFO] [stderr]   --> tests/ui/fail/ordered_helper_gt_wrong_types.rs:7:1
[INFO] [stderr]    |
[INFO] [stderr]  7 | / schema! {
[INFO] [stderr]  8 | |     name helper_type_error_schema
[INFO] [stderr]  9 | |     model user {
[INFO] [stderr] 10 | |         id  Int @id
[INFO] [stderr] ...  |
[INFO] [stderr] 13 | | }
[INFO] [stderr]    | | ^
[INFO] [stderr]    | | |
[INFO] [stderr]    | |_`&i64`
[INFO] [stderr]    |   `i64`
[INFO] [stderr] note: required by a bound in `main::__vitrail_assert_filter_value_type`
[INFO] [stderr]   --> tests/ui/fail/ordered_helper_gt_wrong_types.rs:8:10
[INFO] [stderr]    |
[INFO] [stderr]  8 |       name helper_type_error_schema
[INFO] [stderr]    |            ^^^^^^^^^^^^^^^^^^^^^^^^ required by this bound in `__vitrail_assert_filter_value_type`
[INFO] [stderr] ...
[INFO] [stderr] 24 |       let _ = delete! {
[INFO] [stderr]    |  _____________-
[INFO] [stderr] 25 | |         crate::helper_type_error_schema,
[INFO] [stderr] 26 | |         user { where: { age: { gt: "wrong" } } }
[INFO] [stderr] 27 | |     };
[INFO] [stderr]    | |_____- in this macro invocation
[INFO] [stderr]    = note: this error originates in the macro `helper_type_error_schema::__vitrail_assert_delete_filter_value_type_helper_type_error_schema_user` which comes from the expansion of the macro `delete` (in Nightly builds, run with -Z macro-backtrace for more info)
[INFO] [stderr] ┈┈┈┈┈┈┈┈┈┈┈┈┈┈┈┈┈┈┈┈┈┈┈┈┈┈┈┈┈┈┈┈┈┈┈┈┈┈┈┈┈┈┈┈┈┈┈┈┈┈┈┈┈┈┈┈┈┈┈┈
[INFO] [stderr] 
[INFO] [stderr] ACTUAL OUTPUT:
[INFO] [stderr] ┈┈┈┈┈┈┈┈┈┈┈┈┈┈┈┈┈┈┈┈┈┈┈┈┈┈┈┈┈┈┈┈┈┈┈┈┈┈┈┈┈┈┈┈┈┈┈┈┈┈┈┈┈┈┈┈┈┈┈┈
[INFO] [stderr] error[E0277]: the trait bound `&str: __VitrailQueryFilterEqType_helper_type_error_schema_user_age` is not satisfied
[INFO] [stderr]   --> tests/ui/fail/ordered_helper_gt_wrong_types.rs:7:1
[INFO] [stderr]    |
[INFO] [stderr]  7 | / schema! {
[INFO] [stderr]  8 | |     name helper_type_error_schema
[INFO] [stderr]  9 | |     model user {
[INFO] [stderr] 10 | |         id  Int @id
[INFO] [stderr] ...  |
[INFO] [stderr] 13 | | }
[INFO] [stderr]    | |_^ the trait `__VitrailQueryFilterEqType_helper_type_error_schema_user_age` is not implemented for `&str`
[INFO] [stderr] ...
[INFO] [stderr] 16 |       let _ = query! {
[INFO] [stderr]    |  _____________-
[INFO] [stderr] 17 | |         crate::helper_type_error_schema,
[INFO] [stderr] 18 | |         user { select: { id: true }, where: { age: { gt: "wrong" } } }
[INFO] [stderr] 19 | |     };
[INFO] [stderr]    | |_____- in this macro invocation
[INFO] [stderr]    |
[INFO] [stderr] help: the following other types implement trait `__VitrailQueryFilterEqType_helper_type_error_schema_user_age`
[INFO] [stderr]   --> tests/ui/fail/ordered_helper_gt_wrong_types.rs:7:1
[INFO] [stderr]    |
[INFO] [stderr]  7 | / schema! {
[INFO] [stderr]  8 | |     name helper_type_error_schema
[INFO] [stderr]  9 | |     model user {
[INFO] [stderr] 10 | |         id  Int @id
[INFO] [stderr] ...  |
[INFO] [stderr] 13 | | }
[INFO] [stderr]    | | ^
[INFO] [stderr]    | | |
[INFO] [stderr]    | |_`&i64`
[INFO] [stderr]    |   `i64`
[INFO] [stderr] note: required by a bound in `main::{closure#0}::__vitrail_assert_filter_value_type`
[INFO] [stderr]   --> tests/ui/fail/ordered_helper_gt_wrong_types.rs:8:10
[INFO] [stderr]    |
[INFO] [stderr]  7 |   schema! {
[INFO] [stderr]  8 |       name helper_type_error_schema
[INFO] [stderr]    |            ^^^^^^^^^^^^^^^^^^^^^^^^ required by this bound in `__vitrail_assert_filter_value_type`
[INFO] [stderr]  9 |       model user {
[INFO] [stderr] 10 |           id  Int @id
[INFO] [stderr] 11 |           age Int
[INFO] [stderr] 12 |       }
[INFO] [stderr] 13 |   }
[INFO] [stderr] ...
[INFO] [stderr] 16 |       let _ = query! {
[INFO] [stderr]    |  _____________-
[INFO] [stderr] 17 | |         crate::helper_type_error_schema,
[INFO] [stderr] 18 | |         user { select: { id: true }, where: { age: { gt: "wrong" } } }
[INFO] [stderr] 19 | |     };
[INFO] [stderr]    | |_____- in this macro invocation
[INFO] [stderr] 
[INFO] [stderr] error[E0277]: the trait bound `&str: __VitrailUpdateFilterEqType_helper_type_error_schema_user_age` is not satisfied
[INFO] [stderr]   --> tests/ui/fail/ordered_helper_gt_wrong_types.rs:7:1
[INFO] [stderr]    |
[INFO] [stderr]  7 | / schema! {
[INFO] [stderr]  8 | |     name helper_type_error_schema
[INFO] [stderr]  9 | |     model user {
[INFO] [stderr] 10 | |         id  Int @id
[INFO] [stderr] ...  |
[INFO] [stderr] 13 | | }
[INFO] [stderr]    | |_^ the trait `__VitrailUpdateFilterEqType_helper_type_error_schema_user_age` is not implemented for `&str`
[INFO] [stderr] ...
[INFO] [stderr] 20 |       let _ = update! {
[INFO] [stderr]    |  _____________-
[INFO] [stderr] 21 | |         crate::helper_type_error_schema,
[INFO] [stderr] 22 | |         user { data: { age: 21_i64 }, where: { age: { gt: "wrong" } } }
[INFO] [stderr] 23 | |     };
[INFO] [stderr]    | |_____- in this macro invocation
[INFO] [stderr]    |
[INFO] [stderr] help: the following other types implement trait `__VitrailUpdateFilterEqType_helper_type_error_schema_user_age`
[INFO] [stderr]   --> tests/ui/fail/ordered_helper_gt_wrong_types.rs:7:1
[INFO] [stderr]    |
[INFO] [stderr]  7 | / schema! {
[INFO] [stderr]  8 | |     name helper_type_error_schema
[INFO] [stderr]  9 | |     model user {
[INFO] [stderr] 10 | |         id  Int @id
[INFO] [stderr] ...  |
[INFO] [stderr] 13 | | }
[INFO] [stderr]    | | ^
[INFO] [stderr]    | | |
[INFO] [stderr]    | |_`&i64`
[INFO] [stderr]    |   `i64`
[INFO] [stderr] note: required by a bound in `main::__vitrail_assert_filter_value_type`
[INFO] [stderr]   --> tests/ui/fail/ordered_helper_gt_wrong_types.rs:8:10
[INFO] [stderr]    |
[INFO] [stderr]  7 |   schema! {
[INFO] [stderr]  8 |       name helper_type_error_schema
[INFO] [stderr]    |            ^^^^^^^^^^^^^^^^^^^^^^^^ required by this bound in `__vitrail_assert_filter_value_type`
[INFO] [stderr]  9 |       model user {
[INFO] [stderr] 10 |           id  Int @id
[INFO] [stderr] 11 |           age Int
[INFO] [stderr] 12 |       }
[INFO] [stderr] 13 |   }
[INFO] [stderr] ...
[INFO] [stderr] 20 |       let _ = update! {
[INFO] [stderr]    |  _____________-
[INFO] [stderr] 21 | |         crate::helper_type_error_schema,
[INFO] [stderr] 22 | |         user { data: { age: 21_i64 }, where: { age: { gt: "wrong" } } }
[INFO] [stderr] 23 | |     };
[INFO] [stderr]    | |_____- in this macro invocation
[INFO] [stderr] 
[INFO] [stderr] error[E0277]: the trait bound `&str: __VitrailDeleteFilterEqType_helper_type_error_schema_user_age` is not satisfied
[INFO] [stderr]   --> tests/ui/fail/ordered_helper_gt_wrong_types.rs:7:1
[INFO] [stderr]    |
[INFO] [stderr]  7 | / schema! {
[INFO] [stderr]  8 | |     name helper_type_error_schema
[INFO] [stderr]  9 | |     model user {
[INFO] [stderr] 10 | |         id  Int @id
[INFO] [stderr] ...  |
[INFO] [stderr] 13 | | }
[INFO] [stderr]    | |_^ the trait `__VitrailDeleteFilterEqType_helper_type_error_schema_user_age` is not implemented for `&str`
[INFO] [stderr] ...
[INFO] [stderr] 24 |       let _ = delete! {
[INFO] [stderr]    |  _____________-
[INFO] [stderr] 25 | |         crate::helper_type_error_schema,
[INFO] [stderr] 26 | |         user { where: { age: { gt: "wrong" } } }
[INFO] [stderr] 27 | |     };
[INFO] [stderr]    | |_____- in this macro invocation
[INFO] [stderr]    |
[INFO] [stderr] help: the following other types implement trait `__VitrailDeleteFilterEqType_helper_type_error_schema_user_age`
[INFO] [stderr]   --> tests/ui/fail/ordered_helper_gt_wrong_types.rs:7:1
[INFO] [stderr]    |
[INFO] [stderr]  7 | / schema! {
[INFO] [stderr]  8 | |     name helper_type_error_schema
[INFO] [stderr]  9 | |     model user {
[INFO] [stderr] 10 | |         id  Int @id
[INFO] [stderr] ...  |
[INFO] [stderr] 13 | | }
[INFO] [stderr]    | | ^
[INFO] [stderr]    | | |
[INFO] [stderr]    | |_`&i64`
[INFO] [stderr]    |   `i64`
[INFO] [stderr] note: required by a bound in `main::__vitrail_assert_filter_value_type`
[INFO] [stderr]   --> tests/ui/fail/ordered_helper_gt_wrong_types.rs:8:10
[INFO] [stderr]    |
[INFO] [stderr]  7 |   schema! {
[INFO] [stderr]  8 |       name helper_type_error_schema
[INFO] [stderr]    |            ^^^^^^^^^^^^^^^^^^^^^^^^ required by this bound in `__vitrail_assert_filter_value_type`
[INFO] [stderr]  9 |       model user {
[INFO] [stderr] 10 |           id  Int @id
[INFO] [stderr] 11 |           age Int
[INFO] [stderr] 12 |       }
[INFO] [stderr] 13 |   }
[INFO] [stderr] ...
[INFO] [stderr] 24 |       let _ = delete! {
[INFO] [stderr]    |  _____________-
[INFO] [stderr] 25 | |         crate::helper_type_error_schema,
[INFO] [stderr] 26 | |         user { where: { age: { gt: "wrong" } } }
[INFO] [stderr] 27 | |     };
[INFO] [stderr]    | |_____- in this macro invocation
[INFO] [stderr] ┈┈┈┈┈┈┈┈┈┈┈┈┈┈┈┈┈┈┈┈┈┈┈┈┈┈┈┈┈┈┈┈┈┈┈┈┈┈┈┈┈┈┈┈┈┈┈┈┈┈┈┈┈┈┈┈┈┈┈┈
[INFO] [stderr] note: If the actual output is the correct output you can bless it by rerunning
[INFO] [stderr]       your test with the environment variable TRYBUILD=overwrite
[INFO] [stderr] 
[INFO] [stderr] test tests/ui/fail/ordered_helper_gte_wrong_types.rs [should fail to compile] ... mismatch
[INFO] [stderr] 
[INFO] [stderr] EXPECTED:
[INFO] [stderr] ┈┈┈┈┈┈┈┈┈┈┈┈┈┈┈┈┈┈┈┈┈┈┈┈┈┈┈┈┈┈┈┈┈┈┈┈┈┈┈┈┈┈┈┈┈┈┈┈┈┈┈┈┈┈┈┈┈┈┈┈
[INFO] [stderr] error[E0277]: the trait bound `&str: __VitrailQueryFilterEqType_helper_type_error_schema_user_age` is not satisfied
[INFO] [stderr]   --> tests/ui/fail/ordered_helper_gte_wrong_types.rs:7:1
[INFO] [stderr]    |
[INFO] [stderr]  7 | / schema! {
[INFO] [stderr]  8 | |     name helper_type_error_schema
[INFO] [stderr]  9 | |     model user {
[INFO] [stderr] 10 | |         id  Int @id
[INFO] [stderr] ...  |
[INFO] [stderr] 13 | | }
[INFO] [stderr]    | |_^ the trait `__VitrailQueryFilterEqType_helper_type_error_schema_user_age` is not implemented for `&str`
[INFO] [stderr] ...
[INFO] [stderr] 16 |       let _ = query! {
[INFO] [stderr]    |  _____________-
[INFO] [stderr] 17 | |         crate::helper_type_error_schema,
[INFO] [stderr] 18 | |         user { select: { id: true }, where: { age: { gte: "wrong" } } }
[INFO] [stderr] 19 | |     };
[INFO] [stderr]    | |_____- in this macro invocation
[INFO] [stderr]    |
[INFO] [stderr] help: the following other types implement trait `__VitrailQueryFilterEqType_helper_type_error_schema_user_age`
[INFO] [stderr]   --> tests/ui/fail/ordered_helper_gte_wrong_types.rs:7:1
[INFO] [stderr]    |
[INFO] [stderr]  7 | / schema! {
[INFO] [stderr]  8 | |     name helper_type_error_schema
[INFO] [stderr]  9 | |     model user {
[INFO] [stderr] 10 | |         id  Int @id
[INFO] [stderr] ...  |
[INFO] [stderr] 13 | | }
[INFO] [stderr]    | | ^
[INFO] [stderr]    | | |
[INFO] [stderr]    | |_`&i64`
[INFO] [stderr]    |   `i64`
[INFO] [stderr] note: required by a bound in `main::{closure#0}::__vitrail_assert_filter_value_type`
[INFO] [stderr]   --> tests/ui/fail/ordered_helper_gte_wrong_types.rs:8:10
[INFO] [stderr]    |
[INFO] [stderr]  8 |       name helper_type_error_schema
[INFO] [stderr]    |            ^^^^^^^^^^^^^^^^^^^^^^^^ required by this bound in `__vitrail_assert_filter_value_type`
[INFO] [stderr] ...
[INFO] [stderr] 16 |       let _ = query! {
[INFO] [stderr]    |  _____________-
[INFO] [stderr] 17 | |         crate::helper_type_error_schema,
[INFO] [stderr] 18 | |         user { select: { id: true }, where: { age: { gte: "wrong" } } }
[INFO] [stderr] 19 | |     };
[INFO] [stderr]    | |_____- in this macro invocation
[INFO] [stderr]    = note: this error originates in the macro `helper_type_error_schema::__vitrail_assert_query_filter_value_type_helper_type_error_schema_user` which comes from the expansion of the macro `query` (in Nightly builds, run with -Z macro-backtrace for more info)
[INFO] [stderr] 
[INFO] [stderr] error[E0277]: the trait bound `&str: __VitrailUpdateFilterEqType_helper_type_error_schema_user_age` is not satisfied
[INFO] [stderr]   --> tests/ui/fail/ordered_helper_gte_wrong_types.rs:7:1
[INFO] [stderr]    |
[INFO] [stderr]  7 | / schema! {
[INFO] [stderr]  8 | |     name helper_type_error_schema
[INFO] [stderr]  9 | |     model user {
[INFO] [stderr] 10 | |         id  Int @id
[INFO] [stderr] ...  |
[INFO] [stderr] 13 | | }
[INFO] [stderr]    | |_^ the trait `__VitrailUpdateFilterEqType_helper_type_error_schema_user_age` is not implemented for `&str`
[INFO] [stderr] ...
[INFO] [stderr] 20 |       let _ = update! {
[INFO] [stderr]    |  _____________-
[INFO] [stderr] 21 | |         crate::helper_type_error_schema,
[INFO] [stderr] 22 | |         user { data: { age: 21_i64 }, where: { age: { gte: "wrong" } } }
[INFO] [stderr] 23 | |     };
[INFO] [stderr]    | |_____- in this macro invocation
[INFO] [stderr]    |
[INFO] [stderr] help: the following other types implement trait `__VitrailUpdateFilterEqType_helper_type_error_schema_user_age`
[INFO] [stderr]   --> tests/ui/fail/ordered_helper_gte_wrong_types.rs:7:1
[INFO] [stderr]    |
[INFO] [stderr]  7 | / schema! {
[INFO] [stderr]  8 | |     name helper_type_error_schema
[INFO] [stderr]  9 | |     model user {
[INFO] [stderr] 10 | |         id  Int @id
[INFO] [stderr] ...  |
[INFO] [stderr] 13 | | }
[INFO] [stderr]    | | ^
[INFO] [stderr]    | | |
[INFO] [stderr]    | |_`&i64`
[INFO] [stderr]    |   `i64`
[INFO] [stderr] note: required by a bound in `main::__vitrail_assert_filter_value_type`
[INFO] [stderr]   --> tests/ui/fail/ordered_helper_gte_wrong_types.rs:8:10
[INFO] [stderr]    |
[INFO] [stderr]  8 |       name helper_type_error_schema
[INFO] [stderr]    |            ^^^^^^^^^^^^^^^^^^^^^^^^ required by this bound in `__vitrail_assert_filter_value_type`
[INFO] [stderr] ...
[INFO] [stderr] 20 |       let _ = update! {
[INFO] [stderr]    |  _____________-
[INFO] [stderr] 21 | |         crate::helper_type_error_schema,
[INFO] [stderr] 22 | |         user { data: { age: 21_i64 }, where: { age: { gte: "wrong" } } }
[INFO] [stderr] 23 | |     };
[INFO] [stderr]    | |_____- in this macro invocation
[INFO] [stderr]    = note: this error originates in the macro `helper_type_error_schema::__vitrail_assert_update_filter_value_type_helper_type_error_schema_user` which comes from the expansion of the macro `update` (in Nightly builds, run with -Z macro-backtrace for more info)
[INFO] [stderr] 
[INFO] [stderr] error[E0277]: the trait bound `&str: __VitrailDeleteFilterEqType_helper_type_error_schema_user_age` is not satisfied
[INFO] [stderr]   --> tests/ui/fail/ordered_helper_gte_wrong_types.rs:7:1
[INFO] [stderr]    |
[INFO] [stderr]  7 | / schema! {
[INFO] [stderr]  8 | |     name helper_type_error_schema
[INFO] [stderr]  9 | |     model user {
[INFO] [stderr] 10 | |         id  Int @id
[INFO] [stderr] ...  |
[INFO] [stderr] 13 | | }
[INFO] [stderr]    | |_^ the trait `__VitrailDeleteFilterEqType_helper_type_error_schema_user_age` is not implemented for `&str`
[INFO] [stderr] ...
[INFO] [stderr] 24 |       let _ = delete! {
[INFO] [stderr]    |  _____________-
[INFO] [stderr] 25 | |         crate::helper_type_error_schema,
[INFO] [stderr] 26 | |         user { where: { age: { gte: "wrong" } } }
[INFO] [stderr] 27 | |     };
[INFO] [stderr]    | |_____- in this macro invocation
[INFO] [stderr]    |
[INFO] [stderr] help: the following other types implement trait `__VitrailDeleteFilterEqType_helper_type_error_schema_user_age`
[INFO] [stderr]   --> tests/ui/fail/ordered_helper_gte_wrong_types.rs:7:1
[INFO] [stderr]    |
[INFO] [stderr]  7 | / schema! {
[INFO] [stderr]  8 | |     name helper_type_error_schema
[INFO] [stderr]  9 | |     model user {
[INFO] [stderr] 10 | |         id  Int @id
[INFO] [stderr] ...  |
[INFO] [stderr] 13 | | }
[INFO] [stderr]    | | ^
[INFO] [stderr]    | | |
[INFO] [stderr]    | |_`&i64`
[INFO] [stderr]    |   `i64`
[INFO] [stderr] note: required by a bound in `main::__vitrail_assert_filter_value_type`
[INFO] [stderr]   --> tests/ui/fail/ordered_helper_gte_wrong_types.rs:8:10
[INFO] [stderr]    |
[INFO] [stderr]  8 |       name helper_type_error_schema
[INFO] [stderr]    |            ^^^^^^^^^^^^^^^^^^^^^^^^ required by this bound in `__vitrail_assert_filter_value_type`
[INFO] [stderr] ...
[INFO] [stderr] 24 |       let _ = delete! {
[INFO] [stderr]    |  _____________-
[INFO] [stderr] 25 | |         crate::helper_type_error_schema,
[INFO] [stderr] 26 | |         user { where: { age: { gte: "wrong" } } }
[INFO] [stderr] 27 | |     };
[INFO] [stderr]    | |_____- in this macro invocation
[INFO] [stderr]    = note: this error originates in the macro `helper_type_error_schema::__vitrail_assert_delete_filter_value_type_helper_type_error_schema_user` which comes from the expansion of the macro `delete` (in Nightly builds, run with -Z macro-backtrace for more info)
[INFO] [stderr] ┈┈┈┈┈┈┈┈┈┈┈┈┈┈┈┈┈┈┈┈┈┈┈┈┈┈┈┈┈┈┈┈┈┈┈┈┈┈┈┈┈┈┈┈┈┈┈┈┈┈┈┈┈┈┈┈┈┈┈┈
[INFO] [stderr] 
[INFO] [stderr] ACTUAL OUTPUT:
[INFO] [stderr] ┈┈┈┈┈┈┈┈┈┈┈┈┈┈┈┈┈┈┈┈┈┈┈┈┈┈┈┈┈┈┈┈┈┈┈┈┈┈┈┈┈┈┈┈┈┈┈┈┈┈┈┈┈┈┈┈┈┈┈┈
[INFO] [stderr] error[E0277]: the trait bound `&str: __VitrailQueryFilterEqType_helper_type_error_schema_user_age` is not satisfied
[INFO] [stderr]   --> tests/ui/fail/ordered_helper_gte_wrong_types.rs:7:1
[INFO] [stderr]    |
[INFO] [stderr]  7 | / schema! {
[INFO] [stderr]  8 | |     name helper_type_error_schema
[INFO] [stderr]  9 | |     model user {
[INFO] [stderr] 10 | |         id  Int @id
[INFO] [stderr] ...  |
[INFO] [stderr] 13 | | }
[INFO] [stderr]    | |_^ the trait `__VitrailQueryFilterEqType_helper_type_error_schema_user_age` is not implemented for `&str`
[INFO] [stderr] ...
[INFO] [stderr] 16 |       let _ = query! {
[INFO] [stderr]    |  _____________-
[INFO] [stderr] 17 | |         crate::helper_type_error_schema,
[INFO] [stderr] 18 | |         user { select: { id: true }, where: { age: { gte: "wrong" } } }
[INFO] [stderr] 19 | |     };
[INFO] [stderr]    | |_____- in this macro invocation
[INFO] [stderr]    |
[INFO] [stderr] help: the following other types implement trait `__VitrailQueryFilterEqType_helper_type_error_schema_user_age`
[INFO] [stderr]   --> tests/ui/fail/ordered_helper_gte_wrong_types.rs:7:1
[INFO] [stderr]    |
[INFO] [stderr]  7 | / schema! {
[INFO] [stderr]  8 | |     name helper_type_error_schema
[INFO] [stderr]  9 | |     model user {
[INFO] [stderr] 10 | |         id  Int @id
[INFO] [stderr] ...  |
[INFO] [stderr] 13 | | }
[INFO] [stderr]    | | ^
[INFO] [stderr]    | | |
[INFO] [stderr]    | |_`&i64`
[INFO] [stderr]    |   `i64`
[INFO] [stderr] note: required by a bound in `main::{closure#0}::__vitrail_assert_filter_value_type`
[INFO] [stderr]   --> tests/ui/fail/ordered_helper_gte_wrong_types.rs:8:10
[INFO] [stderr]    |
[INFO] [stderr]  7 |   schema! {
[INFO] [stderr]  8 |       name helper_type_error_schema
[INFO] [stderr]    |            ^^^^^^^^^^^^^^^^^^^^^^^^ required by this bound in `__vitrail_assert_filter_value_type`
[INFO] [stderr]  9 |       model user {
[INFO] [stderr] 10 |           id  Int @id
[INFO] [stderr] 11 |           age Int
[INFO] [stderr] 12 |       }
[INFO] [stderr] 13 |   }
[INFO] [stderr] ...
[INFO] [stderr] 16 |       let _ = query! {
[INFO] [stderr]    |  _____________-
[INFO] [stderr] 17 | |         crate::helper_type_error_schema,
[INFO] [stderr] 18 | |         user { select: { id: true }, where: { age: { gte: "wrong" } } }
[INFO] [stderr] 19 | |     };
[INFO] [stderr]    | |_____- in this macro invocation
[INFO] [stderr] 
[INFO] [stderr] error[E0277]: the trait bound `&str: __VitrailUpdateFilterEqType_helper_type_error_schema_user_age` is not satisfied
[INFO] [stderr]   --> tests/ui/fail/ordered_helper_gte_wrong_types.rs:7:1
[INFO] [stderr]    |
[INFO] [stderr]  7 | / schema! {
[INFO] [stderr]  8 | |     name helper_type_error_schema
[INFO] [stderr]  9 | |     model user {
[INFO] [stderr] 10 | |         id  Int @id
[INFO] [stderr] ...  |
[INFO] [stderr] 13 | | }
[INFO] [stderr]    | |_^ the trait `__VitrailUpdateFilterEqType_helper_type_error_schema_user_age` is not implemented for `&str`
[INFO] [stderr] ...
[INFO] [stderr] 20 |       let _ = update! {
[INFO] [stderr]    |  _____________-
[INFO] [stderr] 21 | |         crate::helper_type_error_schema,
[INFO] [stderr] 22 | |         user { data: { age: 21_i64 }, where: { age: { gte: "wrong" } } }
[INFO] [stderr] 23 | |     };
[INFO] [stderr]    | |_____- in this macro invocation
[INFO] [stderr]    |
[INFO] [stderr] help: the following other types implement trait `__VitrailUpdateFilterEqType_helper_type_error_schema_user_age`
[INFO] [stderr]   --> tests/ui/fail/ordered_helper_gte_wrong_types.rs:7:1
[INFO] [stderr]    |
[INFO] [stderr]  7 | / schema! {
[INFO] [stderr]  8 | |     name helper_type_error_schema
[INFO] [stderr]  9 | |     model user {
[INFO] [stderr] 10 | |         id  Int @id
[INFO] [stderr] ...  |
[INFO] [stderr] 13 | | }
[INFO] [stderr]    | | ^
[INFO] [stderr]    | | |
[INFO] [stderr]    | |_`&i64`
[INFO] [stderr]    |   `i64`
[INFO] [stderr] note: required by a bound in `main::__vitrail_assert_filter_value_type`
[INFO] [stderr]   --> tests/ui/fail/ordered_helper_gte_wrong_types.rs:8:10
[INFO] [stderr]    |
[INFO] [stderr]  7 |   schema! {
[INFO] [stderr]  8 |       name helper_type_error_schema
[INFO] [stderr]    |            ^^^^^^^^^^^^^^^^^^^^^^^^ required by this bound in `__vitrail_assert_filter_value_type`
[INFO] [stderr]  9 |       model user {
[INFO] [stderr] 10 |           id  Int @id
[INFO] [stderr] 11 |           age Int
[INFO] [stderr] 12 |       }
[INFO] [stderr] 13 |   }
[INFO] [stderr] ...
[INFO] [stderr] 20 |       let _ = update! {
[INFO] [stderr]    |  _____________-
[INFO] [stderr] 21 | |         crate::helper_type_error_schema,
[INFO] [stderr] 22 | |         user { data: { age: 21_i64 }, where: { age: { gte: "wrong" } } }
[INFO] [stderr] 23 | |     };
[INFO] [stderr]    | |_____- in this macro invocation
[INFO] [stderr] 
[INFO] [stderr] error[E0277]: the trait bound `&str: __VitrailDeleteFilterEqType_helper_type_error_schema_user_age` is not satisfied
[INFO] [stderr]   --> tests/ui/fail/ordered_helper_gte_wrong_types.rs:7:1
[INFO] [stderr]    |
[INFO] [stderr]  7 | / schema! {
[INFO] [stderr]  8 | |     name helper_type_error_schema
[INFO] [stderr]  9 | |     model user {
[INFO] [stderr] 10 | |         id  Int @id
[INFO] [stderr] ...  |
[INFO] [stderr] 13 | | }
[INFO] [stderr]    | |_^ the trait `__VitrailDeleteFilterEqType_helper_type_error_schema_user_age` is not implemented for `&str`
[INFO] [stderr] ...
[INFO] [stderr] 24 |       let _ = delete! {
[INFO] [stderr]    |  _____________-
[INFO] [stderr] 25 | |         crate::helper_type_error_schema,
[INFO] [stderr] 26 | |         user { where: { age: { gte: "wrong" } } }
[INFO] [stderr] 27 | |     };
[INFO] [stderr]    | |_____- in this macro invocation
[INFO] [stderr]    |
[INFO] [stderr] help: the following other types implement trait `__VitrailDeleteFilterEqType_helper_type_error_schema_user_age`
[INFO] [stderr]   --> tests/ui/fail/ordered_helper_gte_wrong_types.rs:7:1
[INFO] [stderr]    |
[INFO] [stderr]  7 | / schema! {
[INFO] [stderr]  8 | |     name helper_type_error_schema
[INFO] [stderr]  9 | |     model user {
[INFO] [stderr] 10 | |         id  Int @id
[INFO] [stderr] ...  |
[INFO] [stderr] 13 | | }
[INFO] [stderr]    | | ^
[INFO] [stderr]    | | |
[INFO] [stderr]    | |_`&i64`
[INFO] [stderr]    |   `i64`
[INFO] [stderr] note: required by a bound in `main::__vitrail_assert_filter_value_type`
[INFO] [stderr]   --> tests/ui/fail/ordered_helper_gte_wrong_types.rs:8:10
[INFO] [stderr]    |
[INFO] [stderr]  7 |   schema! {
[INFO] [stderr]  8 |       name helper_type_error_schema
[INFO] [stderr]    |            ^^^^^^^^^^^^^^^^^^^^^^^^ required by this bound in `__vitrail_assert_filter_value_type`
[INFO] [stderr]  9 |       model user {
[INFO] [stderr] 10 |           id  Int @id
[INFO] [stderr] 11 |           age Int
[INFO] [stderr] 12 |       }
[INFO] [stderr] 13 |   }
[INFO] [stderr] ...
[INFO] [stderr] 24 |       let _ = delete! {
[INFO] [stderr]    |  _____________-
[INFO] [stderr] 25 | |         crate::helper_type_error_schema,
[INFO] [stderr] 26 | |         user { where: { age: { gte: "wrong" } } }
[INFO] [stderr] 27 | |     };
[INFO] [stderr]    | |_____- in this macro invocation
[INFO] [stderr] ┈┈┈┈┈┈┈┈┈┈┈┈┈┈┈┈┈┈┈┈┈┈┈┈┈┈┈┈┈┈┈┈┈┈┈┈┈┈┈┈┈┈┈┈┈┈┈┈┈┈┈┈┈┈┈┈┈┈┈┈
[INFO] [stderr] note: If the actual output is the correct output you can bless it by rerunning
[INFO] [stderr]       your test with the environment variable TRYBUILD=overwrite
[INFO] [stderr] 
[INFO] [stderr] test tests/ui/fail/ordered_helper_lt_wrong_types.rs [should fail to compile] ... mismatch
[INFO] [stderr] 
[INFO] [stderr] EXPECTED:
[INFO] [stderr] ┈┈┈┈┈┈┈┈┈┈┈┈┈┈┈┈┈┈┈┈┈┈┈┈┈┈┈┈┈┈┈┈┈┈┈┈┈┈┈┈┈┈┈┈┈┈┈┈┈┈┈┈┈┈┈┈┈┈┈┈
[INFO] [stderr] error[E0277]: the trait bound `&str: __VitrailQueryFilterEqType_helper_type_error_schema_user_age` is not satisfied
[INFO] [stderr]   --> tests/ui/fail/ordered_helper_lt_wrong_types.rs:7:1
[INFO] [stderr]    |
[INFO] [stderr]  7 | / schema! {
[INFO] [stderr]  8 | |     name helper_type_error_schema
[INFO] [stderr]  9 | |     model user {
[INFO] [stderr] 10 | |         id  Int @id
[INFO] [stderr] ...  |
[INFO] [stderr] 13 | | }
[INFO] [stderr]    | |_^ the trait `__VitrailQueryFilterEqType_helper_type_error_schema_user_age` is not implemented for `&str`
[INFO] [stderr] ...
[INFO] [stderr] 16 |       let _ = query! {
[INFO] [stderr]    |  _____________-
[INFO] [stderr] 17 | |         crate::helper_type_error_schema,
[INFO] [stderr] 18 | |         user { select: { id: true }, where: { age: { lt: "wrong" } } }
[INFO] [stderr] 19 | |     };
[INFO] [stderr]    | |_____- in this macro invocation
[INFO] [stderr]    |
[INFO] [stderr] help: the following other types implement trait `__VitrailQueryFilterEqType_helper_type_error_schema_user_age`
[INFO] [stderr]   --> tests/ui/fail/ordered_helper_lt_wrong_types.rs:7:1
[INFO] [stderr]    |
[INFO] [stderr]  7 | / schema! {
[INFO] [stderr]  8 | |     name helper_type_error_schema
[INFO] [stderr]  9 | |     model user {
[INFO] [stderr] 10 | |         id  Int @id
[INFO] [stderr] ...  |
[INFO] [stderr] 13 | | }
[INFO] [stderr]    | | ^
[INFO] [stderr]    | | |
[INFO] [stderr]    | |_`&i64`
[INFO] [stderr]    |   `i64`
[INFO] [stderr] note: required by a bound in `main::{closure#0}::__vitrail_assert_filter_value_type`
[INFO] [stderr]   --> tests/ui/fail/ordered_helper_lt_wrong_types.rs:8:10
[INFO] [stderr]    |
[INFO] [stderr]  8 |       name helper_type_error_schema
[INFO] [stderr]    |            ^^^^^^^^^^^^^^^^^^^^^^^^ required by this bound in `__vitrail_assert_filter_value_type`
[INFO] [stderr] ...
[INFO] [stderr] 16 |       let _ = query! {
[INFO] [stderr]    |  _____________-
[INFO] [stderr] 17 | |         crate::helper_type_error_schema,
[INFO] [stderr] 18 | |         user { select: { id: true }, where: { age: { lt: "wrong" } } }
[INFO] [stderr] 19 | |     };
[INFO] [stderr]    | |_____- in this macro invocation
[INFO] [stderr]    = note: this error originates in the macro `helper_type_error_schema::__vitrail_assert_query_filter_value_type_helper_type_error_schema_user` which comes from the expansion of the macro `query` (in Nightly builds, run with -Z macro-backtrace for more info)
[INFO] [stderr] 
[INFO] [stderr] error[E0277]: the trait bound `&str: __VitrailUpdateFilterEqType_helper_type_error_schema_user_age` is not satisfied
[INFO] [stderr]   --> tests/ui/fail/ordered_helper_lt_wrong_types.rs:7:1
[INFO] [stderr]    |
[INFO] [stderr]  7 | / schema! {
[INFO] [stderr]  8 | |     name helper_type_error_schema
[INFO] [stderr]  9 | |     model user {
[INFO] [stderr] 10 | |         id  Int @id
[INFO] [stderr] ...  |
[INFO] [stderr] 13 | | }
[INFO] [stderr]    | |_^ the trait `__VitrailUpdateFilterEqType_helper_type_error_schema_user_age` is not implemented for `&str`
[INFO] [stderr] ...
[INFO] [stderr] 20 |       let _ = update! {
[INFO] [stderr]    |  _____________-
[INFO] [stderr] 21 | |         crate::helper_type_error_schema,
[INFO] [stderr] 22 | |         user { data: { age: 21_i64 }, where: { age: { lt: "wrong" } } }
[INFO] [stderr] 23 | |     };
[INFO] [stderr]    | |_____- in this macro invocation
[INFO] [stderr]    |
[INFO] [stderr] help: the following other types implement trait `__VitrailUpdateFilterEqType_helper_type_error_schema_user_age`
[INFO] [stderr]   --> tests/ui/fail/ordered_helper_lt_wrong_types.rs:7:1
[INFO] [stderr]    |
[INFO] [stderr]  7 | / schema! {
[INFO] [stderr]  8 | |     name helper_type_error_schema
[INFO] [stderr]  9 | |     model user {
[INFO] [stderr] 10 | |         id  Int @id
[INFO] [stderr] ...  |
[INFO] [stderr] 13 | | }
[INFO] [stderr]    | | ^
[INFO] [stderr]    | | |
[INFO] [stderr]    | |_`&i64`
[INFO] [stderr]    |   `i64`
[INFO] [stderr] note: required by a bound in `main::__vitrail_assert_filter_value_type`
[INFO] [stderr]   --> tests/ui/fail/ordered_helper_lt_wrong_types.rs:8:10
[INFO] [stderr]    |
[INFO] [stderr]  8 |       name helper_type_error_schema
[INFO] [stderr]    |            ^^^^^^^^^^^^^^^^^^^^^^^^ required by this bound in `__vitrail_assert_filter_value_type`
[INFO] [stderr] ...
[INFO] [stderr] 20 |       let _ = update! {
[INFO] [stderr]    |  _____________-
[INFO] [stderr] 21 | |         crate::helper_type_error_schema,
[INFO] [stderr] 22 | |         user { data: { age: 21_i64 }, where: { age: { lt: "wrong" } } }
[INFO] [stderr] 23 | |     };
[INFO] [stderr]    | |_____- in this macro invocation
[INFO] [stderr]    = note: this error originates in the macro `helper_type_error_schema::__vitrail_assert_update_filter_value_type_helper_type_error_schema_user` which comes from the expansion of the macro `update` (in Nightly builds, run with -Z macro-backtrace for more info)
[INFO] [stderr] 
[INFO] [stderr] error[E0277]: the trait bound `&str: __VitrailDeleteFilterEqType_helper_type_error_schema_user_age` is not satisfied
[INFO] [stderr]   --> tests/ui/fail/ordered_helper_lt_wrong_types.rs:7:1
[INFO] [stderr]    |
[INFO] [stderr]  7 | / schema! {
[INFO] [stderr]  8 | |     name helper_type_error_schema
[INFO] [stderr]  9 | |     model user {
[INFO] [stderr] 10 | |         id  Int @id
[INFO] [stderr] ...  |
[INFO] [stderr] 13 | | }
[INFO] [stderr]    | |_^ the trait `__VitrailDeleteFilterEqType_helper_type_error_schema_user_age` is not implemented for `&str`
[INFO] [stderr] ...
[INFO] [stderr] 24 |       let _ = delete! {
[INFO] [stderr]    |  _____________-
[INFO] [stderr] 25 | |         crate::helper_type_error_schema,
[INFO] [stderr] 26 | |         user { where: { age: { lt: "wrong" } } }
[INFO] [stderr] 27 | |     };
[INFO] [stderr]    | |_____- in this macro invocation
[INFO] [stderr]    |
[INFO] [stderr] help: the following other types implement trait `__VitrailDeleteFilterEqType_helper_type_error_schema_user_age`
[INFO] [stderr]   --> tests/ui/fail/ordered_helper_lt_wrong_types.rs:7:1
[INFO] [stderr]    |
[INFO] [stderr]  7 | / schema! {
[INFO] [stderr]  8 | |     name helper_type_error_schema
[INFO] [stderr]  9 | |     model user {
[INFO] [stderr] 10 | |         id  Int @id
[INFO] [stderr] ...  |
[INFO] [stderr] 13 | | }
[INFO] [stderr]    | | ^
[INFO] [stderr]    | | |
[INFO] [stderr]    | |_`&i64`
[INFO] [stderr]    |   `i64`
[INFO] [stderr] note: required by a bound in `main::__vitrail_assert_filter_value_type`
[INFO] [stderr]   --> tests/ui/fail/ordered_helper_lt_wrong_types.rs:8:10
[INFO] [stderr]    |
[INFO] [stderr]  8 |       name helper_type_error_schema
[INFO] [stderr]    |            ^^^^^^^^^^^^^^^^^^^^^^^^ required by this bound in `__vitrail_assert_filter_value_type`
[INFO] [stderr] ...
[INFO] [stderr] 24 |       let _ = delete! {
[INFO] [stderr]    |  _____________-
[INFO] [stderr] 25 | |         crate::helper_type_error_schema,
[INFO] [stderr] 26 | |         user { where: { age: { lt: "wrong" } } }
[INFO] [stderr] 27 | |     };
[INFO] [stderr]    | |_____- in this macro invocation
[INFO] [stderr]    = note: this error originates in the macro `helper_type_error_schema::__vitrail_assert_delete_filter_value_type_helper_type_error_schema_user` which comes from the expansion of the macro `delete` (in Nightly builds, run with -Z macro-backtrace for more info)
[INFO] [stderr] ┈┈┈┈┈┈┈┈┈┈┈┈┈┈┈┈┈┈┈┈┈┈┈┈┈┈┈┈┈┈┈┈┈┈┈┈┈┈┈┈┈┈┈┈┈┈┈┈┈┈┈┈┈┈┈┈┈┈┈┈
[INFO] [stderr] 
[INFO] [stderr] ACTUAL OUTPUT:
[INFO] [stderr] ┈┈┈┈┈┈┈┈┈┈┈┈┈┈┈┈┈┈┈┈┈┈┈┈┈┈┈┈┈┈┈┈┈┈┈┈┈┈┈┈┈┈┈┈┈┈┈┈┈┈┈┈┈┈┈┈┈┈┈┈
[INFO] [stderr] error[E0277]: the trait bound `&str: __VitrailQueryFilterEqType_helper_type_error_schema_user_age` is not satisfied
[INFO] [stderr]   --> tests/ui/fail/ordered_helper_lt_wrong_types.rs:7:1
[INFO] [stderr]    |
[INFO] [stderr]  7 | / schema! {
[INFO] [stderr]  8 | |     name helper_type_error_schema
[INFO] [stderr]  9 | |     model user {
[INFO] [stderr] 10 | |         id  Int @id
[INFO] [stderr] ...  |
[INFO] [stderr] 13 | | }
[INFO] [stderr]    | |_^ the trait `__VitrailQueryFilterEqType_helper_type_error_schema_user_age` is not implemented for `&str`
[INFO] [stderr] ...
[INFO] [stderr] 16 |       let _ = query! {
[INFO] [stderr]    |  _____________-
[INFO] [stderr] 17 | |         crate::helper_type_error_schema,
[INFO] [stderr] 18 | |         user { select: { id: true }, where: { age: { lt: "wrong" } } }
[INFO] [stderr] 19 | |     };
[INFO] [stderr]    | |_____- in this macro invocation
[INFO] [stderr]    |
[INFO] [stderr] help: the following other types implement trait `__VitrailQueryFilterEqType_helper_type_error_schema_user_age`
[INFO] [stderr]   --> tests/ui/fail/ordered_helper_lt_wrong_types.rs:7:1
[INFO] [stderr]    |
[INFO] [stderr]  7 | / schema! {
[INFO] [stderr]  8 | |     name helper_type_error_schema
[INFO] [stderr]  9 | |     model user {
[INFO] [stderr] 10 | |         id  Int @id
[INFO] [stderr] ...  |
[INFO] [stderr] 13 | | }
[INFO] [stderr]    | | ^
[INFO] [stderr]    | | |
[INFO] [stderr]    | |_`&i64`
[INFO] [stderr]    |   `i64`
[INFO] [stderr] note: required by a bound in `main::{closure#0}::__vitrail_assert_filter_value_type`
[INFO] [stderr]   --> tests/ui/fail/ordered_helper_lt_wrong_types.rs:8:10
[INFO] [stderr]    |
[INFO] [stderr]  7 |   schema! {
[INFO] [stderr]  8 |       name helper_type_error_schema
[INFO] [stderr]    |            ^^^^^^^^^^^^^^^^^^^^^^^^ required by this bound in `__vitrail_assert_filter_value_type`
[INFO] [stderr]  9 |       model user {
[INFO] [stderr] 10 |           id  Int @id
[INFO] [stderr] 11 |           age Int
[INFO] [stderr] 12 |       }
[INFO] [stderr] 13 |   }
[INFO] [stderr] ...
[INFO] [stderr] 16 |       let _ = query! {
[INFO] [stderr]    |  _____________-
[INFO] [stderr] 17 | |         crate::helper_type_error_schema,
[INFO] [stderr] 18 | |         user { select: { id: true }, where: { age: { lt: "wrong" } } }
[INFO] [stderr] 19 | |     };
[INFO] [stderr]    | |_____- in this macro invocation
[INFO] [stderr] 
[INFO] [stderr] error[E0277]: the trait bound `&str: __VitrailUpdateFilterEqType_helper_type_error_schema_user_age` is not satisfied
[INFO] [stderr]   --> tests/ui/fail/ordered_helper_lt_wrong_types.rs:7:1
[INFO] [stderr]    |
[INFO] [stderr]  7 | / schema! {
[INFO] [stderr]  8 | |     name helper_type_error_schema
[INFO] [stderr]  9 | |     model user {
[INFO] [stderr] 10 | |         id  Int @id
[INFO] [stderr] ...  |
[INFO] [stderr] 13 | | }
[INFO] [stderr]    | |_^ the trait `__VitrailUpdateFilterEqType_helper_type_error_schema_user_age` is not implemented for `&str`
[INFO] [stderr] ...
[INFO] [stderr] 20 |       let _ = update! {
[INFO] [stderr]    |  _____________-
[INFO] [stderr] 21 | |         crate::helper_type_error_schema,
[INFO] [stderr] 22 | |         user { data: { age: 21_i64 }, where: { age: { lt: "wrong" } } }
[INFO] [stderr] 23 | |     };
[INFO] [stderr]    | |_____- in this macro invocation
[INFO] [stderr]    |
[INFO] [stderr] help: the following other types implement trait `__VitrailUpdateFilterEqType_helper_type_error_schema_user_age`
[INFO] [stderr]   --> tests/ui/fail/ordered_helper_lt_wrong_types.rs:7:1
[INFO] [stderr]    |
[INFO] [stderr]  7 | / schema! {
[INFO] [stderr]  8 | |     name helper_type_error_schema
[INFO] [stderr]  9 | |     model user {
[INFO] [stderr] 10 | |         id  Int @id
[INFO] [stderr] ...  |
[INFO] [stderr] 13 | | }
[INFO] [stderr]    | | ^
[INFO] [stderr]    | | |
[INFO] [stderr]    | |_`&i64`
[INFO] [stderr]    |   `i64`
[INFO] [stderr] note: required by a bound in `main::__vitrail_assert_filter_value_type`
[INFO] [stderr]   --> tests/ui/fail/ordered_helper_lt_wrong_types.rs:8:10
[INFO] [stderr]    |
[INFO] [stderr]  7 |   schema! {
[INFO] [stderr]  8 |       name helper_type_error_schema
[INFO] [stderr]    |            ^^^^^^^^^^^^^^^^^^^^^^^^ required by this bound in `__vitrail_assert_filter_value_type`
[INFO] [stderr]  9 |       model user {
[INFO] [stderr] 10 |           id  Int @id
[INFO] [stderr] 11 |           age Int
[INFO] [stderr] 12 |       }
[INFO] [stderr] 13 |   }
[INFO] [stderr] ...
[INFO] [stderr] 20 |       let _ = update! {
[INFO] [stderr]    |  _____________-
[INFO] [stderr] 21 | |         crate::helper_type_error_schema,
[INFO] [stderr] 22 | |         user { data: { age: 21_i64 }, where: { age: { lt: "wrong" } } }
[INFO] [stderr] 23 | |     };
[INFO] [stderr]    | |_____- in this macro invocation
[INFO] [stderr] 
[INFO] [stderr] error[E0277]: the trait bound `&str: __VitrailDeleteFilterEqType_helper_type_error_schema_user_age` is not satisfied
[INFO] [stderr]   --> tests/ui/fail/ordered_helper_lt_wrong_types.rs:7:1
[INFO] [stderr]    |
[INFO] [stderr]  7 | / schema! {
[INFO] [stderr]  8 | |     name helper_type_error_schema
[INFO] [stderr]  9 | |     model user {
[INFO] [stderr] 10 | |         id  Int @id
[INFO] [stderr] ...  |
[INFO] [stderr] 13 | | }
[INFO] [stderr]    | |_^ the trait `__VitrailDeleteFilterEqType_helper_type_error_schema_user_age` is not implemented for `&str`
[INFO] [stderr] ...
[INFO] [stderr] 24 |       let _ = delete! {
[INFO] [stderr]    |  _____________-
[INFO] [stderr] 25 | |         crate::helper_type_error_schema,
[INFO] [stderr] 26 | |         user { where: { age: { lt: "wrong" } } }
[INFO] [stderr] 27 | |     };
[INFO] [stderr]    | |_____- in this macro invocation
[INFO] [stderr]    |
[INFO] [stderr] help: the following other types implement trait `__VitrailDeleteFilterEqType_helper_type_error_schema_user_age`
[INFO] [stderr]   --> tests/ui/fail/ordered_helper_lt_wrong_types.rs:7:1
[INFO] [stderr]    |
[INFO] [stderr]  7 | / schema! {
[INFO] [stderr]  8 | |     name helper_type_error_schema
[INFO] [stderr]  9 | |     model user {
[INFO] [stderr] 10 | |         id  Int @id
[INFO] [stderr] ...  |
[INFO] [stderr] 13 | | }
[INFO] [stderr]    | | ^
[INFO] [stderr]    | | |
[INFO] [stderr]    | |_`&i64`
[INFO] [stderr]    |   `i64`
[INFO] [stderr] note: required by a bound in `main::__vitrail_assert_filter_value_type`
[INFO] [stderr]   --> tests/ui/fail/ordered_helper_lt_wrong_types.rs:8:10
[INFO] [stderr]    |
[INFO] [stderr]  7 |   schema! {
[INFO] [stderr]  8 |       name helper_type_error_schema
[INFO] [stderr]    |            ^^^^^^^^^^^^^^^^^^^^^^^^ required by this bound in `__vitrail_assert_filter_value_type`
[INFO] [stderr]  9 |       model user {
[INFO] [stderr] 10 |           id  Int @id
[INFO] [stderr] 11 |           age Int
[INFO] [stderr] 12 |       }
[INFO] [stderr] 13 |   }
[INFO] [stderr] ...
[INFO] [stderr] 24 |       let _ = delete! {
[INFO] [stderr]    |  _____________-
[INFO] [stderr] 25 | |         crate::helper_type_error_schema,
[INFO] [stderr] 26 | |         user { where: { age: { lt: "wrong" } } }
[INFO] [stderr] 27 | |     };
[INFO] [stderr]    | |_____- in this macro invocation
[INFO] [stderr] ┈┈┈┈┈┈┈┈┈┈┈┈┈┈┈┈┈┈┈┈┈┈┈┈┈┈┈┈┈┈┈┈┈┈┈┈┈┈┈┈┈┈┈┈┈┈┈┈┈┈┈┈┈┈┈┈┈┈┈┈
[INFO] [stderr] note: If the actual output is the correct output you can bless it by rerunning
[INFO] [stderr]       your test with the environment variable TRYBUILD=overwrite
[INFO] [stderr] 
[INFO] [stderr] test tests/ui/fail/ordered_helper_lte_wrong_types.rs [should fail to compile] ... mismatch
[INFO] [stderr] 
[INFO] [stderr] EXPECTED:
[INFO] [stderr] ┈┈┈┈┈┈┈┈┈┈┈┈┈┈┈┈┈┈┈┈┈┈┈┈┈┈┈┈┈┈┈┈┈┈┈┈┈┈┈┈┈┈┈┈┈┈┈┈┈┈┈┈┈┈┈┈┈┈┈┈
[INFO] [stderr] error[E0277]: the trait bound `&str: __VitrailQueryFilterEqType_helper_type_error_schema_user_age` is not satisfied
[INFO] [stderr]   --> tests/ui/fail/ordered_helper_lte_wrong_types.rs:7:1
[INFO] [stderr]    |
[INFO] [stderr]  7 | / schema! {
[INFO] [stderr]  8 | |     name helper_type_error_schema
[INFO] [stderr]  9 | |     model user {
[INFO] [stderr] 10 | |         id  Int @id
[INFO] [stderr] ...  |
[INFO] [stderr] 13 | | }
[INFO] [stderr]    | |_^ the trait `__VitrailQueryFilterEqType_helper_type_error_schema_user_age` is not implemented for `&str`
[INFO] [stderr] ...
[INFO] [stderr] 16 |       let _ = query! {
[INFO] [stderr]    |  _____________-
[INFO] [stderr] 17 | |         crate::helper_type_error_schema,
[INFO] [stderr] 18 | |         user { select: { id: true }, where: { age: { lte: "wrong" } } }
[INFO] [stderr] 19 | |     };
[INFO] [stderr]    | |_____- in this macro invocation
[INFO] [stderr]    |
[INFO] [stderr] help: the following other types implement trait `__VitrailQueryFilterEqType_helper_type_error_schema_user_age`
[INFO] [stderr]   --> tests/ui/fail/ordered_helper_lte_wrong_types.rs:7:1
[INFO] [stderr]    |
[INFO] [stderr]  7 | / schema! {
[INFO] [stderr]  8 | |     name helper_type_error_schema
[INFO] [stderr]  9 | |     model user {
[INFO] [stderr] 10 | |         id  Int @id
[INFO] [stderr] ...  |
[INFO] [stderr] 13 | | }
[INFO] [stderr]    | | ^
[INFO] [stderr]    | | |
[INFO] [stderr]    | |_`&i64`
[INFO] [stderr]    |   `i64`
[INFO] [stderr] note: required by a bound in `main::{closure#0}::__vitrail_assert_filter_value_type`
[INFO] [stderr]   --> tests/ui/fail/ordered_helper_lte_wrong_types.rs:8:10
[INFO] [stderr]    |
[INFO] [stderr]  8 |       name helper_type_error_schema
[INFO] [stderr]    |            ^^^^^^^^^^^^^^^^^^^^^^^^ required by this bound in `__vitrail_assert_filter_value_type`
[INFO] [stderr] ...
[INFO] [stderr] 16 |       let _ = query! {
[INFO] [stderr]    |  _____________-
[INFO] [stderr] 17 | |         crate::helper_type_error_schema,
[INFO] [stderr] 18 | |         user { select: { id: true }, where: { age: { lte: "wrong" } } }
[INFO] [stderr] 19 | |     };
[INFO] [stderr]    | |_____- in this macro invocation
[INFO] [stderr]    = note: this error originates in the macro `helper_type_error_schema::__vitrail_assert_query_filter_value_type_helper_type_error_schema_user` which comes from the expansion of the macro `query` (in Nightly builds, run with -Z macro-backtrace for more info)
[INFO] [stderr] 
[INFO] [stderr] error[E0277]: the trait bound `&str: __VitrailUpdateFilterEqType_helper_type_error_schema_user_age` is not satisfied
[INFO] [stderr]   --> tests/ui/fail/ordered_helper_lte_wrong_types.rs:7:1
[INFO] [stderr]    |
[INFO] [stderr]  7 | / schema! {
[INFO] [stderr]  8 | |     name helper_type_error_schema
[INFO] [stderr]  9 | |     model user {
[INFO] [stderr] 10 | |         id  Int @id
[INFO] [stderr] ...  |
[INFO] [stderr] 13 | | }
[INFO] [stderr]    | |_^ the trait `__VitrailUpdateFilterEqType_helper_type_error_schema_user_age` is not implemented for `&str`
[INFO] [stderr] ...
[INFO] [stderr] 20 |       let _ = update! {
[INFO] [stderr]    |  _____________-
[INFO] [stderr] 21 | |         crate::helper_type_error_schema,
[INFO] [stderr] 22 | |         user { data: { age: 21_i64 }, where: { age: { lte: "wrong" } } }
[INFO] [stderr] 23 | |     };
[INFO] [stderr]    | |_____- in this macro invocation
[INFO] [stderr]    |
[INFO] [stderr] help: the following other types implement trait `__VitrailUpdateFilterEqType_helper_type_error_schema_user_age`
[INFO] [stderr]   --> tests/ui/fail/ordered_helper_lte_wrong_types.rs:7:1
[INFO] [stderr]    |
[INFO] [stderr]  7 | / schema! {
[INFO] [stderr]  8 | |     name helper_type_error_schema
[INFO] [stderr]  9 | |     model user {
[INFO] [stderr] 10 | |         id  Int @id
[INFO] [stderr] ...  |
[INFO] [stderr] 13 | | }
[INFO] [stderr]    | | ^
[INFO] [stderr]    | | |
[INFO] [stderr]    | |_`&i64`
[INFO] [stderr]    |   `i64`
[INFO] [stderr] note: required by a bound in `main::__vitrail_assert_filter_value_type`
[INFO] [stderr]   --> tests/ui/fail/ordered_helper_lte_wrong_types.rs:8:10
[INFO] [stderr]    |
[INFO] [stderr]  8 |       name helper_type_error_schema
[INFO] [stderr]    |            ^^^^^^^^^^^^^^^^^^^^^^^^ required by this bound in `__vitrail_assert_filter_value_type`
[INFO] [stderr] ...
[INFO] [stderr] 20 |       let _ = update! {
[INFO] [stderr]    |  _____________-
[INFO] [stderr] 21 | |         crate::helper_type_error_schema,
[INFO] [stderr] 22 | |         user { data: { age: 21_i64 }, where: { age: { lte: "wrong" } } }
[INFO] [stderr] 23 | |     };
[INFO] [stderr]    | |_____- in this macro invocation
[INFO] [stderr]    = note: this error originates in the macro `helper_type_error_schema::__vitrail_assert_update_filter_value_type_helper_type_error_schema_user` which comes from the expansion of the macro `update` (in Nightly builds, run with -Z macro-backtrace for more info)
[INFO] [stderr] 
[INFO] [stderr] error[E0277]: the trait bound `&str: __VitrailDeleteFilterEqType_helper_type_error_schema_user_age` is not satisfied
[INFO] [stderr]   --> tests/ui/fail/ordered_helper_lte_wrong_types.rs:7:1
[INFO] [stderr]    |
[INFO] [stderr]  7 | / schema! {
[INFO] [stderr]  8 | |     name helper_type_error_schema
[INFO] [stderr]  9 | |     model user {
[INFO] [stderr] 10 | |         id  Int @id
[INFO] [stderr] ...  |
[INFO] [stderr] 13 | | }
[INFO] [stderr]    | |_^ the trait `__VitrailDeleteFilterEqType_helper_type_error_schema_user_age` is not implemented for `&str`
[INFO] [stderr] ...
[INFO] [stderr] 24 |       let _ = delete! {
[INFO] [stderr]    |  _____________-
[INFO] [stderr] 25 | |         crate::helper_type_error_schema,
[INFO] [stderr] 26 | |         user { where: { age: { lte: "wrong" } } }
[INFO] [stderr] 27 | |     };
[INFO] [stderr]    | |_____- in this macro invocation
[INFO] [stderr]    |
[INFO] [stderr] help: the following other types implement trait `__VitrailDeleteFilterEqType_helper_type_error_schema_user_age`
[INFO] [stderr]   --> tests/ui/fail/ordered_helper_lte_wrong_types.rs:7:1
[INFO] [stderr]    |
[INFO] [stderr]  7 | / schema! {
[INFO] [stderr]  8 | |     name helper_type_error_schema
[INFO] [stderr]  9 | |     model user {
[INFO] [stderr] 10 | |         id  Int @id
[INFO] [stderr] ...  |
[INFO] [stderr] 13 | | }
[INFO] [stderr]    | | ^
[INFO] [stderr]    | | |
[INFO] [stderr]    | |_`&i64`
[INFO] [stderr]    |   `i64`
[INFO] [stderr] note: required by a bound in `main::__vitrail_assert_filter_value_type`
[INFO] [stderr]   --> tests/ui/fail/ordered_helper_lte_wrong_types.rs:8:10
[INFO] [stderr]    |
[INFO] [stderr]  8 |       name helper_type_error_schema
[INFO] [stderr]    |            ^^^^^^^^^^^^^^^^^^^^^^^^ required by this bound in `__vitrail_assert_filter_value_type`
[INFO] [stderr] ...
[INFO] [stderr] 24 |       let _ = delete! {
[INFO] [stderr]    |  _____________-
[INFO] [stderr] 25 | |         crate::helper_type_error_schema,
[INFO] [stderr] 26 | |         user { where: { age: { lte: "wrong" } } }
[INFO] [stderr] 27 | |     };
[INFO] [stderr]    | |_____- in this macro invocation
[INFO] [stderr]    = note: this error originates in the macro `helper_type_error_schema::__vitrail_assert_delete_filter_value_type_helper_type_error_schema_user` which comes from the expansion of the macro `delete` (in Nightly builds, run with -Z macro-backtrace for more info)
[INFO] [stderr] ┈┈┈┈┈┈┈┈┈┈┈┈┈┈┈┈┈┈┈┈┈┈┈┈┈┈┈┈┈┈┈┈┈┈┈┈┈┈┈┈┈┈┈┈┈┈┈┈┈┈┈┈┈┈┈┈┈┈┈┈
[INFO] [stderr] 
[INFO] [stderr] ACTUAL OUTPUT:
[INFO] [stderr] ┈┈┈┈┈┈┈┈┈┈┈┈┈┈┈┈┈┈┈┈┈┈┈┈┈┈┈┈┈┈┈┈┈┈┈┈┈┈┈┈┈┈┈┈┈┈┈┈┈┈┈┈┈┈┈┈┈┈┈┈
[INFO] [stderr] error[E0277]: the trait bound `&str: __VitrailQueryFilterEqType_helper_type_error_schema_user_age` is not satisfied
[INFO] [stderr]   --> tests/ui/fail/ordered_helper_lte_wrong_types.rs:7:1
[INFO] [stderr]    |
[INFO] [stderr]  7 | / schema! {
[INFO] [stderr]  8 | |     name helper_type_error_schema
[INFO] [stderr]  9 | |     model user {
[INFO] [stderr] 10 | |         id  Int @id
[INFO] [stderr] ...  |
[INFO] [stderr] 13 | | }
[INFO] [stderr]    | |_^ the trait `__VitrailQueryFilterEqType_helper_type_error_schema_user_age` is not implemented for `&str`
[INFO] [stderr] ...
[INFO] [stderr] 16 |       let _ = query! {
[INFO] [stderr]    |  _____________-
[INFO] [stderr] 17 | |         crate::helper_type_error_schema,
[INFO] [stderr] 18 | |         user { select: { id: true }, where: { age: { lte: "wrong" } } }
[INFO] [stderr] 19 | |     };
[INFO] [stderr]    | |_____- in this macro invocation
[INFO] [stderr]    |
[INFO] [stderr] help: the following other types implement trait `__VitrailQueryFilterEqType_helper_type_error_schema_user_age`
[INFO] [stderr]   --> tests/ui/fail/ordered_helper_lte_wrong_types.rs:7:1
[INFO] [stderr]    |
[INFO] [stderr]  7 | / schema! {
[INFO] [stderr]  8 | |     name helper_type_error_schema
[INFO] [stderr]  9 | |     model user {
[INFO] [stderr] 10 | |         id  Int @id
[INFO] [stderr] ...  |
[INFO] [stderr] 13 | | }
[INFO] [stderr]    | | ^
[INFO] [stderr]    | | |
[INFO] [stderr]    | |_`&i64`
[INFO] [stderr]    |   `i64`
[INFO] [stderr] note: required by a bound in `main::{closure#0}::__vitrail_assert_filter_value_type`
[INFO] [stderr]   --> tests/ui/fail/ordered_helper_lte_wrong_types.rs:8:10
[INFO] [stderr]    |
[INFO] [stderr]  7 |   schema! {
[INFO] [stderr]  8 |       name helper_type_error_schema
[INFO] [stderr]    |            ^^^^^^^^^^^^^^^^^^^^^^^^ required by this bound in `__vitrail_assert_filter_value_type`
[INFO] [stderr]  9 |       model user {
[INFO] [stderr] 10 |           id  Int @id
[INFO] [stderr] 11 |           age Int
[INFO] [stderr] 12 |       }
[INFO] [stderr] 13 |   }
[INFO] [stderr] ...
[INFO] [stderr] 16 |       let _ = query! {
[INFO] [stderr]    |  _____________-
[INFO] [stderr] 17 | |         crate::helper_type_error_schema,
[INFO] [stderr] 18 | |         user { select: { id: true }, where: { age: { lte: "wrong" } } }
[INFO] [stderr] 19 | |     };
[INFO] [stderr]    | |_____- in this macro invocation
[INFO] [stderr] 
[INFO] [stderr] error[E0277]: the trait bound `&str: __VitrailUpdateFilterEqType_helper_type_error_schema_user_age` is not satisfied
[INFO] [stderr]   --> tests/ui/fail/ordered_helper_lte_wrong_types.rs:7:1
[INFO] [stderr]    |
[INFO] [stderr]  7 | / schema! {
[INFO] [stderr]  8 | |     name helper_type_error_schema
[INFO] [stderr]  9 | |     model user {
[INFO] [stderr] 10 | |         id  Int @id
[INFO] [stderr] ...  |
[INFO] [stderr] 13 | | }
[INFO] [stderr]    | |_^ the trait `__VitrailUpdateFilterEqType_helper_type_error_schema_user_age` is not implemented for `&str`
[INFO] [stderr] ...
[INFO] [stderr] 20 |       let _ = update! {
[INFO] [stderr]    |  _____________-
[INFO] [stderr] 21 | |         crate::helper_type_error_schema,
[INFO] [stderr] 22 | |         user { data: { age: 21_i64 }, where: { age: { lte: "wrong" } } }
[INFO] [stderr] 23 | |     };
[INFO] [stderr]    | |_____- in this macro invocation
[INFO] [stderr]    |
[INFO] [stderr] help: the following other types implement trait `__VitrailUpdateFilterEqType_helper_type_error_schema_user_age`
[INFO] [stderr]   --> tests/ui/fail/ordered_helper_lte_wrong_types.rs:7:1
[INFO] [stderr]    |
[INFO] [stderr]  7 | / schema! {
[INFO] [stderr]  8 | |     name helper_type_error_schema
[INFO] [stderr]  9 | |     model user {
[INFO] [stderr] 10 | |         id  Int @id
[INFO] [stderr] ...  |
[INFO] [stderr] 13 | | }
[INFO] [stderr]    | | ^
[INFO] [stderr]    | | |
[INFO] [stderr]    | |_`&i64`
[INFO] [stderr]    |   `i64`
[INFO] [stderr] note: required by a bound in `main::__vitrail_assert_filter_value_type`
[INFO] [stderr]   --> tests/ui/fail/ordered_helper_lte_wrong_types.rs:8:10
[INFO] [stderr]    |
[INFO] [stderr]  7 |   schema! {
[INFO] [stderr]  8 |       name helper_type_error_schema
[INFO] [stderr]    |            ^^^^^^^^^^^^^^^^^^^^^^^^ required by this bound in `__vitrail_assert_filter_value_type`
[INFO] [stderr]  9 |       model user {
[INFO] [stderr] 10 |           id  Int @id
[INFO] [stderr] 11 |           age Int
[INFO] [stderr] 12 |       }
[INFO] [stderr] 13 |   }
[INFO] [stderr] ...
[INFO] [stderr] 20 |       let _ = update! {
[INFO] [stderr]    |  _____________-
[INFO] [stderr] 21 | |         crate::helper_type_error_schema,
[INFO] [stderr] 22 | |         user { data: { age: 21_i64 }, where: { age: { lte: "wrong" } } }
[INFO] [stderr] 23 | |     };
[INFO] [stderr]    | |_____- in this macro invocation
[INFO] [stderr] 
[INFO] [stderr] error[E0277]: the trait bound `&str: __VitrailDeleteFilterEqType_helper_type_error_schema_user_age` is not satisfied
[INFO] [stderr]   --> tests/ui/fail/ordered_helper_lte_wrong_types.rs:7:1
[INFO] [stderr]    |
[INFO] [stderr]  7 | / schema! {
[INFO] [stderr]  8 | |     name helper_type_error_schema
[INFO] [stderr]  9 | |     model user {
[INFO] [stderr] 10 | |         id  Int @id
[INFO] [stderr] ...  |
[INFO] [stderr] 13 | | }
[INFO] [stderr]    | |_^ the trait `__VitrailDeleteFilterEqType_helper_type_error_schema_user_age` is not implemented for `&str`
[INFO] [stderr] ...
[INFO] [stderr] 24 |       let _ = delete! {
[INFO] [stderr]    |  _____________-
[INFO] [stderr] 25 | |         crate::helper_type_error_schema,
[INFO] [stderr] 26 | |         user { where: { age: { lte: "wrong" } } }
[INFO] [stderr] 27 | |     };
[INFO] [stderr]    | |_____- in this macro invocation
[INFO] [stderr]    |
[INFO] [stderr] help: the following other types implement trait `__VitrailDeleteFilterEqType_helper_type_error_schema_user_age`
[INFO] [stderr]   --> tests/ui/fail/ordered_helper_lte_wrong_types.rs:7:1
[INFO] [stderr]    |
[INFO] [stderr]  7 | / schema! {
[INFO] [stderr]  8 | |     name helper_type_error_schema
[INFO] [stderr]  9 | |     model user {
[INFO] [stderr] 10 | |         id  Int @id
[INFO] [stderr] ...  |
[INFO] [stderr] 13 | | }
[INFO] [stderr]    | | ^
[INFO] [stderr]    | | |
[INFO] [stderr]    | |_`&i64`
[INFO] [stderr]    |   `i64`
[INFO] [stderr] note: required by a bound in `main::__vitrail_assert_filter_value_type`
[INFO] [stderr]   --> tests/ui/fail/ordered_helper_lte_wrong_types.rs:8:10
[INFO] [stderr]    |
[INFO] [stderr]  7 |   schema! {
[INFO] [stderr]  8 |       name helper_type_error_schema
[INFO] [stderr]    |            ^^^^^^^^^^^^^^^^^^^^^^^^ required by this bound in `__vitrail_assert_filter_value_type`
[INFO] [stderr]  9 |       model user {
[INFO] [stderr] 10 |           id  Int @id
[INFO] [stderr] 11 |           age Int
[INFO] [stderr] 12 |       }
[INFO] [stderr] 13 |   }
[INFO] [stderr] ...
[INFO] [stderr] 24 |       let _ = delete! {
[INFO] [stderr]    |  _____________-
[INFO] [stderr] 25 | |         crate::helper_type_error_schema,
[INFO] [stderr] 26 | |         user { where: { age: { lte: "wrong" } } }
[INFO] [stderr] 27 | |     };
[INFO] [stderr]    | |_____- in this macro invocation
[INFO] [stderr] ┈┈┈┈┈┈┈┈┈┈┈┈┈┈┈┈┈┈┈┈┈┈┈┈┈┈┈┈┈┈┈┈┈┈┈┈┈┈┈┈┈┈┈┈┈┈┈┈┈┈┈┈┈┈┈┈┈┈┈┈
[INFO] [stderr] note: If the actual output is the correct output you can bless it by rerunning
[INFO] [stderr]       your test with the environment variable TRYBUILD=overwrite
[INFO] [stderr] 
[INFO] [stderr] test tests/ui/fail/ordered_helper_malformed.rs [should fail to compile] ... mismatch
[INFO] [stderr] 
[INFO] [stderr] EXPECTED:
[INFO] [stderr] ┈┈┈┈┈┈┈┈┈┈┈┈┈┈┈┈┈┈┈┈┈┈┈┈┈┈┈┈┈┈┈┈┈┈┈┈┈┈┈┈┈┈┈┈┈┈┈┈┈┈┈┈┈┈┈┈┈┈┈┈
[INFO] [stderr] error: unsupported `where` operator `contains` for scalar field `age` in delete helper for model `user`; supported operators are `eq`, `in`, `not`, `lt`, `lte`, `gt`, and `gte`
[INFO] [stderr]   --> tests/ui/fail/ordered_helper_malformed.rs:7:1
[INFO] [stderr]    |
[INFO] [stderr]  7 | / schema! {
[INFO] [stderr]  8 | |     name helper_syntax_error_schema
[INFO] [stderr]  9 | |     model user {
[INFO] [stderr] 10 | |         id  Int @id
[INFO] [stderr] ...  |
[INFO] [stderr] 13 | | }
[INFO] [stderr]    | |_^
[INFO] [stderr] ...
[INFO] [stderr] 36 |       let _ = delete! {
[INFO] [stderr]    |  _____________-
[INFO] [stderr] 37 | |         crate::helper_syntax_error_schema,
[INFO] [stderr] 38 | |         user { where: { age: { lt: 65_i64, contains: 10_i64 + 8 } } }
[INFO] [stderr] 39 | |     };
[INFO] [stderr]    | |_____- in this macro invocation
[INFO] [stderr]    |
[INFO] [stderr]    = note: this error originates in the macro `helper_syntax_error_schema::__vitrail_delete_where_field_filter_helper_syntax_error_schema_user` which comes from the expansion of the macro `delete` (in Nightly builds, run with -Z macro-backtrace for more info)
[INFO] [stderr] 
[INFO] [stderr] error: unsupported `where` operator `between` for scalar field `age` in update helper for model `user`; supported operators are `eq`, `in`, `not`, `lt`, `lte`, `gt`, and `gte`
[INFO] [stderr]   --> tests/ui/fail/ordered_helper_malformed.rs:7:1
[INFO] [stderr]    |
[INFO] [stderr]  7 | / schema! {
[INFO] [stderr]  8 | |     name helper_syntax_error_schema
[INFO] [stderr]  9 | |     model user {
[INFO] [stderr] 10 | |         id  Int @id
[INFO] [stderr] ...  |
[INFO] [stderr] 13 | | }
[INFO] [stderr]    | |_^
[INFO] [stderr] ...
[INFO] [stderr] 32 |       let _ = update! {
[INFO] [stderr]    |  _____________-
[INFO] [stderr] 33 | |         crate::helper_syntax_error_schema,
[INFO] [stderr] 34 | |         user { data: { age: 21_i64 }, where: { age: { gte: 18_i64, between: [18_i64, 65] } } }
[INFO] [stderr] 35 | |     };
[INFO] [stderr]    | |_____- in this macro invocation
[INFO] [stderr]    |
[INFO] [stderr]    = note: this error originates in the macro `helper_syntax_error_schema::__vitrail_update_where_field_filter_helper_syntax_error_schema_user` which comes from the expansion of the macro `update` (in Nightly builds, run with -Z macro-backtrace for more info)
[INFO] [stderr] 
[INFO] [stderr] error: malformed filter for scalar field `age` in query helper for model `user`; expected `null` or a non-empty object of `eq`, `in`, `not`, `lt`, `lte`, `gt`, or `gte` operands
[INFO] [stderr]   --> tests/ui/fail/ordered_helper_malformed.rs:7:1
[INFO] [stderr]    |
[INFO] [stderr]  7 | / schema! {
[INFO] [stderr]  8 | |     name helper_syntax_error_schema
[INFO] [stderr]  9 | |     model user {
[INFO] [stderr] 10 | |         id  Int @id
[INFO] [stderr] ...  |
[INFO] [stderr] 13 | | }
[INFO] [stderr]    | |_^
[INFO] [stderr] ...
[INFO] [stderr] 28 |       let _ = query! {
[INFO] [stderr]    |  _____________-
[INFO] [stderr] 29 | |         crate::helper_syntax_error_schema,
[INFO] [stderr] 30 | |         user { select: { id: true }, where: { age: 18_i64 } }
[INFO] [stderr] 31 | |     };
[INFO] [stderr]    | |_____- in this macro invocation
[INFO] [stderr]    |
[INFO] [stderr]    = note: this error originates in the macro `helper_syntax_error_schema::__vitrail_query_where_field_filter_helper_syntax_error_schema_user` which comes from the expansion of the macro `query` (in Nightly builds, run with -Z macro-backtrace for more info)
[INFO] [stderr] 
[INFO] [stderr] error: malformed filter for scalar field `age` in delete helper for model `user`; expected `null` or a non-empty object of `eq`, `in`, `not`, `lt`, `lte`, `gt`, or `gte` operands
[INFO] [stderr]   --> tests/ui/fail/ordered_helper_malformed.rs:7:1
[INFO] [stderr]    |
[INFO] [stderr]  7 | / schema! {
[INFO] [stderr]  8 | |     name helper_syntax_error_schema
[INFO] [stderr]  9 | |     model user {
[INFO] [stderr] 10 | |         id  Int @id
[INFO] [stderr] ...  |
[INFO] [stderr] 13 | | }
[INFO] [stderr]    | |_^
[INFO] [stderr] ...
[INFO] [stderr] 24 |       let _ = delete! {
[INFO] [stderr]    |  _____________-
[INFO] [stderr] 25 | |         crate::helper_syntax_error_schema,
[INFO] [stderr] 26 | |         user { where: { age: { gte: 18_i64,, lt: 65_i64 } } }
[INFO] [stderr] 27 | |     };
[INFO] [stderr]    | |_____- in this macro invocation
[INFO] [stderr]    |
[INFO] [stderr]    = note: this error originates in the macro `helper_syntax_error_schema::__vitrail_delete_where_field_filter_helper_syntax_error_schema_user` which comes from the expansion of the macro `delete` (in Nightly builds, run with -Z macro-backtrace for more info)
[INFO] [stderr] 
[INFO] [stderr] error: malformed filter for scalar field `age` in update helper for model `user`; expected `null` or a non-empty object of `eq`, `in`, `not`, `lt`, `lte`, `gt`, or `gte` operands
[INFO] [stderr]   --> tests/ui/fail/ordered_helper_malformed.rs:7:1
[INFO] [stderr]    |
[INFO] [stderr]  7 | / schema! {
[INFO] [stderr]  8 | |     name helper_syntax_error_schema
[INFO] [stderr]  9 | |     model user {
[INFO] [stderr] 10 | |         id  Int @id
[INFO] [stderr] ...  |
[INFO] [stderr] 13 | | }
[INFO] [stderr]    | |_^
[INFO] [stderr] ...
[INFO] [stderr] 20 |       let _ = update! {
[INFO] [stderr]    |  _____________-
[INFO] [stderr] 21 | |         crate::helper_syntax_error_schema,
[INFO] [stderr] 22 | |         user { data: { age: 21_i64 }, where: { age: { gte: 18_i64, lt: } } }
[INFO] [stderr] 23 | |     };
[INFO] [stderr]    | |_____- in this macro invocation
[INFO] [stderr]    |
[INFO] [stderr]    = note: this error originates in the macro `helper_syntax_error_schema::__vitrail_update_where_field_filter_helper_syntax_error_schema_user` which comes from the expansion of the macro `update` (in Nightly builds, run with -Z macro-backtrace for more info)
[INFO] [stderr] 
[INFO] [stderr] error: malformed filter for scalar field `age` in query helper for model `user`; expected `null` or a non-empty object of `eq`, `in`, `not`, `lt`, `lte`, `gt`, or `gte` operands
[INFO] [stderr]   --> tests/ui/fail/ordered_helper_malformed.rs:7:1
[INFO] [stderr]    |
[INFO] [stderr]  7 | / schema! {
[INFO] [stderr]  8 | |     name helper_syntax_error_schema
[INFO] [stderr]  9 | |     model user {
[INFO] [stderr] 10 | |         id  Int @id
[INFO] [stderr] ...  |
[INFO] [stderr] 13 | | }
[INFO] [stderr]    | |_^
[INFO] [stderr] ...
[INFO] [stderr] 16 |       let _ = query! {
[INFO] [stderr]    |  _____________-
[INFO] [stderr] 17 | |         crate::helper_syntax_error_schema,
[INFO] [stderr] 18 | |         user { select: { id: true }, where: { age: {} } }
[INFO] [stderr] 19 | |     };
[INFO] [stderr]    | |_____- in this macro invocation
[INFO] [stderr]    |
[INFO] [stderr]    = note: this error originates in the macro `helper_syntax_error_schema::__vitrail_query_where_field_filter_helper_syntax_error_schema_user` which comes from the expansion of the macro `query` (in Nightly builds, run with -Z macro-backtrace for more info)
[INFO] [stderr] ┈┈┈┈┈┈┈┈┈┈┈┈┈┈┈┈┈┈┈┈┈┈┈┈┈┈┈┈┈┈┈┈┈┈┈┈┈┈┈┈┈┈┈┈┈┈┈┈┈┈┈┈┈┈┈┈┈┈┈┈
[INFO] [stderr] 
[INFO] [stderr] ACTUAL OUTPUT:
[INFO] [stderr] ┈┈┈┈┈┈┈┈┈┈┈┈┈┈┈┈┈┈┈┈┈┈┈┈┈┈┈┈┈┈┈┈┈┈┈┈┈┈┈┈┈┈┈┈┈┈┈┈┈┈┈┈┈┈┈┈┈┈┈┈
[INFO] [stderr] error: unsupported `where` operator `contains` for scalar field `age` in delete helper for model `user`; supported operators are `eq`, `in`, `not`, `lt`, `lte`, `gt`, and `gte`
[INFO] [stderr]   --> tests/ui/fail/ordered_helper_malformed.rs:7:1
[INFO] [stderr]    |
[INFO] [stderr]  7 | / schema! {
[INFO] [stderr]  8 | |     name helper_syntax_error_schema
[INFO] [stderr]  9 | |     model user {
[INFO] [stderr] 10 | |         id  Int @id
[INFO] [stderr] ...  |
[INFO] [stderr] 13 | | }
[INFO] [stderr]    | |_^
[INFO] [stderr] ...
[INFO] [stderr] 36 |       let _ = delete! {
[INFO] [stderr]    |  _____________-
[INFO] [stderr] 37 | |         crate::helper_syntax_error_schema,
[INFO] [stderr] 38 | |         user { where: { age: { lt: 65_i64, contains: 10_i64 + 8 } } }
[INFO] [stderr] 39 | |     };
[INFO] [stderr]    | |_____- in this macro invocation
[INFO] [stderr] 
[INFO] [stderr] error: unsupported `where` operator `between` for scalar field `age` in update helper for model `user`; supported operators are `eq`, `in`, `not`, `lt`, `lte`, `gt`, and `gte`
[INFO] [stderr]   --> tests/ui/fail/ordered_helper_malformed.rs:7:1
[INFO] [stderr]    |
[INFO] [stderr]  7 | / schema! {
[INFO] [stderr]  8 | |     name helper_syntax_error_schema
[INFO] [stderr]  9 | |     model user {
[INFO] [stderr] 10 | |         id  Int @id
[INFO] [stderr] ...  |
[INFO] [stderr] 13 | | }
[INFO] [stderr]    | |_^
[INFO] [stderr] ...
[INFO] [stderr] 32 |       let _ = update! {
[INFO] [stderr]    |  _____________-
[INFO] [stderr] 33 | |         crate::helper_syntax_error_schema,
[INFO] [stderr] 34 | |         user { data: { age: 21_i64 }, where: { age: { gte: 18_i64, between: [18_i64, 65] } } }
[INFO] [stderr] 35 | |     };
[INFO] [stderr]    | |_____- in this macro invocation
[INFO] [stderr] 
[INFO] [stderr] error: malformed filter for scalar field `age` in query helper for model `user`; expected `null` or a non-empty object of `eq`, `in`, `not`, `lt`, `lte`, `gt`, or `gte` operands
[INFO] [stderr]   --> tests/ui/fail/ordered_helper_malformed.rs:7:1
[INFO] [stderr]    |
[INFO] [stderr]  7 | / schema! {
[INFO] [stderr]  8 | |     name helper_syntax_error_schema
[INFO] [stderr]  9 | |     model user {
[INFO] [stderr] 10 | |         id  Int @id
[INFO] [stderr] ...  |
[INFO] [stderr] 13 | | }
[INFO] [stderr]    | |_^
[INFO] [stderr] ...
[INFO] [stderr] 28 |       let _ = query! {
[INFO] [stderr]    |  _____________-
[INFO] [stderr] 29 | |         crate::helper_syntax_error_schema,
[INFO] [stderr] 30 | |         user { select: { id: true }, where: { age: 18_i64 } }
[INFO] [stderr] 31 | |     };
[INFO] [stderr]    | |_____- in this macro invocation
[INFO] [stderr] 
[INFO] [stderr] error: malformed filter for scalar field `age` in delete helper for model `user`; expected `null` or a non-empty object of `eq`, `in`, `not`, `lt`, `lte`, `gt`, or `gte` operands
[INFO] [stderr]   --> tests/ui/fail/ordered_helper_malformed.rs:7:1
[INFO] [stderr]    |
[INFO] [stderr]  7 | / schema! {
[INFO] [stderr]  8 | |     name helper_syntax_error_schema
[INFO] [stderr]  9 | |     model user {
[INFO] [stderr] 10 | |         id  Int @id
[INFO] [stderr] ...  |
[INFO] [stderr] 13 | | }
[INFO] [stderr]    | |_^
[INFO] [stderr] ...
[INFO] [stderr] 24 |       let _ = delete! {
[INFO] [stderr]    |  _____________-
[INFO] [stderr] 25 | |         crate::helper_syntax_error_schema,
[INFO] [stderr] 26 | |         user { where: { age: { gte: 18_i64,, lt: 65_i64 } } }
[INFO] [stderr] 27 | |     };
[INFO] [stderr]    | |_____- in this macro invocation
[INFO] [stderr] 
[INFO] [stderr] error: malformed filter for scalar field `age` in update helper for model `user`; expected `null` or a non-empty object of `eq`, `in`, `not`, `lt`, `lte`, `gt`, or `gte` operands
[INFO] [stderr]   --> tests/ui/fail/ordered_helper_malformed.rs:7:1
[INFO] [stderr]    |
[INFO] [stderr]  7 | / schema! {
[INFO] [stderr]  8 | |     name helper_syntax_error_schema
[INFO] [stderr]  9 | |     model user {
[INFO] [stderr] 10 | |         id  Int @id
[INFO] [stderr] ...  |
[INFO] [stderr] 13 | | }
[INFO] [stderr]    | |_^
[INFO] [stderr] ...
[INFO] [stderr] 20 |       let _ = update! {
[INFO] [stderr]    |  _____________-
[INFO] [stderr] 21 | |         crate::helper_syntax_error_schema,
[INFO] [stderr] 22 | |         user { data: { age: 21_i64 }, where: { age: { gte: 18_i64, lt: } } }
[INFO] [stderr] 23 | |     };
[INFO] [stderr]    | |_____- in this macro invocation
[INFO] [stderr] 
[INFO] [stderr] error: malformed filter for scalar field `age` in query helper for model `user`; expected `null` or a non-empty object of `eq`, `in`, `not`, `lt`, `lte`, `gt`, or `gte` operands
[INFO] [stderr]   --> tests/ui/fail/ordered_helper_malformed.rs:7:1
[INFO] [stderr]    |
[INFO] [stderr]  7 | / schema! {
[INFO] [stderr]  8 | |     name helper_syntax_error_schema
[INFO] [stderr]  9 | |     model user {
[INFO] [stderr] 10 | |         id  Int @id
[INFO] [stderr] ...  |
[INFO] [stderr] 13 | | }
[INFO] [stderr]    | |_^
[INFO] [stderr] ...
[INFO] [stderr] 16 |       let _ = query! {
[INFO] [stderr]    |  _____________-
[INFO] [stderr] 17 | |         crate::helper_syntax_error_schema,
[INFO] [stderr] 18 | |         user { select: { id: true }, where: { age: {} } }
[INFO] [stderr] 19 | |     };
[INFO] [stderr]    | |_____- in this macro invocation
[INFO] [stderr] ┈┈┈┈┈┈┈┈┈┈┈┈┈┈┈┈┈┈┈┈┈┈┈┈┈┈┈┈┈┈┈┈┈┈┈┈┈┈┈┈┈┈┈┈┈┈┈┈┈┈┈┈┈┈┈┈┈┈┈┈
[INFO] [stderr] note: If the actual output is the correct output you can bless it by rerunning
[INFO] [stderr]       your test with the environment variable TRYBUILD=overwrite
[INFO] [stderr] 
[INFO] [stderr] test tests/ui/fail/ordered_helper_range_wrong_types.rs [should fail to compile] ... mismatch
[INFO] [stderr] 
[INFO] [stderr] EXPECTED:
[INFO] [stderr] ┈┈┈┈┈┈┈┈┈┈┈┈┈┈┈┈┈┈┈┈┈┈┈┈┈┈┈┈┈┈┈┈┈┈┈┈┈┈┈┈┈┈┈┈┈┈┈┈┈┈┈┈┈┈┈┈┈┈┈┈
[INFO] [stderr] error[E0277]: the trait bound `&str: __VitrailQueryFilterEqType_helper_range_error_schema_user_age` is not satisfied
[INFO] [stderr]   --> tests/ui/fail/ordered_helper_range_wrong_types.rs:7:1
[INFO] [stderr]    |
[INFO] [stderr]  7 | / schema! {
[INFO] [stderr]  8 | |     name helper_range_error_schema
[INFO] [stderr]  9 | |     model user {
[INFO] [stderr] 10 | |         id    Int @id
[INFO] [stderr] ...  |
[INFO] [stderr] 19 | | }
[INFO] [stderr]    | |_^ the trait `__VitrailQueryFilterEqType_helper_range_error_schema_user_age` is not implemented for `&str`
[INFO] [stderr] ...
[INFO] [stderr] 24 |       let _ = query! {
[INFO] [stderr]    |  _____________-
[INFO] [stderr] 25 | |         crate::helper_range_error_schema,
[INFO] [stderr] 26 | |         user { select: { id: true }, where: { age: { gte: min_age, lt: wrong } } }
[INFO] [stderr] 27 | |     };
[INFO] [stderr]    | |_____- in this macro invocation
[INFO] [stderr]    |
[INFO] [stderr] help: the following other types implement trait `__VitrailQueryFilterEqType_helper_range_error_schema_user_age`
[INFO] [stderr]   --> tests/ui/fail/ordered_helper_range_wrong_types.rs:7:1
[INFO] [stderr]    |
[INFO] [stderr]  7 | / schema! {
[INFO] [stderr]  8 | |     name helper_range_error_schema
[INFO] [stderr]  9 | |     model user {
[INFO] [stderr] 10 | |         id    Int @id
[INFO] [stderr] ...  |
[INFO] [stderr] 19 | | }
[INFO] [stderr]    | | ^
[INFO] [stderr]    | | |
[INFO] [stderr]    | |_`&i64`
[INFO] [stderr]    |   `i64`
[INFO] [stderr] note: required by a bound in `main::{closure#1}::__vitrail_assert_filter_value_type`
[INFO] [stderr]   --> tests/ui/fail/ordered_helper_range_wrong_types.rs:8:10
[INFO] [stderr]    |
[INFO] [stderr]  8 |       name helper_range_error_schema
[INFO] [stderr]    |            ^^^^^^^^^^^^^^^^^^^^^^^^^ required by this bound in `__vitrail_assert_filter_value_type`
[INFO] [stderr] ...
[INFO] [stderr] 24 |       let _ = query! {
[INFO] [stderr]    |  _____________-
[INFO] [stderr] 25 | |         crate::helper_range_error_schema,
[INFO] [stderr] 26 | |         user { select: { id: true }, where: { age: { gte: min_age, lt: wrong } } }
[INFO] [stderr] 27 | |     };
[INFO] [stderr]    | |_____- in this macro invocation
[INFO] [stderr]    = note: this error originates in the macro `helper_range_error_schema::__vitrail_assert_query_filter_value_type_helper_range_error_schema_user` which comes from the expansion of the macro `query` (in Nightly builds, run with -Z macro-backtrace for more info)
[INFO] [stderr] 
[INFO] [stderr] error[E0277]: the trait bound `&str: __VitrailUpdateFilterEqType_helper_range_error_schema_user_age` is not satisfied
[INFO] [stderr]   --> tests/ui/fail/ordered_helper_range_wrong_types.rs:7:1
[INFO] [stderr]    |
[INFO] [stderr]  7 | / schema! {
[INFO] [stderr]  8 | |     name helper_range_error_schema
[INFO] [stderr]  9 | |     model user {
[INFO] [stderr] 10 | |         id    Int @id
[INFO] [stderr] ...  |
[INFO] [stderr] 19 | | }
[INFO] [stderr]    | |_^ the trait `__VitrailUpdateFilterEqType_helper_range_error_schema_user_age` is not implemented for `&str`
[INFO] [stderr] ...
[INFO] [stderr] 28 |       let _ = update! {
[INFO] [stderr]    |  _____________-
[INFO] [stderr] 29 | |         crate::helper_range_error_schema,
[INFO] [stderr] 30 | |         user { data: { age: 21_i64 }, where: { age: { gte: min_age, lt: wrong } } }
[INFO] [stderr] 31 | |     };
[INFO] [stderr]    | |_____- in this macro invocation
[INFO] [stderr]    |
[INFO] [stderr] help: the following other types implement trait `__VitrailUpdateFilterEqType_helper_range_error_schema_user_age`
[INFO] [stderr]   --> tests/ui/fail/ordered_helper_range_wrong_types.rs:7:1
[INFO] [stderr]    |
[INFO] [stderr]  7 | / schema! {
[INFO] [stderr]  8 | |     name helper_range_error_schema
[INFO] [stderr]  9 | |     model user {
[INFO] [stderr] 10 | |         id    Int @id
[INFO] [stderr] ...  |
[INFO] [stderr] 19 | | }
[INFO] [stderr]    | | ^
[INFO] [stderr]    | | |
[INFO] [stderr]    | |_`&i64`
[INFO] [stderr]    |   `i64`
[INFO] [stderr] note: required by a bound in `main::__vitrail_assert_filter_value_type`
[INFO] [stderr]   --> tests/ui/fail/ordered_helper_range_wrong_types.rs:8:10
[INFO] [stderr]    |
[INFO] [stderr]  8 |       name helper_range_error_schema
[INFO] [stderr]    |            ^^^^^^^^^^^^^^^^^^^^^^^^^ required by this bound in `__vitrail_assert_filter_value_type`
[INFO] [stderr] ...
[INFO] [stderr] 28 |       let _ = update! {
[INFO] [stderr]    |  _____________-
[INFO] [stderr] 29 | |         crate::helper_range_error_schema,
[INFO] [stderr] 30 | |         user { data: { age: 21_i64 }, where: { age: { gte: min_age, lt: wrong } } }
[INFO] [stderr] 31 | |     };
[INFO] [stderr]    | |_____- in this macro invocation
[INFO] [stderr]    = note: this error originates in the macro `helper_range_error_schema::__vitrail_assert_update_filter_value_type_helper_range_error_schema_user` which comes from the expansion of the macro `update` (in Nightly builds, run with -Z macro-backtrace for more info)
[INFO] [stderr] 
[INFO] [stderr] error[E0277]: the trait bound `&str: __VitrailDeleteFilterEqType_helper_range_error_schema_user_age` is not satisfied
[INFO] [stderr]   --> tests/ui/fail/ordered_helper_range_wrong_types.rs:7:1
[INFO] [stderr]    |
[INFO] [stderr]  7 | / schema! {
[INFO] [stderr]  8 | |     name helper_range_error_schema
[INFO] [stderr]  9 | |     model user {
[INFO] [stderr] 10 | |         id    Int @id
[INFO] [stderr] ...  |
[INFO] [stderr] 19 | | }
[INFO] [stderr]    | |_^ the trait `__VitrailDeleteFilterEqType_helper_range_error_schema_user_age` is not implemented for `&str`
[INFO] [stderr] ...
[INFO] [stderr] 32 |       let _ = delete! {
[INFO] [stderr]    |  _____________-
[INFO] [stderr] 33 | |         crate::helper_range_error_schema,
[INFO] [stderr] 34 | |         user { where: { age: { gte: min_age, lt: wrong } } }
[INFO] [stderr] 35 | |     };
[INFO] [stderr]    | |_____- in this macro invocation
[INFO] [stderr]    |
[INFO] [stderr] help: the following other types implement trait `__VitrailDeleteFilterEqType_helper_range_error_schema_user_age`
[INFO] [stderr]   --> tests/ui/fail/ordered_helper_range_wrong_types.rs:7:1
[INFO] [stderr]    |
[INFO] [stderr]  7 | / schema! {
[INFO] [stderr]  8 | |     name helper_range_error_schema
[INFO] [stderr]  9 | |     model user {
[INFO] [stderr] 10 | |         id    Int @id
[INFO] [stderr] ...  |
[INFO] [stderr] 19 | | }
[INFO] [stderr]    | | ^
[INFO] [stderr]    | | |
[INFO] [stderr]    | |_`&i64`
[INFO] [stderr]    |   `i64`
[INFO] [stderr] note: required by a bound in `main::__vitrail_assert_filter_value_type`
[INFO] [stderr]   --> tests/ui/fail/ordered_helper_range_wrong_types.rs:8:10
[INFO] [stderr]    |
[INFO] [stderr]  8 |       name helper_range_error_schema
[INFO] [stderr]    |            ^^^^^^^^^^^^^^^^^^^^^^^^^ required by this bound in `__vitrail_assert_filter_value_type`
[INFO] [stderr] ...
[INFO] [stderr] 32 |       let _ = delete! {
[INFO] [stderr]    |  _____________-
[INFO] [stderr] 33 | |         crate::helper_range_error_schema,
[INFO] [stderr] 34 | |         user { where: { age: { gte: min_age, lt: wrong } } }
[INFO] [stderr] 35 | |     };
[INFO] [stderr]    | |_____- in this macro invocation
[INFO] [stderr]    = note: this error originates in the macro `helper_range_error_schema::__vitrail_assert_delete_filter_value_type_helper_range_error_schema_user` which comes from the expansion of the macro `delete` (in Nightly builds, run with -Z macro-backtrace for more info)
[INFO] [stderr] 
[INFO] [stderr] error[E0277]: the trait bound `Vec<i64>: __VitrailQueryFilterEqType_helper_range_error_schema_user_age` is not satisfied
[INFO] [stderr]   --> tests/ui/fail/ordered_helper_range_wrong_types.rs:7:1
[INFO] [stderr]    |
[INFO] [stderr]  7 | / schema! {
[INFO] [stderr]  8 | |     name helper_range_error_schema
[INFO] [stderr]  9 | |     model user {
[INFO] [stderr] 10 | |         id    Int @id
[INFO] [stderr] ...  |
[INFO] [stderr] 19 | | }
[INFO] [stderr]    | |_^ the trait `__VitrailQueryFilterEqType_helper_range_error_schema_user_age` is not implemented for `Vec<i64>`
[INFO] [stderr] ...
[INFO] [stderr] 38 |       let _ = query! {
[INFO] [stderr]    |  _____________-
[INFO] [stderr] 39 | |         crate::helper_range_error_schema,
[INFO] [stderr] 40 | |         post {
[INFO] [stderr] 41 | |             select: { id: true },
[INFO] [stderr] ...  |
[INFO] [stderr] 44 | |     };
[INFO] [stderr]    | |_____- in this macro invocation
[INFO] [stderr]    |
[INFO] [stderr] help: the following other types implement trait `__VitrailQueryFilterEqType_helper_range_error_schema_user_age`
[INFO] [stderr]   --> tests/ui/fail/ordered_helper_range_wrong_types.rs:7:1
[INFO] [stderr]    |
[INFO] [stderr]  7 | / schema! {
[INFO] [stderr]  8 | |     name helper_range_error_schema
[INFO] [stderr]  9 | |     model user {
[INFO] [stderr] 10 | |         id    Int @id
[INFO] [stderr] ...  |
[INFO] [stderr] 19 | | }
[INFO] [stderr]    | | ^
[INFO] [stderr]    | | |
[INFO] [stderr]    | |_`&i64`
[INFO] [stderr]    |   `i64`
[INFO] [stderr] note: required by a bound in `main::{closure#0}::__vitrail_assert_filter_value_type`
[INFO] [stderr]   --> tests/ui/fail/ordered_helper_range_wrong_types.rs:8:10
[INFO] [stderr]    |
[INFO] [stderr]  8 |       name helper_range_error_schema
[INFO] [stderr]    |            ^^^^^^^^^^^^^^^^^^^^^^^^^ required by this bound in `__vitrail_assert_filter_value_type`
[INFO] [stderr] ...
[INFO] [stderr] 38 |       let _ = query! {
[INFO] [stderr]    |  _____________-
[INFO] [stderr] 39 | |         crate::helper_range_error_schema,
[INFO] [stderr] 40 | |         post {
[INFO] [stderr] 41 | |             select: { id: true },
[INFO] [stderr] ...  |
[INFO] [stderr] 44 | |     };
[INFO] [stderr]    | |_____- in this macro invocation
[INFO] [stderr]    = note: this error originates in the macro `helper_range_error_schema::__vitrail_assert_query_filter_value_type_helper_range_error_schema_user` which comes from the expansion of the macro `query` (in Nightly builds, run with -Z macro-backtrace for more info)
[INFO] [stderr] 
[INFO] [stderr] error[E0277]: the trait bound `Vec<i64>: __VitrailUpdateFilterEqType_helper_range_error_schema_user_age` is not satisfied
[INFO] [stderr]   --> tests/ui/fail/ordered_helper_range_wrong_types.rs:7:1
[INFO] [stderr]    |
[INFO] [stderr]  7 | / schema! {
[INFO] [stderr]  8 | |     name helper_range_error_schema
[INFO] [stderr]  9 | |     model user {
[INFO] [stderr] 10 | |         id    Int @id
[INFO] [stderr] ...  |
[INFO] [stderr] 19 | | }
[INFO] [stderr]    | |_^ the trait `__VitrailUpdateFilterEqType_helper_range_error_schema_user_age` is not implemented for `Vec<i64>`
[INFO] [stderr] ...
[INFO] [stderr] 45 |       let _ = update! {
[INFO] [stderr]    |  _____________-
[INFO] [stderr] 46 | |         crate::helper_range_error_schema,
[INFO] [stderr] 47 | |         post {
[INFO] [stderr] 48 | |             data: { author_id: 1_i64 },
[INFO] [stderr] ...  |
[INFO] [stderr] 51 | |     };
[INFO] [stderr]    | |_____- in this macro invocation
[INFO] [stderr]    |
[INFO] [stderr] help: the following other types implement trait `__VitrailUpdateFilterEqType_helper_range_error_schema_user_age`
[INFO] [stderr]   --> tests/ui/fail/ordered_helper_range_wrong_types.rs:7:1
[INFO] [stderr]    |
[INFO] [stderr]  7 | / schema! {
[INFO] [stderr]  8 | |     name helper_range_error_schema
[INFO] [stderr]  9 | |     model user {
[INFO] [stderr] 10 | |         id    Int @id
[INFO] [stderr] ...  |
[INFO] [stderr] 19 | | }
[INFO] [stderr]    | | ^
[INFO] [stderr]    | | |
[INFO] [stderr]    | |_`&i64`
[INFO] [stderr]    |   `i64`
[INFO] [stderr] note: required by a bound in `main::__vitrail_assert_filter_value_type`
[INFO] [stderr]   --> tests/ui/fail/ordered_helper_range_wrong_types.rs:8:10
[INFO] [stderr]    |
[INFO] [stderr]  8 |       name helper_range_error_schema
[INFO] [stderr]    |            ^^^^^^^^^^^^^^^^^^^^^^^^^ required by this bound in `__vitrail_assert_filter_value_type`
[INFO] [stderr] ...
[INFO] [stderr] 45 |       let _ = update! {
[INFO] [stderr]    |  _____________-
[INFO] [stderr] 46 | |         crate::helper_range_error_schema,
[INFO] [stderr] 47 | |         post {
[INFO] [stderr] 48 | |             data: { author_id: 1_i64 },
[INFO] [stderr] ...  |
[INFO] [stderr] 51 | |     };
[INFO] [stderr]    | |_____- in this macro invocation
[INFO] [stderr]    = note: this error originates in the macro `helper_range_error_schema::__vitrail_assert_update_filter_value_type_helper_range_error_schema_user` which comes from the expansion of the macro `update` (in Nightly builds, run with -Z macro-backtrace for more info)
[INFO] [stderr] 
[INFO] [stderr] error[E0277]: the trait bound `Vec<i64>: __VitrailDeleteFilterEqType_helper_range_error_schema_user_age` is not satisfied
[INFO] [stderr]   --> tests/ui/fail/ordered_helper_range_wrong_types.rs:7:1
[INFO] [stderr]    |
[INFO] [stderr]  7 | / schema! {
[INFO] [stderr]  8 | |     name helper_range_error_schema
[INFO] [stderr]  9 | |     model user {
[INFO] [stderr] 10 | |         id    Int @id
[INFO] [stderr] ...  |
[INFO] [stderr] 19 | | }
[INFO] [stderr]    | |_^ the trait `__VitrailDeleteFilterEqType_helper_range_error_schema_user_age` is not implemented for `Vec<i64>`
[INFO] [stderr] ...
[INFO] [stderr] 52 |       let _ = delete! {
[INFO] [stderr]    |  _____________-
[INFO] [stderr] 53 | |         crate::helper_range_error_schema,
[INFO] [stderr] 54 | |         post { where: { author: { age: { gt: min_age, lte: vec![65_i64] } } } }
[INFO] [stderr] 55 | |     };
[INFO] [stderr]    | |_____- in this macro invocation
[INFO] [stderr]    |
[INFO] [stderr] help: the following other types implement trait `__VitrailDeleteFilterEqType_helper_range_error_schema_user_age`
[INFO] [stderr]   --> tests/ui/fail/ordered_helper_range_wrong_types.rs:7:1
[INFO] [stderr]    |
[INFO] [stderr]  7 | / schema! {
[INFO] [stderr]  8 | |     name helper_range_error_schema
[INFO] [stderr]  9 | |     model user {
[INFO] [stderr] 10 | |         id    Int @id
[INFO] [stderr] ...  |
[INFO] [stderr] 19 | | }
[INFO] [stderr]    | | ^
[INFO] [stderr]    | | |
[INFO] [stderr]    | |_`&i64`
[INFO] [stderr]    |   `i64`
[INFO] [stderr] note: required by a bound in `main::__vitrail_assert_filter_value_type`
[INFO] [stderr]   --> tests/ui/fail/ordered_helper_range_wrong_types.rs:8:10
[INFO] [stderr]    |
[INFO] [stderr]  8 |       name helper_range_error_schema
[INFO] [stderr]    |            ^^^^^^^^^^^^^^^^^^^^^^^^^ required by this bound in `__vitrail_assert_filter_value_type`
[INFO] [stderr] ...
[INFO] [stderr] 52 |       let _ = delete! {
[INFO] [stderr]    |  _____________-
[INFO] [stderr] 53 | |         crate::helper_range_error_schema,
[INFO] [stderr] 54 | |         post { where: { author: { age: { gt: min_age, lte: vec![65_i64] } } } }
[INFO] [stderr] 55 | |     };
[INFO] [stderr]    | |_____- in this macro invocation
[INFO] [stderr]    = note: this error originates in the macro `helper_range_error_schema::__vitrail_assert_delete_filter_value_type_helper_range_error_schema_user` which comes from the expansion of the macro `delete` (in Nightly builds, run with -Z macro-backtrace for more info)
[INFO] [stderr] ┈┈┈┈┈┈┈┈┈┈┈┈┈┈┈┈┈┈┈┈┈┈┈┈┈┈┈┈┈┈┈┈┈┈┈┈┈┈┈┈┈┈┈┈┈┈┈┈┈┈┈┈┈┈┈┈┈┈┈┈
[INFO] [stderr] 
[INFO] [stderr] ACTUAL OUTPUT:
[INFO] [stderr] ┈┈┈┈┈┈┈┈┈┈┈┈┈┈┈┈┈┈┈┈┈┈┈┈┈┈┈┈┈┈┈┈┈┈┈┈┈┈┈┈┈┈┈┈┈┈┈┈┈┈┈┈┈┈┈┈┈┈┈┈
[INFO] [stderr] error[E0277]: the trait bound `&str: __VitrailQueryFilterEqType_helper_range_error_schema_user_age` is not satisfied
[INFO] [stderr]   --> tests/ui/fail/ordered_helper_range_wrong_types.rs:7:1
[INFO] [stderr]    |
[INFO] [stderr]  7 | / schema! {
[INFO] [stderr]  8 | |     name helper_range_error_schema
[INFO] [stderr]  9 | |     model user {
[INFO] [stderr] 10 | |         id    Int @id
[INFO] [stderr] ...  |
[INFO] [stderr] 19 | | }
[INFO] [stderr]    | |_^ the trait `__VitrailQueryFilterEqType_helper_range_error_schema_user_age` is not implemented for `&str`
[INFO] [stderr] ...
[INFO] [stderr] 24 |       let _ = query! {
[INFO] [stderr]    |  _____________-
[INFO] [stderr] 25 | |         crate::helper_range_error_schema,
[INFO] [stderr] 26 | |         user { select: { id: true }, where: { age: { gte: min_age, lt: wrong } } }
[INFO] [stderr] 27 | |     };
[INFO] [stderr]    | |_____- in this macro invocation
[INFO] [stderr]    |
[INFO] [stderr] help: the following other types implement trait `__VitrailQueryFilterEqType_helper_range_error_schema_user_age`
[INFO] [stderr]   --> tests/ui/fail/ordered_helper_range_wrong_types.rs:7:1
[INFO] [stderr]    |
[INFO] [stderr]  7 | / schema! {
[INFO] [stderr]  8 | |     name helper_range_error_schema
[INFO] [stderr]  9 | |     model user {
[INFO] [stderr] 10 | |         id    Int @id
[INFO] [stderr] ...  |
[INFO] [stderr] 19 | | }
[INFO] [stderr]    | | ^
[INFO] [stderr]    | | |
[INFO] [stderr]    | |_`&i64`
[INFO] [stderr]    |   `i64`
[INFO] [stderr] note: required by a bound in `main::{closure#1}::__vitrail_assert_filter_value_type`
[INFO] [stderr]   --> tests/ui/fail/ordered_helper_range_wrong_types.rs:8:10
[INFO] [stderr]    |
[INFO] [stderr]  7 |   schema! {
[INFO] [stderr]  8 |       name helper_range_error_schema
[INFO] [stderr]    |            ^^^^^^^^^^^^^^^^^^^^^^^^^ required by this bound in `__vitrail_assert_filter_value_type`
[INFO] [stderr]  9 |       model user {
[INFO] [stderr] 10 |           id    Int @id
[INFO] [stderr] 11 |           age   Int
[INFO] [stderr] 12 |           posts post[]
[INFO] [stderr] 13 |       }
[INFO] [stderr] 14 |       model post {
[INFO] [stderr] 15 |           id        Int @id
[INFO] [stderr] 16 |           author_id Int
[INFO] [stderr] 17 |           author    user @relation(fields: [author_id], references: [id])
[INFO] [stderr] 18 |       }
[INFO] [stderr] 19 |   }
[INFO] [stderr] ...
[INFO] [stderr] 24 |       let _ = query! {
[INFO] [stderr]    |  _____________-
[INFO] [stderr] 25 | |         crate::helper_range_error_schema,
[INFO] [stderr] 26 | |         user { select: { id: true }, where: { age: { gte: min_age, lt: wrong } } }
[INFO] [stderr] 27 | |     };
[INFO] [stderr]    | |_____- in this macro invocation
[INFO] [stderr] 
[INFO] [stderr] error[E0277]: the trait bound `&str: __VitrailUpdateFilterEqType_helper_range_error_schema_user_age` is not satisfied
[INFO] [stderr]   --> tests/ui/fail/ordered_helper_range_wrong_types.rs:7:1
[INFO] [stderr]    |
[INFO] [stderr]  7 | / schema! {
[INFO] [stderr]  8 | |     name helper_range_error_schema
[INFO] [stderr]  9 | |     model user {
[INFO] [stderr] 10 | |         id    Int @id
[INFO] [stderr] ...  |
[INFO] [stderr] 19 | | }
[INFO] [stderr]    | |_^ the trait `__VitrailUpdateFilterEqType_helper_range_error_schema_user_age` is not implemented for `&str`
[INFO] [stderr] ...
[INFO] [stderr] 28 |       let _ = update! {
[INFO] [stderr]    |  _____________-
[INFO] [stderr] 29 | |         crate::helper_range_error_schema,
[INFO] [stderr] 30 | |         user { data: { age: 21_i64 }, where: { age: { gte: min_age, lt: wrong } } }
[INFO] [stderr] 31 | |     };
[INFO] [stderr]    | |_____- in this macro invocation
[INFO] [stderr]    |
[INFO] [stderr] help: the following other types implement trait `__VitrailUpdateFilterEqType_helper_range_error_schema_user_age`
[INFO] [stderr]   --> tests/ui/fail/ordered_helper_range_wrong_types.rs:7:1
[INFO] [stderr]    |
[INFO] [stderr]  7 | / schema! {
[INFO] [stderr]  8 | |     name helper_range_error_schema
[INFO] [stderr]  9 | |     model user {
[INFO] [stderr] 10 | |         id    Int @id
[INFO] [stderr] ...  |
[INFO] [stderr] 19 | | }
[INFO] [stderr]    | | ^
[INFO] [stderr]    | | |
[INFO] [stderr]    | |_`&i64`
[INFO] [stderr]    |   `i64`
[INFO] [stderr] note: required by a bound in `main::__vitrail_assert_filter_value_type`
[INFO] [stderr]   --> tests/ui/fail/ordered_helper_range_wrong_types.rs:8:10
[INFO] [stderr]    |
[INFO] [stderr]  7 |   schema! {
[INFO] [stderr]  8 |       name helper_range_error_schema
[INFO] [stderr]    |            ^^^^^^^^^^^^^^^^^^^^^^^^^ required by this bound in `__vitrail_assert_filter_value_type`
[INFO] [stderr]  9 |       model user {
[INFO] [stderr] 10 |           id    Int @id
[INFO] [stderr] 11 |           age   Int
[INFO] [stderr] 12 |           posts post[]
[INFO] [stderr] 13 |       }
[INFO] [stderr] 14 |       model post {
[INFO] [stderr] 15 |           id        Int @id
[INFO] [stderr] 16 |           author_id Int
[INFO] [stderr] 17 |           author    user @relation(fields: [author_id], references: [id])
[INFO] [stderr] 18 |       }
[INFO] [stderr] 19 |   }
[INFO] [stderr] ...
[INFO] [stderr] 28 |       let _ = update! {
[INFO] [stderr]    |  _____________-
[INFO] [stderr] 29 | |         crate::helper_range_error_schema,
[INFO] [stderr] 30 | |         user { data: { age: 21_i64 }, where: { age: { gte: min_age, lt: wrong } } }
[INFO] [stderr] 31 | |     };
[INFO] [stderr]    | |_____- in this macro invocation
[INFO] [stderr] 
[INFO] [stderr] error[E0277]: the trait bound `&str: __VitrailDeleteFilterEqType_helper_range_error_schema_user_age` is not satisfied
[INFO] [stderr]   --> tests/ui/fail/ordered_helper_range_wrong_types.rs:7:1
[INFO] [stderr]    |
[INFO] [stderr]  7 | / schema! {
[INFO] [stderr]  8 | |     name helper_range_error_schema
[INFO] [stderr]  9 | |     model user {
[INFO] [stderr] 10 | |         id    Int @id
[INFO] [stderr] ...  |
[INFO] [stderr] 19 | | }
[INFO] [stderr]    | |_^ the trait `__VitrailDeleteFilterEqType_helper_range_error_schema_user_age` is not implemented for `&str`
[INFO] [stderr] ...
[INFO] [stderr] 32 |       let _ = delete! {
[INFO] [stderr]    |  _____________-
[INFO] [stderr] 33 | |         crate::helper_range_error_schema,
[INFO] [stderr] 34 | |         user { where: { age: { gte: min_age, lt: wrong } } }
[INFO] [stderr] 35 | |     };
[INFO] [stderr]    | |_____- in this macro invocation
[INFO] [stderr]    |
[INFO] [stderr] help: the following other types implement trait `__VitrailDeleteFilterEqType_helper_range_error_schema_user_age`
[INFO] [stderr]   --> tests/ui/fail/ordered_helper_range_wrong_types.rs:7:1
[INFO] [stderr]    |
[INFO] [stderr]  7 | / schema! {
[INFO] [stderr]  8 | |     name helper_range_error_schema
[INFO] [stderr]  9 | |     model user {
[INFO] [stderr] 10 | |         id    Int @id
[INFO] [stderr] ...  |
[INFO] [stderr] 19 | | }
[INFO] [stderr]    | | ^
[INFO] [stderr]    | | |
[INFO] [stderr]    | |_`&i64`
[INFO] [stderr]    |   `i64`
[INFO] [stderr] note: required by a bound in `main::__vitrail_assert_filter_value_type`
[INFO] [stderr]   --> tests/ui/fail/ordered_helper_range_wrong_types.rs:8:10
[INFO] [stderr]    |
[INFO] [stderr]  7 |   schema! {
[INFO] [stderr]  8 |       name helper_range_error_schema
[INFO] [stderr]    |            ^^^^^^^^^^^^^^^^^^^^^^^^^ required by this bound in `__vitrail_assert_filter_value_type`
[INFO] [stderr]  9 |       model user {
[INFO] [stderr] 10 |           id    Int @id
[INFO] [stderr] 11 |           age   Int
[INFO] [stderr] 12 |           posts post[]
[INFO] [stderr] 13 |       }
[INFO] [stderr] 14 |       model post {
[INFO] [stderr] 15 |           id        Int @id
[INFO] [stderr] 16 |           author_id Int
[INFO] [stderr] 17 |           author    user @relation(fields: [author_id], references: [id])
[INFO] [stderr] 18 |       }
[INFO] [stderr] 19 |   }
[INFO] [stderr] ...
[INFO] [stderr] 32 |       let _ = delete! {
[INFO] [stderr]    |  _____________-
[INFO] [stderr] 33 | |         crate::helper_range_error_schema,
[INFO] [stderr] 34 | |         user { where: { age: { gte: min_age, lt: wrong } } }
[INFO] [stderr] 35 | |     };
[INFO] [stderr]    | |_____- in this macro invocation
[INFO] [stderr] 
[INFO] [stderr] error[E0277]: the trait bound `Vec<i64>: __VitrailQueryFilterEqType_helper_range_error_schema_user_age` is not satisfied
[INFO] [stderr]   --> tests/ui/fail/ordered_helper_range_wrong_types.rs:7:1
[INFO] [stderr]    |
[INFO] [stderr]  7 | / schema! {
[INFO] [stderr]  8 | |     name helper_range_error_schema
[INFO] [stderr]  9 | |     model user {
[INFO] [stderr] 10 | |         id    Int @id
[INFO] [stderr] ...  |
[INFO] [stderr] 19 | | }
[INFO] [stderr]    | |_^ the trait `__VitrailQueryFilterEqType_helper_range_error_schema_user_age` is not implemented for `Vec<i64>`
[INFO] [stderr] ...
[INFO] [stderr] 38 |       let _ = query! {
[INFO] [stderr]    |  _____________-
[INFO] [stderr] 39 | |         crate::helper_range_error_schema,
[INFO] [stderr] 40 | |         post {
[INFO] [stderr] 41 | |             select: { id: true },
[INFO] [stderr] ...  |
[INFO] [stderr] 44 | |     };
[INFO] [stderr]    | |_____- in this macro invocation
[INFO] [stderr]    |
[INFO] [stderr] help: the following other types implement trait `__VitrailQueryFilterEqType_helper_range_error_schema_user_age`
[INFO] [stderr]   --> tests/ui/fail/ordered_helper_range_wrong_types.rs:7:1
[INFO] [stderr]    |
[INFO] [stderr]  7 | / schema! {
[INFO] [stderr]  8 | |     name helper_range_error_schema
[INFO] [stderr]  9 | |     model user {
[INFO] [stderr] 10 | |         id    Int @id
[INFO] [stderr] ...  |
[INFO] [stderr] 19 | | }
[INFO] [stderr]    | | ^
[INFO] [stderr]    | | |
[INFO] [stderr]    | |_`&i64`
[INFO] [stderr]    |   `i64`
[INFO] [stderr] note: required by a bound in `main::{closure#0}::__vitrail_assert_filter_value_type`
[INFO] [stderr]   --> tests/ui/fail/ordered_helper_range_wrong_types.rs:8:10
[INFO] [stderr]    |
[INFO] [stderr]  7 |   schema! {
[INFO] [stderr]  8 |       name helper_range_error_schema
[INFO] [stderr]    |            ^^^^^^^^^^^^^^^^^^^^^^^^^ required by this bound in `__vitrail_assert_filter_value_type`
[INFO] [stderr]  9 |       model user {
[INFO] [stderr] 10 |           id    Int @id
[INFO] [stderr] 11 |           age   Int
[INFO] [stderr] 12 |           posts post[]
[INFO] [stderr] 13 |       }
[INFO] [stderr] 14 |       model post {
[INFO] [stderr] 15 |           id        Int @id
[INFO] [stderr] 16 |           author_id Int
[INFO] [stderr] 17 |           author    user @relation(fields: [author_id], references: [id])
[INFO] [stderr] 18 |       }
[INFO] [stderr] 19 |   }
[INFO] [stderr] ...
[INFO] [stderr] 38 |       let _ = query! {
[INFO] [stderr]    |  _____________-
[INFO] [stderr] 39 | |         crate::helper_range_error_schema,
[INFO] [stderr] 40 | |         post {
[INFO] [stderr] 41 | |             select: { id: true },
[INFO] [stderr] ...  |
[INFO] [stderr] 44 | |     };
[INFO] [stderr]    | |_____- in this macro invocation
[INFO] [stderr] 
[INFO] [stderr] error[E0277]: the trait bound `Vec<i64>: __VitrailUpdateFilterEqType_helper_range_error_schema_user_age` is not satisfied
[INFO] [stderr]   --> tests/ui/fail/ordered_helper_range_wrong_types.rs:7:1
[INFO] [stderr]    |
[INFO] [stderr]  7 | / schema! {
[INFO] [stderr]  8 | |     name helper_range_error_schema
[INFO] [stderr]  9 | |     model user {
[INFO] [stderr] 10 | |         id    Int @id
[INFO] [stderr] ...  |
[INFO] [stderr] 19 | | }
[INFO] [stderr]    | |_^ the trait `__VitrailUpdateFilterEqType_helper_range_error_schema_user_age` is not implemented for `Vec<i64>`
[INFO] [stderr] ...
[INFO] [stderr] 45 |       let _ = update! {
[INFO] [stderr]    |  _____________-
[INFO] [stderr] 46 | |         crate::helper_range_error_schema,
[INFO] [stderr] 47 | |         post {
[INFO] [stderr] 48 | |             data: { author_id: 1_i64 },
[INFO] [stderr] ...  |
[INFO] [stderr] 51 | |     };
[INFO] [stderr]    | |_____- in this macro invocation
[INFO] [stderr]    |
[INFO] [stderr] help: the following other types implement trait `__VitrailUpdateFilterEqType_helper_range_error_schema_user_age`
[INFO] [stderr]   --> tests/ui/fail/ordered_helper_range_wrong_types.rs:7:1
[INFO] [stderr]    |
[INFO] [stderr]  7 | / schema! {
[INFO] [stderr]  8 | |     name helper_range_error_schema
[INFO] [stderr]  9 | |     model user {
[INFO] [stderr] 10 | |         id    Int @id
[INFO] [stderr] ...  |
[INFO] [stderr] 19 | | }
[INFO] [stderr]    | | ^
[INFO] [stderr]    | | |
[INFO] [stderr]    | |_`&i64`
[INFO] [stderr]    |   `i64`
[INFO] [stderr] note: required by a bound in `main::__vitrail_assert_filter_value_type`
[INFO] [stderr]   --> tests/ui/fail/ordered_helper_range_wrong_types.rs:8:10
[INFO] [stderr]    |
[INFO] [stderr]  7 |   schema! {
[INFO] [stderr]  8 |       name helper_range_error_schema
[INFO] [stderr]    |            ^^^^^^^^^^^^^^^^^^^^^^^^^ required by this bound in `__vitrail_assert_filter_value_type`
[INFO] [stderr]  9 |       model user {
[INFO] [stderr] 10 |           id    Int @id
[INFO] [stderr] 11 |           age   Int
[INFO] [stderr] 12 |           posts post[]
[INFO] [stderr] 13 |       }
[INFO] [stderr] 14 |       model post {
[INFO] [stderr] 15 |           id        Int @id
[INFO] [stderr] 16 |           author_id Int
[INFO] [stderr] 17 |           author    user @relation(fields: [author_id], references: [id])
[INFO] [stderr] 18 |       }
[INFO] [stderr] 19 |   }
[INFO] [stderr] ...
[INFO] [stderr] 45 |       let _ = update! {
[INFO] [stderr]    |  _____________-
[INFO] [stderr] 46 | |         crate::helper_range_error_schema,
[INFO] [stderr] 47 | |         post {
[INFO] [stderr] 48 | |             data: { author_id: 1_i64 },
[INFO] [stderr] ...  |
[INFO] [stderr] 51 | |     };
[INFO] [stderr]    | |_____- in this macro invocation
[INFO] [stderr] 
[INFO] [stderr] error[E0277]: the trait bound `Vec<i64>: __VitrailDeleteFilterEqType_helper_range_error_schema_user_age` is not satisfied
[INFO] [stderr]   --> tests/ui/fail/ordered_helper_range_wrong_types.rs:7:1
[INFO] [stderr]    |
[INFO] [stderr]  7 | / schema! {
[INFO] [stderr]  8 | |     name helper_range_error_schema
[INFO] [stderr]  9 | |     model user {
[INFO] [stderr] 10 | |         id    Int @id
[INFO] [stderr] ...  |
[INFO] [stderr] 19 | | }
[INFO] [stderr]    | |_^ the trait `__VitrailDeleteFilterEqType_helper_range_error_schema_user_age` is not implemented for `Vec<i64>`
[INFO] [stderr] ...
[INFO] [stderr] 52 |       let _ = delete! {
[INFO] [stderr]    |  _____________-
[INFO] [stderr] 53 | |         crate::helper_range_error_schema,
[INFO] [stderr] 54 | |         post { where: { author: { age: { gt: min_age, lte: vec![65_i64] } } } }
[INFO] [stderr] 55 | |     };
[INFO] [stderr]    | |_____- in this macro invocation
[INFO] [stderr]    |
[INFO] [stderr] help: the following other types implement trait `__VitrailDeleteFilterEqType_helper_range_error_schema_user_age`
[INFO] [stderr]   --> tests/ui/fail/ordered_helper_range_wrong_types.rs:7:1
[INFO] [stderr]    |
[INFO] [stderr]  7 | / schema! {
[INFO] [stderr]  8 | |     name helper_range_error_schema
[INFO] [stderr]  9 | |     model user {
[INFO] [stderr] 10 | |         id    Int @id
[INFO] [stderr] ...  |
[INFO] [stderr] 19 | | }
[INFO] [stderr]    | | ^
[INFO] [stderr]    | | |
[INFO] [stderr]    | |_`&i64`
[INFO] [stderr]    |   `i64`
[INFO] [stderr] note: required by a bound in `main::__vitrail_assert_filter_value_type`
[INFO] [stderr]   --> tests/ui/fail/ordered_helper_range_wrong_types.rs:8:10
[INFO] [stderr]    |
[INFO] [stderr]  7 |   schema! {
[INFO] [stderr]  8 |       name helper_range_error_schema
[INFO] [stderr]    |            ^^^^^^^^^^^^^^^^^^^^^^^^^ required by this bound in `__vitrail_assert_filter_value_type`
[INFO] [stderr]  9 |       model user {
[INFO] [stderr] 10 |           id    Int @id
[INFO] [stderr] 11 |           age   Int
[INFO] [stderr] 12 |           posts post[]
[INFO] [stderr] 13 |       }
[INFO] [stderr] 14 |       model post {
[INFO] [stderr] 15 |           id        Int @id
[INFO] [stderr] 16 |           author_id Int
[INFO] [stderr] 17 |           author    user @relation(fields: [author_id], references: [id])
[INFO] [stderr] 18 |       }
[INFO] [stderr] 19 |   }
[INFO] [stderr] ...
[INFO] [stderr] 52 |       let _ = delete! {
[INFO] [stderr]    |  _____________-
[INFO] [stderr] 53 | |         crate::helper_range_error_schema,
[INFO] [stderr] 54 | |         post { where: { author: { age: { gt: min_age, lte: vec![65_i64] } } } }
[INFO] [stderr] 55 | |     };
[INFO] [stderr]    | |_____- in this macro invocation
[INFO] [stderr] ┈┈┈┈┈┈┈┈┈┈┈┈┈┈┈┈┈┈┈┈┈┈┈┈┈┈┈┈┈┈┈┈┈┈┈┈┈┈┈┈┈┈┈┈┈┈┈┈┈┈┈┈┈┈┈┈┈┈┈┈
[INFO] [stderr] note: If the actual output is the correct output you can bless it by rerunning
[INFO] [stderr]       your test with the environment variable TRYBUILD=overwrite
[INFO] [stderr] 
[INFO] [stderr] test tests/ui/fail/ordered_helper_relation_misuse.rs [should fail to compile] ... mismatch
[INFO] [stderr] 
[INFO] [stderr] EXPECTED:
[INFO] [stderr] ┈┈┈┈┈┈┈┈┈┈┈┈┈┈┈┈┈┈┈┈┈┈┈┈┈┈┈┈┈┈┈┈┈┈┈┈┈┈┈┈┈┈┈┈┈┈┈┈┈┈┈┈┈┈┈┈┈┈┈┈
[INFO] [stderr] error: relation field `posts` in query helper for model `user` cannot use scalar operator `gte`; provide a nested filter object instead
[INFO] [stderr]   --> tests/ui/fail/ordered_helper_relation_misuse.rs:7:1
[INFO] [stderr]    |
[INFO] [stderr]  7 | / schema! {
[INFO] [stderr]  8 | |     name helper_relation_error_schema
[INFO] [stderr]  9 | |     model user {
[INFO] [stderr] 10 | |         id    Int @id
[INFO] [stderr] ...  |
[INFO] [stderr] 19 | | }
[INFO] [stderr]    | |_^
[INFO] [stderr] ...
[INFO] [stderr] 35 |       let _ = query! {
[INFO] [stderr]    |  _____________-
[INFO] [stderr] 36 | |         crate::helper_relation_error_schema,
[INFO] [stderr] 37 | |         user { select: { id: true }, where: { posts: { gte: bound, lt: 65_i64 } } }
[INFO] [stderr] 38 | |     };
[INFO] [stderr]    | |_____- in this macro invocation
[INFO] [stderr]    |
[INFO] [stderr]    = note: this error originates in the macro `helper_relation_error_schema::__vitrail_query_where_field_filter_helper_relation_error_schema_user` which comes from the expansion of the macro `query` (in Nightly builds, run with -Z macro-backtrace for more info)
[INFO] [stderr] 
[INFO] [stderr] error: relation field `author` in delete helper for model `post` cannot use scalar operator `gt`; provide a nested filter object instead
[INFO] [stderr]   --> tests/ui/fail/ordered_helper_relation_misuse.rs:7:1
[INFO] [stderr]    |
[INFO] [stderr]  7 | / schema! {
[INFO] [stderr]  8 | |     name helper_relation_error_schema
[INFO] [stderr]  9 | |     model user {
[INFO] [stderr] 10 | |         id    Int @id
[INFO] [stderr] ...  |
[INFO] [stderr] 19 | | }
[INFO] [stderr]    | |_^
[INFO] [stderr] ...
[INFO] [stderr] 31 |       let _ = delete! {
[INFO] [stderr]    |  _____________-
[INFO] [stderr] 32 | |         crate::helper_relation_error_schema,
[INFO] [stderr] 33 | |         post { where: { author: { gt: bound } } }
[INFO] [stderr] 34 | |     };
[INFO] [stderr]    | |_____- in this macro invocation
[INFO] [stderr]    |
[INFO] [stderr]    = note: this error originates in the macro `helper_relation_error_schema::__vitrail_delete_where_field_filter_helper_relation_error_schema_post` which comes from the expansion of the macro `delete` (in Nightly builds, run with -Z macro-backtrace for more info)
[INFO] [stderr] 
[INFO] [stderr] error: relation field `author` in update helper for model `post` cannot use scalar operator `lte`; provide a nested filter object instead
[INFO] [stderr]   --> tests/ui/fail/ordered_helper_relation_misuse.rs:7:1
[INFO] [stderr]    |
[INFO] [stderr]  7 | / schema! {
[INFO] [stderr]  8 | |     name helper_relation_error_schema
[INFO] [stderr]  9 | |     model user {
[INFO] [stderr] 10 | |         id    Int @id
[INFO] [stderr] ...  |
[INFO] [stderr] 19 | | }
[INFO] [stderr]    | |_^
[INFO] [stderr] ...
[INFO] [stderr] 27 |       let _ = update! {
[INFO] [stderr]    |  _____________-
[INFO] [stderr] 28 | |         crate::helper_relation_error_schema,
[INFO] [stderr] 29 | |         post { data: { author_id: 1_i64 }, where: { author: { lte: bound } } }
[INFO] [stderr] 30 | |     };
[INFO] [stderr]    | |_____- in this macro invocation
[INFO] [stderr]    |
[INFO] [stderr]    = note: this error originates in the macro `helper_relation_error_schema::__vitrail_update_where_field_filter_helper_relation_error_schema_post` which comes from the expansion of the macro `update` (in Nightly builds, run with -Z macro-backtrace for more info)
[INFO] [stderr] 
[INFO] [stderr] error: relation field `author` in query helper for model `post` cannot use scalar operator `lt`; provide a nested filter object instead
[INFO] [stderr]   --> tests/ui/fail/ordered_helper_relation_misuse.rs:7:1
[INFO] [stderr]    |
[INFO] [stderr]  7 | / schema! {
[INFO] [stderr]  8 | |     name helper_relation_error_schema
[INFO] [stderr]  9 | |     model user {
[INFO] [stderr] 10 | |         id    Int @id
[INFO] [stderr] ...  |
[INFO] [stderr] 19 | | }
[INFO] [stderr]    | |_^
[INFO] [stderr] ...
[INFO] [stderr] 23 |       let _ = query! {
[INFO] [stderr]    |  _____________-
[INFO] [stderr] 24 | |         crate::helper_relation_error_schema,
[INFO] [stderr] 25 | |         post { select: { id: true }, where: { author: { lt: bound } } }
[INFO] [stderr] 26 | |     };
[INFO] [stderr]    | |_____- in this macro invocation
[INFO] [stderr]    |
[INFO] [stderr]    = note: this error originates in the macro `helper_relation_error_schema::__vitrail_query_where_field_filter_helper_relation_error_schema_post` which comes from the expansion of the macro `query` (in Nightly builds, run with -Z macro-backtrace for more info)
[INFO] [stderr] ┈┈┈┈┈┈┈┈┈┈┈┈┈┈┈┈┈┈┈┈┈┈┈┈┈┈┈┈┈┈┈┈┈┈┈┈┈┈┈┈┈┈┈┈┈┈┈┈┈┈┈┈┈┈┈┈┈┈┈┈
[INFO] [stderr] 
[INFO] [stderr] ACTUAL OUTPUT:
[INFO] [stderr] ┈┈┈┈┈┈┈┈┈┈┈┈┈┈┈┈┈┈┈┈┈┈┈┈┈┈┈┈┈┈┈┈┈┈┈┈┈┈┈┈┈┈┈┈┈┈┈┈┈┈┈┈┈┈┈┈┈┈┈┈
[INFO] [stderr] error: relation field `posts` in query helper for model `user` cannot use scalar operator `gte`; provide a nested filter object instead
[INFO] [stderr]   --> tests/ui/fail/ordered_helper_relation_misuse.rs:7:1
[INFO] [stderr]    |
[INFO] [stderr]  7 | / schema! {
[INFO] [stderr]  8 | |     name helper_relation_error_schema
[INFO] [stderr]  9 | |     model user {
[INFO] [stderr] 10 | |         id    Int @id
[INFO] [stderr] ...  |
[INFO] [stderr] 19 | | }
[INFO] [stderr]    | |_^
[INFO] [stderr] ...
[INFO] [stderr] 35 |       let _ = query! {
[INFO] [stderr]    |  _____________-
[INFO] [stderr] 36 | |         crate::helper_relation_error_schema,
[INFO] [stderr] 37 | |         user { select: { id: true }, where: { posts: { gte: bound, lt: 65_i64 } } }
[INFO] [stderr] 38 | |     };
[INFO] [stderr]    | |_____- in this macro invocation
[INFO] [stderr] 
[INFO] [stderr] error: relation field `author` in delete helper for model `post` cannot use scalar operator `gt`; provide a nested filter object instead
[INFO] [stderr]   --> tests/ui/fail/ordered_helper_relation_misuse.rs:7:1
[INFO] [stderr]    |
[INFO] [stderr]  7 | / schema! {
[INFO] [stderr]  8 | |     name helper_relation_error_schema
[INFO] [stderr]  9 | |     model user {
[INFO] [stderr] 10 | |         id    Int @id
[INFO] [stderr] ...  |
[INFO] [stderr] 19 | | }
[INFO] [stderr]    | |_^
[INFO] [stderr] ...
[INFO] [stderr] 31 |       let _ = delete! {
[INFO] [stderr]    |  _____________-
[INFO] [stderr] 32 | |         crate::helper_relation_error_schema,
[INFO] [stderr] 33 | |         post { where: { author: { gt: bound } } }
[INFO] [stderr] 34 | |     };
[INFO] [stderr]    | |_____- in this macro invocation
[INFO] [stderr] 
[INFO] [stderr] error: relation field `author` in update helper for model `post` cannot use scalar operator `lte`; provide a nested filter object instead
[INFO] [stderr]   --> tests/ui/fail/ordered_helper_relation_misuse.rs:7:1
[INFO] [stderr]    |
[INFO] [stderr]  7 | / schema! {
[INFO] [stderr]  8 | |     name helper_relation_error_schema
[INFO] [stderr]  9 | |     model user {
[INFO] [stderr] 10 | |         id    Int @id
[INFO] [stderr] ...  |
[INFO] [stderr] 19 | | }
[INFO] [stderr]    | |_^
[INFO] [stderr] ...
[INFO] [stderr] 27 |       let _ = update! {
[INFO] [stderr]    |  _____________-
[INFO] [stderr] 28 | |         crate::helper_relation_error_schema,
[INFO] [stderr] 29 | |         post { data: { author_id: 1_i64 }, where: { author: { lte: bound } } }
[INFO] [stderr] 30 | |     };
[INFO] [stderr]    | |_____- in this macro invocation
[INFO] [stderr] 
[INFO] [stderr] error: relation field `author` in query helper for model `post` cannot use scalar operator `lt`; provide a nested filter object instead
[INFO] [stderr]   --> tests/ui/fail/ordered_helper_relation_misuse.rs:7:1
[INFO] [stderr]    |
[INFO] [stderr]  7 | / schema! {
[INFO] [stderr]  8 | |     name helper_relation_error_schema
[INFO] [stderr]  9 | |     model user {
[INFO] [stderr] 10 | |         id    Int @id
[INFO] [stderr] ...  |
[INFO] [stderr] 19 | | }
[INFO] [stderr]    | |_^
[INFO] [stderr] ...
[INFO] [stderr] 23 |       let _ = query! {
[INFO] [stderr]    |  _____________-
[INFO] [stderr] 24 | |         crate::helper_relation_error_schema,
[INFO] [stderr] 25 | |         post { select: { id: true }, where: { author: { lt: bound } } }
[INFO] [stderr] 26 | |     };
[INFO] [stderr]    | |_____- in this macro invocation
[INFO] [stderr] ┈┈┈┈┈┈┈┈┈┈┈┈┈┈┈┈┈┈┈┈┈┈┈┈┈┈┈┈┈┈┈┈┈┈┈┈┈┈┈┈┈┈┈┈┈┈┈┈┈┈┈┈┈┈┈┈┈┈┈┈
[INFO] [stderr] note: If the actual output is the correct output you can bless it by rerunning
[INFO] [stderr]       your test with the environment variable TRYBUILD=overwrite
[INFO] [stderr] 
[INFO] [stderr] test tests/ui/fail/too_many_columns.rs [should fail to compile] ... ok
[INFO] [stderr] 
[INFO] [stderr] 
[INFO] [stdout] test ui ... FAILED
[INFO] [stdout] 
[INFO] [stdout] failures:
[INFO] [stdout] 
[INFO] [stdout] ---- ui stdout ----
[INFO] [stdout] 
[INFO] [stdout] thread 'ui' (1757) panicked at /opt/rustwide/cargo-home/registry/src/index.crates.io-1949cf8c6b5b557f/trybuild-1.0.116/src/run.rs:102:13:
[INFO] [stdout] 12 of 24 tests failed
[INFO] [stdout] stack backtrace:
[INFO] [stdout]    0:     0x62975089ef81 - <<std[617be2ca0a6fd877]::sys::backtrace::BacktraceLock>::print::DisplayBacktrace as core[a373ad73a504971]::fmt::Display>::fmt
[INFO] [stdout]    1:     0x6297508b526a - core[a373ad73a504971]::fmt::write
[INFO] [stdout]    2:     0x6297508a37cc - <alloc[2e1b2a31b91974c5]::vec::Vec<u8> as core[a373ad73a504971]::io::write::Write>::write_fmt
[INFO] [stdout]    3:     0x6297508783e6 - std[617be2ca0a6fd877]::panicking::default_hook::{closure#0}
[INFO] [stdout]    4:     0x629750896529 - std[617be2ca0a6fd877]::panicking::default_hook
[INFO] [stdout]    5:     0x62975082fb30 - test[aada8e7e76ba119b]::test_main_inner::{closure#0}
[INFO] [stdout]    6:     0x6297508966e2 - std[617be2ca0a6fd877]::panicking::panic_with_hook
[INFO] [stdout]    7:     0x629750878492 - std[617be2ca0a6fd877]::panicking::panic_handler::{closure#0}
[INFO] [stdout]    8:     0x629750870ce9 - std[617be2ca0a6fd877]::sys::backtrace::__rust_end_short_backtrace::<std[617be2ca0a6fd877]::panicking::panic_handler::{closure#0}, !>
[INFO] [stdout]    9:     0x62975087909d - __rustc[ea4f61d10b84890b]::rust_begin_unwind
[INFO] [stdout]   10:     0x6297508b59dc - core[a373ad73a504971]::panicking::panic_fmt
[INFO] [stdout]   11:     0x629750781beb - <trybuild[aa530899f1f0a3e]::Runner>::run
[INFO] [stdout]   12:     0x629750784d00 - <trybuild[aa530899f1f0a3e]::TestCases as core[a373ad73a504971]::ops::drop::Drop>::drop
[INFO] [stdout]   13:     0x62975077af26 - ui[d9dc6d70470f42e]::ui
[INFO] [stdout]   14:     0x62975077b159 - <ui[d9dc6d70470f42e]::ui::{closure#0} as core[a373ad73a504971]::ops::function::FnOnce<()>>::call_once
[INFO] [stdout]   15:     0x629750822f7b - test[aada8e7e76ba119b]::__rust_begin_short_backtrace::<core[a373ad73a504971]::result::Result<(), alloc[2e1b2a31b91974c5]::string::String>, fn() -> core[a373ad73a504971]::result::Result<(), alloc[2e1b2a31b91974c5]::string::String>>
[INFO] [stdout]   16:     0x629750830155 - test[aada8e7e76ba119b]::run_test::{closure#0}
[INFO] [stdout]   17:     0x629750829a44 - std[617be2ca0a6fd877]::sys::backtrace::__rust_begin_short_backtrace::<test[aada8e7e76ba119b]::run_test::{closure#1}, ()>
[INFO] [stdout]   18:     0x6297508331e2 - <std[617be2ca0a6fd877]::thread::lifecycle::spawn_unchecked<test[aada8e7e76ba119b]::run_test::{closure#1}, ()>::{closure#1} as core[a373ad73a504971]::ops::function::FnOnce<()>>::call_once::{shim:vtable#0}
[INFO] [stdout]   19:     0x62975089e1df - <std[617be2ca0a6fd877]::sys::thread::unix::Thread>::new::thread_start
[INFO] [stdout]   20:     0x74c2af676dfa - <unknown>
[INFO] [stdout]   21:     0x74c2af70a3d4 - clone
[INFO] [stdout]   22:                0x0 - <unknown>
[INFO] [stdout] 
[INFO] [stdout] 
[INFO] [stdout] failures:
[INFO] [stdout]     ui
[INFO] [stdout] 
[INFO] [stdout] test result: FAILED. 0 passed; 1 failed; 0 ignored; 0 measured; 0 filtered out; finished in 221.24s
[INFO] [stdout] 
[INFO] [stderr] error: test failed, to rerun pass `--test ui`
[INFO] running `Command { std: "docker" "inspect" "ca1d850ec8ea529587613a2ab5e25c06a849d80ed02c59d24b9dd1989fb8c2f5", kill_on_drop: false }`
[INFO] running `Command { std: "docker" "rm" "-f" "ca1d850ec8ea529587613a2ab5e25c06a849d80ed02c59d24b9dd1989fb8c2f5", kill_on_drop: false }`
[INFO] [stdout] ca1d850ec8ea529587613a2ab5e25c06a849d80ed02c59d24b9dd1989fb8c2f5
