[INFO] fetching crate tricord 0.1.5...
[INFO] testing tricord-0.1.5 against 1.100.0-beta.1+cargoflags=--release for beta-release-1.100-2
[INFO] extracting crate tricord 0.1.5 into /workspace/builds/worker-2-tc2/source
[INFO] removed /workspace/builds/worker-2-tc2/source/.cargo/config.toml
[INFO] removed /workspace/builds/worker-2-tc2/source/rust-toolchain.toml
[INFO] started tweaking crates.io crate tricord 0.1.5
[INFO] removed 0 missing tests
[INFO] finished tweaking crates.io crate tricord 0.1.5
[INFO] tweaked toml for crates.io crate tricord 0.1.5 written to /workspace/builds/worker-2-tc2/source/Cargo.toml
[INFO] validating manifest of crates.io crate tricord 0.1.5 on toolchain 1.100.0-beta.1
[INFO] running `Command { std: CARGO_HOME="/workspace/cargo-home" RUSTUP_HOME="/workspace/rustup-home" "/workspace/cargo-home/bin/cargo" "+1.100.0-beta.1" "metadata" "--manifest-path" "Cargo.toml" "--no-deps", kill_on_drop: false }`
[INFO] crate crates.io crate tricord 0.1.5 already has a lockfile, it will not be regenerated
[INFO] running `Command { std: CARGO_HOME="/workspace/cargo-home" RUSTUP_HOME="/workspace/rustup-home" "/workspace/cargo-home/bin/cargo" "+1.100.0-beta.1" "fetch" "--manifest-path" "Cargo.toml", kill_on_drop: false }`
[INFO] [stderr] warning: `package.homepage` is redundant with `package.repository`
[INFO] [stderr]   --> Cargo.toml:52:12
[INFO] [stderr]    |
[INFO] [stderr] 52 | homepage = "https://github.com/fg-labs/tricord"
[INFO] [stderr]    |            ^^^^^^^^^^^^^^^^^^^^^^^^^^^^^^^^^^^^
[INFO] [stderr] ...
[INFO] [stderr] 57 | repository = "https://github.com/fg-labs/tricord"
[INFO] [stderr]    |              ------------------------------------
[INFO] [stderr]    |
[INFO] [stderr]    = note: `cargo::redundant_homepage` is set to `warn` by default
[INFO] [stderr] help: consider removing `package.homepage`
[INFO] [stderr] warning: `tricord` (manifest) generated 1 warning
[INFO] [stderr]     Blocking waiting for file lock on package cache
[INFO] running `Command { std: "docker" "create" "-v" "/var/lib/crater-agent-workspace/builds/worker-2-tc2/source:/opt/rustwide/workdir:ro,Z" "-v" "/var/lib/crater-agent-workspace/builds/worker-2-tc2/target:/opt/rustwide/target:rw,Z" "-v" "/var/lib/crater-agent-workspace/cargo-home:/opt/rustwide/cargo-home:ro,Z" "-v" "/var/lib/crater-agent-workspace/rustup-home:/opt/rustwide/rustup-home:ro,Z" "-m" "1610612736" "--network" "none" "ghcr.io/rust-lang/crates-build-env/linux@sha256:77db811e55d90add9212f6832c23229e3de5f1c1f9905e8cb07319ea15df73ac" "sleep" "infinity", kill_on_drop: false }`
[INFO] [stdout] d15c375add499bc60e20fbbc5feeb80a00996cdb074016baece3fc6cab1a0cba
[INFO] running `Command { std: "docker" "start" "d15c375add499bc60e20fbbc5feeb80a00996cdb074016baece3fc6cab1a0cba", kill_on_drop: false }`
[INFO] running `Command { std: "docker" "inspect" "d15c375add499bc60e20fbbc5feeb80a00996cdb074016baece3fc6cab1a0cba", kill_on_drop: false }`
[INFO] running `Command { std: "docker" "exec" "-e" "SOURCE_DIR=/opt/rustwide/workdir" "-e" "CARGO_HOME=/opt/rustwide/cargo-home" "-e" "RUSTUP_HOME=/opt/rustwide/rustup-home" "-e" "CARGO_TARGET_DIR=/opt/rustwide/target" "-w" "/opt/rustwide/workdir" "--user" "0:0" "d15c375add499bc60e20fbbc5feeb80a00996cdb074016baece3fc6cab1a0cba" "/opt/rustwide/cargo-home/bin/cargo" "+1.100.0-beta.1" "metadata" "--no-deps" "--format-version=1", kill_on_drop: false }`
[INFO] running `Command { std: "docker" "inspect" "d15c375add499bc60e20fbbc5feeb80a00996cdb074016baece3fc6cab1a0cba", kill_on_drop: false }`
[INFO] running `Command { std: "docker" "exec" "-e" "SOURCE_DIR=/opt/rustwide/workdir" "-e" "CARGO_HOME=/opt/rustwide/cargo-home" "-e" "RUSTUP_HOME=/opt/rustwide/rustup-home" "-e" "CARGO_TARGET_DIR=/opt/rustwide/target" "-e" "CARGO_INCREMENTAL=0" "-e" "RUST_BACKTRACE=full" "-e" "RUSTFLAGS=--cap-lints=warn" "-e" "RUSTDOCFLAGS=--cap-lints=warn" "-w" "/opt/rustwide/workdir" "--user" "0:0" "d15c375add499bc60e20fbbc5feeb80a00996cdb074016baece3fc6cab1a0cba" "/opt/rustwide/cargo-home/bin/cargo" "+1.100.0-beta.1" "build" "--frozen" "--message-format=json" "--release", kill_on_drop: false }`
[INFO] [stderr] warning: `package.homepage` is redundant with `package.repository`
[INFO] [stderr]   --> Cargo.toml:52:12
[INFO] [stderr]    |
[INFO] [stderr] 52 | homepage = "https://github.com/fg-labs/tricord"
[INFO] [stderr]    |            ^^^^^^^^^^^^^^^^^^^^^^^^^^^^^^^^^^^^
[INFO] [stderr] ...
[INFO] [stderr] 57 | repository = "https://github.com/fg-labs/tricord"
[INFO] [stderr]    |              ------------------------------------
[INFO] [stderr]    |
[INFO] [stderr]    = note: `cargo::redundant_homepage` is set to `warn` by default
[INFO] [stderr] help: consider removing `package.homepage`
[INFO] [stderr] warning: `tricord` (manifest) generated 1 warning
[INFO] [stderr]    Compiling proc-macro2 v1.0.107
[INFO] [stderr]    Compiling quote v1.0.47
[INFO] [stderr]    Compiling unicode-ident v1.0.24
[INFO] [stderr]    Compiling bitflags v2.13.1
[INFO] [stderr]    Compiling rustix v1.1.4
[INFO] [stderr]    Compiling memchr v2.8.3
[INFO] [stderr]    Compiling libc v0.2.189
[INFO] [stderr]    Compiling linux-raw-sys v0.12.1
[INFO] [stderr]    Compiling utf8parse v0.2.2
[INFO] [stderr]    Compiling anstyle v1.0.14
[INFO] [stderr]    Compiling colorchoice v1.0.5
[INFO] [stderr]    Compiling regex-syntax v0.8.11
[INFO] [stderr]    Compiling anstyle-query v1.1.5
[INFO] [stderr]    Compiling serde_core v1.0.229
[INFO] [stderr]    Compiling is_terminal_polyfill v1.70.2
[INFO] [stderr]    Compiling zmij v1.0.23
[INFO] [stderr]    Compiling serde v1.0.229
[INFO] [stderr]    Compiling hex v0.4.3
[INFO] [stderr]    Compiling anyhow v1.0.104
[INFO] [stderr]    Compiling anstyle-parse v1.0.0
[INFO] [stderr]    Compiling unicode-width v0.2.2
[INFO] [stderr]    Compiling jiff-core v0.1.0
[INFO] [stderr]    Compiling strsim v0.11.1
[INFO] [stderr]    Compiling serde_json v1.0.151
[INFO] [stderr]    Compiling procfs v0.18.0
[INFO] [stderr]    Compiling signal-hook v0.4.4
[INFO] [stderr]    Compiling thiserror v2.0.20
[INFO] [stderr]    Compiling unicase v2.9.0
[INFO] [stderr]    Compiling clap_lex v1.1.0
[INFO] [stderr]    Compiling anstream v1.0.0
[INFO] [stderr]    Compiling log v0.4.34
[INFO] [stderr]    Compiling heck v0.5.0
[INFO] [stderr]    Compiling procfs-core v0.18.0
[INFO] [stderr]    Compiling itoa v1.0.18
[INFO] [stderr]    Compiling aho-corasick v1.1.5
[INFO] [stderr]    Compiling jiff v0.2.35
[INFO] [stderr]    Compiling syn v3.0.4
[INFO] [stderr]    Compiling errno v0.3.14
[INFO] [stderr]    Compiling signal-hook-registry v1.4.8
[INFO] [stderr]    Compiling regex-automata v0.4.18
[INFO] [stderr]    Compiling serde_derive v1.0.229
[INFO] [stderr]    Compiling clap_derive v4.6.4
[INFO] [stderr]    Compiling thiserror-impl v2.0.20
[INFO] [stderr]    Compiling terminal_size v0.4.4
[INFO] [stderr]    Compiling clap_builder v4.6.6
[INFO] [stderr]    Compiling regex v1.13.1
[INFO] [stderr]    Compiling env_filter v2.0.0
[INFO] [stderr]    Compiling env_logger v0.11.11
[INFO] [stderr]    Compiling clap v4.6.6
[INFO] [stderr]    Compiling tricord v0.1.5 (/opt/rustwide/workdir)
[INFO] [stderr] warning: unused dependency `anyhow`
[INFO] [stderr]  --> Cargo.toml:5:15
[INFO] [stderr]   |
[INFO] [stderr] 5 | [dependencies.anyhow]
[INFO] [stderr]   |               ^^^^^^^
[INFO] [stderr]   |
[INFO] [stderr]   = note: `cargo::unused_dependencies` is set to `warn` by default
[INFO] [stderr] help: consider removing the dependency on `anyhow`
[INFO] [stderr] warning: unused dependency `thiserror`
[INFO] [stderr]   --> Cargo.toml:31:15
[INFO] [stderr]    |
[INFO] [stderr] 31 | [dependencies.thiserror]
[INFO] [stderr]    |               ^^^^^^^^^^
[INFO] [stderr]    |
[INFO] [stderr] help: consider removing the dependency on `thiserror`
[INFO] [stderr] warning: `tricord` (manifest) generated 2 warnings
[INFO] [stderr]     Finished `release` profile [optimized] target(s) in 51.74s
[INFO] running `Command { std: "docker" "inspect" "d15c375add499bc60e20fbbc5feeb80a00996cdb074016baece3fc6cab1a0cba", kill_on_drop: false }`
[INFO] running `Command { std: "docker" "exec" "-e" "SOURCE_DIR=/opt/rustwide/workdir" "-e" "CARGO_HOME=/opt/rustwide/cargo-home" "-e" "RUSTUP_HOME=/opt/rustwide/rustup-home" "-e" "CARGO_TARGET_DIR=/opt/rustwide/target" "-e" "CARGO_INCREMENTAL=0" "-e" "RUST_BACKTRACE=full" "-e" "RUSTFLAGS=--cap-lints=warn" "-e" "RUSTDOCFLAGS=--cap-lints=warn" "-w" "/opt/rustwide/workdir" "--user" "0:0" "d15c375add499bc60e20fbbc5feeb80a00996cdb074016baece3fc6cab1a0cba" "/opt/rustwide/cargo-home/bin/cargo" "+1.100.0-beta.1" "test" "--frozen" "--no-run" "--message-format=json" "--release", kill_on_drop: false }`
[INFO] [stderr] warning: `package.homepage` is redundant with `package.repository`
[INFO] [stderr]   --> Cargo.toml:52:12
[INFO] [stderr]    |
[INFO] [stderr] 52 | homepage = "https://github.com/fg-labs/tricord"
[INFO] [stderr]    |            ^^^^^^^^^^^^^^^^^^^^^^^^^^^^^^^^^^^^
[INFO] [stderr] ...
[INFO] [stderr] 57 | repository = "https://github.com/fg-labs/tricord"
[INFO] [stderr]    |              ------------------------------------
[INFO] [stderr]    |
[INFO] [stderr]    = note: `cargo::redundant_homepage` is set to `warn` by default
[INFO] [stderr] help: consider removing `package.homepage`
[INFO] [stderr] warning: `tricord` (manifest) generated 1 warning
[INFO] [stderr]    Compiling bitflags v2.13.1
[INFO] [stderr]    Compiling linux-raw-sys v0.12.1
[INFO] [stderr]    Compiling memchr v2.8.3
[INFO] [stderr]    Compiling utf8parse v0.2.2
[INFO] [stderr]    Compiling libc v0.2.189
[INFO] [stderr]    Compiling anstyle-query v1.1.5
[INFO] [stderr]    Compiling is_terminal_polyfill v1.70.2
[INFO] [stderr]    Compiling anstyle v1.0.14
[INFO] [stderr]    Compiling colorchoice v1.0.5
[INFO] [stderr]    Compiling regex-syntax v0.8.11
[INFO] [stderr]    Compiling serde_core v1.0.229
[INFO] [stderr]    Compiling clap_lex v1.1.0
[INFO] [stderr]    Compiling log v0.4.34
[INFO] [stderr]    Compiling hex v0.4.3
[INFO] [stderr]    Compiling strsim v0.11.1
[INFO] [stderr]    Compiling unicode-width v0.2.2
[INFO] [stderr]    Compiling anstyle-parse v1.0.0
[INFO] [stderr]    Compiling unicase v2.9.0
[INFO] [stderr]    Compiling getrandom v0.4.3
[INFO] [stderr]    Compiling jiff-core v0.1.0
[INFO] [stderr]    Compiling zmij v1.0.23
[INFO] [stderr]    Compiling anstream v1.0.0
[INFO] [stderr]    Compiling cfg-if v1.0.4
[INFO] [stderr]    Compiling itoa v1.0.18
[INFO] [stderr]    Compiling thiserror v2.0.20
[INFO] [stderr]    Compiling anyhow v1.0.104
[INFO] [stderr]    Compiling fastrand v2.5.0
[INFO] [stderr]    Compiling once_cell v1.21.4
[INFO] [stderr]    Compiling procfs-core v0.18.0
[INFO] [stderr]    Compiling rustix v1.1.4
[INFO] [stderr]    Compiling aho-corasick v1.1.5
[INFO] [stderr]    Compiling errno v0.3.14
[INFO] [stderr]    Compiling signal-hook-registry v1.4.8
[INFO] [stderr]    Compiling signal-hook v0.4.4
[INFO] [stderr]    Compiling jiff v0.2.35
[INFO] [stderr]    Compiling regex-automata v0.4.18
[INFO] [stderr]    Compiling serde v1.0.229
[INFO] [stderr]    Compiling serde_json v1.0.151
[INFO] [stderr]    Compiling terminal_size v0.4.4
[INFO] [stderr]    Compiling procfs v0.18.0
[INFO] [stderr]    Compiling tempfile v3.27.0
[INFO] [stderr]    Compiling clap_builder v4.6.6
[INFO] [stderr]    Compiling regex v1.13.1
[INFO] [stderr]    Compiling env_filter v2.0.0
[INFO] [stderr]    Compiling env_logger v0.11.11
[INFO] [stderr]    Compiling clap v4.6.6
[INFO] [stderr]    Compiling tricord v0.1.5 (/opt/rustwide/workdir)
[INFO] [stderr]     Finished `release` profile [optimized] target(s) in 1m 03s
[INFO] running `Command { std: "docker" "inspect" "d15c375add499bc60e20fbbc5feeb80a00996cdb074016baece3fc6cab1a0cba", kill_on_drop: false }`
[INFO] running `Command { std: "docker" "exec" "-e" "SOURCE_DIR=/opt/rustwide/workdir" "-e" "CARGO_HOME=/opt/rustwide/cargo-home" "-e" "RUSTUP_HOME=/opt/rustwide/rustup-home" "-e" "CARGO_TARGET_DIR=/opt/rustwide/target" "-e" "CARGO_INCREMENTAL=0" "-e" "RUST_BACKTRACE=full" "-e" "RUSTFLAGS=--cap-lints=warn" "-e" "RUSTDOCFLAGS=--cap-lints=warn" "-w" "/opt/rustwide/workdir" "--user" "0:0" "d15c375add499bc60e20fbbc5feeb80a00996cdb074016baece3fc6cab1a0cba" "/opt/rustwide/cargo-home/bin/cargo" "+1.100.0-beta.1" "test" "--frozen" "--release", kill_on_drop: false }`
[INFO] [stderr] warning: `package.homepage` is redundant with `package.repository`
[INFO] [stderr]   --> Cargo.toml:52:12
[INFO] [stderr]    |
[INFO] [stderr] 52 | homepage = "https://github.com/fg-labs/tricord"
[INFO] [stderr]    |            ^^^^^^^^^^^^^^^^^^^^^^^^^^^^^^^^^^^^
[INFO] [stderr] ...
[INFO] [stderr] 57 | repository = "https://github.com/fg-labs/tricord"
[INFO] [stderr]    |              ------------------------------------
[INFO] [stderr]    |
[INFO] [stderr]    = note: `cargo::redundant_homepage` is set to `warn` by default
[INFO] [stderr] help: consider removing `package.homepage`
[INFO] [stderr] warning: `tricord` (manifest) generated 1 warning
[INFO] [stderr]     Finished `release` profile [optimized] target(s) in 0.12s
[INFO] [stderr]      Running unittests src/lib.rs (/opt/rustwide/target/release/build/tricord/592fe278f689a055/out/tricord-592fe278f689a055)
[INFO] [stdout] 
[INFO] [stdout] running 74 tests
[INFO] [stdout] test cli::tests::export_markdown_defaults_to_none ... ok
[INFO] [stdout] test cli::tests::interval_respects_user_value ... ok
[INFO] [stdout] test cli::tests::missing_command_fails ... ok
[INFO] [stdout] test cli::tests::snakemake_flag_defaults_to_false ... ok
[INFO] [stdout] test format::tests::json_pretty_writer_strict_mode_omits_tricord_fields ... ok
[INFO] [stdout] test cli::tests::interval_clamps_to_minimum ... ok
[INFO] [stdout] test format::tests::json_pretty_writer_emits_trailing_newline ... ok
[INFO] [stdout] test cli::tests::trace_defaults_to_none ... ok
[INFO] [stdout] test format::tests::extension_matches_each_format ... ok
[INFO] [stdout] test cli::tests::log_level_scales_with_verbosity ... ok
[INFO] [stdout] test format::tests::json_pretty_writer_full_mode_includes_tricord_fields ... ok
[INFO] [stdout] test cli::tests::parses_export_markdown_path ... ok
[INFO] [stdout] test format::tests::write_markdown_to_path_strict_omits_page_faults ... ok
[INFO] [stdout] test record::tests::header_full_appends_tricord_columns ... ok
[INFO] [stdout] test cli::tests::snakemake_flag_set_to_true ... ok
[INFO] [stdout] test format::tests::tsv_writer_strict_mode_emits_snakemake_header ... ok
[INFO] [stdout] test cli::tests::parses_trace_path ... ok
[INFO] [stdout] test format::tests::write_to_path_creates_parent_directories ... ok
[INFO] [stdout] test format::tests::write_markdown_to_path_emits_table_and_creates_parents ... ok
[INFO] [stdout] test record::tests::hms_minutes_hours ... ok
[INFO] [stdout] test format::tests::json_writer_emits_no_trailing_newline ... ok
[INFO] [stdout] test format::tests::json_writer_strict_mode_omits_tricord_fields ... ok
[INFO] [stdout] test format::tests::tsv_writer_full_mode_emits_full_header_and_data_row ... ok
[INFO] [stdout] test format::tests::json_writer_full_mode_includes_tricord_fields ... ok
[INFO] [stdout] test cli::tests::parses_json_format_and_summary ... ok
[INFO] [stdout] test cli::tests::parses_json_pretty_format ... ok
[INFO] [stdout] test platform::linux::tests::self_pid_produces_a_snapshot ... ok
[INFO] [stdout] test record::tests::hms_seconds ... ok
[INFO] [stdout] test record::tests::json_full_mode_preserves_fields ... ok
[INFO] [stdout] test record::tests::hms_zero ... ok
[INFO] [stdout] test record::tests::markdown_missing_optionals_render_as_dash ... ok
[INFO] [stdout] test record::tests::hms_days_singular_and_plural ... ok
[INFO] [stdout] test record::tests::tick_row_missing_optionals_render_as_dash ... ok
[INFO] [stdout] test cli::tests::parses_basic_args ... ok
[INFO] [stdout] test record::tests::markdown_no_data_uses_na_in_resource_cells ... ok
[INFO] [stdout] test record::tests::markdown_strict_mode_drops_tricord_added_rows ... ok
[INFO] [stdout] test record::tests::tick_row_full_data ... ok
[INFO] [stdout] test record::tests::trace_header_lists_per_tick_columns_including_page_faults ... ok
[INFO] [stdout] test record::tests::json_strict_mode_omits_tricord_added_fields ... ok
[INFO] [stdout] test record::tests::markdown_full_data_exact_layout ... ok
[INFO] [stdout] test record::tests::markdown_full_row_count_tracks_tsv_header_full ... ok
[INFO] [stdout] test record::tests::tsv_row_full_mode_appends_all_tricord_columns ... ok
[INFO] [stdout] test record::tests::tsv_row_full_mode_renders_missing_tricord_metrics_as_dash ... ok
[INFO] [stdout] test record::tests::tsv_row_no_data_full_has_one_na_per_full_column ... ok
[INFO] [stdout] test run::tests::validate_output_paths_accepts_all_distinct ... ok
[INFO] [stdout] test record::tests::header_matches_snakemake ... ok
[INFO] [stdout] test run::tests::exit_code_normal_exit_passes_through ... ok
[INFO] [stdout] test sampler::tests::empty_state_records_no_data ... ok
[INFO] [stdout] test run::tests::validate_output_paths_rejects_out_equals_trace ... ok
[INFO] [stdout] test record::tests::tsv_row_no_data_strict_has_10_nas ... ok
[INFO] [stdout] test run::tests::validate_output_paths_accepts_when_sidecars_absent ... ok
[INFO] [stdout] test run::tests::validate_output_paths_rejects_out_equals_markdown ... ok
[INFO] [stdout] test sampler::tests::io_and_cpu_aggregate_across_pids_after_exit ... ok
[INFO] [stdout] test sampler::tests::io_read_only_leaves_io_out_none ... ok
[INFO] [stdout] test sampler::tests::memory_max_uses_summed_tree ... ok
[INFO] [stdout] test sampler::tests::missing_uss_and_io_remain_none_in_record ... ok
[INFO] [stdout] test sampler::tests::tick_returns_none_for_empty_snapshots ... ok
[INFO] [stdout] test sampler::tests::tick_page_faults_none_when_no_process_exposes_them ... ok
[INFO] [stdout] test record::tests::tsv_document_strict_uses_snakemake_header ... ok
[INFO] [stdout] test sampler::tests::tick_page_faults_saturate_on_pid_reuse ... ok
[INFO] [stdout] test sampler::tests::single_snapshot_populates_record ... ok
[INFO] [stdout] test record::tests::tsv_row_strict_mode_omits_tricord_columns ... ok
[INFO] [stdout] test sampler::tests::tick_io_and_cpu_include_exited_children ... ok
[INFO] [stdout] test sampler::tests::io_write_only_leaves_io_in_none ... ok
[INFO] [stdout] test signals::tests::forwarder_installs_and_drops_cleanly ... ok
[INFO] [stdout] test record::tests::tsv_header_dispatches_on_mode ... ok
[INFO] [stdout] test run::tests::validate_output_paths_rejects_trace_equals_markdown ... ok
[INFO] [stdout] test sampler::tests::tick_summarizes_live_memory_and_cumulative_io_cpu ... ok
[INFO] [stdout] test record::tests::tsv_row_missing_io_renders_dash ... ok
[INFO] [stdout] test run::tests::exit_code_signal_uses_128_plus_signum ... ok
[INFO] [stdout] test sampler::tests::page_faults_aggregate_sums_per_pid_max_across_tree ... ok
[INFO] [stdout] test record::tests::tsv_document_full_uses_full_header ... ok
[INFO] [stdout] test sampler::tests::tick_page_faults_are_per_tick_deltas ... ok
[INFO] [stdout] test sampler::tests::sampler_thread_writes_trace_file_when_path_set ... ok
[INFO] [stdout] 
[INFO] [stdout] test result: ok. 74 passed; 0 failed; 0 ignored; 0 measured; 0 filtered out; finished in 0.33s
[INFO] [stdout] 
[INFO] [stderr]      Running unittests src/main.rs (/opt/rustwide/target/release/build/tricord/a71d2683b7479561/out/tricorder-a71d2683b7479561)
[INFO] [stderr]      Running tests/integration.rs (/opt/rustwide/target/release/build/tricord/8a03ec24cdae4139/out/integration-8a03ec24cdae4139)
[INFO] [stdout] 
[INFO] [stdout] running 0 tests
[INFO] [stdout] 
[INFO] [stdout] test result: ok. 0 passed; 0 failed; 0 ignored; 0 measured; 0 filtered out; finished in 0.00s
[INFO] [stdout] 
[INFO] [stdout] 
[INFO] [stdout] running 36 tests
[INFO] [stdout] test json_pretty_output_round_trips_to_object ... FAILED
[INFO] [stdout] test export_markdown_and_trace_can_be_combined ... FAILED
[INFO] [stdout] test loadavg_start_and_end_appear_in_aggregate_tsv ... FAILED
[INFO] [stdout] test export_markdown_same_path_as_out_is_rejected ... FAILED
[INFO] [stdout] test json_output_round_trips_to_object ... FAILED
[INFO] [stdout] test export_markdown_parent_directory_is_created ... FAILED
[INFO] [stdout] test export_markdown_is_independent_of_primary_format ... FAILED
[INFO] [stdout] test json_pretty_output_emits_trailing_newline ... FAILED
[INFO] [stdout] test export_markdown_writes_table_alongside_tsv ... FAILED
[INFO] [stdout] test export_markdown_same_path_as_trace_is_rejected ... FAILED
[INFO] [stdout] test nested_output_directory_is_created ... FAILED
[INFO] [stdout] test page_cache_start_and_end_appear_in_aggregate_tsv ... FAILED
[INFO] [stdout] test loadavg_is_not_added_to_trace_columns ... FAILED
[INFO] [stdout] test json_output_emits_no_trailing_newline ... FAILED
[INFO] [stdout] test page_faults_appear_in_aggregate_tsv ... FAILED
[INFO] [stdout] test exit_code_is_passed_through ... FAILED
[INFO] [stdout] test snakemake_strict_mode_strips_swap_column ... FAILED
[INFO] [stdout] test snakemake_strict_mode_strips_ctx_switch_columns ... FAILED
[INFO] [stdout] test end_to_end_resource_usage_against_known_workload ... FAILED
[INFO] [stdout] test snakemake_strict_mode_strips_page_cache_columns ... FAILED
[INFO] [stdout] test snakemake_strict_mode_strips_page_faults_from_markdown ... FAILED
[INFO] [stdout] test peak_thread_and_proc_counts_appear_in_aggregate_tsv ... FAILED
[INFO] [stdout] test snakemake_strict_mode_strips_page_fault_columns ... FAILED
[INFO] [stdout] test swap_columns_appear_in_aggregate_and_trace ... FAILED
[INFO] [stdout] test snakemake_strict_mode_strips_page_faults_from_json ... FAILED
[INFO] [stdout] test trace_flag_writes_per_tick_tsv ... FAILED
[INFO] [stdout] test snakemake_strict_mode_strips_peak_n_columns ... FAILED
[INFO] [stdout] test trace_parent_directory_is_created ... FAILED
[INFO] [stdout] test page_cache_is_not_added_to_trace_columns ... FAILED
[INFO] [stdout] test snakemake_strict_mode_strips_loadavg_columns ... FAILED
[INFO] [stdout] test trace_includes_n_threads_per_tick ... FAILED
[INFO] [stdout] test trace_same_path_as_out_is_rejected ... FAILED
[INFO] [stdout] test tsv_output_for_short_lived_command_has_correct_shape ... FAILED
[INFO] [stdout] test snakemake_strict_mode_does_not_affect_trace_columns ... FAILED
[INFO] [stdout] test instant_exit_yields_na_row ... FAILED
[INFO] [stdout] test context_switches_appear_in_aggregate_tsv ... FAILED
[INFO] [stdout] 
[INFO] [stdout] failures:
[INFO] [stdout] 
[INFO] [stdout] ---- json_pretty_output_round_trips_to_object stdout ----
[INFO] [stdout] 
[INFO] [stdout] thread 'json_pretty_output_round_trips_to_object' (1722) panicked at tests/integration.rs:38:18:
[INFO] [stdout] spawn tricorder: Os { code: 2, kind: NotFound, message: "No such file or directory" }
[INFO] [stdout] stack backtrace:
[INFO] [stdout]    0:     0x5fc6cf7112c6 - <<std[617be2ca0a6fd877]::sys::backtrace::BacktraceLock>::print::DisplayBacktrace as core[a373ad73a504971]::fmt::Display>::fmt
[INFO] [stdout]    1:     0x5fc6cf69fcda - core[a373ad73a504971]::fmt::write
[INFO] [stdout]    2:     0x5fc6cf716a3c - <alloc[2e1b2a31b91974c5]::vec::Vec<u8> as core[a373ad73a504971]::io::write::Write>::write_fmt
[INFO] [stdout]    3:     0x5fc6cf6ecd12 - std[617be2ca0a6fd877]::panicking::default_hook::{closure#0}
[INFO] [stdout]    4:     0x5fc6cf708f41 - std[617be2ca0a6fd877]::panicking::default_hook
[INFO] [stdout]    5:     0x5fc6cf709122 - std[617be2ca0a6fd877]::panicking::panic_with_hook
[INFO] [stdout]    6:     0x5fc6cf6ecdc2 - std[617be2ca0a6fd877]::panicking::panic_handler::{closure#0}
[INFO] [stdout]    7:     0x5fc6cf6e5999 - std[617be2ca0a6fd877]::sys::backtrace::__rust_end_short_backtrace::<std[617be2ca0a6fd877]::panicking::panic_handler::{closure#0}, !>
[INFO] [stdout]    8:     0x5fc6cf6ed9dd - __rustc[ea4f61d10b84890b]::rust_begin_unwind
[INFO] [stdout]    9:     0x5fc6cf6a03cc - core[a373ad73a504971]::panicking::panic_fmt
[INFO] [stdout]   10:     0x5fc6cf6a01a2 - core[a373ad73a504971]::result::unwrap_failed
[INFO] [stdout]   11:     0x5fc6cf6b080c - integration[69aa0dfdb4533991]::run_bench
[INFO] [stdout]   12:     0x5fc6cf6badfc - <integration[69aa0dfdb4533991]::json_pretty_output_round_trips_to_object::{closure#0} as core[a373ad73a504971]::ops::function::FnOnce<()>>::call_once
[INFO] [stdout]   13:     0x5fc6cf71959b - test[aada8e7e76ba119b]::__rust_begin_short_backtrace::<core[a373ad73a504971]::result::Result<(), alloc[2e1b2a31b91974c5]::string::String>, fn() -> core[a373ad73a504971]::result::Result<(), alloc[2e1b2a31b91974c5]::string::String>>
[INFO] [stdout]   14:     0x5fc6cf727444 - test[aada8e7e76ba119b]::run_test::{closure#0}
[INFO] [stdout]   15:     0x5fc6cf720b74 - std[617be2ca0a6fd877]::sys::backtrace::__rust_begin_short_backtrace::<test[aada8e7e76ba119b]::run_test::{closure#1}, ()>
[INFO] [stdout]   16:     0x5fc6cf72b202 - <std[617be2ca0a6fd877]::thread::lifecycle::spawn_unchecked<test[aada8e7e76ba119b]::run_test::{closure#1}, ()>::{closure#1} as core[a373ad73a504971]::ops::function::FnOnce<()>>::call_once::{shim:vtable#0}
[INFO] [stdout]   17:     0x5fc6cf710424 - <std[617be2ca0a6fd877]::sys::thread::unix::Thread>::new::thread_start
[INFO] [stdout]   18:     0x72352129edfa - <unknown>
[INFO] [stdout]   19:     0x7235213323d4 - clone
[INFO] [stdout]   20:                0x0 - <unknown>
[INFO] [stdout] 
[INFO] [stdout] ---- export_markdown_and_trace_can_be_combined stdout ----
[INFO] [stdout] 
[INFO] [stdout] thread 'export_markdown_and_trace_can_be_combined' (1712) panicked at tests/integration.rs:38:18:
[INFO] [stdout] spawn tricorder: Os { code: 2, kind: NotFound, message: "No such file or directory" }
[INFO] [stdout] stack backtrace:
[INFO] [stdout]    0:     0x5fc6cf7112c6 - <<std[617be2ca0a6fd877]::sys::backtrace::BacktraceLock>::print::DisplayBacktrace as core[a373ad73a504971]::fmt::Display>::fmt
[INFO] [stdout]    1:     0x5fc6cf69fcda - core[a373ad73a504971]::fmt::write
[INFO] [stdout]    2:     0x5fc6cf716a3c - <alloc[2e1b2a31b91974c5]::vec::Vec<u8> as core[a373ad73a504971]::io::write::Write>::write_fmt
[INFO] [stdout]    3:     0x5fc6cf6ecd12 - std[617be2ca0a6fd877]::panicking::default_hook::{closure#0}
[INFO] [stdout]    4:     0x5fc6cf708f41 - std[617be2ca0a6fd877]::panicking::default_hook
[INFO] [stdout]    5:     0x5fc6cf709122 - std[617be2ca0a6fd877]::panicking::panic_with_hook
[INFO] [stdout]    6:     0x5fc6cf6ecdc2 - std[617be2ca0a6fd877]::panicking::panic_handler::{closure#0}
[INFO] [stdout]    7:     0x5fc6cf6e5999 - std[617be2ca0a6fd877]::sys::backtrace::__rust_end_short_backtrace::<std[617be2ca0a6fd877]::panicking::panic_handler::{closure#0}, !>
[INFO] [stdout]    8:     0x5fc6cf6ed9dd - __rustc[ea4f61d10b84890b]::rust_begin_unwind
[INFO] [stdout]    9:     0x5fc6cf6a03cc - core[a373ad73a504971]::panicking::panic_fmt
[INFO] [stdout]   10:     0x5fc6cf6a01a2 - core[a373ad73a504971]::result::unwrap_failed
[INFO] [stdout]   11:     0x5fc6cf6b080c - integration[69aa0dfdb4533991]::run_bench
[INFO] [stdout]   12:     0x5fc6cf6bc857 - <integration[69aa0dfdb4533991]::export_markdown_and_trace_can_be_combined::{closure#0} as core[a373ad73a504971]::ops::function::FnOnce<()>>::call_once
[INFO] [stdout]   13:     0x5fc6cf71959b - test[aada8e7e76ba119b]::__rust_begin_short_backtrace::<core[a373ad73a504971]::result::Result<(), alloc[2e1b2a31b91974c5]::string::String>, fn() -> core[a373ad73a504971]::result::Result<(), alloc[2e1b2a31b91974c5]::string::String>>
[INFO] [stdout]   14:     0x5fc6cf727444 - test[aada8e7e76ba119b]::run_test::{closure#0}
[INFO] [stdout]   15:     0x5fc6cf720b74 - std[617be2ca0a6fd877]::sys::backtrace::__rust_begin_short_backtrace::<test[aada8e7e76ba119b]::run_test::{closure#1}, ()>
[INFO] [stdout]   16:     0x5fc6cf72b202 - <std[617be2ca0a6fd877]::thread::lifecycle::spawn_unchecked<test[aada8e7e76ba119b]::run_test::{closure#1}, ()>::{closure#1} as core[a373ad73a504971]::ops::function::FnOnce<()>>::call_once::{shim:vtable#0}
[INFO] [stdout]   17:     0x5fc6cf710424 - <std[617be2ca0a6fd877]::sys::thread::unix::Thread>::new::thread_start
[INFO] [stdout]   18:     0x72352129edfa - <unknown>
[INFO] [stdout]   19:     0x7235213323d4 - clone
[INFO] [stdout]   20:                0x0 - <unknown>
[INFO] [stdout] 
[INFO] [stdout] ---- loadavg_start_and_end_appear_in_aggregate_tsv stdout ----
[INFO] [stdout] 
[INFO] [stdout] thread 'loadavg_start_and_end_appear_in_aggregate_tsv' (1724) panicked at tests/integration.rs:38:18:
[INFO] [stdout] spawn tricorder: Os { code: 2, kind: NotFound, message: "No such file or directory" }
[INFO] [stdout] stack backtrace:
[INFO] [stdout]    0:     0x5fc6cf7112c6 - <<std[617be2ca0a6fd877]::sys::backtrace::BacktraceLock>::print::DisplayBacktrace as core[a373ad73a504971]::fmt::Display>::fmt
[INFO] [stdout]    1:     0x5fc6cf69fcda - core[a373ad73a504971]::fmt::write
[INFO] [stdout]    2:     0x5fc6cf716a3c - <alloc[2e1b2a31b91974c5]::vec::Vec<u8> as core[a373ad73a504971]::io::write::Write>::write_fmt
[INFO] [stdout]    3:     0x5fc6cf6ecd12 - std[617be2ca0a6fd877]::panicking::default_hook::{closure#0}
[INFO] [stdout]    4:     0x5fc6cf708f41 - std[617be2ca0a6fd877]::panicking::default_hook
[INFO] [stdout]    5:     0x5fc6cf709122 - std[617be2ca0a6fd877]::panicking::panic_with_hook
[INFO] [stdout]    6:     0x5fc6cf6ecdc2 - std[617be2ca0a6fd877]::panicking::panic_handler::{closure#0}
[INFO] [stdout]    7:     0x5fc6cf6e5999 - std[617be2ca0a6fd877]::sys::backtrace::__rust_end_short_backtrace::<std[617be2ca0a6fd877]::panicking::panic_handler::{closure#0}, !>
[INFO] [stdout]    8:     0x5fc6cf6ed9dd - __rustc[ea4f61d10b84890b]::rust_begin_unwind
[INFO] [stdout]    9:     0x5fc6cf6a03cc - core[a373ad73a504971]::panicking::panic_fmt
[INFO] [stdout]   10:     0x5fc6cf6a01a2 - core[a373ad73a504971]::result::unwrap_failed
[INFO] [stdout]   11:     0x5fc6cf6b080c - integration[69aa0dfdb4533991]::run_bench
[INFO] [stdout]   12:     0x5fc6cf6c0e3c - <integration[69aa0dfdb4533991]::loadavg_start_and_end_appear_in_aggregate_tsv::{closure#0} as core[a373ad73a504971]::ops::function::FnOnce<()>>::call_once
[INFO] [stdout]   13:     0x5fc6cf71959b - test[aada8e7e76ba119b]::__rust_begin_short_backtrace::<core[a373ad73a504971]::result::Result<(), alloc[2e1b2a31b91974c5]::string::String>, fn() -> core[a373ad73a504971]::result::Result<(), alloc[2e1b2a31b91974c5]::string::String>>
[INFO] [stdout]   14:     0x5fc6cf727444 - test[aada8e7e76ba119b]::run_test::{closure#0}
[INFO] [stdout]   15:     0x5fc6cf720b74 - std[617be2ca0a6fd877]::sys::backtrace::__rust_begin_short_backtrace::<test[aada8e7e76ba119b]::run_test::{closure#1}, ()>
[INFO] [stdout]   16:     0x5fc6cf72b202 - <std[617be2ca0a6fd877]::thread::lifecycle::spawn_unchecked<test[aada8e7e76ba119b]::run_test::{closure#1}, ()>::{closure#1} as core[a373ad73a504971]::ops::function::FnOnce<()>>::call_once::{shim:vtable#0}
[INFO] [stdout]   17:     0x5fc6cf710424 - <std[617be2ca0a6fd877]::sys::thread::unix::Thread>::new::thread_start
[INFO] [stdout]   18:     0x72352129edfa - <unknown>
[INFO] [stdout]   19:     0x7235213323d4 - clone
[INFO] [stdout]   20:                0x0 - <unknown>
[INFO] [stdout] 
[INFO] [stdout] ---- export_markdown_same_path_as_out_is_rejected stdout ----
[INFO] [stdout] 
[INFO] [stdout] thread 'export_markdown_same_path_as_out_is_rejected' (1715) panicked at tests/integration.rs:38:18:
[INFO] [stdout] spawn tricorder: Os { code: 2, kind: NotFound, message: "No such file or directory" }
[INFO] [stdout] stack backtrace:
[INFO] [stdout]    0:     0x5fc6cf7112c6 - <<std[617be2ca0a6fd877]::sys::backtrace::BacktraceLock>::print::DisplayBacktrace as core[a373ad73a504971]::fmt::Display>::fmt
[INFO] [stdout]    1:     0x5fc6cf69fcda - core[a373ad73a504971]::fmt::write
[INFO] [stdout]    2:     0x5fc6cf716a3c - <alloc[2e1b2a31b91974c5]::vec::Vec<u8> as core[a373ad73a504971]::io::write::Write>::write_fmt
[INFO] [stdout]    3:     0x5fc6cf6ecd12 - std[617be2ca0a6fd877]::panicking::default_hook::{closure#0}
[INFO] [stdout]    4:     0x5fc6cf708f41 - std[617be2ca0a6fd877]::panicking::default_hook
[INFO] [stdout]    5:     0x5fc6cf709122 - std[617be2ca0a6fd877]::panicking::panic_with_hook
[INFO] [stdout]    6:     0x5fc6cf6ecdc2 - std[617be2ca0a6fd877]::panicking::panic_handler::{closure#0}
[INFO] [stdout]    7:     0x5fc6cf6e5999 - std[617be2ca0a6fd877]::sys::backtrace::__rust_end_short_backtrace::<std[617be2ca0a6fd877]::panicking::panic_handler::{closure#0}, !>
[INFO] [stdout]    8:     0x5fc6cf6ed9dd - __rustc[ea4f61d10b84890b]::rust_begin_unwind
[INFO] [stdout]    9:     0x5fc6cf6a03cc - core[a373ad73a504971]::panicking::panic_fmt
[INFO] [stdout]   10:     0x5fc6cf6a01a2 - core[a373ad73a504971]::result::unwrap_failed
[INFO] [stdout]   11:     0x5fc6cf6b080c - integration[69aa0dfdb4533991]::run_bench
[INFO] [stdout]   12:     0x5fc6cf6c0273 - <integration[69aa0dfdb4533991]::export_markdown_same_path_as_out_is_rejected::{closure#0} as core[a373ad73a504971]::ops::function::FnOnce<()>>::call_once
[INFO] [stdout]   13:     0x5fc6cf71959b - test[aada8e7e76ba119b]::__rust_begin_short_backtrace::<core[a373ad73a504971]::result::Result<(), alloc[2e1b2a31b91974c5]::string::String>, fn() -> core[a373ad73a504971]::result::Result<(), alloc[2e1b2a31b91974c5]::string::String>>
[INFO] [stdout]   14:     0x5fc6cf727444 - test[aada8e7e76ba119b]::run_test::{closure#0}
[INFO] [stdout]   15:     0x5fc6cf720b74 - std[617be2ca0a6fd877]::sys::backtrace::__rust_begin_short_backtrace::<test[aada8e7e76ba119b]::run_test::{closure#1}, ()>
[INFO] [stdout]   16:     0x5fc6cf72b202 - <std[617be2ca0a6fd877]::thread::lifecycle::spawn_unchecked<test[aada8e7e76ba119b]::run_test::{closure#1}, ()>::{closure#1} as core[a373ad73a504971]::ops::function::FnOnce<()>>::call_once::{shim:vtable#0}
[INFO] [stdout]   17:     0x5fc6cf710424 - <std[617be2ca0a6fd877]::sys::thread::unix::Thread>::new::thread_start
[INFO] [stdout]   18:     0x72352129edfa - <unknown>
[INFO] [stdout]   19:     0x7235213323d4 - clone
[INFO] [stdout]   20:                0x0 - <unknown>
[INFO] [stdout] 
[INFO] [stdout] ---- json_output_round_trips_to_object stdout ----
[INFO] [stdout] 
[INFO] [stdout] thread 'json_output_round_trips_to_object' (1720) panicked at tests/integration.rs:38:18:
[INFO] [stdout] spawn tricorder: Os { code: 2, kind: NotFound, message: "No such file or directory" }
[INFO] [stdout] stack backtrace:
[INFO] [stdout]    0:     0x5fc6cf7112c6 - <<std[617be2ca0a6fd877]::sys::backtrace::BacktraceLock>::print::DisplayBacktrace as core[a373ad73a504971]::fmt::Display>::fmt
[INFO] [stdout]    1:     0x5fc6cf69fcda - core[a373ad73a504971]::fmt::write
[INFO] [stdout]    2:     0x5fc6cf716a3c - <alloc[2e1b2a31b91974c5]::vec::Vec<u8> as core[a373ad73a504971]::io::write::Write>::write_fmt
[INFO] [stdout]    3:     0x5fc6cf6ecd12 - std[617be2ca0a6fd877]::panicking::default_hook::{closure#0}
[INFO] [stdout]    4:     0x5fc6cf708f41 - std[617be2ca0a6fd877]::panicking::default_hook
[INFO] [stdout]    5:     0x5fc6cf709122 - std[617be2ca0a6fd877]::panicking::panic_with_hook
[INFO] [stdout]    6:     0x5fc6cf6ecdc2 - std[617be2ca0a6fd877]::panicking::panic_handler::{closure#0}
[INFO] [stdout]    7:     0x5fc6cf6e5999 - std[617be2ca0a6fd877]::sys::backtrace::__rust_end_short_backtrace::<std[617be2ca0a6fd877]::panicking::panic_handler::{closure#0}, !>
[INFO] [stdout]    8:     0x5fc6cf6ed9dd - __rustc[ea4f61d10b84890b]::rust_begin_unwind
[INFO] [stdout]    9:     0x5fc6cf6a03cc - core[a373ad73a504971]::panicking::panic_fmt
[INFO] [stdout]   10:     0x5fc6cf6a01a2 - core[a373ad73a504971]::result::unwrap_failed
[INFO] [stdout]   11:     0x5fc6cf6b080c - integration[69aa0dfdb4533991]::run_bench
[INFO] [stdout]   12:     0x5fc6cf6b6686 - <integration[69aa0dfdb4533991]::json_output_round_trips_to_object::{closure#0} as core[a373ad73a504971]::ops::function::FnOnce<()>>::call_once
[INFO] [stdout]   13:     0x5fc6cf71959b - test[aada8e7e76ba119b]::__rust_begin_short_backtrace::<core[a373ad73a504971]::result::Result<(), alloc[2e1b2a31b91974c5]::string::String>, fn() -> core[a373ad73a504971]::result::Result<(), alloc[2e1b2a31b91974c5]::string::String>>
[INFO] [stdout]   14:     0x5fc6cf727444 - test[aada8e7e76ba119b]::run_test::{closure#0}
[INFO] [stdout]   15:     0x5fc6cf720b74 - std[617be2ca0a6fd877]::sys::backtrace::__rust_begin_short_backtrace::<test[aada8e7e76ba119b]::run_test::{closure#1}, ()>
[INFO] [stdout]   16:     0x5fc6cf72b202 - <std[617be2ca0a6fd877]::thread::lifecycle::spawn_unchecked<test[aada8e7e76ba119b]::run_test::{closure#1}, ()>::{closure#1} as core[a373ad73a504971]::ops::function::FnOnce<()>>::call_once::{shim:vtable#0}
[INFO] [stdout]   17:     0x5fc6cf710424 - <std[617be2ca0a6fd877]::sys::thread::unix::Thread>::new::thread_start
[INFO] [stdout]   18:     0x72352129edfa - <unknown>
[INFO] [stdout]   19:     0x7235213323d4 - clone
[INFO] [stdout]   20:                0x0 - <unknown>
[INFO] [stdout] 
[INFO] [stdout] ---- export_markdown_parent_directory_is_created stdout ----
[INFO] [stdout] 
[INFO] [stdout] thread 'export_markdown_parent_directory_is_created' (1714) panicked at tests/integration.rs:38:18:
[INFO] [stdout] spawn tricorder: Os { code: 2, kind: NotFound, message: "No such file or directory" }
[INFO] [stdout] stack backtrace:
[INFO] [stdout]    0:     0x5fc6cf7112c6 - <<std[617be2ca0a6fd877]::sys::backtrace::BacktraceLock>::print::DisplayBacktrace as core[a373ad73a504971]::fmt::Display>::fmt
[INFO] [stdout]    1:     0x5fc6cf69fcda - core[a373ad73a504971]::fmt::write
[INFO] [stdout]    2:     0x5fc6cf716a3c - <alloc[2e1b2a31b91974c5]::vec::Vec<u8> as core[a373ad73a504971]::io::write::Write>::write_fmt
[INFO] [stdout]    3:     0x5fc6cf6ecd12 - std[617be2ca0a6fd877]::panicking::default_hook::{closure#0}
[INFO] [stdout]    4:     0x5fc6cf708f41 - std[617be2ca0a6fd877]::panicking::default_hook
[INFO] [stdout]    5:     0x5fc6cf709122 - std[617be2ca0a6fd877]::panicking::panic_with_hook
[INFO] [stdout]    6:     0x5fc6cf6ecdc2 - std[617be2ca0a6fd877]::panicking::panic_handler::{closure#0}
[INFO] [stdout]    7:     0x5fc6cf6e5999 - std[617be2ca0a6fd877]::sys::backtrace::__rust_end_short_backtrace::<std[617be2ca0a6fd877]::panicking::panic_handler::{closure#0}, !>
[INFO] [stdout]    8:     0x5fc6cf6ed9dd - __rustc[ea4f61d10b84890b]::rust_begin_unwind
[INFO] [stdout]    9:     0x5fc6cf6a03cc - core[a373ad73a504971]::panicking::panic_fmt
[INFO] [stdout]   10:     0x5fc6cf6a01a2 - core[a373ad73a504971]::result::unwrap_failed
[INFO] [stdout]   11:     0x5fc6cf6b080c - integration[69aa0dfdb4533991]::run_bench
[INFO] [stdout]   12:     0x5fc6cf6bf68e - <integration[69aa0dfdb4533991]::export_markdown_parent_directory_is_created::{closure#0} as core[a373ad73a504971]::ops::function::FnOnce<()>>::call_once
[INFO] [stdout]   13:     0x5fc6cf71959b - test[aada8e7e76ba119b]::__rust_begin_short_backtrace::<core[a373ad73a504971]::result::Result<(), alloc[2e1b2a31b91974c5]::string::String>, fn() -> core[a373ad73a504971]::result::Result<(), alloc[2e1b2a31b91974c5]::string::String>>
[INFO] [stdout]   14:     0x5fc6cf727444 - test[aada8e7e76ba119b]::run_test::{closure#0}
[INFO] [stdout]   15:     0x5fc6cf720b74 - std[617be2ca0a6fd877]::sys::backtrace::__rust_begin_short_backtrace::<test[aada8e7e76ba119b]::run_test::{closure#1}, ()>
[INFO] [stdout]   16:     0x5fc6cf72b202 - <std[617be2ca0a6fd877]::thread::lifecycle::spawn_unchecked<test[aada8e7e76ba119b]::run_test::{closure#1}, ()>::{closure#1} as core[a373ad73a504971]::ops::function::FnOnce<()>>::call_once::{shim:vtable#0}
[INFO] [stdout]   17:     0x5fc6cf710424 - <std[617be2ca0a6fd877]::sys::thread::unix::Thread>::new::thread_start
[INFO] [stdout]   18:     0x72352129edfa - <unknown>
[INFO] [stdout]   19:     0x7235213323d4 - clone
[INFO] [stdout]   20:                0x0 - <unknown>
[INFO] [stdout] 
[INFO] [stdout] ---- export_markdown_is_independent_of_primary_format stdout ----
[INFO] [stdout] 
[INFO] [stdout] thread 'export_markdown_is_independent_of_primary_format' (1713) panicked at tests/integration.rs:38:18:
[INFO] [stdout] spawn tricorder: Os { code: 2, kind: NotFound, message: "No such file or directory" }
[INFO] [stdout] stack backtrace:
[INFO] [stdout]    0:     0x5fc6cf7112c6 - <<std[617be2ca0a6fd877]::sys::backtrace::BacktraceLock>::print::DisplayBacktrace as core[a373ad73a504971]::fmt::Display>::fmt
[INFO] [stdout]    1:     0x5fc6cf69fcda - core[a373ad73a504971]::fmt::write
[INFO] [stdout]    2:     0x5fc6cf716a3c - <alloc[2e1b2a31b91974c5]::vec::Vec<u8> as core[a373ad73a504971]::io::write::Write>::write_fmt
[INFO] [stdout]    3:     0x5fc6cf6ecd12 - std[617be2ca0a6fd877]::panicking::default_hook::{closure#0}
[INFO] [stdout]    4:     0x5fc6cf708f41 - std[617be2ca0a6fd877]::panicking::default_hook
[INFO] [stdout]    5:     0x5fc6cf709122 - std[617be2ca0a6fd877]::panicking::panic_with_hook
[INFO] [stdout]    6:     0x5fc6cf6ecdc2 - std[617be2ca0a6fd877]::panicking::panic_handler::{closure#0}
[INFO] [stdout]    7:     0x5fc6cf6e5999 - std[617be2ca0a6fd877]::sys::backtrace::__rust_end_short_backtrace::<std[617be2ca0a6fd877]::panicking::panic_handler::{closure#0}, !>
[INFO] [stdout]    8:     0x5fc6cf6ed9dd - __rustc[ea4f61d10b84890b]::rust_begin_unwind
[INFO] [stdout]    9:     0x5fc6cf6a03cc - core[a373ad73a504971]::panicking::panic_fmt
[INFO] [stdout]   10:     0x5fc6cf6a01a2 - core[a373ad73a504971]::result::unwrap_failed
[INFO] [stdout]   11:     0x5fc6cf6b080c - integration[69aa0dfdb4533991]::run_bench
[INFO] [stdout]   12:     0x5fc6cf6c4c56 - <integration[69aa0dfdb4533991]::export_markdown_is_independent_of_primary_format::{closure#0} as core[a373ad73a504971]::ops::function::FnOnce<()>>::call_once
[INFO] [stdout]   13:     0x5fc6cf71959b - test[aada8e7e76ba119b]::__rust_begin_short_backtrace::<core[a373ad73a504971]::result::Result<(), alloc[2e1b2a31b91974c5]::string::String>, fn() -> core[a373ad73a504971]::result::Result<(), alloc[2e1b2a31b91974c5]::string::String>>
[INFO] [stdout]   14:     0x5fc6cf727444 - test[aada8e7e76ba119b]::run_test::{closure#0}
[INFO] [stdout]   15:     0x5fc6cf720b74 - std[617be2ca0a6fd877]::sys::backtrace::__rust_begin_short_backtrace::<test[aada8e7e76ba119b]::run_test::{closure#1}, ()>
[INFO] [stdout]   16:     0x5fc6cf72b202 - <std[617be2ca0a6fd877]::thread::lifecycle::spawn_unchecked<test[aada8e7e76ba119b]::run_test::{closure#1}, ()>::{closure#1} as core[a373ad73a504971]::ops::function::FnOnce<()>>::call_once::{shim:vtable#0}
[INFO] [stdout]   17:     0x5fc6cf710424 - <std[617be2ca0a6fd877]::sys::thread::unix::Thread>::new::thread_start
[INFO] [stdout]   18:     0x72352129edfa - <unknown>
[INFO] [stdout]   19:     0x7235213323d4 - clone
[INFO] [stdout]   20:                0x0 - <unknown>
[INFO] [stdout] 
[INFO] [stdout] ---- json_pretty_output_emits_trailing_newline stdout ----
[INFO] [stdout] 
[INFO] [stdout] thread 'json_pretty_output_emits_trailing_newline' (1721) panicked at tests/integration.rs:38:18:
[INFO] [stdout] spawn tricorder: Os { code: 2, kind: NotFound, message: "No such file or directory" }
[INFO] [stdout] stack backtrace:
[INFO] [stdout]    0:     0x5fc6cf7112c6 - <<std[617be2ca0a6fd877]::sys::backtrace::BacktraceLock>::print::DisplayBacktrace as core[a373ad73a504971]::fmt::Display>::fmt
[INFO] [stdout]    1:     0x5fc6cf69fcda - core[a373ad73a504971]::fmt::write
[INFO] [stdout]    2:     0x5fc6cf716a3c - <alloc[2e1b2a31b91974c5]::vec::Vec<u8> as core[a373ad73a504971]::io::write::Write>::write_fmt
[INFO] [stdout]    3:     0x5fc6cf6ecd12 - std[617be2ca0a6fd877]::panicking::default_hook::{closure#0}
[INFO] [stdout]    4:     0x5fc6cf708f41 - std[617be2ca0a6fd877]::panicking::default_hook
[INFO] [stdout]    5:     0x5fc6cf709122 - std[617be2ca0a6fd877]::panicking::panic_with_hook
[INFO] [stdout]    6:     0x5fc6cf6ecdc2 - std[617be2ca0a6fd877]::panicking::panic_handler::{closure#0}
[INFO] [stdout]    7:     0x5fc6cf6e5999 - std[617be2ca0a6fd877]::sys::backtrace::__rust_end_short_backtrace::<std[617be2ca0a6fd877]::panicking::panic_handler::{closure#0}, !>
[INFO] [stdout]    8:     0x5fc6cf6ed9dd - __rustc[ea4f61d10b84890b]::rust_begin_unwind
[INFO] [stdout]    9:     0x5fc6cf6a03cc - core[a373ad73a504971]::panicking::panic_fmt
[INFO] [stdout]   10:     0x5fc6cf6a01a2 - core[a373ad73a504971]::result::unwrap_failed
[INFO] [stdout]   11:     0x5fc6cf6b080c - integration[69aa0dfdb4533991]::run_bench
[INFO] [stdout]   12:     0x5fc6cf6bd36f - <integration[69aa0dfdb4533991]::json_pretty_output_emits_trailing_newline::{closure#0} as core[a373ad73a504971]::ops::function::FnOnce<()>>::call_once
[INFO] [stdout]   13:     0x5fc6cf71959b - test[aada8e7e76ba119b]::__rust_begin_short_backtrace::<core[a373ad73a504971]::result::Result<(), alloc[2e1b2a31b91974c5]::string::String>, fn() -> core[a373ad73a504971]::result::Result<(), alloc[2e1b2a31b91974c5]::string::String>>
[INFO] [stdout]   14:     0x5fc6cf727444 - test[aada8e7e76ba119b]::run_test::{closure#0}
[INFO] [stdout]   15:     0x5fc6cf720b74 - std[617be2ca0a6fd877]::sys::backtrace::__rust_begin_short_backtrace::<test[aada8e7e76ba119b]::run_test::{closure#1}, ()>
[INFO] [stdout]   16:     0x5fc6cf72b202 - <std[617be2ca0a6fd877]::thread::lifecycle::spawn_unchecked<test[aada8e7e76ba119b]::run_test::{closure#1}, ()>::{closure#1} as core[a373ad73a504971]::ops::function::FnOnce<()>>::call_once::{shim:vtable#0}
[INFO] [stdout]   17:     0x5fc6cf710424 - <std[617be2ca0a6fd877]::sys::thread::unix::Thread>::new::thread_start
[INFO] [stdout]   18:     0x72352129edfa - <unknown>
[INFO] [stdout]   19:     0x7235213323d4 - clone
[INFO] [stdout]   20:                0x0 - <unknown>
[INFO] [stdout] 
[INFO] [stdout] ---- export_markdown_writes_table_alongside_tsv stdout ----
[INFO] [stdout] 
[INFO] [stdout] thread 'export_markdown_writes_table_alongside_tsv' (1717) panicked at tests/integration.rs:38:18:
[INFO] [stdout] spawn tricorder: Os { code: 2, kind: NotFound, message: "No such file or directory" }
[INFO] [stdout] stack backtrace:
[INFO] [stdout]    0:     0x5fc6cf7112c6 - <<std[617be2ca0a6fd877]::sys::backtrace::BacktraceLock>::print::DisplayBacktrace as core[a373ad73a504971]::fmt::Display>::fmt
[INFO] [stdout]    1:     0x5fc6cf69fcda - core[a373ad73a504971]::fmt::write
[INFO] [stdout]    2:     0x5fc6cf716a3c - <alloc[2e1b2a31b91974c5]::vec::Vec<u8> as core[a373ad73a504971]::io::write::Write>::write_fmt
[INFO] [stdout]    3:     0x5fc6cf6ecd12 - std[617be2ca0a6fd877]::panicking::default_hook::{closure#0}
[INFO] [stdout]    4:     0x5fc6cf708f41 - std[617be2ca0a6fd877]::panicking::default_hook
[INFO] [stdout]    5:     0x5fc6cf709122 - std[617be2ca0a6fd877]::panicking::panic_with_hook
[INFO] [stdout]    6:     0x5fc6cf6ecdc2 - std[617be2ca0a6fd877]::panicking::panic_handler::{closure#0}
[INFO] [stdout]    7:     0x5fc6cf6e5999 - std[617be2ca0a6fd877]::sys::backtrace::__rust_end_short_backtrace::<std[617be2ca0a6fd877]::panicking::panic_handler::{closure#0}, !>
[INFO] [stdout]    8:     0x5fc6cf6ed9dd - __rustc[ea4f61d10b84890b]::rust_begin_unwind
[INFO] [stdout]    9:     0x5fc6cf6a03cc - core[a373ad73a504971]::panicking::panic_fmt
[INFO] [stdout]   10:     0x5fc6cf6a01a2 - core[a373ad73a504971]::result::unwrap_failed
[INFO] [stdout]   11:     0x5fc6cf6b080c - integration[69aa0dfdb4533991]::run_bench
[INFO] [stdout]   12:     0x5fc6cf6bd80a - <integration[69aa0dfdb4533991]::export_markdown_writes_table_alongside_tsv::{closure#0} as core[a373ad73a504971]::ops::function::FnOnce<()>>::call_once
[INFO] [stdout]   13:     0x5fc6cf71959b - test[aada8e7e76ba119b]::__rust_begin_short_backtrace::<core[a373ad73a504971]::result::Result<(), alloc[2e1b2a31b91974c5]::string::String>, fn() -> core[a373ad73a504971]::result::Result<(), alloc[2e1b2a31b91974c5]::string::String>>
[INFO] [stdout]   14:     0x5fc6cf727444 - test[aada8e7e76ba119b]::run_test::{closure#0}
[INFO] [stdout]   15:     0x5fc6cf720b74 - std[617be2ca0a6fd877]::sys::backtrace::__rust_begin_short_backtrace::<test[aada8e7e76ba119b]::run_test::{closure#1}, ()>
[INFO] [stdout]   16:     0x5fc6cf72b202 - <std[617be2ca0a6fd877]::thread::lifecycle::spawn_unchecked<test[aada8e7e76ba119b]::run_test::{closure#1}, ()>::{closure#1} as core[a373ad73a504971]::ops::function::FnOnce<()>>::call_once::{shim:vtable#0}
[INFO] [stdout]   17:     0x5fc6cf710424 - <std[617be2ca0a6fd877]::sys::thread::unix::Thread>::new::thread_start
[INFO] [stdout]   18:     0x72352129edfa - <unknown>
[INFO] [stdout]   19:     0x7235213323d4 - clone
[INFO] [stdout]   20:                0x0 - <unknown>
[INFO] [stdout] 
[INFO] [stdout] ---- export_markdown_same_path_as_trace_is_rejected stdout ----
[INFO] [stdout] 
[INFO] [stdout] thread 'export_markdown_same_path_as_trace_is_rejected' (1716) panicked at tests/integration.rs:38:18:
[INFO] [stdout] spawn tricorder: Os { code: 2, kind: NotFound, message: "No such file or directory" }
[INFO] [stdout] stack backtrace:
[INFO] [stdout]    0:     0x5fc6cf7112c6 - <<std[617be2ca0a6fd877]::sys::backtrace::BacktraceLock>::print::DisplayBacktrace as core[a373ad73a504971]::fmt::Display>::fmt
[INFO] [stdout]    1:     0x5fc6cf69fcda - core[a373ad73a504971]::fmt::write
[INFO] [stdout]    2:     0x5fc6cf716a3c - <alloc[2e1b2a31b91974c5]::vec::Vec<u8> as core[a373ad73a504971]::io::write::Write>::write_fmt
[INFO] [stdout]    3:     0x5fc6cf6ecd12 - std[617be2ca0a6fd877]::panicking::default_hook::{closure#0}
[INFO] [stdout]    4:     0x5fc6cf708f41 - std[617be2ca0a6fd877]::panicking::default_hook
[INFO] [stdout]    5:     0x5fc6cf709122 - std[617be2ca0a6fd877]::panicking::panic_with_hook
[INFO] [stdout]    6:     0x5fc6cf6ecdc2 - std[617be2ca0a6fd877]::panicking::panic_handler::{closure#0}
[INFO] [stdout]    7:     0x5fc6cf6e5999 - std[617be2ca0a6fd877]::sys::backtrace::__rust_end_short_backtrace::<std[617be2ca0a6fd877]::panicking::panic_handler::{closure#0}, !>
[INFO] [stdout]    8:     0x5fc6cf6ed9dd - __rustc[ea4f61d10b84890b]::rust_begin_unwind
[INFO] [stdout]    9:     0x5fc6cf6a03cc - core[a373ad73a504971]::panicking::panic_fmt
[INFO] [stdout]   10:     0x5fc6cf6a01a2 - core[a373ad73a504971]::result::unwrap_failed
[INFO] [stdout]   11:     0x5fc6cf6b080c - integration[69aa0dfdb4533991]::run_bench
[INFO] [stdout]   12:     0x5fc6cf6c1c43 - <integration[69aa0dfdb4533991]::export_markdown_same_path_as_trace_is_rejected::{closure#0} as core[a373ad73a504971]::ops::function::FnOnce<()>>::call_once
[INFO] [stdout]   13:     0x5fc6cf71959b - test[aada8e7e76ba119b]::__rust_begin_short_backtrace::<core[a373ad73a504971]::result::Result<(), alloc[2e1b2a31b91974c5]::string::String>, fn() -> core[a373ad73a504971]::result::Result<(), alloc[2e1b2a31b91974c5]::string::String>>
[INFO] [stdout]   14:     0x5fc6cf727444 - test[aada8e7e76ba119b]::run_test::{closure#0}
[INFO] [stdout]   15:     0x5fc6cf720b74 - std[617be2ca0a6fd877]::sys::backtrace::__rust_begin_short_backtrace::<test[aada8e7e76ba119b]::run_test::{closure#1}, ()>
[INFO] [stdout]   16:     0x5fc6cf72b202 - <std[617be2ca0a6fd877]::thread::lifecycle::spawn_unchecked<test[aada8e7e76ba119b]::run_test::{closure#1}, ()>::{closure#1} as core[a373ad73a504971]::ops::function::FnOnce<()>>::call_once::{shim:vtable#0}
[INFO] [stdout]   17:     0x5fc6cf710424 - <std[617be2ca0a6fd877]::sys::thread::unix::Thread>::new::thread_start
[INFO] [stdout]   18:     0x72352129edfa - <unknown>
[INFO] [stdout]   19:     0x7235213323d4 - clone
[INFO] [stdout]   20:                0x0 - <unknown>
[INFO] [stdout] 
[INFO] [stdout] ---- nested_output_directory_is_created stdout ----
[INFO] [stdout] 
[INFO] [stdout] thread 'nested_output_directory_is_created' (1730) panicked at tests/integration.rs:38:18:
[INFO] [stdout] spawn tricorder: Os { code: 2, kind: NotFound, message: "No such file or directory" }
[INFO] [stdout] stack backtrace:
[INFO] [stdout]    0:     0x5fc6cf7112c6 - <<std[617be2ca0a6fd877]::sys::backtrace::BacktraceLock>::print::DisplayBacktrace as core[a373ad73a504971]::fmt::Display>::fmt
[INFO] [stdout]    1:     0x5fc6cf69fcda - core[a373ad73a504971]::fmt::write
[INFO] [stdout]    2:     0x5fc6cf716a3c - <alloc[2e1b2a31b91974c5]::vec::Vec<u8> as core[a373ad73a504971]::io::write::Write>::write_fmt
[INFO] [stdout]    3:     0x5fc6cf6ecd12 - std[617be2ca0a6fd877]::panicking::default_hook::{closure#0}
[INFO] [stdout]    4:     0x5fc6cf708f41 - std[617be2ca0a6fd877]::panicking::default_hook
[INFO] [stdout]    5:     0x5fc6cf709122 - std[617be2ca0a6fd877]::panicking::panic_with_hook
[INFO] [stdout]    6:     0x5fc6cf6ecdc2 - std[617be2ca0a6fd877]::panicking::panic_handler::{closure#0}
[INFO] [stdout]    7:     0x5fc6cf6e5999 - std[617be2ca0a6fd877]::sys::backtrace::__rust_end_short_backtrace::<std[617be2ca0a6fd877]::panicking::panic_handler::{closure#0}, !>
[INFO] [stdout]    8:     0x5fc6cf6ed9dd - __rustc[ea4f61d10b84890b]::rust_begin_unwind
[INFO] [stdout]    9:     0x5fc6cf6a03cc - core[a373ad73a504971]::panicking::panic_fmt
[INFO] [stdout]   10:     0x5fc6cf6a01a2 - core[a373ad73a504971]::result::unwrap_failed
[INFO] [stdout]   11:     0x5fc6cf6b080c - integration[69aa0dfdb4533991]::run_bench
[INFO] [stdout]   12:     0x5fc6cf6b79ad - <integration[69aa0dfdb4533991]::nested_output_directory_is_created::{closure#0} as core[a373ad73a504971]::ops::function::FnOnce<()>>::call_once
[INFO] [stdout]   13:     0x5fc6cf71959b - test[aada8e7e76ba119b]::__rust_begin_short_backtrace::<core[a373ad73a504971]::result::Result<(), alloc[2e1b2a31b91974c5]::string::String>, fn() -> core[a373ad73a504971]::result::Result<(), alloc[2e1b2a31b91974c5]::string::String>>
[INFO] [stdout]   14:     0x5fc6cf727444 - test[aada8e7e76ba119b]::run_test::{closure#0}
[INFO] [stdout]   15:     0x5fc6cf720b74 - std[617be2ca0a6fd877]::sys::backtrace::__rust_begin_short_backtrace::<test[aada8e7e76ba119b]::run_test::{closure#1}, ()>
[INFO] [stdout]   16:     0x5fc6cf72b202 - <std[617be2ca0a6fd877]::thread::lifecycle::spawn_unchecked<test[aada8e7e76ba119b]::run_test::{closure#1}, ()>::{closure#1} as core[a373ad73a504971]::ops::function::FnOnce<()>>::call_once::{shim:vtable#0}
[INFO] [stdout]   17:     0x5fc6cf710424 - <std[617be2ca0a6fd877]::sys::thread::unix::Thread>::new::thread_start
[INFO] [stdout]   18:     0x72352129edfa - <unknown>
[INFO] [stdout]   19:     0x7235213323d4 - clone
[INFO] [stdout]   20:                0x0 - <unknown>
[INFO] [stdout] 
[INFO] [stdout] ---- page_cache_start_and_end_appear_in_aggregate_tsv stdout ----
[INFO] [stdout] 
[INFO] [stdout] thread 'page_cache_start_and_end_appear_in_aggregate_tsv' (1732) panicked at tests/integration.rs:38:18:
[INFO] [stdout] spawn tricorder: Os { code: 2, kind: NotFound, message: "No such file or directory" }
[INFO] [stdout] stack backtrace:
[INFO] [stdout]    0:     0x5fc6cf7112c6 - <<std[617be2ca0a6fd877]::sys::backtrace::BacktraceLock>::print::DisplayBacktrace as core[a373ad73a504971]::fmt::Display>::fmt
[INFO] [stdout]    1:     0x5fc6cf69fcda - core[a373ad73a504971]::fmt::write
[INFO] [stdout]    2:     0x5fc6cf716a3c - <alloc[2e1b2a31b91974c5]::vec::Vec<u8> as core[a373ad73a504971]::io::write::Write>::write_fmt
[INFO] [stdout]    3:     0x5fc6cf6ecd12 - std[617be2ca0a6fd877]::panicking::default_hook::{closure#0}
[INFO] [stdout]    4:     0x5fc6cf708f41 - std[617be2ca0a6fd877]::panicking::default_hook
[INFO] [stdout]    5:     0x5fc6cf709122 - std[617be2ca0a6fd877]::panicking::panic_with_hook
[INFO] [stdout]    6:     0x5fc6cf6ecdc2 - std[617be2ca0a6fd877]::panicking::panic_handler::{closure#0}
[INFO] [stdout]    7:     0x5fc6cf6e5999 - std[617be2ca0a6fd877]::sys::backtrace::__rust_end_short_backtrace::<std[617be2ca0a6fd877]::panicking::panic_handler::{closure#0}, !>
[INFO] [stdout]    8:     0x5fc6cf6ed9dd - __rustc[ea4f61d10b84890b]::rust_begin_unwind
[INFO] [stdout]    9:     0x5fc6cf6a03cc - core[a373ad73a504971]::panicking::panic_fmt
[INFO] [stdout]   10:     0x5fc6cf6a01a2 - core[a373ad73a504971]::result::unwrap_failed
[INFO] [stdout]   11:     0x5fc6cf6b080c - integration[69aa0dfdb4533991]::run_bench
[INFO] [stdout]   12:     0x5fc6cf6c549c - <integration[69aa0dfdb4533991]::page_cache_start_and_end_appear_in_aggregate_tsv::{closure#0} as core[a373ad73a504971]::ops::function::FnOnce<()>>::call_once
[INFO] [stdout]   13:     0x5fc6cf71959b - test[aada8e7e76ba119b]::__rust_begin_short_backtrace::<core[a373ad73a504971]::result::Result<(), alloc[2e1b2a31b91974c5]::string::String>, fn() -> core[a373ad73a504971]::result::Result<(), alloc[2e1b2a31b91974c5]::string::String>>
[INFO] [stdout]   14:     0x5fc6cf727444 - test[aada8e7e76ba119b]::run_test::{closure#0}
[INFO] [stdout]   15:     0x5fc6cf720b74 - std[617be2ca0a6fd877]::sys::backtrace::__rust_begin_short_backtrace::<test[aada8e7e76ba119b]::run_test::{closure#1}, ()>
[INFO] [stdout]   16:     0x5fc6cf72b202 - <std[617be2ca0a6fd877]::thread::lifecycle::spawn_unchecked<test[aada8e7e76ba119b]::run_test::{closure#1}, ()>::{closure#1} as core[a373ad73a504971]::ops::function::FnOnce<()>>::call_once::{shim:vtable#0}
[INFO] [stdout]   17:     0x5fc6cf710424 - <std[617be2ca0a6fd877]::sys::thread::unix::Thread>::new::thread_start
[INFO] [stdout]   18:     0x72352129edfa - <unknown>
[INFO] [stdout]   19:     0x7235213323d4 - clone
[INFO] [stdout]   20:                0x0 - <unknown>
[INFO] [stdout] 
[INFO] [stdout] ---- loadavg_is_not_added_to_trace_columns stdout ----
[INFO] [stdout] 
[INFO] [stdout] thread 'loadavg_is_not_added_to_trace_columns' (1723) panicked at tests/integration.rs:38:18:
[INFO] [stdout] spawn tricorder: Os { code: 2, kind: NotFound, message: "No such file or directory" }
[INFO] [stdout] stack backtrace:
[INFO] [stdout]    0:     0x5fc6cf7112c6 - <<std[617be2ca0a6fd877]::sys::backtrace::BacktraceLock>::print::DisplayBacktrace as core[a373ad73a504971]::fmt::Display>::fmt
[INFO] [stdout]    1:     0x5fc6cf69fcda - core[a373ad73a504971]::fmt::write
[INFO] [stdout]    2:     0x5fc6cf716a3c - <alloc[2e1b2a31b91974c5]::vec::Vec<u8> as core[a373ad73a504971]::io::write::Write>::write_fmt
[INFO] [stdout]    3:     0x5fc6cf6ecd12 - std[617be2ca0a6fd877]::panicking::default_hook::{closure#0}
[INFO] [stdout]    4:     0x5fc6cf708f41 - std[617be2ca0a6fd877]::panicking::default_hook
[INFO] [stdout]    5:     0x5fc6cf709122 - std[617be2ca0a6fd877]::panicking::panic_with_hook
[INFO] [stdout]    6:     0x5fc6cf6ecdc2 - std[617be2ca0a6fd877]::panicking::panic_handler::{closure#0}
[INFO] [stdout]    7:     0x5fc6cf6e5999 - std[617be2ca0a6fd877]::sys::backtrace::__rust_end_short_backtrace::<std[617be2ca0a6fd877]::panicking::panic_handler::{closure#0}, !>
[INFO] [stdout]    8:     0x5fc6cf6ed9dd - __rustc[ea4f61d10b84890b]::rust_begin_unwind
[INFO] [stdout]    9:     0x5fc6cf6a03cc - core[a373ad73a504971]::panicking::panic_fmt
[INFO] [stdout]   10:     0x5fc6cf6a01a2 - core[a373ad73a504971]::result::unwrap_failed
[INFO] [stdout]   11:     0x5fc6cf6b080c - integration[69aa0dfdb4533991]::run_bench
[INFO] [stdout]   12:     0x5fc6cf6b9613 - <integration[69aa0dfdb4533991]::loadavg_is_not_added_to_trace_columns::{closure#0} as core[a373ad73a504971]::ops::function::FnOnce<()>>::call_once
[INFO] [stdout]   13:     0x5fc6cf71959b - test[aada8e7e76ba119b]::__rust_begin_short_backtrace::<core[a373ad73a504971]::result::Result<(), alloc[2e1b2a31b91974c5]::string::String>, fn() -> core[a373ad73a504971]::result::Result<(), alloc[2e1b2a31b91974c5]::string::String>>
[INFO] [stdout]   14:     0x5fc6cf727444 - test[aada8e7e76ba119b]::run_test::{closure#0}
[INFO] [stdout]   15:     0x5fc6cf720b74 - std[617be2ca0a6fd877]::sys::backtrace::__rust_begin_short_backtrace::<test[aada8e7e76ba119b]::run_test::{closure#1}, ()>
[INFO] [stdout]   16:     0x5fc6cf72b202 - <std[617be2ca0a6fd877]::thread::lifecycle::spawn_unchecked<test[aada8e7e76ba119b]::run_test::{closure#1}, ()>::{closure#1} as core[a373ad73a504971]::ops::function::FnOnce<()>>::call_once::{shim:vtable#0}
[INFO] [stdout]   17:     0x5fc6cf710424 - <std[617be2ca0a6fd877]::sys::thread::unix::Thread>::new::thread_start
[INFO] [stdout]   18:     0x72352129edfa - <unknown>
[INFO] [stdout]   19:     0x7235213323d4 - clone
[INFO] [stdout]   20:                0x0 - <unknown>
[INFO] [stdout] 
[INFO] [stdout] ---- json_output_emits_no_trailing_newline stdout ----
[INFO] [stdout] 
[INFO] [stdout] thread 'json_output_emits_no_trailing_newline' (1719) panicked at tests/integration.rs:38:18:
[INFO] [stdout] spawn tricorder: Os { code: 2, kind: NotFound, message: "No such file or directory" }
[INFO] [stdout] stack backtrace:
[INFO] [stdout]    0:     0x5fc6cf7112c6 - <<std[617be2ca0a6fd877]::sys::backtrace::BacktraceLock>::print::DisplayBacktrace as core[a373ad73a504971]::fmt::Display>::fmt
[INFO] [stderr] error: test failed, to rerun pass `--test integration`
[INFO] [stdout]    1:     0x5fc6cf69fcda - core[a373ad73a504971]::fmt::write
[INFO] [stdout]    2:     0x5fc6cf716a3c - <alloc[2e1b2a31b91974c5]::vec::Vec<u8> as core[a373ad73a504971]::io::write::Write>::write_fmt
[INFO] [stdout]    3:     0x5fc6cf6ecd12 - std[617be2ca0a6fd877]::panicking::default_hook::{closure#0}
[INFO] [stdout]    4:     0x5fc6cf708f41 - std[617be2ca0a6fd877]::panicking::default_hook
[INFO] [stdout]    5:     0x5fc6cf709122 - std[617be2ca0a6fd877]::panicking::panic_with_hook
[INFO] [stdout]    6:     0x5fc6cf6ecdc2 - std[617be2ca0a6fd877]::panicking::panic_handler::{closure#0}
[INFO] [stdout]    7:     0x5fc6cf6e5999 - std[617be2ca0a6fd877]::sys::backtrace::__rust_end_short_backtrace::<std[617be2ca0a6fd877]::panicking::panic_handler::{closure#0}, !>
[INFO] [stdout]    8:     0x5fc6cf6ed9dd - __rustc[ea4f61d10b84890b]::rust_begin_unwind
[INFO] [stdout]    9:     0x5fc6cf6a03cc - core[a373ad73a504971]::panicking::panic_fmt
[INFO] [stdout]   10:     0x5fc6cf6a01a2 - core[a373ad73a504971]::result::unwrap_failed
[INFO] [stdout]   11:     0x5fc6cf6b080c - integration[69aa0dfdb4533991]::run_bench
[INFO] [stdout]   12:     0x5fc6cf6b91bf - <integration[69aa0dfdb4533991]::json_output_emits_no_trailing_newline::{closure#0} as core[a373ad73a504971]::ops::function::FnOnce<()>>::call_once
[INFO] [stdout]   13:     0x5fc6cf71959b - test[aada8e7e76ba119b]::__rust_begin_short_backtrace::<core[a373ad73a504971]::result::Result<(), alloc[2e1b2a31b91974c5]::string::String>, fn() -> core[a373ad73a504971]::result::Result<(), alloc[2e1b2a31b91974c5]::string::String>>
[INFO] [stdout]   14:     0x5fc6cf727444 - test[aada8e7e76ba119b]::run_test::{closure#0}
[INFO] [stdout]   15:     0x5fc6cf720b74 - std[617be2ca0a6fd877]::sys::backtrace::__rust_begin_short_backtrace::<test[aada8e7e76ba119b]::run_test::{closure#1}, ()>
[INFO] [stdout]   16:     0x5fc6cf72b202 - <std[617be2ca0a6fd877]::thread::lifecycle::spawn_unchecked<test[aada8e7e76ba119b]::run_test::{closure#1}, ()>::{closure#1} as core[a373ad73a504971]::ops::function::FnOnce<()>>::call_once::{shim:vtable#0}
[INFO] [stdout]   17:     0x5fc6cf710424 - <std[617be2ca0a6fd877]::sys::thread::unix::Thread>::new::thread_start
[INFO] [stdout]   18:     0x72352129edfa - <unknown>
[INFO] [stdout]   19:     0x7235213323d4 - clone
[INFO] [stdout]   20:                0x0 - <unknown>
[INFO] [stdout] 
[INFO] [stdout] ---- page_faults_appear_in_aggregate_tsv stdout ----
[INFO] [stdout] 
[INFO] [stdout] thread 'page_faults_appear_in_aggregate_tsv' (1744) panicked at tests/integration.rs:38:18:
[INFO] [stdout] spawn tricorder: Os { code: 2, kind: NotFound, message: "No such file or directory" }
[INFO] [stdout] stack backtrace:
[INFO] [stdout]    0:     0x5fc6cf7112c6 - <<std[617be2ca0a6fd877]::sys::backtrace::BacktraceLock>::print::DisplayBacktrace as core[a373ad73a504971]::fmt::Display>::fmt
[INFO] [stdout]    1:     0x5fc6cf69fcda - core[a373ad73a504971]::fmt::write
[INFO] [stdout]    2:     0x5fc6cf716a3c - <alloc[2e1b2a31b91974c5]::vec::Vec<u8> as core[a373ad73a504971]::io::write::Write>::write_fmt
[INFO] [stdout]    3:     0x5fc6cf6ecd12 - std[617be2ca0a6fd877]::panicking::default_hook::{closure#0}
[INFO] [stdout]    4:     0x5fc6cf708f41 - std[617be2ca0a6fd877]::panicking::default_hook
[INFO] [stdout]    5:     0x5fc6cf709122 - std[617be2ca0a6fd877]::panicking::panic_with_hook
[INFO] [stdout]    6:     0x5fc6cf6ecdc2 - std[617be2ca0a6fd877]::panicking::panic_handler::{closure#0}
[INFO] [stdout]    7:     0x5fc6cf6e5999 - std[617be2ca0a6fd877]::sys::backtrace::__rust_end_short_backtrace::<std[617be2ca0a6fd877]::panicking::panic_handler::{closure#0}, !>
[INFO] [stdout]    8:     0x5fc6cf6ed9dd - __rustc[ea4f61d10b84890b]::rust_begin_unwind
[INFO] [stdout]    9:     0x5fc6cf6a03cc - core[a373ad73a504971]::panicking::panic_fmt
[INFO] [stdout]   10:     0x5fc6cf6a01a2 - core[a373ad73a504971]::result::unwrap_failed
[INFO] [stdout]   11:     0x5fc6cf6b080c - integration[69aa0dfdb4533991]::run_bench
[INFO] [stdout]   12:     0x5fc6cf6b813a - <integration[69aa0dfdb4533991]::page_faults_appear_in_aggregate_tsv::{closure#0} as core[a373ad73a504971]::ops::function::FnOnce<()>>::call_once
[INFO] [stdout]   13:     0x5fc6cf71959b - test[aada8e7e76ba119b]::__rust_begin_short_backtrace::<core[a373ad73a504971]::result::Result<(), alloc[2e1b2a31b91974c5]::string::String>, fn() -> core[a373ad73a504971]::result::Result<(), alloc[2e1b2a31b91974c5]::string::String>>
[INFO] [stdout]   14:     0x5fc6cf727444 - test[aada8e7e76ba119b]::run_test::{closure#0}
[INFO] [stdout]   15:     0x5fc6cf720b74 - std[617be2ca0a6fd877]::sys::backtrace::__rust_begin_short_backtrace::<test[aada8e7e76ba119b]::run_test::{closure#1}, ()>
[INFO] [stdout]   16:     0x5fc6cf72b202 - <std[617be2ca0a6fd877]::thread::lifecycle::spawn_unchecked<test[aada8e7e76ba119b]::run_test::{closure#1}, ()>::{closure#1} as core[a373ad73a504971]::ops::function::FnOnce<()>>::call_once::{shim:vtable#0}
[INFO] [stdout]   17:     0x5fc6cf710424 - <std[617be2ca0a6fd877]::sys::thread::unix::Thread>::new::thread_start
[INFO] [stdout]   18:     0x72352129edfa - <unknown>
[INFO] [stdout]   19:     0x7235213323d4 - clone
[INFO] [stdout]   20:                0x0 - <unknown>
[INFO] [stdout] 
[INFO] [stdout] ---- exit_code_is_passed_through stdout ----
[INFO] [stdout] 
[INFO] [stdout] thread 'exit_code_is_passed_through' (1711) panicked at tests/integration.rs:38:18:
[INFO] [stdout] spawn tricorder: Os { code: 2, kind: NotFound, message: "No such file or directory" }
[INFO] [stdout] stack backtrace:
[INFO] [stdout]    0:     0x5fc6cf7112c6 - <<std[617be2ca0a6fd877]::sys::backtrace::BacktraceLock>::print::DisplayBacktrace as core[a373ad73a504971]::fmt::Display>::fmt
[INFO] [stdout]    1:     0x5fc6cf69fcda - core[a373ad73a504971]::fmt::write
[INFO] [stdout]    2:     0x5fc6cf716a3c - <alloc[2e1b2a31b91974c5]::vec::Vec<u8> as core[a373ad73a504971]::io::write::Write>::write_fmt
[INFO] [stdout]    3:     0x5fc6cf6ecd12 - std[617be2ca0a6fd877]::panicking::default_hook::{closure#0}
[INFO] [stdout]    4:     0x5fc6cf708f41 - std[617be2ca0a6fd877]::panicking::default_hook
[INFO] [stdout]    5:     0x5fc6cf709122 - std[617be2ca0a6fd877]::panicking::panic_with_hook
[INFO] [stdout]    6:     0x5fc6cf6ecdc2 - std[617be2ca0a6fd877]::panicking::panic_handler::{closure#0}
[INFO] [stdout]    7:     0x5fc6cf6e5999 - std[617be2ca0a6fd877]::sys::backtrace::__rust_end_short_backtrace::<std[617be2ca0a6fd877]::panicking::panic_handler::{closure#0}, !>
[INFO] [stdout]    8:     0x5fc6cf6ed9dd - __rustc[ea4f61d10b84890b]::rust_begin_unwind
[INFO] [stdout]    9:     0x5fc6cf6a03cc - core[a373ad73a504971]::panicking::panic_fmt
[INFO] [stdout]   10:     0x5fc6cf6a01a2 - core[a373ad73a504971]::result::unwrap_failed
[INFO] [stdout]   11:     0x5fc6cf6b080c - integration[69aa0dfdb4533991]::run_bench
[INFO] [stdout]   12:     0x5fc6cf6b532d - <integration[69aa0dfdb4533991]::exit_code_is_passed_through::{closure#0} as core[a373ad73a504971]::ops::function::FnOnce<()>>::call_once
[INFO] [stdout]   13:     0x5fc6cf71959b - test[aada8e7e76ba119b]::__rust_begin_short_backtrace::<core[a373ad73a504971]::result::Result<(), alloc[2e1b2a31b91974c5]::string::String>, fn() -> core[a373ad73a504971]::result::Result<(), alloc[2e1b2a31b91974c5]::string::String>>
[INFO] [stdout]   14:     0x5fc6cf727444 - test[aada8e7e76ba119b]::run_test::{closure#0}
[INFO] [stdout]   15:     0x5fc6cf720b74 - std[617be2ca0a6fd877]::sys::backtrace::__rust_begin_short_backtrace::<test[aada8e7e76ba119b]::run_test::{closure#1}, ()>
[INFO] [stdout]   16:     0x5fc6cf72b202 - <std[617be2ca0a6fd877]::thread::lifecycle::spawn_unchecked<test[aada8e7e76ba119b]::run_test::{closure#1}, ()>::{closure#1} as core[a373ad73a504971]::ops::function::FnOnce<()>>::call_once::{shim:vtable#0}
[INFO] [stdout]   17:     0x5fc6cf710424 - <std[617be2ca0a6fd877]::sys::thread::unix::Thread>::new::thread_start
[INFO] [stdout]   18:     0x72352129edfa - <unknown>
[INFO] [stdout]   19:     0x7235213323d4 - clone
[INFO] [stdout]   20:                0x0 - <unknown>
[INFO] [stdout] 
[INFO] [stdout] ---- snakemake_strict_mode_strips_swap_column stdout ----
[INFO] [stdout] 
[INFO] [stdout] thread 'snakemake_strict_mode_strips_swap_column' (1758) panicked at tests/integration.rs:38:18:
[INFO] [stdout] spawn tricorder: Os { code: 2, kind: NotFound, message: "No such file or directory" }
[INFO] [stdout] stack backtrace:
[INFO] [stdout]    0:     0x5fc6cf7112c6 - <<std[617be2ca0a6fd877]::sys::backtrace::BacktraceLock>::print::DisplayBacktrace as core[a373ad73a504971]::fmt::Display>::fmt
[INFO] [stdout]    1:     0x5fc6cf69fcda - core[a373ad73a504971]::fmt::write
[INFO] [stdout]    2:     0x5fc6cf716a3c - <alloc[2e1b2a31b91974c5]::vec::Vec<u8> as core[a373ad73a504971]::io::write::Write>::write_fmt
[INFO] [stdout]    3:     0x5fc6cf6ecd12 - std[617be2ca0a6fd877]::panicking::default_hook::{closure#0}
[INFO] [stdout]    4:     0x5fc6cf708f41 - std[617be2ca0a6fd877]::panicking::default_hook
[INFO] [stdout]    5:     0x5fc6cf709122 - std[617be2ca0a6fd877]::panicking::panic_with_hook
[INFO] [stdout]    6:     0x5fc6cf6ecdc2 - std[617be2ca0a6fd877]::panicking::panic_handler::{closure#0}
[INFO] [stdout]    7:     0x5fc6cf6e5999 - std[617be2ca0a6fd877]::sys::backtrace::__rust_end_short_backtrace::<std[617be2ca0a6fd877]::panicking::panic_handler::{closure#0}, !>
[INFO] [stdout]    8:     0x5fc6cf6ed9dd - __rustc[ea4f61d10b84890b]::rust_begin_unwind
[INFO] [stdout]    9:     0x5fc6cf6a03cc - core[a373ad73a504971]::panicking::panic_fmt
[INFO] [stdout]   10:     0x5fc6cf6a01a2 - core[a373ad73a504971]::result::unwrap_failed
[INFO] [stdout]   11:     0x5fc6cf6b080c - integration[69aa0dfdb4533991]::run_bench
[INFO] [stdout]   12:     0x5fc6cf6bbf89 - <integration[69aa0dfdb4533991]::snakemake_strict_mode_strips_swap_column::{closure#0} as core[a373ad73a504971]::ops::function::FnOnce<()>>::call_once
[INFO] [stdout]   13:     0x5fc6cf71959b - test[aada8e7e76ba119b]::__rust_begin_short_backtrace::<core[a373ad73a504971]::result::Result<(), alloc[2e1b2a31b91974c5]::string::String>, fn() -> core[a373ad73a504971]::result::Result<(), alloc[2e1b2a31b91974c5]::string::String>>
[INFO] [stdout]   14:     0x5fc6cf727444 - test[aada8e7e76ba119b]::run_test::{closure#0}
[INFO] [stdout]   15:     0x5fc6cf720b74 - std[617be2ca0a6fd877]::sys::backtrace::__rust_begin_short_backtrace::<test[aada8e7e76ba119b]::run_test::{closure#1}, ()>
[INFO] [stdout]   16:     0x5fc6cf72b202 - <std[617be2ca0a6fd877]::thread::lifecycle::spawn_unchecked<test[aada8e7e76ba119b]::run_test::{closure#1}, ()>::{closure#1} as core[a373ad73a504971]::ops::function::FnOnce<()>>::call_once::{shim:vtable#0}
[INFO] [stdout]   17:     0x5fc6cf710424 - <std[617be2ca0a6fd877]::sys::thread::unix::Thread>::new::thread_start
[INFO] [stdout]   18:     0x72352129edfa - <unknown>
[INFO] [stdout]   19:     0x7235213323d4 - clone
[INFO] [stdout]   20:                0x0 - <unknown>
[INFO] [stdout] 
[INFO] [stdout] ---- snakemake_strict_mode_strips_ctx_switch_columns stdout ----
[INFO] [stdout] 
[INFO] [stdout] thread 'snakemake_strict_mode_strips_ctx_switch_columns' (1748) panicked at tests/integration.rs:38:18:
[INFO] [stdout] spawn tricorder: Os { code: 2, kind: NotFound, message: "No such file or directory" }
[INFO] [stdout] stack backtrace:
[INFO] [stdout]    0:     0x5fc6cf7112c6 - <<std[617be2ca0a6fd877]::sys::backtrace::BacktraceLock>::print::DisplayBacktrace as core[a373ad73a504971]::fmt::Display>::fmt
[INFO] [stdout]    1:     0x5fc6cf69fcda - core[a373ad73a504971]::fmt::write
[INFO] [stdout]    2:     0x5fc6cf716a3c - <alloc[2e1b2a31b91974c5]::vec::Vec<u8> as core[a373ad73a504971]::io::write::Write>::write_fmt
[INFO] [stdout]    3:     0x5fc6cf6ecd12 - std[617be2ca0a6fd877]::panicking::default_hook::{closure#0}
[INFO] [stdout]    4:     0x5fc6cf708f41 - std[617be2ca0a6fd877]::panicking::default_hook
[INFO] [stdout]    5:     0x5fc6cf709122 - std[617be2ca0a6fd877]::panicking::panic_with_hook
[INFO] [stdout]    6:     0x5fc6cf6ecdc2 - std[617be2ca0a6fd877]::panicking::panic_handler::{closure#0}
[INFO] [stdout]    7:     0x5fc6cf6e5999 - std[617be2ca0a6fd877]::sys::backtrace::__rust_end_short_backtrace::<std[617be2ca0a6fd877]::panicking::panic_handler::{closure#0}, !>
[INFO] [stdout]    8:     0x5fc6cf6ed9dd - __rustc[ea4f61d10b84890b]::rust_begin_unwind
[INFO] [stdout]    9:     0x5fc6cf6a03cc - core[a373ad73a504971]::panicking::panic_fmt
[INFO] [stdout]   10:     0x5fc6cf6a01a2 - core[a373ad73a504971]::result::unwrap_failed
[INFO] [stdout]   11:     0x5fc6cf6b080c - integration[69aa0dfdb4533991]::run_bench
[INFO] [stdout]   12:     0x5fc6cf6c2077 - <integration[69aa0dfdb4533991]::snakemake_strict_mode_strips_ctx_switch_columns::{closure#0} as core[a373ad73a504971]::ops::function::FnOnce<()>>::call_once
[INFO] [stdout]   13:     0x5fc6cf71959b - test[aada8e7e76ba119b]::__rust_begin_short_backtrace::<core[a373ad73a504971]::result::Result<(), alloc[2e1b2a31b91974c5]::string::String>, fn() -> core[a373ad73a504971]::result::Result<(), alloc[2e1b2a31b91974c5]::string::String>>
[INFO] [stdout]   14:     0x5fc6cf727444 - test[aada8e7e76ba119b]::run_test::{closure#0}
[INFO] [stdout]   15:     0x5fc6cf720b74 - std[617be2ca0a6fd877]::sys::backtrace::__rust_begin_short_backtrace::<test[aada8e7e76ba119b]::run_test::{closure#1}, ()>
[INFO] [stdout]   16:     0x5fc6cf72b202 - <std[617be2ca0a6fd877]::thread::lifecycle::spawn_unchecked<test[aada8e7e76ba119b]::run_test::{closure#1}, ()>::{closure#1} as core[a373ad73a504971]::ops::function::FnOnce<()>>::call_once::{shim:vtable#0}
[INFO] [stdout]   17:     0x5fc6cf710424 - <std[617be2ca0a6fd877]::sys::thread::unix::Thread>::new::thread_start
[INFO] [stdout]   18:     0x72352129edfa - <unknown>
[INFO] [stdout]   19:     0x7235213323d4 - clone
[INFO] [stdout]   20:                0x0 - <unknown>
[INFO] [stdout] 
[INFO] [stdout] ---- end_to_end_resource_usage_against_known_workload stdout ----
[INFO] [stdout] 
[INFO] [stdout] thread 'end_to_end_resource_usage_against_known_workload' (1710) panicked at tests/integration.rs:38:18:
[INFO] [stdout] spawn tricorder: Os { code: 2, kind: NotFound, message: "No such file or directory" }
[INFO] [stdout] stack backtrace:
[INFO] [stdout]    0:     0x5fc6cf7112c6 - <<std[617be2ca0a6fd877]::sys::backtrace::BacktraceLock>::print::DisplayBacktrace as core[a373ad73a504971]::fmt::Display>::fmt
[INFO] [stdout]    1:     0x5fc6cf69fcda - core[a373ad73a504971]::fmt::write
[INFO] [stdout]    2:     0x5fc6cf716a3c - <alloc[2e1b2a31b91974c5]::vec::Vec<u8> as core[a373ad73a504971]::io::write::Write>::write_fmt
[INFO] [stdout]    3:     0x5fc6cf6ecd12 - std[617be2ca0a6fd877]::panicking::default_hook::{closure#0}
[INFO] [stdout]    4:     0x5fc6cf708f41 - std[617be2ca0a6fd877]::panicking::default_hook
[INFO] [stdout]    5:     0x5fc6cf709122 - std[617be2ca0a6fd877]::panicking::panic_with_hook
[INFO] [stdout]    6:     0x5fc6cf6ecdc2 - std[617be2ca0a6fd877]::panicking::panic_handler::{closure#0}
[INFO] [stdout]    7:     0x5fc6cf6e5999 - std[617be2ca0a6fd877]::sys::backtrace::__rust_end_short_backtrace::<std[617be2ca0a6fd877]::panicking::panic_handler::{closure#0}, !>
[INFO] [stdout]    8:     0x5fc6cf6ed9dd - __rustc[ea4f61d10b84890b]::rust_begin_unwind
[INFO] [stdout]    9:     0x5fc6cf6a03cc - core[a373ad73a504971]::panicking::panic_fmt
[INFO] [stdout]   10:     0x5fc6cf6a01a2 - core[a373ad73a504971]::result::unwrap_failed
[INFO] [stdout]   11:     0x5fc6cf6b080c - integration[69aa0dfdb4533991]::run_bench
[INFO] [stdout]   12:     0x5fc6cf6c3f35 - <integration[69aa0dfdb4533991]::end_to_end_resource_usage_against_known_workload::{closure#0} as core[a373ad73a504971]::ops::function::FnOnce<()>>::call_once
[INFO] [stdout]   13:     0x5fc6cf71959b - test[aada8e7e76ba119b]::__rust_begin_short_backtrace::<core[a373ad73a504971]::result::Result<(), alloc[2e1b2a31b91974c5]::string::String>, fn() -> core[a373ad73a504971]::result::Result<(), alloc[2e1b2a31b91974c5]::string::String>>
[INFO] [stdout]   14:     0x5fc6cf727444 - test[aada8e7e76ba119b]::run_test::{closure#0}
[INFO] [stdout]   15:     0x5fc6cf720b74 - std[617be2ca0a6fd877]::sys::backtrace::__rust_begin_short_backtrace::<test[aada8e7e76ba119b]::run_test::{closure#1}, ()>
[INFO] [stdout]   16:     0x5fc6cf72b202 - <std[617be2ca0a6fd877]::thread::lifecycle::spawn_unchecked<test[aada8e7e76ba119b]::run_test::{closure#1}, ()>::{closure#1} as core[a373ad73a504971]::ops::function::FnOnce<()>>::call_once::{shim:vtable#0}
[INFO] [stdout]   17:     0x5fc6cf710424 - <std[617be2ca0a6fd877]::sys::thread::unix::Thread>::new::thread_start
[INFO] [stdout]   18:     0x72352129edfa - <unknown>
[INFO] [stdout]   19:     0x7235213323d4 - clone
[INFO] [stdout]   20:                0x0 - <unknown>
[INFO] [stdout] 
[INFO] [stdout] ---- snakemake_strict_mode_strips_page_cache_columns stdout ----
[INFO] [stdout] 
[INFO] [stdout] thread 'snakemake_strict_mode_strips_page_cache_columns' (1753) panicked at tests/integration.rs:38:18:
[INFO] [stdout] spawn tricorder: Os { code: 2, kind: NotFound, message: "No such file or directory" }
[INFO] [stdout] stack backtrace:
[INFO] [stdout]    0:     0x5fc6cf7112c6 - <<std[617be2ca0a6fd877]::sys::backtrace::BacktraceLock>::print::DisplayBacktrace as core[a373ad73a504971]::fmt::Display>::fmt
[INFO] [stdout]    1:     0x5fc6cf69fcda - core[a373ad73a504971]::fmt::write
[INFO] [stdout]    2:     0x5fc6cf716a3c - <alloc[2e1b2a31b91974c5]::vec::Vec<u8> as core[a373ad73a504971]::io::write::Write>::write_fmt
[INFO] [stdout]    3:     0x5fc6cf6ecd12 - std[617be2ca0a6fd877]::panicking::default_hook::{closure#0}
[INFO] [stdout]    4:     0x5fc6cf708f41 - std[617be2ca0a6fd877]::panicking::default_hook
[INFO] [stdout]    5:     0x5fc6cf709122 - std[617be2ca0a6fd877]::panicking::panic_with_hook
[INFO] [stdout]    6:     0x5fc6cf6ecdc2 - std[617be2ca0a6fd877]::panicking::panic_handler::{closure#0}
[INFO] [stdout]    7:     0x5fc6cf6e5999 - std[617be2ca0a6fd877]::sys::backtrace::__rust_end_short_backtrace::<std[617be2ca0a6fd877]::panicking::panic_handler::{closure#0}, !>
[INFO] [stdout]    8:     0x5fc6cf6ed9dd - __rustc[ea4f61d10b84890b]::rust_begin_unwind
[INFO] [stdout]    9:     0x5fc6cf6a03cc - core[a373ad73a504971]::panicking::panic_fmt
[INFO] [stdout]   10:     0x5fc6cf6a01a2 - core[a373ad73a504971]::result::unwrap_failed
[INFO] [stdout]   11:     0x5fc6cf6b080c - integration[69aa0dfdb4533991]::run_bench
[INFO] [stdout]   12:     0x5fc6cf6c2b27 - <integration[69aa0dfdb4533991]::snakemake_strict_mode_strips_page_cache_columns::{closure#0} as core[a373ad73a504971]::ops::function::FnOnce<()>>::call_once
[INFO] [stdout]   13:     0x5fc6cf71959b - test[aada8e7e76ba119b]::__rust_begin_short_backtrace::<core[a373ad73a504971]::result::Result<(), alloc[2e1b2a31b91974c5]::string::String>, fn() -> core[a373ad73a504971]::result::Result<(), alloc[2e1b2a31b91974c5]::string::String>>
[INFO] [stdout]   14:     0x5fc6cf727444 - test[aada8e7e76ba119b]::run_test::{closure#0}
[INFO] [stdout]   15:     0x5fc6cf720b74 - std[617be2ca0a6fd877]::sys::backtrace::__rust_begin_short_backtrace::<test[aada8e7e76ba119b]::run_test::{closure#1}, ()>
[INFO] [stdout]   16:     0x5fc6cf72b202 - <std[617be2ca0a6fd877]::thread::lifecycle::spawn_unchecked<test[aada8e7e76ba119b]::run_test::{closure#1}, ()>::{closure#1} as core[a373ad73a504971]::ops::function::FnOnce<()>>::call_once::{shim:vtable#0}
[INFO] [stdout]   17:     0x5fc6cf710424 - <std[617be2ca0a6fd877]::sys::thread::unix::Thread>::new::thread_start
[INFO] [stdout]   18:     0x72352129edfa - <unknown>
[INFO] [stdout]   19:     0x7235213323d4 - clone
[INFO] [stdout]   20:                0x0 - <unknown>
[INFO] [stdout] 
[INFO] [stdout] ---- snakemake_strict_mode_strips_page_faults_from_markdown stdout ----
[INFO] [stdout] 
[INFO] [stdout] thread 'snakemake_strict_mode_strips_page_faults_from_markdown' (1756) panicked at tests/integration.rs:38:18:
[INFO] [stdout] spawn tricorder: Os { code: 2, kind: NotFound, message: "No such file or directory" }
[INFO] [stdout] stack backtrace:
[INFO] [stdout]    0:     0x5fc6cf7112c6 - <<std[617be2ca0a6fd877]::sys::backtrace::BacktraceLock>::print::DisplayBacktrace as core[a373ad73a504971]::fmt::Display>::fmt
[INFO] [stdout]    1:     0x5fc6cf69fcda - core[a373ad73a504971]::fmt::write
[INFO] [stdout]    2:     0x5fc6cf716a3c - <alloc[2e1b2a31b91974c5]::vec::Vec<u8> as core[a373ad73a504971]::io::write::Write>::write_fmt
[INFO] [stdout]    3:     0x5fc6cf6ecd12 - std[617be2ca0a6fd877]::panicking::default_hook::{closure#0}
[INFO] [stdout]    4:     0x5fc6cf708f41 - std[617be2ca0a6fd877]::panicking::default_hook
[INFO] [stdout]    5:     0x5fc6cf709122 - std[617be2ca0a6fd877]::panicking::panic_with_hook
[INFO] [stdout]    6:     0x5fc6cf6ecdc2 - std[617be2ca0a6fd877]::panicking::panic_handler::{closure#0}
[INFO] [stdout]    7:     0x5fc6cf6e5999 - std[617be2ca0a6fd877]::sys::backtrace::__rust_end_short_backtrace::<std[617be2ca0a6fd877]::panicking::panic_handler::{closure#0}, !>
[INFO] [stdout]    8:     0x5fc6cf6ed9dd - __rustc[ea4f61d10b84890b]::rust_begin_unwind
[INFO] [stdout]    9:     0x5fc6cf6a03cc - core[a373ad73a504971]::panicking::panic_fmt
[INFO] [stdout]   10:     0x5fc6cf6a01a2 - core[a373ad73a504971]::result::unwrap_failed
[INFO] [stdout]   11:     0x5fc6cf6b080c - integration[69aa0dfdb4533991]::run_bench
[INFO] [stdout]   12:     0x5fc6cf6c9134 - <integration[69aa0dfdb4533991]::snakemake_strict_mode_strips_page_faults_from_markdown::{closure#0} as core[a373ad73a504971]::ops::function::FnOnce<()>>::call_once
[INFO] [stdout]   13:     0x5fc6cf71959b - test[aada8e7e76ba119b]::__rust_begin_short_backtrace::<core[a373ad73a504971]::result::Result<(), alloc[2e1b2a31b91974c5]::string::String>, fn() -> core[a373ad73a504971]::result::Result<(), alloc[2e1b2a31b91974c5]::string::String>>
[INFO] [stdout]   14:     0x5fc6cf727444 - test[aada8e7e76ba119b]::run_test::{closure#0}
[INFO] [stdout]   15:     0x5fc6cf720b74 - std[617be2ca0a6fd877]::sys::backtrace::__rust_begin_short_backtrace::<test[aada8e7e76ba119b]::run_test::{closure#1}, ()>
[INFO] [stdout]   16:     0x5fc6cf72b202 - <std[617be2ca0a6fd877]::thread::lifecycle::spawn_unchecked<test[aada8e7e76ba119b]::run_test::{closure#1}, ()>::{closure#1} as core[a373ad73a504971]::ops::function::FnOnce<()>>::call_once::{shim:vtable#0}
[INFO] [stdout]   17:     0x5fc6cf710424 - <std[617be2ca0a6fd877]::sys::thread::unix::Thread>::new::thread_start
[INFO] [stdout]   18:     0x72352129edfa - <unknown>
[INFO] [stdout]   19:     0x7235213323d4 - clone
[INFO] [stdout]   20:                0x0 - <unknown>
[INFO] [stdout] 
[INFO] [stdout] ---- peak_thread_and_proc_counts_appear_in_aggregate_tsv stdout ----
[INFO] [stdout] 
[INFO] [stdout] thread 'peak_thread_and_proc_counts_appear_in_aggregate_tsv' (1745) panicked at tests/integration.rs:38:18:
[INFO] [stdout] spawn tricorder: Os { code: 2, kind: NotFound, message: "No such file or directory" }
[INFO] [stdout] stack backtrace:
[INFO] [stdout]    0:     0x5fc6cf7112c6 - <<std[617be2ca0a6fd877]::sys::backtrace::BacktraceLock>::print::DisplayBacktrace as core[a373ad73a504971]::fmt::Display>::fmt
[INFO] [stdout]    1:     0x5fc6cf69fcda - core[a373ad73a504971]::fmt::write
[INFO] [stdout]    2:     0x5fc6cf716a3c - <alloc[2e1b2a31b91974c5]::vec::Vec<u8> as core[a373ad73a504971]::io::write::Write>::write_fmt
[INFO] [stdout]    3:     0x5fc6cf6ecd12 - std[617be2ca0a6fd877]::panicking::default_hook::{closure#0}
[INFO] [stdout]    4:     0x5fc6cf708f41 - std[617be2ca0a6fd877]::panicking::default_hook
[INFO] [stdout]    5:     0x5fc6cf709122 - std[617be2ca0a6fd877]::panicking::panic_with_hook
[INFO] [stdout]    6:     0x5fc6cf6ecdc2 - std[617be2ca0a6fd877]::panicking::panic_handler::{closure#0}
[INFO] [stdout]    7:     0x5fc6cf6e5999 - std[617be2ca0a6fd877]::sys::backtrace::__rust_end_short_backtrace::<std[617be2ca0a6fd877]::panicking::panic_handler::{closure#0}, !>
[INFO] [stdout]    8:     0x5fc6cf6ed9dd - __rustc[ea4f61d10b84890b]::rust_begin_unwind
[INFO] [stdout]    9:     0x5fc6cf6a03cc - core[a373ad73a504971]::panicking::panic_fmt
[INFO] [stdout]   10:     0x5fc6cf6a01a2 - core[a373ad73a504971]::result::unwrap_failed
[INFO] [stdout]   11:     0x5fc6cf6b080c - integration[69aa0dfdb4533991]::run_bench
[INFO] [stdout]   12:     0x5fc6cf6c6b0c - <integration[69aa0dfdb4533991]::peak_thread_and_proc_counts_appear_in_aggregate_tsv::{closure#0} as core[a373ad73a504971]::ops::function::FnOnce<()>>::call_once
[INFO] [stdout]   13:     0x5fc6cf71959b - test[aada8e7e76ba119b]::__rust_begin_short_backtrace::<core[a373ad73a504971]::result::Result<(), alloc[2e1b2a31b91974c5]::string::String>, fn() -> core[a373ad73a504971]::result::Result<(), alloc[2e1b2a31b91974c5]::string::String>>
[INFO] [stdout]   14:     0x5fc6cf727444 - test[aada8e7e76ba119b]::run_test::{closure#0}
[INFO] [stdout]   15:     0x5fc6cf720b74 - std[617be2ca0a6fd877]::sys::backtrace::__rust_begin_short_backtrace::<test[aada8e7e76ba119b]::run_test::{closure#1}, ()>
[INFO] [stdout]   16:     0x5fc6cf72b202 - <std[617be2ca0a6fd877]::thread::lifecycle::spawn_unchecked<test[aada8e7e76ba119b]::run_test::{closure#1}, ()>::{closure#1} as core[a373ad73a504971]::ops::function::FnOnce<()>>::call_once::{shim:vtable#0}
[INFO] [stdout]   17:     0x5fc6cf710424 - <std[617be2ca0a6fd877]::sys::thread::unix::Thread>::new::thread_start
[INFO] [stdout]   18:     0x72352129edfa - <unknown>
[INFO] [stdout]   19:     0x7235213323d4 - clone
[INFO] [stdout]   20:                0x0 - <unknown>
[INFO] [stdout] 
[INFO] [stdout] ---- snakemake_strict_mode_strips_page_fault_columns stdout ----
[INFO] [stdout] 
[INFO] [stdout] thread 'snakemake_strict_mode_strips_page_fault_columns' (1754) panicked at tests/integration.rs:38:18:
[INFO] [stdout] spawn tricorder: Os { code: 2, kind: NotFound, message: "No such file or directory" }
[INFO] [stdout] stack backtrace:
[INFO] [stdout]    0:     0x5fc6cf7112c6 - <<std[617be2ca0a6fd877]::sys::backtrace::BacktraceLock>::print::DisplayBacktrace as core[a373ad73a504971]::fmt::Display>::fmt
[INFO] [stdout]    1:     0x5fc6cf69fcda - core[a373ad73a504971]::fmt::write
[INFO] [stdout]    2:     0x5fc6cf716a3c - <alloc[2e1b2a31b91974c5]::vec::Vec<u8> as core[a373ad73a504971]::io::write::Write>::write_fmt
[INFO] [stdout]    3:     0x5fc6cf6ecd12 - std[617be2ca0a6fd877]::panicking::default_hook::{closure#0}
[INFO] [stdout]    4:     0x5fc6cf708f41 - std[617be2ca0a6fd877]::panicking::default_hook
[INFO] [stdout]    5:     0x5fc6cf709122 - std[617be2ca0a6fd877]::panicking::panic_with_hook
[INFO] [stdout]    6:     0x5fc6cf6ecdc2 - std[617be2ca0a6fd877]::panicking::panic_handler::{closure#0}
[INFO] [stdout]    7:     0x5fc6cf6e5999 - std[617be2ca0a6fd877]::sys::backtrace::__rust_end_short_backtrace::<std[617be2ca0a6fd877]::panicking::panic_handler::{closure#0}, !>
[INFO] [stdout]    8:     0x5fc6cf6ed9dd - __rustc[ea4f61d10b84890b]::rust_begin_unwind
[INFO] [stdout]    9:     0x5fc6cf6a03cc - core[a373ad73a504971]::panicking::panic_fmt
[INFO] [stdout]   10:     0x5fc6cf6a01a2 - core[a373ad73a504971]::result::unwrap_failed
[INFO] [stdout]   11:     0x5fc6cf6b080c - integration[69aa0dfdb4533991]::run_bench
[INFO] [stdout]   12:     0x5fc6cf6c330d - <integration[69aa0dfdb4533991]::snakemake_strict_mode_strips_page_fault_columns::{closure#0} as core[a373ad73a504971]::ops::function::FnOnce<()>>::call_once
[INFO] [stdout]   13:     0x5fc6cf71959b - test[aada8e7e76ba119b]::__rust_begin_short_backtrace::<core[a373ad73a504971]::result::Result<(), alloc[2e1b2a31b91974c5]::string::String>, fn() -> core[a373ad73a504971]::result::Result<(), alloc[2e1b2a31b91974c5]::string::String>>
[INFO] [stdout]   14:     0x5fc6cf727444 - test[aada8e7e76ba119b]::run_test::{closure#0}
[INFO] [stdout]   15:     0x5fc6cf720b74 - std[617be2ca0a6fd877]::sys::backtrace::__rust_begin_short_backtrace::<test[aada8e7e76ba119b]::run_test::{closure#1}, ()>
[INFO] [stdout]   16:     0x5fc6cf72b202 - <std[617be2ca0a6fd877]::thread::lifecycle::spawn_unchecked<test[aada8e7e76ba119b]::run_test::{closure#1}, ()>::{closure#1} as core[a373ad73a504971]::ops::function::FnOnce<()>>::call_once::{shim:vtable#0}
[INFO] [stdout]   17:     0x5fc6cf710424 - <std[617be2ca0a6fd877]::sys::thread::unix::Thread>::new::thread_start
[INFO] [stdout]   18:     0x72352129edfa - <unknown>
[INFO] [stdout]   19:     0x7235213323d4 - clone
[INFO] [stdout]   20:                0x0 - <unknown>
[INFO] [stdout] 
[INFO] [stdout] ---- swap_columns_appear_in_aggregate_and_trace stdout ----
[INFO] [stdout] 
[INFO] [stdout] thread 'swap_columns_appear_in_aggregate_and_trace' (1759) panicked at tests/integration.rs:38:18:
[INFO] [stdout] spawn tricorder: Os { code: 2, kind: NotFound, message: "No such file or directory" }
[INFO] [stdout] stack backtrace:
[INFO] [stdout]    0:     0x5fc6cf7112c6 - <<std[617be2ca0a6fd877]::sys::backtrace::BacktraceLock>::print::DisplayBacktrace as core[a373ad73a504971]::fmt::Display>::fmt
[INFO] [stdout]    1:     0x5fc6cf69fcda - core[a373ad73a504971]::fmt::write
[INFO] [stdout]    2:     0x5fc6cf716a3c - <alloc[2e1b2a31b91974c5]::vec::Vec<u8> as core[a373ad73a504971]::io::write::Write>::write_fmt
[INFO] [stdout]    3:     0x5fc6cf6ecd12 - std[617be2ca0a6fd877]::panicking::default_hook::{closure#0}
[INFO] [stdout]    4:     0x5fc6cf708f41 - std[617be2ca0a6fd877]::panicking::default_hook
[INFO] [stdout]    5:     0x5fc6cf709122 - std[617be2ca0a6fd877]::panicking::panic_with_hook
[INFO] [stdout]    6:     0x5fc6cf6ecdc2 - std[617be2ca0a6fd877]::panicking::panic_handler::{closure#0}
[INFO] [stdout]    7:     0x5fc6cf6e5999 - std[617be2ca0a6fd877]::sys::backtrace::__rust_end_short_backtrace::<std[617be2ca0a6fd877]::panicking::panic_handler::{closure#0}, !>
[INFO] [stdout]    8:     0x5fc6cf6ed9dd - __rustc[ea4f61d10b84890b]::rust_begin_unwind
[INFO] [stdout]    9:     0x5fc6cf6a03cc - core[a373ad73a504971]::panicking::panic_fmt
[INFO] [stdout]   10:     0x5fc6cf6a01a2 - core[a373ad73a504971]::result::unwrap_failed
[INFO] [stdout]   11:     0x5fc6cf6b080c - integration[69aa0dfdb4533991]::run_bench
[INFO] [stdout]   12:     0x5fc6cf6be54d - <integration[69aa0dfdb4533991]::swap_columns_appear_in_aggregate_and_trace::{closure#0} as core[a373ad73a504971]::ops::function::FnOnce<()>>::call_once
[INFO] [stdout]   13:     0x5fc6cf71959b - test[aada8e7e76ba119b]::__rust_begin_short_backtrace::<core[a373ad73a504971]::result::Result<(), alloc[2e1b2a31b91974c5]::string::String>, fn() -> core[a373ad73a504971]::result::Result<(), alloc[2e1b2a31b91974c5]::string::String>>
[INFO] [stdout]   14:     0x5fc6cf727444 - test[aada8e7e76ba119b]::run_test::{closure#0}
[INFO] [stdout]   15:     0x5fc6cf720b74 - std[617be2ca0a6fd877]::sys::backtrace::__rust_begin_short_backtrace::<test[aada8e7e76ba119b]::run_test::{closure#1}, ()>
[INFO] [stdout]   16:     0x5fc6cf72b202 - <std[617be2ca0a6fd877]::thread::lifecycle::spawn_unchecked<test[aada8e7e76ba119b]::run_test::{closure#1}, ()>::{closure#1} as core[a373ad73a504971]::ops::function::FnOnce<()>>::call_once::{shim:vtable#0}
[INFO] [stdout]   17:     0x5fc6cf710424 - <std[617be2ca0a6fd877]::sys::thread::unix::Thread>::new::thread_start
[INFO] [stdout]   18:     0x72352129edfa - <unknown>
[INFO] [stdout]   19:     0x7235213323d4 - clone
[INFO] [stdout]   20:                0x0 - <unknown>
[INFO] [stdout] 
[INFO] [stdout] ---- snakemake_strict_mode_strips_page_faults_from_json stdout ----
[INFO] [stdout] 
[INFO] [stdout] thread 'snakemake_strict_mode_strips_page_faults_from_json' (1755) panicked at tests/integration.rs:38:18:
[INFO] [stdout] spawn tricorder: Os { code: 2, kind: NotFound, message: "No such file or directory" }
[INFO] [stdout] stack backtrace:
[INFO] [stdout]    0:     0x5fc6cf7112c6 - <<std[617be2ca0a6fd877]::sys::backtrace::BacktraceLock>::print::DisplayBacktrace as core[a373ad73a504971]::fmt::Display>::fmt
[INFO] [stdout]    1:     0x5fc6cf69fcda - core[a373ad73a504971]::fmt::write
[INFO] [stdout]    2:     0x5fc6cf716a3c - <alloc[2e1b2a31b91974c5]::vec::Vec<u8> as core[a373ad73a504971]::io::write::Write>::write_fmt
[INFO] [stdout]    3:     0x5fc6cf6ecd12 - std[617be2ca0a6fd877]::panicking::default_hook::{closure#0}
[INFO] [stdout]    4:     0x5fc6cf708f41 - std[617be2ca0a6fd877]::panicking::default_hook
[INFO] [stdout]    5:     0x5fc6cf709122 - std[617be2ca0a6fd877]::panicking::panic_with_hook
[INFO] [stdout]    6:     0x5fc6cf6ecdc2 - std[617be2ca0a6fd877]::panicking::panic_handler::{closure#0}
[INFO] [stdout]    7:     0x5fc6cf6e5999 - std[617be2ca0a6fd877]::sys::backtrace::__rust_end_short_backtrace::<std[617be2ca0a6fd877]::panicking::panic_handler::{closure#0}, !>
[INFO] [stdout]    8:     0x5fc6cf6ed9dd - __rustc[ea4f61d10b84890b]::rust_begin_unwind
[INFO] [stdout]    9:     0x5fc6cf6a03cc - core[a373ad73a504971]::panicking::panic_fmt
[INFO] [stdout]   10:     0x5fc6cf6a01a2 - core[a373ad73a504971]::result::unwrap_failed
[INFO] [stdout]   11:     0x5fc6cf6b080c - integration[69aa0dfdb4533991]::run_bench
[INFO] [stdout]   12:     0x5fc6cf6c61e5 - <integration[69aa0dfdb4533991]::snakemake_strict_mode_strips_page_faults_from_json::{closure#0} as core[a373ad73a504971]::ops::function::FnOnce<()>>::call_once
[INFO] [stdout]   13:     0x5fc6cf71959b - test[aada8e7e76ba119b]::__rust_begin_short_backtrace::<core[a373ad73a504971]::result::Result<(), alloc[2e1b2a31b91974c5]::string::String>, fn() -> core[a373ad73a504971]::result::Result<(), alloc[2e1b2a31b91974c5]::string::String>>
[INFO] [stdout]   14:     0x5fc6cf727444 - test[aada8e7e76ba119b]::run_test::{closure#0}
[INFO] [stdout]   15:     0x5fc6cf720b74 - std[617be2ca0a6fd877]::sys::backtrace::__rust_begin_short_backtrace::<test[aada8e7e76ba119b]::run_test::{closure#1}, ()>
[INFO] [stdout]   16:     0x5fc6cf72b202 - <std[617be2ca0a6fd877]::thread::lifecycle::spawn_unchecked<test[aada8e7e76ba119b]::run_test::{closure#1}, ()>::{closure#1} as core[a373ad73a504971]::ops::function::FnOnce<()>>::call_once::{shim:vtable#0}
[INFO] [stdout]   17:     0x5fc6cf710424 - <std[617be2ca0a6fd877]::sys::thread::unix::Thread>::new::thread_start
[INFO] [stdout]   18:     0x72352129edfa - <unknown>
[INFO] [stdout]   19:     0x7235213323d4 - clone
[INFO] [stdout]   20:                0x0 - <unknown>
[INFO] [stdout] 
[INFO] [stdout] ---- trace_flag_writes_per_tick_tsv stdout ----
[INFO] [stdout] 
[INFO] [stdout] thread 'trace_flag_writes_per_tick_tsv' (1761) panicked at tests/integration.rs:38:18:
[INFO] [stdout] spawn tricorder: Os { code: 2, kind: NotFound, message: "No such file or directory" }
[INFO] [stdout] stack backtrace:
[INFO] [stdout]    0:     0x5fc6cf7112c6 - <<std[617be2ca0a6fd877]::sys::backtrace::BacktraceLock>::print::DisplayBacktrace as core[a373ad73a504971]::fmt::Display>::fmt
[INFO] [stdout]    1:     0x5fc6cf69fcda - core[a373ad73a504971]::fmt::write
[INFO] [stdout]    2:     0x5fc6cf716a3c - <alloc[2e1b2a31b91974c5]::vec::Vec<u8> as core[a373ad73a504971]::io::write::Write>::write_fmt
[INFO] [stdout]    3:     0x5fc6cf6ecd12 - std[617be2ca0a6fd877]::panicking::default_hook::{closure#0}
[INFO] [stdout]    4:     0x5fc6cf708f41 - std[617be2ca0a6fd877]::panicking::default_hook
[INFO] [stdout]    5:     0x5fc6cf709122 - std[617be2ca0a6fd877]::panicking::panic_with_hook
[INFO] [stdout]    6:     0x5fc6cf6ecdc2 - std[617be2ca0a6fd877]::panicking::panic_handler::{closure#0}
[INFO] [stdout]    7:     0x5fc6cf6e5999 - std[617be2ca0a6fd877]::sys::backtrace::__rust_end_short_backtrace::<std[617be2ca0a6fd877]::panicking::panic_handler::{closure#0}, !>
[INFO] [stdout]    8:     0x5fc6cf6ed9dd - __rustc[ea4f61d10b84890b]::rust_begin_unwind
[INFO] [stdout]    9:     0x5fc6cf6a03cc - core[a373ad73a504971]::panicking::panic_fmt
[INFO] [stdout]   10:     0x5fc6cf6a01a2 - core[a373ad73a504971]::result::unwrap_failed
[INFO] [stdout]   11:     0x5fc6cf6b080c - integration[69aa0dfdb4533991]::run_bench
[INFO] [stdout]   12:     0x5fc6cf6b56f3 - <integration[69aa0dfdb4533991]::trace_flag_writes_per_tick_tsv::{closure#0} as core[a373ad73a504971]::ops::function::FnOnce<()>>::call_once
[INFO] [stdout]   13:     0x5fc6cf71959b - test[aada8e7e76ba119b]::__rust_begin_short_backtrace::<core[a373ad73a504971]::result::Result<(), alloc[2e1b2a31b91974c5]::string::String>, fn() -> core[a373ad73a504971]::result::Result<(), alloc[2e1b2a31b91974c5]::string::String>>
[INFO] [stdout]   14:     0x5fc6cf727444 - test[aada8e7e76ba119b]::run_test::{closure#0}
[INFO] [stdout]   15:     0x5fc6cf720b74 - std[617be2ca0a6fd877]::sys::backtrace::__rust_begin_short_backtrace::<test[aada8e7e76ba119b]::run_test::{closure#1}, ()>
[INFO] [stdout]   16:     0x5fc6cf72b202 - <std[617be2ca0a6fd877]::thread::lifecycle::spawn_unchecked<test[aada8e7e76ba119b]::run_test::{closure#1}, ()>::{closure#1} as core[a373ad73a504971]::ops::function::FnOnce<()>>::call_once::{shim:vtable#0}
[INFO] [stdout]   17:     0x5fc6cf710424 - <std[617be2ca0a6fd877]::sys::thread::unix::Thread>::new::thread_start
[INFO] [stdout]   18:     0x72352129edfa - <unknown>
[INFO] [stdout]   19:     0x7235213323d4 - clone
[INFO] [stdout]   20:                0x0 - <unknown>
[INFO] [stdout] 
[INFO] [stdout] ---- snakemake_strict_mode_strips_peak_n_columns stdout ----
[INFO] [stdout] 
[INFO] [stdout] thread 'snakemake_strict_mode_strips_peak_n_columns' (1757) panicked at tests/integration.rs:38:18:
[INFO] [stdout] spawn tricorder: Os { code: 2, kind: NotFound, message: "No such file or directory" }
[INFO] [stdout] stack backtrace:
[INFO] [stdout]    0:     0x5fc6cf7112c6 - <<std[617be2ca0a6fd877]::sys::backtrace::BacktraceLock>::print::DisplayBacktrace as core[a373ad73a504971]::fmt::Display>::fmt
[INFO] [stdout]    1:     0x5fc6cf69fcda - core[a373ad73a504971]::fmt::write
[INFO] [stdout]    2:     0x5fc6cf716a3c - <alloc[2e1b2a31b91974c5]::vec::Vec<u8> as core[a373ad73a504971]::io::write::Write>::write_fmt
[INFO] [stdout]    3:     0x5fc6cf6ecd12 - std[617be2ca0a6fd877]::panicking::default_hook::{closure#0}
[INFO] [stdout]    4:     0x5fc6cf708f41 - std[617be2ca0a6fd877]::panicking::default_hook
[INFO] [stdout]    5:     0x5fc6cf709122 - std[617be2ca0a6fd877]::panicking::panic_with_hook
[INFO] [stdout]    6:     0x5fc6cf6ecdc2 - std[617be2ca0a6fd877]::panicking::panic_handler::{closure#0}
[INFO] [stdout]    7:     0x5fc6cf6e5999 - std[617be2ca0a6fd877]::sys::backtrace::__rust_end_short_backtrace::<std[617be2ca0a6fd877]::panicking::panic_handler::{closure#0}, !>
[INFO] [stdout]    8:     0x5fc6cf6ed9dd - __rustc[ea4f61d10b84890b]::rust_begin_unwind
[INFO] [stdout]    9:     0x5fc6cf6a03cc - core[a373ad73a504971]::panicking::panic_fmt
[INFO] [stdout]   10:     0x5fc6cf6a01a2 - core[a373ad73a504971]::result::unwrap_failed
[INFO] [stdout]   11:     0x5fc6cf6b080c - integration[69aa0dfdb4533991]::run_bench
[INFO] [stdout]   12:     0x5fc6cf6bfa77 - <integration[69aa0dfdb4533991]::snakemake_strict_mode_strips_peak_n_columns::{closure#0} as core[a373ad73a504971]::ops::function::FnOnce<()>>::call_once
[INFO] [stdout]   13:     0x5fc6cf71959b - test[aada8e7e76ba119b]::__rust_begin_short_backtrace::<core[a373ad73a504971]::result::Result<(), alloc[2e1b2a31b91974c5]::string::String>, fn() -> core[a373ad73a504971]::result::Result<(), alloc[2e1b2a31b91974c5]::string::String>>
[INFO] [stdout]   14:     0x5fc6cf727444 - test[aada8e7e76ba119b]::run_test::{closure#0}
[INFO] [stdout]   15:     0x5fc6cf720b74 - std[617be2ca0a6fd877]::sys::backtrace::__rust_begin_short_backtrace::<test[aada8e7e76ba119b]::run_test::{closure#1}, ()>
[INFO] [stdout]   16:     0x5fc6cf72b202 - <std[617be2ca0a6fd877]::thread::lifecycle::spawn_unchecked<test[aada8e7e76ba119b]::run_test::{closure#1}, ()>::{closure#1} as core[a373ad73a504971]::ops::function::FnOnce<()>>::call_once::{shim:vtable#0}
[INFO] [stdout]   17:     0x5fc6cf710424 - <std[617be2ca0a6fd877]::sys::thread::unix::Thread>::new::thread_start
[INFO] [stdout]   18:     0x72352129edfa - <unknown>
[INFO] [stdout]   19:     0x7235213323d4 - clone
[INFO] [stdout]   20:                0x0 - <unknown>
[INFO] [stdout] 
[INFO] [stdout] ---- trace_parent_directory_is_created stdout ----
[INFO] [stdout] 
[INFO] [stdout] thread 'trace_parent_directory_is_created' (1771) panicked at tests/integration.rs:38:18:
[INFO] [stdout] spawn tricorder: Os { code: 2, kind: NotFound, message: "No such file or directory" }
[INFO] [stdout] stack backtrace:
[INFO] [stdout]    0:     0x5fc6cf7112c6 - <<std[617be2ca0a6fd877]::sys::backtrace::BacktraceLock>::print::DisplayBacktrace as core[a373ad73a504971]::fmt::Display>::fmt
[INFO] [stdout]    1:     0x5fc6cf69fcda - core[a373ad73a504971]::fmt::write
[INFO] [stdout]    2:     0x5fc6cf716a3c - <alloc[2e1b2a31b91974c5]::vec::Vec<u8> as core[a373ad73a504971]::io::write::Write>::write_fmt
[INFO] [stdout]    3:     0x5fc6cf6ecd12 - std[617be2ca0a6fd877]::panicking::default_hook::{closure#0}
[INFO] [stdout]    4:     0x5fc6cf708f41 - std[617be2ca0a6fd877]::panicking::default_hook
[INFO] [stdout]    5:     0x5fc6cf709122 - std[617be2ca0a6fd877]::panicking::panic_with_hook
[INFO] [stdout]    6:     0x5fc6cf6ecdc2 - std[617be2ca0a6fd877]::panicking::panic_handler::{closure#0}
[INFO] [stdout]    7:     0x5fc6cf6e5999 - std[617be2ca0a6fd877]::sys::backtrace::__rust_end_short_backtrace::<std[617be2ca0a6fd877]::panicking::panic_handler::{closure#0}, !>
[INFO] [stdout]    8:     0x5fc6cf6ed9dd - __rustc[ea4f61d10b84890b]::rust_begin_unwind
[INFO] [stdout]    9:     0x5fc6cf6a03cc - core[a373ad73a504971]::panicking::panic_fmt
[INFO] [stdout]   10:     0x5fc6cf6a01a2 - core[a373ad73a504971]::result::unwrap_failed
[INFO] [stdout]   11:     0x5fc6cf6b080c - integration[69aa0dfdb4533991]::run_bench
[INFO] [stdout]   12:     0x5fc6cf6b75ce - <integration[69aa0dfdb4533991]::trace_parent_directory_is_created::{closure#0} as core[a373ad73a504971]::ops::function::FnOnce<()>>::call_once
[INFO] [stdout]   13:     0x5fc6cf71959b - test[aada8e7e76ba119b]::__rust_begin_short_backtrace::<core[a373ad73a504971]::result::Result<(), alloc[2e1b2a31b91974c5]::string::String>, fn() -> core[a373ad73a504971]::result::Result<(), alloc[2e1b2a31b91974c5]::string::String>>
[INFO] [stdout]   14:     0x5fc6cf727444 - test[aada8e7e76ba119b]::run_test::{closure#0}
[INFO] [stdout]   15:     0x5fc6cf720b74 - std[617be2ca0a6fd877]::sys::backtrace::__rust_begin_short_backtrace::<test[aada8e7e76ba119b]::run_test::{closure#1}, ()>
[INFO] [stdout]   16:     0x5fc6cf72b202 - <std[617be2ca0a6fd877]::thread::lifecycle::spawn_unchecked<test[aada8e7e76ba119b]::run_test::{closure#1}, ()>::{closure#1} as core[a373ad73a504971]::ops::function::FnOnce<()>>::call_once::{shim:vtable#0}
[INFO] [stdout]   17:     0x5fc6cf710424 - <std[617be2ca0a6fd877]::sys::thread::unix::Thread>::new::thread_start
[INFO] [stdout]   18:     0x72352129edfa - <unknown>
[INFO] [stdout]   19:     0x7235213323d4 - clone
[INFO] [stdout]   20:                0x0 - <unknown>
[INFO] [stdout] 
[INFO] [stdout] ---- page_cache_is_not_added_to_trace_columns stdout ----
[INFO] [stdout] 
[INFO] [stdout] thread 'page_cache_is_not_added_to_trace_columns' (1731) panicked at tests/integration.rs:38:18:
[INFO] [stdout] spawn tricorder: Os { code: 2, kind: NotFound, message: "No such file or directory" }
[INFO] [stdout] stack backtrace:
[INFO] [stdout]    0:     0x5fc6cf7112c6 - <<std[617be2ca0a6fd877]::sys::backtrace::BacktraceLock>::print::DisplayBacktrace as core[a373ad73a504971]::fmt::Display>::fmt
[INFO] [stdout]    1:     0x5fc6cf69fcda - core[a373ad73a504971]::fmt::write
[INFO] [stdout]    2:     0x5fc6cf716a3c - <alloc[2e1b2a31b91974c5]::vec::Vec<u8> as core[a373ad73a504971]::io::write::Write>::write_fmt
[INFO] [stdout]    3:     0x5fc6cf6ecd12 - std[617be2ca0a6fd877]::panicking::default_hook::{closure#0}
[INFO] [stdout]    4:     0x5fc6cf708f41 - std[617be2ca0a6fd877]::panicking::default_hook
[INFO] [stdout]    5:     0x5fc6cf709122 - std[617be2ca0a6fd877]::panicking::panic_with_hook
[INFO] [stdout]    6:     0x5fc6cf6ecdc2 - std[617be2ca0a6fd877]::panicking::panic_handler::{closure#0}
[INFO] [stdout]    7:     0x5fc6cf6e5999 - std[617be2ca0a6fd877]::sys::backtrace::__rust_end_short_backtrace::<std[617be2ca0a6fd877]::panicking::panic_handler::{closure#0}, !>
[INFO] [stdout]    8:     0x5fc6cf6ed9dd - __rustc[ea4f61d10b84890b]::rust_begin_unwind
[INFO] [stdout]    9:     0x5fc6cf6a03cc - core[a373ad73a504971]::panicking::panic_fmt
[INFO] [stdout]   10:     0x5fc6cf6a01a2 - core[a373ad73a504971]::result::unwrap_failed
[INFO] [stdout]   11:     0x5fc6cf6b080c - integration[69aa0dfdb4533991]::run_bench
[INFO] [stdout]   12:     0x5fc6cf6bb783 - <integration[69aa0dfdb4533991]::page_cache_is_not_added_to_trace_columns::{closure#0} as core[a373ad73a504971]::ops::function::FnOnce<()>>::call_once
[INFO] [stdout]   13:     0x5fc6cf71959b - test[aada8e7e76ba119b]::__rust_begin_short_backtrace::<core[a373ad73a504971]::result::Result<(), alloc[2e1b2a31b91974c5]::string::String>, fn() -> core[a373ad73a504971]::result::Result<(), alloc[2e1b2a31b91974c5]::string::String>>
[INFO] [stdout]   14:     0x5fc6cf727444 - test[aada8e7e76ba119b]::run_test::{closure#0}
[INFO] [stdout]   15:     0x5fc6cf720b74 - std[617be2ca0a6fd877]::sys::backtrace::__rust_begin_short_backtrace::<test[aada8e7e76ba119b]::run_test::{closure#1}, ()>
[INFO] [stdout]   16:     0x5fc6cf72b202 - <std[617be2ca0a6fd877]::thread::lifecycle::spawn_unchecked<test[aada8e7e76ba119b]::run_test::{closure#1}, ()>::{closure#1} as core[a373ad73a504971]::ops::function::FnOnce<()>>::call_once::{shim:vtable#0}
[INFO] [stdout]   17:     0x5fc6cf710424 - <std[617be2ca0a6fd877]::sys::thread::unix::Thread>::new::thread_start
[INFO] [stdout]   18:     0x72352129edfa - <unknown>
[INFO] [stdout]   19:     0x7235213323d4 - clone
[INFO] [stdout]   20:                0x0 - <unknown>
[INFO] [stdout] 
[INFO] [stdout] ---- snakemake_strict_mode_strips_loadavg_columns stdout ----
[INFO] [stdout] 
[INFO] [stdout] thread 'snakemake_strict_mode_strips_loadavg_columns' (1749) panicked at tests/integration.rs:38:18:
[INFO] [stdout] spawn tricorder: Os { code: 2, kind: NotFound, message: "No such file or directory" }
[INFO] [stdout] stack backtrace:
[INFO] [stdout]    0:     0x5fc6cf7112c6 - <<std[617be2ca0a6fd877]::sys::backtrace::BacktraceLock>::print::DisplayBacktrace as core[a373ad73a504971]::fmt::Display>::fmt
[INFO] [stdout]    1:     0x5fc6cf69fcda - core[a373ad73a504971]::fmt::write
[INFO] [stdout]    2:     0x5fc6cf716a3c - <alloc[2e1b2a31b91974c5]::vec::Vec<u8> as core[a373ad73a504971]::io::write::Write>::write_fmt
[INFO] [stdout]    3:     0x5fc6cf6ecd12 - std[617be2ca0a6fd877]::panicking::default_hook::{closure#0}
[INFO] [stdout]    4:     0x5fc6cf708f41 - std[617be2ca0a6fd877]::panicking::default_hook
[INFO] [stdout]    5:     0x5fc6cf709122 - std[617be2ca0a6fd877]::panicking::panic_with_hook
[INFO] [stdout]    6:     0x5fc6cf6ecdc2 - std[617be2ca0a6fd877]::panicking::panic_handler::{closure#0}
[INFO] [stdout]    7:     0x5fc6cf6e5999 - std[617be2ca0a6fd877]::sys::backtrace::__rust_end_short_backtrace::<std[617be2ca0a6fd877]::panicking::panic_handler::{closure#0}, !>
[INFO] [stdout]    8:     0x5fc6cf6ed9dd - __rustc[ea4f61d10b84890b]::rust_begin_unwind
[INFO] [stdout]    9:     0x5fc6cf6a03cc - core[a373ad73a504971]::panicking::panic_fmt
[INFO] [stdout]   10:     0x5fc6cf6a01a2 - core[a373ad73a504971]::result::unwrap_failed
[INFO] [stdout]   11:     0x5fc6cf6b080c - integration[69aa0dfdb4533991]::run_bench
[INFO] [stdout]   12:     0x5fc6cf6c0657 - <integration[69aa0dfdb4533991]::snakemake_strict_mode_strips_loadavg_columns::{closure#0} as core[a373ad73a504971]::ops::function::FnOnce<()>>::call_once
[INFO] [stdout]   13:     0x5fc6cf71959b - test[aada8e7e76ba119b]::__rust_begin_short_backtrace::<core[a373ad73a504971]::result::Result<(), alloc[2e1b2a31b91974c5]::string::String>, fn() -> core[a373ad73a504971]::result::Result<(), alloc[2e1b2a31b91974c5]::string::String>>
[INFO] [stdout]   14:     0x5fc6cf727444 - test[aada8e7e76ba119b]::run_test::{closure#0}
[INFO] [stdout]   15:     0x5fc6cf720b74 - std[617be2ca0a6fd877]::sys::backtrace::__rust_begin_short_backtrace::<test[aada8e7e76ba119b]::run_test::{closure#1}, ()>
[INFO] [stdout]   16:     0x5fc6cf72b202 - <std[617be2ca0a6fd877]::thread::lifecycle::spawn_unchecked<test[aada8e7e76ba119b]::run_test::{closure#1}, ()>::{closure#1} as core[a373ad73a504971]::ops::function::FnOnce<()>>::call_once::{shim:vtable#0}
[INFO] [stdout]   17:     0x5fc6cf710424 - <std[617be2ca0a6fd877]::sys::thread::unix::Thread>::new::thread_start
[INFO] [stdout]   18:     0x72352129edfa - <unknown>
[INFO] [stdout]   19:     0x7235213323d4 - clone
[INFO] [stdout]   20:                0x0 - <unknown>
[INFO] [stdout] 
[INFO] [stdout] ---- trace_includes_n_threads_per_tick stdout ----
[INFO] [stdout] 
[INFO] [stdout] thread 'trace_includes_n_threads_per_tick' (1766) panicked at tests/integration.rs:38:18:
[INFO] [stdout] spawn tricorder: Os { code: 2, kind: NotFound, message: "No such file or directory" }
[INFO] [stdout] stack backtrace:
[INFO] [stdout]    0:     0x5fc6cf7112c6 - <<std[617be2ca0a6fd877]::sys::backtrace::BacktraceLock>::print::DisplayBacktrace as core[a373ad73a504971]::fmt::Display>::fmt
[INFO] [stdout]    1:     0x5fc6cf69fcda - core[a373ad73a504971]::fmt::write
[INFO] [stdout]    2:     0x5fc6cf716a3c - <alloc[2e1b2a31b91974c5]::vec::Vec<u8> as core[a373ad73a504971]::io::write::Write>::write_fmt
[INFO] [stdout]    3:     0x5fc6cf6ecd12 - std[617be2ca0a6fd877]::panicking::default_hook::{closure#0}
[INFO] [stdout]    4:     0x5fc6cf708f41 - std[617be2ca0a6fd877]::panicking::default_hook
[INFO] [stdout]    5:     0x5fc6cf709122 - std[617be2ca0a6fd877]::panicking::panic_with_hook
[INFO] [stdout]    6:     0x5fc6cf6ecdc2 - std[617be2ca0a6fd877]::panicking::panic_handler::{closure#0}
[INFO] [stdout]    7:     0x5fc6cf6e5999 - std[617be2ca0a6fd877]::sys::backtrace::__rust_end_short_backtrace::<std[617be2ca0a6fd877]::panicking::panic_handler::{closure#0}, !>
[INFO] [stdout]    8:     0x5fc6cf6ed9dd - __rustc[ea4f61d10b84890b]::rust_begin_unwind
[INFO] [stdout]    9:     0x5fc6cf6a03cc - core[a373ad73a504971]::panicking::panic_fmt
[INFO] [stdout]   10:     0x5fc6cf6a01a2 - core[a373ad73a504971]::result::unwrap_failed
[INFO] [stdout]   11:     0x5fc6cf6b080c - integration[69aa0dfdb4533991]::run_bench
[INFO] [stdout]   12:     0x5fc6cf6b6eda - <integration[69aa0dfdb4533991]::trace_includes_n_threads_per_tick::{closure#0} as core[a373ad73a504971]::ops::function::FnOnce<()>>::call_once
[INFO] [stdout]   13:     0x5fc6cf71959b - test[aada8e7e76ba119b]::__rust_begin_short_backtrace::<core[a373ad73a504971]::result::Result<(), alloc[2e1b2a31b91974c5]::string::String>, fn() -> core[a373ad73a504971]::result::Result<(), alloc[2e1b2a31b91974c5]::string::String>>
[INFO] [stdout]   14:     0x5fc6cf727444 - test[aada8e7e76ba119b]::run_test::{closure#0}
[INFO] [stdout]   15:     0x5fc6cf720b74 - std[617be2ca0a6fd877]::sys::backtrace::__rust_begin_short_backtrace::<test[aada8e7e76ba119b]::run_test::{closure#1}, ()>
[INFO] [stdout]   16:     0x5fc6cf72b202 - <std[617be2ca0a6fd877]::thread::lifecycle::spawn_unchecked<test[aada8e7e76ba119b]::run_test::{closure#1}, ()>::{closure#1} as core[a373ad73a504971]::ops::function::FnOnce<()>>::call_once::{shim:vtable#0}
[INFO] [stdout]   17:     0x5fc6cf710424 - <std[617be2ca0a6fd877]::sys::thread::unix::Thread>::new::thread_start
[INFO] [stdout]   18:     0x72352129edfa - <unknown>
[INFO] [stdout]   19:     0x7235213323d4 - clone
[INFO] [stdout]   20:                0x0 - <unknown>
[INFO] [stdout] 
[INFO] [stdout] ---- trace_same_path_as_out_is_rejected stdout ----
[INFO] [stdout] 
[INFO] [stdout] thread 'trace_same_path_as_out_is_rejected' (1774) panicked at tests/integration.rs:38:18:
[INFO] [stdout] spawn tricorder: Os { code: 2, kind: NotFound, message: "No such file or directory" }
[INFO] [stdout] stack backtrace:
[INFO] [stdout]    0:     0x5fc6cf7112c6 - <<std[617be2ca0a6fd877]::sys::backtrace::BacktraceLock>::print::DisplayBacktrace as core[a373ad73a504971]::fmt::Display>::fmt
[INFO] [stdout]    1:     0x5fc6cf69fcda - core[a373ad73a504971]::fmt::write
[INFO] [stdout]    2:     0x5fc6cf716a3c - <alloc[2e1b2a31b91974c5]::vec::Vec<u8> as core[a373ad73a504971]::io::write::Write>::write_fmt
[INFO] [stdout]    3:     0x5fc6cf6ecd12 - std[617be2ca0a6fd877]::panicking::default_hook::{closure#0}
[INFO] [stdout]    4:     0x5fc6cf708f41 - std[617be2ca0a6fd877]::panicking::default_hook
[INFO] [stdout]    5:     0x5fc6cf709122 - std[617be2ca0a6fd877]::panicking::panic_with_hook
[INFO] [stdout]    6:     0x5fc6cf6ecdc2 - std[617be2ca0a6fd877]::panicking::panic_handler::{closure#0}
[INFO] [stdout]    7:     0x5fc6cf6e5999 - std[617be2ca0a6fd877]::sys::backtrace::__rust_end_short_backtrace::<std[617be2ca0a6fd877]::panicking::panic_handler::{closure#0}, !>
[INFO] [stdout]    8:     0x5fc6cf6ed9dd - __rustc[ea4f61d10b84890b]::rust_begin_unwind
[INFO] [stdout]    9:     0x5fc6cf6a03cc - core[a373ad73a504971]::panicking::panic_fmt
[INFO] [stdout]   10:     0x5fc6cf6a01a2 - core[a373ad73a504971]::result::unwrap_failed
[INFO] [stdout]   11:     0x5fc6cf6b080c - integration[69aa0dfdb4533991]::run_bench
[INFO] [stdout]   12:     0x5fc6cf6b7d21 - <integration[69aa0dfdb4533991]::trace_same_path_as_out_is_rejected::{closure#0} as core[a373ad73a504971]::ops::function::FnOnce<()>>::call_once
[INFO] [stdout]   13:     0x5fc6cf71959b - test[aada8e7e76ba119b]::__rust_begin_short_backtrace::<core[a373ad73a504971]::result::Result<(), alloc[2e1b2a31b91974c5]::string::String>, fn() -> core[a373ad73a504971]::result::Result<(), alloc[2e1b2a31b91974c5]::string::String>>
[INFO] [stdout]   14:     0x5fc6cf727444 - test[aada8e7e76ba119b]::run_test::{closure#0}
[INFO] [stdout]   15:     0x5fc6cf720b74 - std[617be2ca0a6fd877]::sys::backtrace::__rust_begin_short_backtrace::<test[aada8e7e76ba119b]::run_test::{closure#1}, ()>
[INFO] [stdout]   16:     0x5fc6cf72b202 - <std[617be2ca0a6fd877]::thread::lifecycle::spawn_unchecked<test[aada8e7e76ba119b]::run_test::{closure#1}, ()>::{closure#1} as core[a373ad73a504971]::ops::function::FnOnce<()>>::call_once::{shim:vtable#0}
[INFO] [stdout]   17:     0x5fc6cf710424 - <std[617be2ca0a6fd877]::sys::thread::unix::Thread>::new::thread_start
[INFO] [stdout]   18:     0x72352129edfa - <unknown>
[INFO] [stdout]   19:     0x7235213323d4 - clone
[INFO] [stdout]   20:                0x0 - <unknown>
[INFO] [stdout] 
[INFO] [stdout] ---- tsv_output_for_short_lived_command_has_correct_shape stdout ----
[INFO] [stdout] 
[INFO] [stdout] thread 'tsv_output_for_short_lived_command_has_correct_shape' (1775) panicked at tests/integration.rs:38:18:
[INFO] [stdout] spawn tricorder: Os { code: 2, kind: NotFound, message: "No such file or directory" }
[INFO] [stdout] stack backtrace:
[INFO] [stdout]    0:     0x5fc6cf7112c6 - <<std[617be2ca0a6fd877]::sys::backtrace::BacktraceLock>::print::DisplayBacktrace as core[a373ad73a504971]::fmt::Display>::fmt
[INFO] [stdout]    1:     0x5fc6cf69fcda - core[a373ad73a504971]::fmt::write
[INFO] [stdout]    2:     0x5fc6cf716a3c - <alloc[2e1b2a31b91974c5]::vec::Vec<u8> as core[a373ad73a504971]::io::write::Write>::write_fmt
[INFO] [stdout]    3:     0x5fc6cf6ecd12 - std[617be2ca0a6fd877]::panicking::default_hook::{closure#0}
[INFO] [stdout]    4:     0x5fc6cf708f41 - std[617be2ca0a6fd877]::panicking::default_hook
[INFO] [stdout]    5:     0x5fc6cf709122 - std[617be2ca0a6fd877]::panicking::panic_with_hook
[INFO] [stdout]    6:     0x5fc6cf6ecdc2 - std[617be2ca0a6fd877]::panicking::panic_handler::{closure#0}
[INFO] [stdout]    7:     0x5fc6cf6e5999 - std[617be2ca0a6fd877]::sys::backtrace::__rust_end_short_backtrace::<std[617be2ca0a6fd877]::panicking::panic_handler::{closure#0}, !>
[INFO] [stdout]    8:     0x5fc6cf6ed9dd - __rustc[ea4f61d10b84890b]::rust_begin_unwind
[INFO] [stdout]    9:     0x5fc6cf6a03cc - core[a373ad73a504971]::panicking::panic_fmt
[INFO] [stdout]   10:     0x5fc6cf6a01a2 - core[a373ad73a504971]::result::unwrap_failed
[INFO] [stdout]   11:     0x5fc6cf6b080c - integration[69aa0dfdb4533991]::run_bench
[INFO] [stdout]   12:     0x5fc6cf6c8766 - <integration[69aa0dfdb4533991]::tsv_output_for_short_lived_command_has_correct_shape::{closure#0} as core[a373ad73a504971]::ops::function::FnOnce<()>>::call_once
[INFO] [stdout]   13:     0x5fc6cf71959b - test[aada8e7e76ba119b]::__rust_begin_short_backtrace::<core[a373ad73a504971]::result::Result<(), alloc[2e1b2a31b91974c5]::string::String>, fn() -> core[a373ad73a504971]::result::Result<(), alloc[2e1b2a31b91974c5]::string::String>>
[INFO] [stdout]   14:     0x5fc6cf727444 - test[aada8e7e76ba119b]::run_test::{closure#0}
[INFO] [stdout]   15:     0x5fc6cf720b74 - std[617be2ca0a6fd877]::sys::backtrace::__rust_begin_short_backtrace::<test[aada8e7e76ba119b]::run_test::{closure#1}, ()>
[INFO] [stdout]   16:     0x5fc6cf72b202 - <std[617be2ca0a6fd877]::thread::lifecycle::spawn_unchecked<test[aada8e7e76ba119b]::run_test::{closure#1}, ()>::{closure#1} as core[a373ad73a504971]::ops::function::FnOnce<()>>::call_once::{shim:vtable#0}
[INFO] [stdout]   17:     0x5fc6cf710424 - <std[617be2ca0a6fd877]::sys::thread::unix::Thread>::new::thread_start
[INFO] [stdout]   18:     0x72352129edfa - <unknown>
[INFO] [stdout]   19:     0x7235213323d4 - clone
[INFO] [stdout]   20:                0x0 - <unknown>
[INFO] [stdout] 
[INFO] [stdout] ---- snakemake_strict_mode_does_not_affect_trace_columns stdout ----
[INFO] [stdout] 
[INFO] [stdout] thread 'snakemake_strict_mode_does_not_affect_trace_columns' (1747) panicked at tests/integration.rs:38:18:
[INFO] [stdout] spawn tricorder: Os { code: 2, kind: NotFound, message: "No such file or directory" }
[INFO] [stdout] stack backtrace:
[INFO] [stdout]    0:     0x5fc6cf7112c6 - <<std[617be2ca0a6fd877]::sys::backtrace::BacktraceLock>::print::DisplayBacktrace as core[a373ad73a504971]::fmt::Display>::fmt
[INFO] [stdout]    1:     0x5fc6cf69fcda - core[a373ad73a504971]::fmt::write
[INFO] [stdout]    2:     0x5fc6cf716a3c - <alloc[2e1b2a31b91974c5]::vec::Vec<u8> as core[a373ad73a504971]::io::write::Write>::write_fmt
[INFO] [stdout]    3:     0x5fc6cf6ecd12 - std[617be2ca0a6fd877]::panicking::default_hook::{closure#0}
[INFO] [stdout]    4:     0x5fc6cf708f41 - std[617be2ca0a6fd877]::panicking::default_hook
[INFO] [stdout]    5:     0x5fc6cf709122 - std[617be2ca0a6fd877]::panicking::panic_with_hook
[INFO] [stdout]    6:     0x5fc6cf6ecdc2 - std[617be2ca0a6fd877]::panicking::panic_handler::{closure#0}
[INFO] [stdout]    7:     0x5fc6cf6e5999 - std[617be2ca0a6fd877]::sys::backtrace::__rust_end_short_backtrace::<std[617be2ca0a6fd877]::panicking::panic_handler::{closure#0}, !>
[INFO] [stdout]    8:     0x5fc6cf6ed9dd - __rustc[ea4f61d10b84890b]::rust_begin_unwind
[INFO] [stdout]    9:     0x5fc6cf6a03cc - core[a373ad73a504971]::panicking::panic_fmt
[INFO] [stdout]   10:     0x5fc6cf6a01a2 - core[a373ad73a504971]::result::unwrap_failed
[INFO] [stdout]   11:     0x5fc6cf6b080c - integration[69aa0dfdb4533991]::run_bench
[INFO] [stdout]   12:     0x5fc6cf6c7bb1 - <integration[69aa0dfdb4533991]::snakemake_strict_mode_does_not_affect_trace_columns::{closure#0} as core[a373ad73a504971]::ops::function::FnOnce<()>>::call_once
[INFO] [stdout]   13:     0x5fc6cf71959b - test[aada8e7e76ba119b]::__rust_begin_short_backtrace::<core[a373ad73a504971]::result::Result<(), alloc[2e1b2a31b91974c5]::string::String>, fn() -> core[a373ad73a504971]::result::Result<(), alloc[2e1b2a31b91974c5]::string::String>>
[INFO] [stdout]   14:     0x5fc6cf727444 - test[aada8e7e76ba119b]::run_test::{closure#0}
[INFO] [stdout]   15:     0x5fc6cf720b74 - std[617be2ca0a6fd877]::sys::backtrace::__rust_begin_short_backtrace::<test[aada8e7e76ba119b]::run_test::{closure#1}, ()>
[INFO] [stdout]   16:     0x5fc6cf72b202 - <std[617be2ca0a6fd877]::thread::lifecycle::spawn_unchecked<test[aada8e7e76ba119b]::run_test::{closure#1}, ()>::{closure#1} as core[a373ad73a504971]::ops::function::FnOnce<()>>::call_once::{shim:vtable#0}
[INFO] [stdout]   17:     0x5fc6cf710424 - <std[617be2ca0a6fd877]::sys::thread::unix::Thread>::new::thread_start
[INFO] [stdout]   18:     0x72352129edfa - <unknown>
[INFO] [stdout]   19:     0x7235213323d4 - clone
[INFO] [stdout]   20:                0x0 - <unknown>
[INFO] [stdout] 
[INFO] [stdout] ---- instant_exit_yields_na_row stdout ----
[INFO] [stdout] 
[INFO] [stdout] thread 'instant_exit_yields_na_row' (1718) panicked at tests/integration.rs:38:18:
[INFO] [stdout] spawn tricorder: Os { code: 2, kind: NotFound, message: "No such file or directory" }
[INFO] [stdout] stack backtrace:
[INFO] [stdout]    0:     0x5fc6cf7112c6 - <<std[617be2ca0a6fd877]::sys::backtrace::BacktraceLock>::print::DisplayBacktrace as core[a373ad73a504971]::fmt::Display>::fmt
[INFO] [stdout]    1:     0x5fc6cf69fcda - core[a373ad73a504971]::fmt::write
[INFO] [stdout]    2:     0x5fc6cf716a3c - <alloc[2e1b2a31b91974c5]::vec::Vec<u8> as core[a373ad73a504971]::io::write::Write>::write_fmt
[INFO] [stdout]    3:     0x5fc6cf6ecd12 - std[617be2ca0a6fd877]::panicking::default_hook::{closure#0}
[INFO] [stdout]    4:     0x5fc6cf708f41 - std[617be2ca0a6fd877]::panicking::default_hook
[INFO] [stdout]    5:     0x5fc6cf709122 - std[617be2ca0a6fd877]::panicking::panic_with_hook
[INFO] [stdout]    6:     0x5fc6cf6ecdc2 - std[617be2ca0a6fd877]::panicking::panic_handler::{closure#0}
[INFO] [stdout]    7:     0x5fc6cf6e5999 - std[617be2ca0a6fd877]::sys::backtrace::__rust_end_short_backtrace::<std[617be2ca0a6fd877]::panicking::panic_handler::{closure#0}, !>
[INFO] [stdout]    8:     0x5fc6cf6ed9dd - __rustc[ea4f61d10b84890b]::rust_begin_unwind
[INFO] [stdout]    9:     0x5fc6cf6a03cc - core[a373ad73a504971]::panicking::panic_fmt
[INFO] [stdout]   10:     0x5fc6cf6a01a2 - core[a373ad73a504971]::result::unwrap_failed
[INFO] [stdout]   11:     0x5fc6cf6b080c - integration[69aa0dfdb4533991]::run_bench
[INFO] [stdout]   12:     0x5fc6cf6b485b - <integration[69aa0dfdb4533991]::instant_exit_yields_na_row::{closure#0} as core[a373ad73a504971]::ops::function::FnOnce<()>>::call_once
[INFO] [stdout]   13:     0x5fc6cf71959b - test[aada8e7e76ba119b]::__rust_begin_short_backtrace::<core[a373ad73a504971]::result::Result<(), alloc[2e1b2a31b91974c5]::string::String>, fn() -> core[a373ad73a504971]::result::Result<(), alloc[2e1b2a31b91974c5]::string::String>>
[INFO] [stdout]   14:     0x5fc6cf727444 - test[aada8e7e76ba119b]::run_test::{closure#0}
[INFO] [stdout]   15:     0x5fc6cf720b74 - std[617be2ca0a6fd877]::sys::backtrace::__rust_begin_short_backtrace::<test[aada8e7e76ba119b]::run_test::{closure#1}, ()>
[INFO] [stdout]   16:     0x5fc6cf72b202 - <std[617be2ca0a6fd877]::thread::lifecycle::spawn_unchecked<test[aada8e7e76ba119b]::run_test::{closure#1}, ()>::{closure#1} as core[a373ad73a504971]::ops::function::FnOnce<()>>::call_once::{shim:vtable#0}
[INFO] [stdout]   17:     0x5fc6cf710424 - <std[617be2ca0a6fd877]::sys::thread::unix::Thread>::new::thread_start
[INFO] [stdout]   18:     0x72352129edfa - <unknown>
[INFO] [stdout]   19:     0x7235213323d4 - clone
[INFO] [stdout]   20:                0x0 - <unknown>
[INFO] [stdout] 
[INFO] [stdout] ---- context_switches_appear_in_aggregate_tsv stdout ----
[INFO] [stdout] 
[INFO] [stdout] thread 'context_switches_appear_in_aggregate_tsv' (1709) panicked at tests/integration.rs:38:18:
[INFO] [stdout] spawn tricorder: Os { code: 2, kind: NotFound, message: "No such file or directory" }
[INFO] [stdout] stack backtrace:
[INFO] [stdout]    0:     0x5fc6cf7112c6 - <<std[617be2ca0a6fd877]::sys::backtrace::BacktraceLock>::print::DisplayBacktrace as core[a373ad73a504971]::fmt::Display>::fmt
[INFO] [stdout]    1:     0x5fc6cf69fcda - core[a373ad73a504971]::fmt::write
[INFO] [stdout]    2:     0x5fc6cf716a3c - <alloc[2e1b2a31b91974c5]::vec::Vec<u8> as core[a373ad73a504971]::io::write::Write>::write_fmt
[INFO] [stdout]    3:     0x5fc6cf6ecd12 - std[617be2ca0a6fd877]::panicking::default_hook::{closure#0}
[INFO] [stdout]    4:     0x5fc6cf708f41 - std[617be2ca0a6fd877]::panicking::default_hook
[INFO] [stdout]    5:     0x5fc6cf709122 - std[617be2ca0a6fd877]::panicking::panic_with_hook
[INFO] [stdout]    6:     0x5fc6cf6ecdc2 - std[617be2ca0a6fd877]::panicking::panic_handler::{closure#0}
[INFO] [stdout]    7:     0x5fc6cf6e5999 - std[617be2ca0a6fd877]::sys::backtrace::__rust_end_short_backtrace::<std[617be2ca0a6fd877]::panicking::panic_handler::{closure#0}, !>
[INFO] [stdout]    8:     0x5fc6cf6ed9dd - __rustc[ea4f61d10b84890b]::rust_begin_unwind
[INFO] [stdout]    9:     0x5fc6cf6a03cc - core[a373ad73a504971]::panicking::panic_fmt
[INFO] [stdout]   10:     0x5fc6cf6a01a2 - core[a373ad73a504971]::result::unwrap_failed
[INFO] [stdout]   11:     0x5fc6cf6b080c - integration[69aa0dfdb4533991]::run_bench
[INFO] [stdout]   12:     0x5fc6cf6b9e1d - <integration[69aa0dfdb4533991]::context_switches_appear_in_aggregate_tsv::{closure#0} as core[a373ad73a504971]::ops::function::FnOnce<()>>::call_once
[INFO] [stdout]   13:     0x5fc6cf71959b - test[aada8e7e76ba119b]::__rust_begin_short_backtrace::<core[a373ad73a504971]::result::Result<(), alloc[2e1b2a31b91974c5]::string::String>, fn() -> core[a373ad73a504971]::result::Result<(), alloc[2e1b2a31b91974c5]::string::String>>
[INFO] [stdout]   14:     0x5fc6cf727444 - test[aada8e7e76ba119b]::run_test::{closure#0}
[INFO] [stdout]   15:     0x5fc6cf720b74 - std[617be2ca0a6fd877]::sys::backtrace::__rust_begin_short_backtrace::<test[aada8e7e76ba119b]::run_test::{closure#1}, ()>
[INFO] [stdout]   16:     0x5fc6cf72b202 - <std[617be2ca0a6fd877]::thread::lifecycle::spawn_unchecked<test[aada8e7e76ba119b]::run_test::{closure#1}, ()>::{closure#1} as core[a373ad73a504971]::ops::function::FnOnce<()>>::call_once::{shim:vtable#0}
[INFO] [stdout]   17:     0x5fc6cf710424 - <std[617be2ca0a6fd877]::sys::thread::unix::Thread>::new::thread_start
[INFO] [stdout]   18:     0x72352129edfa - <unknown>
[INFO] [stdout]   19:     0x7235213323d4 - clone
[INFO] [stdout]   20:                0x0 - <unknown>
[INFO] [stdout] 
[INFO] [stdout] 
[INFO] [stdout] failures:
[INFO] [stdout]     context_switches_appear_in_aggregate_tsv
[INFO] [stdout]     end_to_end_resource_usage_against_known_workload
[INFO] [stdout]     exit_code_is_passed_through
[INFO] [stdout]     export_markdown_and_trace_can_be_combined
[INFO] [stdout]     export_markdown_is_independent_of_primary_format
[INFO] [stdout]     export_markdown_parent_directory_is_created
[INFO] [stdout]     export_markdown_same_path_as_out_is_rejected
[INFO] [stdout]     export_markdown_same_path_as_trace_is_rejected
[INFO] [stdout]     export_markdown_writes_table_alongside_tsv
[INFO] [stdout]     instant_exit_yields_na_row
[INFO] [stdout]     json_output_emits_no_trailing_newline
[INFO] [stdout]     json_output_round_trips_to_object
[INFO] [stdout]     json_pretty_output_emits_trailing_newline
[INFO] [stdout]     json_pretty_output_round_trips_to_object
[INFO] [stdout]     loadavg_is_not_added_to_trace_columns
[INFO] [stdout]     loadavg_start_and_end_appear_in_aggregate_tsv
[INFO] [stdout]     nested_output_directory_is_created
[INFO] [stdout]     page_cache_is_not_added_to_trace_columns
[INFO] [stdout]     page_cache_start_and_end_appear_in_aggregate_tsv
[INFO] [stdout]     page_faults_appear_in_aggregate_tsv
[INFO] [stdout]     peak_thread_and_proc_counts_appear_in_aggregate_tsv
[INFO] [stdout]     snakemake_strict_mode_does_not_affect_trace_columns
[INFO] [stdout]     snakemake_strict_mode_strips_ctx_switch_columns
[INFO] [stdout]     snakemake_strict_mode_strips_loadavg_columns
[INFO] [stdout]     snakemake_strict_mode_strips_page_cache_columns
[INFO] [stdout]     snakemake_strict_mode_strips_page_fault_columns
[INFO] [stdout]     snakemake_strict_mode_strips_page_faults_from_json
[INFO] [stdout]     snakemake_strict_mode_strips_page_faults_from_markdown
[INFO] [stdout]     snakemake_strict_mode_strips_peak_n_columns
[INFO] [stdout]     snakemake_strict_mode_strips_swap_column
[INFO] [stdout]     swap_columns_appear_in_aggregate_and_trace
[INFO] [stdout]     trace_flag_writes_per_tick_tsv
[INFO] [stdout]     trace_includes_n_threads_per_tick
[INFO] [stdout]     trace_parent_directory_is_created
[INFO] [stdout]     trace_same_path_as_out_is_rejected
[INFO] [stdout]     tsv_output_for_short_lived_command_has_correct_shape
[INFO] [stdout] 
[INFO] [stdout] test result: FAILED. 0 passed; 36 failed; 0 ignored; 0 measured; 0 filtered out; finished in 0.03s
[INFO] [stdout] 
[INFO] running `Command { std: "docker" "inspect" "d15c375add499bc60e20fbbc5feeb80a00996cdb074016baece3fc6cab1a0cba", kill_on_drop: false }`
[INFO] running `Command { std: "docker" "rm" "-f" "d15c375add499bc60e20fbbc5feeb80a00996cdb074016baece3fc6cab1a0cba", kill_on_drop: false }`
[INFO] [stdout] d15c375add499bc60e20fbbc5feeb80a00996cdb074016baece3fc6cab1a0cba
