[INFO] fetching crate tl-mcp 0.3.5...
[INFO] testing tl-mcp-0.3.5 against 1.100.0-beta.1+cargoflags=--release for beta-release-1.100-2
[INFO] extracting crate tl-mcp 0.3.5 into /workspace/builds/worker-1-tc2/source
[INFO] started tweaking crates.io crate tl-mcp 0.3.5
[INFO] removed 0 missing tests
[INFO] finished tweaking crates.io crate tl-mcp 0.3.5
[INFO] tweaked toml for crates.io crate tl-mcp 0.3.5 written to /workspace/builds/worker-1-tc2/source/Cargo.toml
[INFO] validating manifest of crates.io crate tl-mcp 0.3.5 on toolchain 1.100.0-beta.1
[INFO] running `Command { std: CARGO_HOME="/workspace/cargo-home" RUSTUP_HOME="/workspace/rustup-home" "/workspace/cargo-home/bin/cargo" "+1.100.0-beta.1" "metadata" "--manifest-path" "Cargo.toml" "--no-deps", kill_on_drop: false }`
[INFO] crate crates.io crate tl-mcp 0.3.5 already has a lockfile, it will not be regenerated
[INFO] running `Command { std: CARGO_HOME="/workspace/cargo-home" RUSTUP_HOME="/workspace/rustup-home" "/workspace/cargo-home/bin/cargo" "+1.100.0-beta.1" "fetch" "--manifest-path" "Cargo.toml", kill_on_drop: false }`
[INFO] running `Command { std: "docker" "create" "-v" "/var/lib/crater-agent-workspace/builds/worker-1-tc2/source:/opt/rustwide/workdir:ro,Z" "-v" "/var/lib/crater-agent-workspace/builds/worker-1-tc2/target:/opt/rustwide/target:rw,Z" "-v" "/var/lib/crater-agent-workspace/cargo-home:/opt/rustwide/cargo-home:ro,Z" "-v" "/var/lib/crater-agent-workspace/rustup-home:/opt/rustwide/rustup-home:ro,Z" "-m" "1610612736" "--network" "none" "ghcr.io/rust-lang/crates-build-env/linux@sha256:77db811e55d90add9212f6832c23229e3de5f1c1f9905e8cb07319ea15df73ac" "sleep" "infinity", kill_on_drop: false }`
[INFO] [stdout] c8aa66c01f03683d284ec26e726baf3fa150fcab51862fd678b8d0e998cf07c6
[INFO] running `Command { std: "docker" "start" "c8aa66c01f03683d284ec26e726baf3fa150fcab51862fd678b8d0e998cf07c6", kill_on_drop: false }`
[INFO] running `Command { std: "docker" "inspect" "c8aa66c01f03683d284ec26e726baf3fa150fcab51862fd678b8d0e998cf07c6", kill_on_drop: false }`
[INFO] running `Command { std: "docker" "exec" "-e" "SOURCE_DIR=/opt/rustwide/workdir" "-e" "CARGO_HOME=/opt/rustwide/cargo-home" "-e" "RUSTUP_HOME=/opt/rustwide/rustup-home" "-e" "CARGO_TARGET_DIR=/opt/rustwide/target" "-w" "/opt/rustwide/workdir" "--user" "0:0" "c8aa66c01f03683d284ec26e726baf3fa150fcab51862fd678b8d0e998cf07c6" "/opt/rustwide/cargo-home/bin/cargo" "+1.100.0-beta.1" "metadata" "--no-deps" "--format-version=1", kill_on_drop: false }`
[INFO] running `Command { std: "docker" "inspect" "c8aa66c01f03683d284ec26e726baf3fa150fcab51862fd678b8d0e998cf07c6", kill_on_drop: false }`
[INFO] running `Command { std: "docker" "exec" "-e" "SOURCE_DIR=/opt/rustwide/workdir" "-e" "CARGO_HOME=/opt/rustwide/cargo-home" "-e" "RUSTUP_HOME=/opt/rustwide/rustup-home" "-e" "CARGO_TARGET_DIR=/opt/rustwide/target" "-e" "CARGO_INCREMENTAL=0" "-e" "RUST_BACKTRACE=full" "-e" "RUSTFLAGS=--cap-lints=warn" "-e" "RUSTDOCFLAGS=--cap-lints=warn" "-w" "/opt/rustwide/workdir" "--user" "0:0" "c8aa66c01f03683d284ec26e726baf3fa150fcab51862fd678b8d0e998cf07c6" "/opt/rustwide/cargo-home/bin/cargo" "+1.100.0-beta.1" "build" "--frozen" "--message-format=json" "--release", kill_on_drop: false }`
[INFO] [stderr]    Compiling libc v0.2.183
[INFO] [stderr]    Compiling itoa v1.0.17
[INFO] [stderr]    Compiling once_cell v1.21.3
[INFO] [stderr]    Compiling futures-channel v0.3.32
[INFO] [stderr]    Compiling tokio-macros v2.6.1
[INFO] [stderr]    Compiling zerovec-derive v0.11.2
[INFO] [stderr]    Compiling zerofrom-derive v0.1.6
[INFO] [stderr]    Compiling yoke-derive v0.8.1
[INFO] [stderr]    Compiling futures-io v0.3.32
[INFO] [stderr]    Compiling http v1.4.0
[INFO] [stderr]    Compiling futures-util v0.3.32
[INFO] [stderr]    Compiling serde_core v1.0.228
[INFO] [stderr]    Compiling tracing-core v0.1.36
[INFO] [stderr]    Compiling zeroize v1.8.2
[INFO] [stderr]    Compiling aws-lc-rs v1.16.1
[INFO] [stderr]    Compiling zerofrom v0.1.6
[INFO] [stderr]    Compiling yoke v0.8.1
[INFO] [stderr]    Compiling http-body v1.0.1
[INFO] [stderr]    Compiling tracing v0.1.44
[INFO] [stderr]    Compiling zerovec v0.11.5
[INFO] [stderr]    Compiling jobserver v0.1.34
[INFO] [stderr]    Compiling litemap v0.8.1
[INFO] [stderr]    Compiling cc v1.2.56
[INFO] [stderr]    Compiling writeable v0.6.2
[INFO] [stderr]    Compiling zerotrie v0.2.3
[INFO] [stderr]    Compiling rustls-pki-types v1.14.0
[INFO] [stderr]    Compiling tinystr v0.8.2
[INFO] [stderr]    Compiling icu_locale_core v2.1.1
[INFO] [stderr]    Compiling errno v0.3.14
[INFO] [stderr]    Compiling signal-hook-registry v1.4.8
[INFO] [stderr]    Compiling socket2 v0.6.3
[INFO] [stderr]    Compiling mio v1.1.1
[INFO] [stderr]    Compiling potential_utf v0.1.4
[INFO] [stderr]    Compiling cmake v0.1.57
[INFO] [stderr]    Compiling tokio v1.50.0
[INFO] [stderr]    Compiling serde v1.0.228
[INFO] [stderr]    Compiling icu_normalizer_data v2.1.1
[INFO] [stderr]    Compiling icu_properties_data v2.1.2
[INFO] [stderr]    Compiling icu_provider v2.1.1
[INFO] [stderr]    Compiling aws-lc-sys v0.38.0
[INFO] [stderr]    Compiling icu_collections v2.1.1
[INFO] [stderr]    Compiling rustls v0.23.37
[INFO] [stderr]    Compiling sync_wrapper v1.0.2
[INFO] [stderr]    Compiling serde_json v1.0.149
[INFO] [stderr]    Compiling num-traits v0.2.19
[INFO] [stderr]    Compiling icu_normalizer v2.1.1
[INFO] [stderr]    Compiling icu_properties v2.1.2
[INFO] [stderr]    Compiling http-body-util v0.1.3
[INFO] [stderr]    Compiling ipnet v2.12.0
[INFO] [stderr]    Compiling rand_core v0.10.0
[INFO] [stderr]    Compiling cfg_aliases v0.2.1
[INFO] [stderr]    Compiling getrandom v0.4.2
[INFO] [stderr]    Compiling bitflags v2.11.0
[INFO] [stderr]    Compiling darling_core v0.23.0
[INFO] [stderr]    Compiling nix v0.31.2
[INFO] [stderr]    Compiling idna_adapter v1.2.1
[INFO] [stderr]    Compiling rustls-native-certs v0.8.3
[INFO] [stderr]    Compiling idna v1.1.0
[INFO] [stderr]    Compiling futures-executor v0.3.32
[INFO] [stderr]    Compiling memchr v2.8.0
[INFO] [stderr]    Compiling hashbrown v0.16.1
[INFO] [stderr]    Compiling iri-string v0.7.10
[INFO] [stderr]    Compiling chrono v0.4.39
[INFO] [stderr]    Compiling indexmap v2.13.0
[INFO] [stderr]    Compiling darling_macro v0.23.0
[INFO] [stderr]    Compiling darling v0.23.0
[INFO] [stderr]    Compiling chacha20 v0.10.0
[INFO] [stderr]    Compiling futures v0.3.32
[INFO] [stderr]    Compiling url v2.5.8
[INFO] [stderr]    Compiling rmcp v1.1.1
[INFO] [stderr]    Compiling ariadne v0.4.1
[INFO] [stderr]    Compiling hyper v1.8.1
[INFO] [stderr]    Compiling tower v0.5.3
[INFO] [stderr]    Compiling tokio-util v0.7.18
[INFO] [stderr]    Compiling tower-http v0.6.8
[INFO] [stderr]    Compiling process-wrap v9.1.0
[INFO] [stderr]    Compiling hyper-util v0.1.20
[INFO] [stderr]    Compiling rmcp-macros v1.1.1
[INFO] [stderr]    Compiling schemars v1.2.1
[INFO] [stderr]    Compiling tokio-stream v0.1.18
[INFO] [stderr]    Compiling serde_urlencoded v0.7.1
[INFO] [stderr]    Compiling axum-core v0.5.6
[INFO] [stderr]    Compiling rand v0.10.0
[INFO] [stderr]    Compiling uuid v1.22.0
[INFO] [stderr]    Compiling sse-stream v0.2.1
[INFO] [stderr]    Compiling serde_path_to_error v0.1.20
[INFO] [stderr]    Compiling pastey v0.2.1
[INFO] [stderr]    Compiling tl-errors v0.3.5
[INFO] [stderr]    Compiling axum v0.8.8
[INFO] [stderr]    Compiling rustls-webpki v0.103.9
[INFO] [stderr]    Compiling tokio-rustls v0.26.4
[INFO] [stderr]    Compiling rustls-platform-verifier v0.6.2
[INFO] [stderr]    Compiling hyper-rustls v0.27.7
[INFO] [stderr]    Compiling reqwest v0.13.2
[INFO] [stderr]    Compiling tl-mcp v0.3.5 (/opt/rustwide/workdir)
[INFO] [stderr]     Finished `release` profile [optimized] target(s) in 6m 13s
[INFO] [stderr] warning: the following packages contain code that will be rejected by a future version of Rust: nix v0.31.2
[INFO] [stderr] note: to see what the problems were, use the option `--future-incompat-report`, or run `cargo report future-incompatibilities --id 1`
[INFO] running `Command { std: "docker" "inspect" "c8aa66c01f03683d284ec26e726baf3fa150fcab51862fd678b8d0e998cf07c6", kill_on_drop: false }`
[INFO] running `Command { std: "docker" "exec" "-e" "SOURCE_DIR=/opt/rustwide/workdir" "-e" "CARGO_HOME=/opt/rustwide/cargo-home" "-e" "RUSTUP_HOME=/opt/rustwide/rustup-home" "-e" "CARGO_TARGET_DIR=/opt/rustwide/target" "-e" "CARGO_INCREMENTAL=0" "-e" "RUST_BACKTRACE=full" "-e" "RUSTFLAGS=--cap-lints=warn" "-e" "RUSTDOCFLAGS=--cap-lints=warn" "-w" "/opt/rustwide/workdir" "--user" "0:0" "c8aa66c01f03683d284ec26e726baf3fa150fcab51862fd678b8d0e998cf07c6" "/opt/rustwide/cargo-home/bin/cargo" "+1.100.0-beta.1" "test" "--frozen" "--no-run" "--message-format=json" "--release", kill_on_drop: false }`
[INFO] [stderr]    Compiling tl-mcp v0.3.5 (/opt/rustwide/workdir)
[INFO] [stderr]     Finished `release` profile [optimized] target(s) in 37.71s
[INFO] [stderr] warning: the following packages contain code that will be rejected by a future version of Rust: nix v0.31.2
[INFO] [stderr] note: to see what the problems were, use the option `--future-incompat-report`, or run `cargo report future-incompatibilities --id 1`
[INFO] running `Command { std: "docker" "inspect" "c8aa66c01f03683d284ec26e726baf3fa150fcab51862fd678b8d0e998cf07c6", kill_on_drop: false }`
[INFO] running `Command { std: "docker" "exec" "-e" "SOURCE_DIR=/opt/rustwide/workdir" "-e" "CARGO_HOME=/opt/rustwide/cargo-home" "-e" "RUSTUP_HOME=/opt/rustwide/rustup-home" "-e" "CARGO_TARGET_DIR=/opt/rustwide/target" "-e" "CARGO_INCREMENTAL=0" "-e" "RUST_BACKTRACE=full" "-e" "RUSTFLAGS=--cap-lints=warn" "-e" "RUSTDOCFLAGS=--cap-lints=warn" "-w" "/opt/rustwide/workdir" "--user" "0:0" "c8aa66c01f03683d284ec26e726baf3fa150fcab51862fd678b8d0e998cf07c6" "/opt/rustwide/cargo-home/bin/cargo" "+1.100.0-beta.1" "test" "--frozen" "--release", kill_on_drop: false }`
[INFO] [stderr]     Finished `release` profile [optimized] target(s) in 0.24s
[INFO] [stderr] warning: the following packages contain code that will be rejected by a future version of Rust: nix v0.31.2
[INFO] [stderr] note: to see what the problems were, use the option `--future-incompat-report`, or run `cargo report future-incompatibilities --id 1`
[INFO] [stderr]      Running unittests src/lib.rs (/opt/rustwide/target/release/build/tl-mcp/211278e009ee917d/out/tl_mcp-211278e009ee917d)
[INFO] [stdout] 
[INFO] [stdout] running 57 tests
[INFO] [stdout] test client::tests::test_client_handler_info_no_sampling ... ok
[INFO] [stdout] test client::tests::test_client_handler_info_with_sampling ... ok
[INFO] [stdout] test client::tests::test_mcp_error_display ... ok
[INFO] [stdout] test client::tests::test_no_sampling_callback ... ok
[INFO] [stdout] test client::tests::test_sampling_callback_construction ... ok
[INFO] [stdout] test client::tests::test_security_policy_denies_command ... ok
[INFO] [stdout] test convert::tests::test_decimal_as_string ... ok
[INFO] [stdout] test convert::tests::test_bool_roundtrip ... ok
[INFO] [stdout] test convert::tests::test_deeply_nested_list_of_maps ... ok
[INFO] [stdout] test convert::tests::test_datetime_invalid_millis ... ok
[INFO] [stdout] test convert::tests::test_infinity_to_null ... ok
[INFO] [stdout] test convert::tests::test_empty_array ... ok
[INFO] [stdout] test convert::tests::test_empty_map ... ok
[INFO] [stdout] test convert::tests::test_float_roundtrip ... ok
[INFO] [stdout] test client::tests::test_no_security_policy_allows_anything ... ok
[INFO] [stdout] test convert::tests::test_int_roundtrip ... ok
[INFO] [stdout] test convert::tests::test_json_to_tl_preserves_map_key_order ... ok
[INFO] [stdout] test convert::tests::test_large_number ... ok
[INFO] [stdout] test convert::tests::test_map_with_special_keys ... ok
[INFO] [stdout] test convert::tests::test_mixed_array ... ok
[INFO] [stdout] test convert::tests::test_nan_to_null ... ok
[INFO] [stdout] test convert::tests::test_negative_datetime ... ok
[INFO] [stdout] test convert::tests::test_nested_map ... ok
[INFO] [stdout] test convert::tests::test_null_roundtrip ... ok
[INFO] [stdout] test convert::tests::test_secret_redacted ... ok
[INFO] [stdout] test convert::tests::test_string_roundtrip ... ok
[INFO] [stdout] test server::tests::test_channel_tool_unknown_tool ... ok
[INFO] [stdout] test server::tests::test_empty_server ... ok
[INFO] [stdout] test server::tests::test_channel_tool_dispatch ... ok
[INFO] [stdout] test server::tests::test_channel_tool_dispatch_error ... ok
[INFO] [stdout] test server::tests::test_list_prompts_via_trait ... ok
[INFO] [stdout] test server::tests::test_list_resources ... ok
[INFO] [stdout] test server::tests::test_channel_tools_mixed_with_closure_tools ... ok
[INFO] [stdout] test server::tests::test_read_resource_found ... ok
[INFO] [stdout] test server::tests::test_read_resource_not_found ... ok
[INFO] [stdout] test client::tests::test_security_policy_allows_command ... ok
[INFO] [stdout] test server::tests::test_serve_stdio_background_type ... ok
[INFO] [stdout] test server::tests::test_server_all_capabilities ... ok
[INFO] [stdout] test server::tests::test_list_resources_via_trait ... ok
[INFO] [stdout] test server::tests::test_prompt_handler_error ... ok
[INFO] [stdout] test server::tests::test_prompt_handler_invocation ... ok
[INFO] [stdout] test server::tests::test_prompt_not_found ... ok
[INFO] [stdout] test server::tests::test_server_no_prompts_capability_disabled ... ok
[INFO] [stdout] test server::tests::test_server_tool_dispatch_add ... ok
[INFO] [stdout] test server::tests::test_server_list_tools_via_trait ... ok
[INFO] [stdout] test server::tests::test_server_builder ... ok
[INFO] [stdout] test server::tests::test_server_capabilities ... ok
[INFO] [stdout] test server::tests::test_server_no_resources_capability_disabled ... ok
[INFO] [stdout] test server::tests::test_server_tool_dispatch_handler_error ... ok
[INFO] [stdout] test server::tests::test_server_tool_dispatch_no_arguments ... ok
[INFO] [stdout] test server::tests::test_server_tool_dispatch_success ... ok
[INFO] [stdout] test server::tests::test_server_tool_dispatch_unknown_tool ... ok
[INFO] [stdout] test server::tests::test_server_with_resources ... ok
[INFO] [stdout] test server::tests::test_tool_schema_conversion ... ok
[INFO] [stdout] test server::tests::test_server_with_prompts ... ok
[INFO] [stdout] test client::tests::test_permissive_policy_allows_anything ... ok
[INFO] [stdout] test convert::tests::test_datetime_iso8601 ... ok
[INFO] [stdout] 
[INFO] [stdout] test result: ok. 57 passed; 0 failed; 0 ignored; 0 measured; 0 filtered out; finished in 0.03s
[INFO] [stdout] 
[INFO] [stderr]      Running unittests tests/test_server.rs (/opt/rustwide/target/release/build/tl-mcp/de4183208bfd344f/out/tl_test_mcp_server-de4183208bfd344f)
[INFO] [stdout] 
[INFO] [stdout] running 0 tests
[INFO] [stdout] 
[INFO] [stderr]      Running tests/integration.rs (/opt/rustwide/target/release/build/tl-mcp/5c99c95a499cadef/out/integration-5c99c95a499cadef)
[INFO] [stdout] test result: ok. 0 passed; 0 failed; 0 ignored; 0 measured; 0 filtered out; finished in 0.00s
[INFO] [stdout] 
[INFO] [stdout] 
[INFO] [stdout] running 29 tests
[INFO] [stdout] test test_call_nonexistent_tool ... FAILED
[INFO] [stdout] test test_call_tool_echo ... FAILED
[INFO] [stdout] test test_call_tool_add_edge_numbers ... FAILED
[INFO] [stdout] test test_call_tool_empty_object ... FAILED
[INFO] [stdout] test test_call_on_disconnected_client ... FAILED
[INFO] [stdout] test test_call_tool_null_arguments ... FAILED
[INFO] [stdout] test test_call_tool_add ... FAILED
[INFO] [stdout] test test_call_tool_invalid_arguments ... FAILED
[INFO] [stdout] test test_call_tool_unicode_arguments ... FAILED
[INFO] [stdout] test test_client_server_handshake ... FAILED
[INFO] [stdout] test test_list_and_read_resources ... FAILED
[INFO] [stdout] test test_disconnect_cleanup ... FAILED
[INFO] [stdout] test test_connect_with_runtime ... FAILED
[INFO] [stdout] test test_mcp_error_variants ... ok
[INFO] [stdout] test test_double_disconnect ... FAILED
[INFO] [stdout] test test_list_and_get_prompts ... FAILED
[INFO] [stdout] test test_sampling_callback_error ... ok
[INFO] [stdout] test test_multiple_calls_same_connection ... FAILED
[INFO] [stdout] test test_get_nonexistent_prompt ... FAILED
[INFO] [stdout] test test_multiple_operations_after_disconnect ... FAILED
[INFO] [stdout] test test_list_tools ... FAILED
[INFO] [stdout] test test_sampling_callback_unit ... ok
[INFO] [stdout] test test_read_nonexistent_resource ... FAILED
[INFO] [stdout] test test_security_policy_blocks ... ok
[INFO] [stdout] test test_ping ... FAILED
[INFO] [stdout] test test_security_policy_edge_cases ... ok
[INFO] [stdout] test test_server_builder_no_capabilities ... ok
[INFO] [stdout] test test_server_builder_all_capabilities ... ok
[INFO] [stdout] test test_http_client_server_roundtrip ... ok
[INFO] [stdout] 
[INFO] [stdout] failures:
[INFO] [stdout] 
[INFO] [stdout] ---- test_call_nonexistent_tool stdout ----
[INFO] [stdout] 
[INFO] [stdout] thread 'test_call_nonexistent_tool' (3177) panicked at tests/integration.rs:27:42:
[INFO] [stdout] Failed to connect to test server: ConnectionFailed("Failed to spawn '/opt/rustwide/target/release/build/tl-mcp/5c99c95a499cadef/tl-test-mcp-server': No such file or directory (os error 2)")
[INFO] [stdout] stack backtrace:
[INFO] [stdout]    0:     0x5c422e2fb3d1 - <<std[617be2ca0a6fd877]::sys::backtrace::BacktraceLock>::print::DisplayBacktrace as core[a373ad73a504971]::fmt::Display>::fmt
[INFO] [stdout]    1:     0x5c422e3140aa - core[a373ad73a504971]::fmt::write
[INFO] [stdout]    2:     0x5c422e3006ec - <alloc[2e1b2a31b91974c5]::vec::Vec<u8> as core[a373ad73a504971]::io::write::Write>::write_fmt
[INFO] [stdout]    3:     0x5c422e2d5386 - std[617be2ca0a6fd877]::panicking::default_hook::{closure#0}
[INFO] [stdout]    4:     0x5c422e2f2839 - std[617be2ca0a6fd877]::panicking::default_hook
[INFO] [stdout]    5:     0x5c422dbc4210 - test[aada8e7e76ba119b]::test_main_inner::{closure#0}
[INFO] [stdout]    6:     0x5c422e2f2b62 - std[617be2ca0a6fd877]::panicking::panic_with_hook
[INFO] [stdout]    7:     0x5c422e2d5432 - std[617be2ca0a6fd877]::panicking::panic_handler::{closure#0}
[INFO] [stdout]    8:     0x5c422e2cdfc9 - std[617be2ca0a6fd877]::sys::backtrace::__rust_end_short_backtrace::<std[617be2ca0a6fd877]::panicking::panic_handler::{closure#0}, !>
[INFO] [stdout]    9:     0x5c422e2d622d - __rustc[ea4f61d10b84890b]::rust_begin_unwind
[INFO] [stdout]   10:     0x5c422e31480c - core[a373ad73a504971]::panicking::panic_fmt
[INFO] [stdout]   11:     0x5c422e3145e2 - core[a373ad73a504971]::result::unwrap_failed
[INFO] [stdout]   12:     0x5c422dba50b0 - integration[d59e13c1198b91ee]::connect_test_server
[INFO] [stdout]   13:     0x5c422dba861f - <integration[d59e13c1198b91ee]::test_call_nonexistent_tool::{closure#0} as core[a373ad73a504971]::ops::function::FnOnce<()>>::call_once
[INFO] [stdout]   14:     0x5c422dbb765b - test[aada8e7e76ba119b]::__rust_begin_short_backtrace::<core[a373ad73a504971]::result::Result<(), alloc[2e1b2a31b91974c5]::string::String>, fn() -> core[a373ad73a504971]::result::Result<(), alloc[2e1b2a31b91974c5]::string::String>>
[INFO] [stdout]   15:     0x5c422dbc4835 - test[aada8e7e76ba119b]::run_test::{closure#0}
[INFO] [stdout]   16:     0x5c422dbbe124 - std[617be2ca0a6fd877]::sys::backtrace::__rust_begin_short_backtrace::<test[aada8e7e76ba119b]::run_test::{closure#1}, ()>
[INFO] [stdout]   17:     0x5c422dbc78c2 - <std[617be2ca0a6fd877]::thread::lifecycle::spawn_unchecked<test[aada8e7e76ba119b]::run_test::{closure#1}, ()>::{closure#1} as core[a373ad73a504971]::ops::function::FnOnce<()>>::call_once::{shim:vtable#0}
[INFO] [stdout]   18:     0x5c422e2fa62f - <std[617be2ca0a6fd877]::sys::thread::unix::Thread>::new::thread_start
[INFO] [stdout]   19:     0x703330c70dfa - <unknown>
[INFO] [stdout]   20:     0x703330d043d4 - clone
[INFO] [stdout]   21:                0x0 - <unknown>
[INFO] [stdout] 
[INFO] [stdout] ---- test_call_tool_echo stdout ----
[INFO] [stdout] 
[INFO] [stdout] thread 'test_call_tool_echo' (3181) panicked at tests/integration.rs:27:42:
[INFO] [stdout] Failed to connect to test server: ConnectionFailed("Failed to spawn '/opt/rustwide/target/release/build/tl-mcp/5c99c95a499cadef/tl-test-mcp-server': No such file or directory (os error 2)")
[INFO] [stdout] stack backtrace:
[INFO] [stdout]    0:     0x5c422e2fb3d1 - <<std[617be2ca0a6fd877]::sys::backtrace::BacktraceLock>::print::DisplayBacktrace as core[a373ad73a504971]::fmt::Display>::fmt
[INFO] [stdout]    1:     0x5c422e3140aa - core[a373ad73a504971]::fmt::write
[INFO] [stdout]    2:     0x5c422e3006ec - <alloc[2e1b2a31b91974c5]::vec::Vec<u8> as core[a373ad73a504971]::io::write::Write>::write_fmt
[INFO] [stdout]    3:     0x5c422e2d5386 - std[617be2ca0a6fd877]::panicking::default_hook::{closure#0}
[INFO] [stdout]    4:     0x5c422e2f2839 - std[617be2ca0a6fd877]::panicking::default_hook
[INFO] [stdout]    5:     0x5c422dbc4210 - test[aada8e7e76ba119b]::test_main_inner::{closure#0}
[INFO] [stdout]    6:     0x5c422e2f2b62 - std[617be2ca0a6fd877]::panicking::panic_with_hook
[INFO] [stdout]    7:     0x5c422e2d5432 - std[617be2ca0a6fd877]::panicking::panic_handler::{closure#0}
[INFO] [stdout]    8:     0x5c422e2cdfc9 - std[617be2ca0a6fd877]::sys::backtrace::__rust_end_short_backtrace::<std[617be2ca0a6fd877]::panicking::panic_handler::{closure#0}, !>
[INFO] [stdout]    9:     0x5c422e2d622d - __rustc[ea4f61d10b84890b]::rust_begin_unwind
[INFO] [stdout]   10:     0x5c422e31480c - core[a373ad73a504971]::panicking::panic_fmt
[INFO] [stdout]   11:     0x5c422e3145e2 - core[a373ad73a504971]::result::unwrap_failed
[INFO] [stdout]   12:     0x5c422dba50b0 - integration[d59e13c1198b91ee]::connect_test_server
[INFO] [stdout]   13:     0x5c422dba6a3c - <integration[d59e13c1198b91ee]::test_call_tool_echo::{closure#0} as core[a373ad73a504971]::ops::function::FnOnce<()>>::call_once
[INFO] [stdout]   14:     0x5c422dbb765b - test[aada8e7e76ba119b]::__rust_begin_short_backtrace::<core[a373ad73a504971]::result::Result<(), alloc[2e1b2a31b91974c5]::string::String>, fn() -> core[a373ad73a504971]::result::Result<(), alloc[2e1b2a31b91974c5]::string::String>>
[INFO] [stdout]   15:     0x5c422dbc4835 - test[aada8e7e76ba119b]::run_test::{closure#0}
[INFO] [stdout]   16:     0x5c422dbbe124 - std[617be2ca0a6fd877]::sys::backtrace::__rust_begin_short_backtrace::<test[aada8e7e76ba119b]::run_test::{closure#1}, ()>
[INFO] [stdout]   17:     0x5c422dbc78c2 - <std[617be2ca0a6fd877]::thread::lifecycle::spawn_unchecked<test[aada8e7e76ba119b]::run_test::{closure#1}, ()>::{closure#1} as core[a373ad73a504971]::ops::function::FnOnce<()>>::call_once::{shim:vtable#0}
[INFO] [stdout]   18:     0x5c422e2fa62f - <std[617be2ca0a6fd877]::sys::thread::unix::Thread>::new::thread_start
[INFO] [stdout]   19:     0x703330c70dfa - <unknown>
[INFO] [stdout]   20:     0x703330d043d4 - clone
[INFO] [stdout]   21:                0x0 - <unknown>
[INFO] [stdout] 
[INFO] [stdout] ---- test_call_tool_add_edge_numbers stdout ----
[INFO] [stdout] 
[INFO] [stdout] thread 'test_call_tool_add_edge_numbers' (3180) panicked at tests/integration.rs:27:42:
[INFO] [stdout] Failed to connect to test server: ConnectionFailed("Failed to spawn '/opt/rustwide/target/release/build/tl-mcp/5c99c95a499cadef/tl-test-mcp-server': No such file or directory (os error 2)")
[INFO] [stdout] stack backtrace:
[INFO] [stdout]    0:     0x5c422e2fb3d1 - <<std[617be2ca0a6fd877]::sys::backtrace::BacktraceLock>::print::DisplayBacktrace as core[a373ad73a504971]::fmt::Display>::fmt
[INFO] [stdout]    1:     0x5c422e3140aa - core[a373ad73a504971]::fmt::write
[INFO] [stdout]    2:     0x5c422e3006ec - <alloc[2e1b2a31b91974c5]::vec::Vec<u8> as core[a373ad73a504971]::io::write::Write>::write_fmt
[INFO] [stdout]    3:     0x5c422e2d5386 - std[617be2ca0a6fd877]::panicking::default_hook::{closure#0}
[INFO] [stdout]    4:     0x5c422e2f2839 - std[617be2ca0a6fd877]::panicking::default_hook
[INFO] [stdout]    5:     0x5c422dbc4210 - test[aada8e7e76ba119b]::test_main_inner::{closure#0}
[INFO] [stdout]    6:     0x5c422e2f2b62 - std[617be2ca0a6fd877]::panicking::panic_with_hook
[INFO] [stdout]    7:     0x5c422e2d5432 - std[617be2ca0a6fd877]::panicking::panic_handler::{closure#0}
[INFO] [stdout]    8:     0x5c422e2cdfc9 - std[617be2ca0a6fd877]::sys::backtrace::__rust_end_short_backtrace::<std[617be2ca0a6fd877]::panicking::panic_handler::{closure#0}, !>
[INFO] [stdout]    9:     0x5c422e2d622d - __rustc[ea4f61d10b84890b]::rust_begin_unwind
[INFO] [stdout]   10:     0x5c422e31480c - core[a373ad73a504971]::panicking::panic_fmt
[INFO] [stdout]   11:     0x5c422e3145e2 - core[a373ad73a504971]::result::unwrap_failed
[INFO] [stdout]   12:     0x5c422dba50b0 - integration[d59e13c1198b91ee]::connect_test_server
[INFO] [stdout]   13:     0x5c422dba9cda - <integration[d59e13c1198b91ee]::test_call_tool_add_edge_numbers::{closure#0} as core[a373ad73a504971]::ops::function::FnOnce<()>>::call_once
[INFO] [stdout]   14:     0x5c422dbb765b - test[aada8e7e76ba119b]::__rust_begin_short_backtrace::<core[a373ad73a504971]::result::Result<(), alloc[2e1b2a31b91974c5]::string::String>, fn() -> core[a373ad73a504971]::result::Result<(), alloc[2e1b2a31b91974c5]::string::String>>
[INFO] [stdout]   15:     0x5c422dbc4835 - test[aada8e7e76ba119b]::run_test::{closure#0}
[INFO] [stdout]   16:     0x5c422dbbe124 - std[617be2ca0a6fd877]::sys::backtrace::__rust_begin_short_backtrace::<test[aada8e7e76ba119b]::run_test::{closure#1}, ()>
[INFO] [stdout]   17:     0x5c422dbc78c2 - <std[617be2ca0a6fd877]::thread::lifecycle::spawn_unchecked<test[aada8e7e76ba119b]::run_test::{closure#1}, ()>::{closure#1} as core[a373ad73a504971]::ops::function::FnOnce<()>>::call_once::{shim:vtable#0}
[INFO] [stdout]   18:     0x5c422e2fa62f - <std[617be2ca0a6fd877]::sys::thread::unix::Thread>::new::thread_start
[INFO] [stdout]   19:     0x703330c70dfa - <unknown>
[INFO] [stdout]   20:     0x703330d043d4 - clone
[INFO] [stdout]   21:                0x0 - <unknown>
[INFO] [stdout] 
[INFO] [stdout] ---- test_call_tool_empty_object stdout ----
[INFO] [stdout] 
[INFO] [stdout] thread 'test_call_tool_empty_object' (3182) panicked at tests/integration.rs:27:42:
[INFO] [stdout] Failed to connect to test server: ConnectionFailed("Failed to spawn '/opt/rustwide/target/release/build/tl-mcp/5c99c95a499cadef/tl-test-mcp-server': No such file or directory (os error 2)")
[INFO] [stdout] stack backtrace:
[INFO] [stdout]    0:     0x5c422e2fb3d1 - <<std[617be2ca0a6fd877]::sys::backtrace::BacktraceLock>::print::DisplayBacktrace as core[a373ad73a504971]::fmt::Display>::fmt
[INFO] [stdout]    1:     0x5c422e3140aa - core[a373ad73a504971]::fmt::write
[INFO] [stdout]    2:     0x5c422e3006ec - <alloc[2e1b2a31b91974c5]::vec::Vec<u8> as core[a373ad73a504971]::io::write::Write>::write_fmt
[INFO] [stdout]    3:     0x5c422e2d5386 - std[617be2ca0a6fd877]::panicking::default_hook::{closure#0}
[INFO] [stdout]    4:     0x5c422e2f2839 - std[617be2ca0a6fd877]::panicking::default_hook
[INFO] [stdout]    5:     0x5c422dbc4210 - test[aada8e7e76ba119b]::test_main_inner::{closure#0}
[INFO] [stdout]    6:     0x5c422e2f2b62 - std[617be2ca0a6fd877]::panicking::panic_with_hook
[INFO] [stdout]    7:     0x5c422e2d5432 - std[617be2ca0a6fd877]::panicking::panic_handler::{closure#0}
[INFO] [stdout]    8:     0x5c422e2cdfc9 - std[617be2ca0a6fd877]::sys::backtrace::__rust_end_short_backtrace::<std[617be2ca0a6fd877]::panicking::panic_handler::{closure#0}, !>
[INFO] [stdout]    9:     0x5c422e2d622d - __rustc[ea4f61d10b84890b]::rust_begin_unwind
[INFO] [stdout]   10:     0x5c422e31480c - core[a373ad73a504971]::panicking::panic_fmt
[INFO] [stdout]   11:     0x5c422e3145e2 - core[a373ad73a504971]::result::unwrap_failed
[INFO] [stdout]   12:     0x5c422dba50b0 - integration[d59e13c1198b91ee]::connect_test_server
[INFO] [stdout]   13:     0x5c422dba886d - <integration[d59e13c1198b91ee]::test_call_tool_empty_object::{closure#0} as core[a373ad73a504971]::ops::function::FnOnce<()>>::call_once
[INFO] [stdout]   14:     0x5c422dbb765b - test[aada8e7e76ba119b]::__rust_begin_short_backtrace::<core[a373ad73a504971]::result::Result<(), alloc[2e1b2a31b91974c5]::string::String>, fn() -> core[a373ad73a504971]::result::Result<(), alloc[2e1b2a31b91974c5]::string::String>>
[INFO] [stdout]   15:     0x5c422dbc4835 - test[aada8e7e76ba119b]::run_test::{closure#0}
[INFO] [stdout]   16:     0x5c422dbbe124 - std[617be2ca0a6fd877]::sys::backtrace::__rust_begin_short_backtrace::<test[aada8e7e76ba119b]::run_test::{closure#1}, ()>
[INFO] [stdout]   17:     0x5c422dbc78c2 - <std[617be2ca0a6fd877]::thread::lifecycle::spawn_unchecked<test[aada8e7e76ba119b]::run_test::{closure#1}, ()>::{closure#1} as core[a373ad73a504971]::ops::function::FnOnce<()>>::call_once::{shim:vtable#0}
[INFO] [stdout]   18:     0x5c422e2fa62f - <std[617be2ca0a6fd877]::sys::thread::unix::Thread>::new::thread_start
[INFO] [stdout]   19:     0x703330c70dfa - <unknown>
[INFO] [stdout]   20:     0x703330d043d4 - clone
[INFO] [stdout]   21:                0x0 - <unknown>
[INFO] [stdout] 
[INFO] [stdout] ---- test_call_on_disconnected_client stdout ----
[INFO] [stdout] 
[INFO] [stdout] thread 'test_call_on_disconnected_client' (3178) panicked at tests/integration.rs:27:42:
[INFO] [stdout] Failed to connect to test server: ConnectionFailed("Failed to spawn '/opt/rustwide/target/release/build/tl-mcp/5c99c95a499cadef/tl-test-mcp-server': No such file or directory (os error 2)")
[INFO] [stdout] stack backtrace:
[INFO] [stdout]    0:     0x5c422e2fb3d1 - <<std[617be2ca0a6fd877]::sys::backtrace::BacktraceLock>::print::DisplayBacktrace as core[a373ad73a504971]::fmt::Display>::fmt
[INFO] [stdout]    1:     0x5c422e3140aa - core[a373ad73a504971]::fmt::write
[INFO] [stdout]    2:     0x5c422e3006ec - <alloc[2e1b2a31b91974c5]::vec::Vec<u8> as core[a373ad73a504971]::io::write::Write>::write_fmt
[INFO] [stdout]    3:     0x5c422e2d5386 - std[617be2ca0a6fd877]::panicking::default_hook::{closure#0}
[INFO] [stdout]    4:     0x5c422e2f2839 - std[617be2ca0a6fd877]::panicking::default_hook
[INFO] [stdout]    5:     0x5c422dbc4210 - test[aada8e7e76ba119b]::test_main_inner::{closure#0}
[INFO] [stdout]    6:     0x5c422e2f2b62 - std[617be2ca0a6fd877]::panicking::panic_with_hook
[INFO] [stdout]    7:     0x5c422e2d5432 - std[617be2ca0a6fd877]::panicking::panic_handler::{closure#0}
[INFO] [stdout]    8:     0x5c422e2cdfc9 - std[617be2ca0a6fd877]::sys::backtrace::__rust_end_short_backtrace::<std[617be2ca0a6fd877]::panicking::panic_handler::{closure#0}, !>
[INFO] [stdout]    9:     0x5c422e2d622d - __rustc[ea4f61d10b84890b]::rust_begin_unwind
[INFO] [stdout]   10:     0x5c422e31480c - core[a373ad73a504971]::panicking::panic_fmt
[INFO] [stdout]   11:     0x5c422e3145e2 - core[a373ad73a504971]::result::unwrap_failed
[INFO] [stdout]   12:     0x5c422dba50b0 - integration[d59e13c1198b91ee]::connect_test_server
[INFO] [stdout]   13:     0x5c422dbaacdd - <integration[d59e13c1198b91ee]::test_call_on_disconnected_client::{closure#0} as core[a373ad73a504971]::ops::function::FnOnce<()>>::call_once
[INFO] [stdout]   14:     0x5c422dbb765b - test[aada8e7e76ba119b]::__rust_begin_short_backtrace::<core[a373ad73a504971]::result::Result<(), alloc[2e1b2a31b91974c5]::string::String>, fn() -> core[a373ad73a504971]::result::Result<(), alloc[2e1b2a31b91974c5]::string::String>>
[INFO] [stdout]   15:     0x5c422dbc4835 - test[aada8e7e76ba119b]::run_test::{closure#0}
[INFO] [stdout]   16:     0x5c422dbbe124 - std[617be2ca0a6fd877]::sys::backtrace::__rust_begin_short_backtrace::<test[aada8e7e76ba119b]::run_test::{closure#1}, ()>
[INFO] [stdout]   17:     0x5c422dbc78c2 - <std[617be2ca0a6fd877]::thread::lifecycle::spawn_unchecked<test[aada8e7e76ba119b]::run_test::{closure#1}, ()>::{closure#1} as core[a373ad73a504971]::ops::function::FnOnce<()>>::call_once::{shim:vtable#0}
[INFO] [stdout]   18:     0x5c422e2fa62f - <std[617be2ca0a6fd877]::sys::thread::unix::Thread>::new::thread_start
[INFO] [stdout]   19:     0x703330c70dfa - <unknown>
[INFO] [stdout]   20:     0x703330d043d4 - clone
[INFO] [stdout]   21:                0x0 - <unknown>
[INFO] [stdout] 
[INFO] [stdout] ---- test_call_tool_null_arguments stdout ----
[INFO] [stdout] 
[INFO] [stdout] thread 'test_call_tool_null_arguments' (3247) panicked at tests/integration.rs:27:42:
[INFO] [stdout] Failed to connect to test server: ConnectionFailed("Failed to spawn '/opt/rustwide/target/release/build/tl-mcp/5c99c95a499cadef/tl-test-mcp-server': No such file or directory (os error 2)")
[INFO] [stdout] stack backtrace:
[INFO] [stdout]    0:     0x5c422e2fb3d1 - <<std[617be2ca0a6fd877]::sys::backtrace::BacktraceLock>::print::DisplayBacktrace as core[a373ad73a504971]::fmt::Display>::fmt
[INFO] [stdout]    1:     0x5c422e3140aa - core[a373ad73a504971]::fmt::write
[INFO] [stdout]    2:     0x5c422e3006ec - <alloc[2e1b2a31b91974c5]::vec::Vec<u8> as core[a373ad73a504971]::io::write::Write>::write_fmt
[INFO] [stdout]    3:     0x5c422e2d5386 - std[617be2ca0a6fd877]::panicking::default_hook::{closure#0}
[INFO] [stdout]    4:     0x5c422e2f2839 - std[617be2ca0a6fd877]::panicking::default_hook
[INFO] [stdout]    5:     0x5c422dbc4210 - test[aada8e7e76ba119b]::test_main_inner::{closure#0}
[INFO] [stdout]    6:     0x5c422e2f2b62 - std[617be2ca0a6fd877]::panicking::panic_with_hook
[INFO] [stdout]    7:     0x5c422e2d5432 - std[617be2ca0a6fd877]::panicking::panic_handler::{closure#0}
[INFO] [stdout]    8:     0x5c422e2cdfc9 - std[617be2ca0a6fd877]::sys::backtrace::__rust_end_short_backtrace::<std[617be2ca0a6fd877]::panicking::panic_handler::{closure#0}, !>
[INFO] [stdout]    9:     0x5c422e2d622d - __rustc[ea4f61d10b84890b]::rust_begin_unwind
[INFO] [stdout]   10:     0x5c422e31480c - core[a373ad73a504971]::panicking::panic_fmt
[INFO] [stdout]   11:     0x5c422e3145e2 - core[a373ad73a504971]::result::unwrap_failed
[INFO] [stdout]   12:     0x5c422dba50b0 - integration[d59e13c1198b91ee]::connect_test_server
[INFO] [stdout]   13:     0x5c422dba9a0d - <integration[d59e13c1198b91ee]::test_call_tool_null_arguments::{closure#0} as core[a373ad73a504971]::ops::function::FnOnce<()>>::call_once
[INFO] [stdout]   14:     0x5c422dbb765b - test[aada8e7e76ba119b]::__rust_begin_short_backtrace::<core[a373ad73a504971]::result::Result<(), alloc[2e1b2a31b91974c5]::string::String>, fn() -> core[a373ad73a504971]::result::Result<(), alloc[2e1b2a31b91974c5]::string::String>>
[INFO] [stdout]   15:     0x5c422dbc4835 - test[aada8e7e76ba119b]::run_test::{closure#0}
[INFO] [stdout]   16:     0x5c422dbbe124 - std[617be2ca0a6fd877]::sys::backtrace::__rust_begin_short_backtrace::<test[aada8e7e76ba119b]::run_test::{closure#1}, ()>
[INFO] [stdout]   17:     0x5c422dbc78c2 - <std[617be2ca0a6fd877]::thread::lifecycle::spawn_unchecked<test[aada8e7e76ba119b]::run_test::{closure#1}, ()>::{closure#1} as core[a373ad73a504971]::ops::function::FnOnce<()>>::call_once::{shim:vtable#0}
[INFO] [stdout]   18:     0x5c422e2fa62f - <std[617be2ca0a6fd877]::sys::thread::unix::Thread>::new::thread_start
[INFO] [stdout]   19:     0x703330c70dfa - <unknown>
[INFO] [stdout]   20:     0x703330d043d4 - clone
[INFO] [stdout]   21:                0x0 - <unknown>
[INFO] [stdout] 
[INFO] [stdout] ---- test_call_tool_add stdout ----
[INFO] [stdout] 
[INFO] [stdout] thread 'test_call_tool_add' (3179) panicked at tests/integration.rs:27:42:
[INFO] [stdout] Failed to connect to test server: ConnectionFailed("Failed to spawn '/opt/rustwide/target/release/build/tl-mcp/5c99c95a499cadef/tl-test-mcp-server': No such file or directory (os error 2)")
[INFO] [stdout] stack backtrace:
[INFO] [stdout]    0:     0x5c422e2fb3d1 - <<std[617be2ca0a6fd877]::sys::backtrace::BacktraceLock>::print::DisplayBacktrace as core[a373ad73a504971]::fmt::Display>::fmt
[INFO] [stdout]    1:     0x5c422e3140aa - core[a373ad73a504971]::fmt::write
[INFO] [stdout]    2:     0x5c422e3006ec - <alloc[2e1b2a31b91974c5]::vec::Vec<u8> as core[a373ad73a504971]::io::write::Write>::write_fmt
[INFO] [stdout]    3:     0x5c422e2d5386 - std[617be2ca0a6fd877]::panicking::default_hook::{closure#0}
[INFO] [stdout]    4:     0x5c422e2f2839 - std[617be2ca0a6fd877]::panicking::default_hook
[INFO] [stdout]    5:     0x5c422dbc4210 - test[aada8e7e76ba119b]::test_main_inner::{closure#0}
[INFO] [stdout]    6:     0x5c422e2f2b62 - std[617be2ca0a6fd877]::panicking::panic_with_hook
[INFO] [stdout]    7:     0x5c422e2d5432 - std[617be2ca0a6fd877]::panicking::panic_handler::{closure#0}
[INFO] [stdout]    8:     0x5c422e2cdfc9 - std[617be2ca0a6fd877]::sys::backtrace::__rust_end_short_backtrace::<std[617be2ca0a6fd877]::panicking::panic_handler::{closure#0}, !>
[INFO] [stdout]    9:     0x5c422e2d622d - __rustc[ea4f61d10b84890b]::rust_begin_unwind
[INFO] [stdout]   10:     0x5c422e31480c - core[a373ad73a504971]::panicking::panic_fmt
[INFO] [stdout]   11:     0x5c422e3145e2 - core[a373ad73a504971]::result::unwrap_failed
[INFO] [stdout]   12:     0x5c422dba50b0 - integration[d59e13c1198b91ee]::connect_test_server
[INFO] [stdout]   13:     0x5c422dba665c - <integration[d59e13c1198b91ee]::test_call_tool_add::{closure#0} as core[a373ad73a504971]::ops::function::FnOnce<()>>::call_once
[INFO] [stdout]   14:     0x5c422dbb765b - test[aada8e7e76ba119b]::__rust_begin_short_backtrace::<core[a373ad73a504971]::result::Result<(), alloc[2e1b2a31b91974c5]::string::String>, fn() -> core[a373ad73a504971]::result::Result<(), alloc[2e1b2a31b91974c5]::string::String>>
[INFO] [stdout]   15:     0x5c422dbc4835 - test[aada8e7e76ba119b]::run_test::{closure#0}
[INFO] [stdout]   16:     0x5c422dbbe124 - std[617be2ca0a6fd877]::sys::backtrace::__rust_begin_short_backtrace::<test[aada8e7e76ba119b]::run_test::{closure#1}, ()>
[INFO] [stdout]   17:     0x5c422dbc78c2 - <std[617be2ca0a6fd877]::thread::lifecycle::spawn_unchecked<test[aada8e7e76ba119b]::run_test::{closure#1}, ()>::{closure#1} as core[a373ad73a504971]::ops::function::FnOnce<()>>::call_once::{shim:vtable#0}
[INFO] [stdout]   18:     0x5c422e2fa62f - <std[617be2ca0a6fd877]::sys::thread::unix::Thread>::new::thread_start
[INFO] [stdout]   19:     0x703330c70dfa - <unknown>
[INFO] [stdout]   20:     0x703330d043d4 - clone
[INFO] [stdout]   21:                0x0 - <unknown>
[INFO] [stdout] 
[INFO] [stdout] ---- test_call_tool_invalid_arguments stdout ----
[INFO] [stdout] 
[INFO] [stdout] thread 'test_call_tool_invalid_arguments' (3183) panicked at tests/integration.rs:27:42:
[INFO] [stdout] Failed to connect to test server: ConnectionFailed("Failed to spawn '/opt/rustwide/target/release/build/tl-mcp/5c99c95a499cadef/tl-test-mcp-server': No such file or directory (os error 2)")
[INFO] [stdout] stack backtrace:
[INFO] [stdout]    0:     0x5c422e2fb3d1 - <<std[617be2ca0a6fd877]::sys::backtrace::BacktraceLock>::print::DisplayBacktrace as core[a373ad73a504971]::fmt::Display>::fmt
[INFO] [stdout]    1:     0x5c422e3140aa - core[a373ad73a504971]::fmt::write
[INFO] [stdout]    2:     0x5c422e3006ec - <alloc[2e1b2a31b91974c5]::vec::Vec<u8> as core[a373ad73a504971]::io::write::Write>::write_fmt
[INFO] [stdout]    3:     0x5c422e2d5386 - std[617be2ca0a6fd877]::panicking::default_hook::{closure#0}
[INFO] [stdout]    4:     0x5c422e2f2839 - std[617be2ca0a6fd877]::panicking::default_hook
[INFO] [stdout]    5:     0x5c422dbc4210 - test[aada8e7e76ba119b]::test_main_inner::{closure#0}
[INFO] [stdout]    6:     0x5c422e2f2b62 - std[617be2ca0a6fd877]::panicking::panic_with_hook
[INFO] [stdout]    7:     0x5c422e2d5432 - std[617be2ca0a6fd877]::panicking::panic_handler::{closure#0}
[INFO] [stdout]    8:     0x5c422e2cdfc9 - std[617be2ca0a6fd877]::sys::backtrace::__rust_end_short_backtrace::<std[617be2ca0a6fd877]::panicking::panic_handler::{closure#0}, !>
[INFO] [stdout]    9:     0x5c422e2d622d - __rustc[ea4f61d10b84890b]::rust_begin_unwind
[INFO] [stdout]   10:     0x5c422e31480c - core[a373ad73a504971]::panicking::panic_fmt
[INFO] [stdout]   11:     0x5c422e3145e2 - core[a373ad73a504971]::result::unwrap_failed
[INFO] [stdout]   12:     0x5c422dba50b0 - integration[d59e13c1198b91ee]::connect_test_server
[INFO] [stdout]   13:     0x5c422dbaafdc - <integration[d59e13c1198b91ee]::test_call_tool_invalid_arguments::{closure#0} as core[a373ad73a504971]::ops::function::FnOnce<()>>::call_once
[INFO] [stdout]   14:     0x5c422dbb765b - test[aada8e7e76ba119b]::__rust_begin_short_backtrace::<core[a373ad73a504971]::result::Result<(), alloc[2e1b2a31b91974c5]::string::String>, fn() -> core[a373ad73a504971]::result::Result<(), alloc[2e1b2a31b91974c5]::string::String>>
[INFO] [stdout]   15:     0x5c422dbc4835 - test[aada8e7e76ba119b]::run_test::{closure#0}
[INFO] [stdout]   16:     0x5c422dbbe124 - std[617be2ca0a6fd877]::sys::backtrace::__rust_begin_short_backtrace::<test[aada8e7e76ba119b]::run_test::{closure#1}, ()>
[INFO] [stdout]   17:     0x5c422dbc78c2 - <std[617be2ca0a6fd877]::thread::lifecycle::spawn_unchecked<test[aada8e7e76ba119b]::run_test::{closure#1}, ()>::{closure#1} as core[a373ad73a504971]::ops::function::FnOnce<()>>::call_once::{shim:vtable#0}
[INFO] [stdout]   18:     0x5c422e2fa62f - <std[617be2ca0a6fd877]::sys::thread::unix::Thread>::new::thread_start
[INFO] [stdout]   19:     0x703330c70dfa - <unknown>
[INFO] [stdout]   20:     0x703330d043d4 - clone
[INFO] [stdout]   21:                0x0 - <unknown>
[INFO] [stdout] 
[INFO] [stdout] ---- test_call_tool_unicode_arguments stdout ----
[INFO] [stdout] 
[INFO] [stdout] thread 'test_call_tool_unicode_arguments' (3248) panicked at tests/integration.rs:27:42:
[INFO] [stdout] Failed to connect to test server: ConnectionFailed("Failed to spawn '/opt/rustwide/target/release/build/tl-mcp/5c99c95a499cadef/tl-test-mcp-server': No such file or directory (os error 2)")
[INFO] [stdout] stack backtrace:
[INFO] [stdout]    0:     0x5c422e2fb3d1 - <<std[617be2ca0a6fd877]::sys::backtrace::BacktraceLock>::print::DisplayBacktrace as core[a373ad73a504971]::fmt::Display>::fmt
[INFO] [stdout]    1:     0x5c422e3140aa - core[a373ad73a504971]::fmt::write
[INFO] [stdout]    2:     0x5c422e3006ec - <alloc[2e1b2a31b91974c5]::vec::Vec<u8> as core[a373ad73a504971]::io::write::Write>::write_fmt
[INFO] [stdout]    3:     0x5c422e2d5386 - std[617be2ca0a6fd877]::panicking::default_hook::{closure#0}
[INFO] [stdout]    4:     0x5c422e2f2839 - std[617be2ca0a6fd877]::panicking::default_hook
[INFO] [stdout]    5:     0x5c422dbc4210 - test[aada8e7e76ba119b]::test_main_inner::{closure#0}
[INFO] [stdout]    6:     0x5c422e2f2b62 - std[617be2ca0a6fd877]::panicking::panic_with_hook
[INFO] [stdout]    7:     0x5c422e2d5432 - std[617be2ca0a6fd877]::panicking::panic_handler::{closure#0}
[INFO] [stdout]    8:     0x5c422e2cdfc9 - std[617be2ca0a6fd877]::sys::backtrace::__rust_end_short_backtrace::<std[617be2ca0a6fd877]::panicking::panic_handler::{closure#0}, !>
[INFO] [stdout]    9:     0x5c422e2d622d - __rustc[ea4f61d10b84890b]::rust_begin_unwind
[INFO] [stdout]   10:     0x5c422e31480c - core[a373ad73a504971]::panicking::panic_fmt
[INFO] [stdout]   11:     0x5c422e3145e2 - core[a373ad73a504971]::result::unwrap_failed
[INFO] [stdout]   12:     0x5c422dba50b0 - integration[d59e13c1198b91ee]::connect_test_server
[INFO] [stdout]   13:     0x5c422dbab56a - <integration[d59e13c1198b91ee]::test_call_tool_unicode_arguments::{closure#0} as core[a373ad73a504971]::ops::function::FnOnce<()>>::call_once
[INFO] [stdout]   14:     0x5c422dbb765b - test[aada8e7e76ba119b]::__rust_begin_short_backtrace::<core[a373ad73a504971]::result::Result<(), alloc[2e1b2a31b91974c5]::string::String>, fn() -> core[a373ad73a504971]::result::Result<(), alloc[2e1b2a31b91974c5]::string::String>>
[INFO] [stdout]   15:     0x5c422dbc4835 - test[aada8e7e76ba119b]::run_test::{closure#0}
[INFO] [stdout]   16:     0x5c422dbbe124 - std[617be2ca0a6fd877]::sys::backtrace::__rust_begin_short_backtrace::<test[aada8e7e76ba119b]::run_test::{closure#1}, ()>
[INFO] [stdout]   17:     0x5c422dbc78c2 - <std[617be2ca0a6fd877]::thread::lifecycle::spawn_unchecked<test[aada8e7e76ba119b]::run_test::{closure#1}, ()>::{closure#1} as core[a373ad73a504971]::ops::function::FnOnce<()>>::call_once::{shim:vtable#0}
[INFO] [stdout]   18:     0x5c422e2fa62f - <std[617be2ca0a6fd877]::sys::thread::unix::Thread>::new::thread_start
[INFO] [stdout]   19:     0x703330c70dfa - <unknown>
[INFO] [stdout]   20:     0x703330d043d4 - clone
[INFO] [stdout]   21:                0x0 - <unknown>
[INFO] [stdout] 
[INFO] [stdout] ---- test_client_server_handshake stdout ----
[INFO] [stdout] 
[INFO] [stdout] thread 'test_client_server_handshake' (3266) panicked at tests/integration.rs:27:42:
[INFO] [stdout] Failed to connect to test server: ConnectionFailed("Failed to spawn '/opt/rustwide/target/release/build/tl-mcp/5c99c95a499cadef/tl-test-mcp-server': No such file or directory (os error 2)")
[INFO] [stdout] stack backtrace:
[INFO] [stdout]    0:     0x5c422e2fb3d1 - <<std[617be2ca0a6fd877]::sys::backtrace::BacktraceLock>::print::DisplayBacktrace as core[a373ad73a504971]::fmt::Display>::fmt
[INFO] [stdout]    1:     0x5c422e3140aa - core[a373ad73a504971]::fmt::write
[INFO] [stdout]    2:     0x5c422e3006ec - <alloc[2e1b2a31b91974c5]::vec::Vec<u8> as core[a373ad73a504971]::io::write::Write>::write_fmt
[INFO] [stdout]    3:     0x5c422e2d5386 - std[617be2ca0a6fd877]::panicking::default_hook::{closure#0}
[INFO] [stdout]    4:     0x5c422e2f2839 - std[617be2ca0a6fd877]::panicking::default_hook
[INFO] [stdout]    5:     0x5c422dbc4210 - test[aada8e7e76ba119b]::test_main_inner::{closure#0}
[INFO] [stdout]    6:     0x5c422e2f2b62 - std[617be2ca0a6fd877]::panicking::panic_with_hook
[INFO] [stdout]    7:     0x5c422e2d5432 - std[617be2ca0a6fd877]::panicking::panic_handler::{closure#0}
[INFO] [stdout]    8:     0x5c422e2cdfc9 - std[617be2ca0a6fd877]::sys::backtrace::__rust_end_short_backtrace::<std[617be2ca0a6fd877]::panicking::panic_handler::{closure#0}, !>
[INFO] [stdout]    9:     0x5c422e2d622d - __rustc[ea4f61d10b84890b]::rust_begin_unwind
[INFO] [stdout]   10:     0x5c422e31480c - core[a373ad73a504971]::panicking::panic_fmt
[INFO] [stdout]   11:     0x5c422e3145e2 - core[a373ad73a504971]::result::unwrap_failed
[INFO] [stdout]   12:     0x5c422dba50b0 - integration[d59e13c1198b91ee]::connect_test_server
[INFO] [stdout]   13:     0x5c422dba921a - <integration[d59e13c1198b91ee]::test_client_server_handshake::{closure#0} as core[a373ad73a504971]::ops::function::FnOnce<()>>::call_once
[INFO] [stdout]   14:     0x5c422dbb765b - test[aada8e7e76ba119b]::__rust_begin_short_backtrace::<core[a373ad73a504971]::result::Result<(), alloc[2e1b2a31b91974c5]::string::String>, fn() -> core[a373ad73a504971]::result::Result<(), alloc[2e1b2a31b91974c5]::string::String>>
[INFO] [stdout]   15:     0x5c422dbc4835 - test[aada8e7e76ba119b]::run_test::{closure#0}
[INFO] [stdout]   16:     0x5c422dbbe124 - std[617be2ca0a6fd877]::sys::backtrace::__rust_begin_short_backtrace::<test[aada8e7e76ba119b]::run_test::{closure#1}, ()>
[INFO] [stdout]   17:     0x5c422dbc78c2 - <std[617be2ca0a6fd877]::thread::lifecycle::spawn_unchecked<test[aada8e7e76ba119b]::run_test::{closure#1}, ()>::{closure#1} as core[a373ad73a504971]::ops::function::FnOnce<()>>::call_once::{shim:vtable#0}
[INFO] [stdout]   18:     0x5c422e2fa62f - <std[617be2ca0a6fd877]::sys::thread::unix::Thread>::new::thread_start
[INFO] [stdout]   19:     0x703330c70dfa - <unknown>
[INFO] [stdout]   20:     0x703330d043d4 - clone
[INFO] [stdout]   21:                0x0 - <unknown>
[INFO] [stdout] 
[INFO] [stdout] ---- test_list_and_read_resources stdout ----
[INFO] [stdout] 
[INFO] [stdout] thread 'test_list_and_read_resources' (3292) panicked at tests/integration.rs:27:42:
[INFO] [stdout] Failed to connect to test server: ConnectionFailed("Failed to spawn '/opt/rustwide/target/release/build/tl-mcp/5c99c95a499cadef/tl-test-mcp-server': No such file or directory (os error 2)")
[INFO] [stdout] stack backtrace:
[INFO] [stdout]    0:     0x5c422e2fb3d1 - <<std[617be2ca0a6fd877]::sys::backtrace::BacktraceLock>::print::DisplayBacktrace as core[a373ad73a504971]::fmt::Display>::fmt
[INFO] [stdout]    1:     0x5c422e3140aa - core[a373ad73a504971]::fmt::write
[INFO] [stdout]    2:     0x5c422e3006ec - <alloc[2e1b2a31b91974c5]::vec::Vec<u8> as core[a373ad73a504971]::io::write::Write>::write_fmt
[INFO] [stdout]    3:     0x5c422e2d5386 - std[617be2ca0a6fd877]::panicking::default_hook::{closure#0}
[INFO] [stdout]    4:     0x5c422e2f2839 - std[617be2ca0a6fd877]::panicking::default_hook
[INFO] [stdout]    5:     0x5c422dbc4210 - test[aada8e7e76ba119b]::test_main_inner::{closure#0}
[INFO] [stdout]    6:     0x5c422e2f2b62 - std[617be2ca0a6fd877]::panicking::panic_with_hook
[INFO] [stdout]    7:     0x5c422e2d5432 - std[617be2ca0a6fd877]::panicking::panic_handler::{closure#0}
[INFO] [stdout]    8:     0x5c422e2cdfc9 - std[617be2ca0a6fd877]::sys::backtrace::__rust_end_short_backtrace::<std[617be2ca0a6fd877]::panicking::panic_handler::{closure#0}, !>
[INFO] [stdout]    9:     0x5c422e2d622d - __rustc[ea4f61d10b84890b]::rust_begin_unwind
[INFO] [stdout]   10:     0x5c422e31480c - core[a373ad73a504971]::panicking::panic_fmt
[INFO] [stdout]   11:     0x5c422e3145e2 - core[a373ad73a504971]::result::unwrap_failed
[INFO] [stdout]   12:     0x5c422dba50b0 - integration[d59e13c1198b91ee]::connect_test_server
[INFO] [stdout]   13:     0x5c422dba9380 - <integration[d59e13c1198b91ee]::test_list_and_read_resources::{closure#0} as core[a373ad73a504971]::ops::function::FnOnce<()>>::call_once
[INFO] [stdout]   14:     0x5c422dbb765b - test[aada8e7e76ba119b]::__rust_begin_short_backtrace::<core[a373ad73a504971]::result::Result<(), alloc[2e1b2a31b91974c5]::string::String>, fn() -> core[a373ad73a504971]::result::Result<(), alloc[2e1b2a31b91974c5]::string::String>>
[INFO] [stdout]   15:     0x5c422dbc4835 - test[aada8e7e76ba119b]::run_test::{closure#0}
[INFO] [stdout]   16:     0x5c422dbbe124 - std[617be2ca0a6fd877]::sys::backtrace::__rust_begin_short_backtrace::<test[aada8e7e76ba119b]::run_test::{closure#1}, ()>
[INFO] [stdout]   17:     0x5c422dbc78c2 - <std[617be2ca0a6fd877]::thread::lifecycle::spawn_unchecked<test[aada8e7e76ba119b]::run_test::{closure#1}, ()>::{closure#1} as core[a373ad73a504971]::ops::function::FnOnce<()>>::call_once::{shim:vtable#0}
[INFO] [stdout]   18:     0x5c422e2fa62f - <std[617be2ca0a6fd877]::sys::thread::unix::Thread>::new::thread_start
[INFO] [stdout]   19:     0x703330c70dfa - <unknown>
[INFO] [stdout]   20:     0x703330d043d4 - clone
[INFO] [stdout]   21:                0x0 - <unknown>
[INFO] [stdout] 
[INFO] [stdout] ---- test_disconnect_cleanup stdout ----
[INFO] [stdout] 
[INFO] [stdout] thread 'test_disconnect_cleanup' (3269) panicked at tests/integration.rs:27:42:
[INFO] [stdout] Failed to connect to test server: ConnectionFailed("Failed to spawn '/opt/rustwide/target/release/build/tl-mcp/5c99c95a499cadef/tl-test-mcp-server': No such file or directory (os error 2)")
[INFO] [stdout] stack backtrace:
[INFO] [stdout]    0:     0x5c422e2fb3d1 - <<std[617be2ca0a6fd877]::sys::backtrace::BacktraceLock>::print::DisplayBacktrace as core[a373ad73a504971]::fmt::Display>::fmt
[INFO] [stdout]    1:     0x5c422e3140aa - core[a373ad73a504971]::fmt::write
[INFO] [stdout]    2:     0x5c422e3006ec - <alloc[2e1b2a31b91974c5]::vec::Vec<u8> as core[a373ad73a504971]::io::write::Write>::write_fmt
[INFO] [stdout]    3:     0x5c422e2d5386 - std[617be2ca0a6fd877]::panicking::default_hook::{closure#0}
[INFO] [stdout]    4:     0x5c422e2f2839 - std[617be2ca0a6fd877]::panicking::default_hook
[INFO] [stdout]    5:     0x5c422dbc4210 - test[aada8e7e76ba119b]::test_main_inner::{closure#0}
[INFO] [stdout]    6:     0x5c422e2f2b62 - std[617be2ca0a6fd877]::panicking::panic_with_hook
[INFO] [stdout]    7:     0x5c422e2d5432 - std[617be2ca0a6fd877]::panicking::panic_handler::{closure#0}
[INFO] [stdout]    8:     0x5c422e2cdfc9 - std[617be2ca0a6fd877]::sys::backtrace::__rust_end_short_backtrace::<std[617be2ca0a6fd877]::panicking::panic_handler::{closure#0}, !>
[INFO] [stdout]    9:     0x5c422e2d622d - __rustc[ea4f61d10b84890b]::rust_begin_unwind
[INFO] [stdout]   10:     0x5c422e31480c - core[a373ad73a504971]::panicking::panic_fmt
[INFO] [stdout]   11:     0x5c422e3145e2 - core[a373ad73a504971]::result::unwrap_failed
[INFO] [stdout]   12:     0x5c422dba50b0 - integration[d59e13c1198b91ee]::connect_test_server
[INFO] [stdout]   13:     0x5c422dba6f2a - <integration[d59e13c1198b91ee]::test_disconnect_cleanup::{closure#0} as core[a373ad73a504971]::ops::function::FnOnce<()>>::call_once
[INFO] [stdout]   14:     0x5c422dbb765b - test[aada8e7e76ba119b]::__rust_begin_short_backtrace::<core[a373ad73a504971]::result::Result<(), alloc[2e1b2a31b91974c5]::string::String>, fn() -> core[a373ad73a504971]::result::Result<(), alloc[2e1b2a31b91974c5]::string::String>>
[INFO] [stdout]   15:     0x5c422dbc4835 - test[aada8e7e76ba119b]::run_test::{closure#0}
[INFO] [stdout]   16:     0x5c422dbbe124 - std[617be2ca0a6fd877]::sys::backtrace::__rust_begin_short_backtrace::<test[aada8e7e76ba119b]::run_test::{closure#1}, ()>
[INFO] [stdout]   17:     0x5c422dbc78c2 - <std[617be2ca0a6fd877]::thread::lifecycle::spawn_unchecked<test[aada8e7e76ba119b]::run_test::{closure#1}, ()>::{closure#1} as core[a373ad73a504971]::ops::function::FnOnce<()>>::call_once::{shim:vtable#0}
[INFO] [stdout]   18:     0x5c422e2fa62f - <std[617be2ca0a6fd877]::sys::thread::unix::Thread>::new::thread_start
[INFO] [stdout]   19:     0x703330c70dfa - <unknown>
[INFO] [stdout]   20:     0x703330d043d4 - clone
[INFO] [stdout]   21:                0x0 - <unknown>
[INFO] [stdout] 
[INFO] [stdout] ---- test_connect_with_runtime stdout ----
[INFO] [stdout] 
[INFO] [stdout] thread 'test_connect_with_runtime' (3267) panicked at tests/integration.rs:350:10:
[INFO] [stdout] connect_with_runtime should succeed: ConnectionFailed("Failed to spawn '/opt/rustwide/target/release/build/tl-mcp/5c99c95a499cadef/tl-test-mcp-server': No such file or directory (os error 2)")
[INFO] [stdout] stack backtrace:
[INFO] [stdout]    0:     0x5c422e2fb3d1 - <<std[617be2ca0a6fd877]::sys::backtrace::BacktraceLock>::print::DisplayBacktrace as core[a373ad73a504971]::fmt::Display>::fmt
[INFO] [stdout]    1:     0x5c422e3140aa - core[a373ad73a504971]::fmt::write
[INFO] [stdout]    2:     0x5c422e3006ec - <alloc[2e1b2a31b91974c5]::vec::Vec<u8> as core[a373ad73a504971]::io::write::Write>::write_fmt
[INFO] [stdout]    3:     0x5c422e2d5386 - std[617be2ca0a6fd877]::panicking::default_hook::{closure#0}
[INFO] [stdout]    4:     0x5c422e2f2839 - std[617be2ca0a6fd877]::panicking::default_hook
[INFO] [stdout]    5:     0x5c422dbc4210 - test[aada8e7e76ba119b]::test_main_inner::{closure#0}
[INFO] [stdout]    6:     0x5c422e2f2b62 - std[617be2ca0a6fd877]::panicking::panic_with_hook
[INFO] [stdout]    7:     0x5c422e2d5432 - std[617be2ca0a6fd877]::panicking::panic_handler::{closure#0}
[INFO] [stdout]    8:     0x5c422e2cdfc9 - std[617be2ca0a6fd877]::sys::backtrace::__rust_end_short_backtrace::<std[617be2ca0a6fd877]::panicking::panic_handler::{closure#0}, !>
[INFO] [stdout]    9:     0x5c422e2d622d - __rustc[ea4f61d10b84890b]::rust_begin_unwind
[INFO] [stdout]   10:     0x5c422e31480c - core[a373ad73a504971]::panicking::panic_fmt
[INFO] [stdout]   11:     0x5c422e3145e2 - core[a373ad73a504971]::result::unwrap_failed
[INFO] [stdout]   12:     0x5c422dba7f76 - <integration[d59e13c1198b91ee]::test_connect_with_runtime::{closure#0} as core[a373ad73a504971]::ops::function::FnOnce<()>>::call_once
[INFO] [stdout]   13:     0x5c422dbb765b - test[aada8e7e76ba119b]::__rust_begin_short_backtrace::<core[a373ad73a504971]::result::Result<(), alloc[2e1b2a31b91974c5]::string::String>, fn() -> core[a373ad73a504971]::result::Result<(), alloc[2e1b2a31b91974c5]::string::String>>
[INFO] [stdout]   14:     0x5c422dbc4835 - test[aada8e7e76ba119b]::run_test::{closure#0}
[INFO] [stdout]   15:     0x5c422dbbe124 - std[617be2ca0a6fd877]::sys::backtrace::__rust_begin_short_backtrace::<test[aada8e7e76ba119b]::run_test::{closure#1}, ()>
[INFO] [stdout]   16:     0x5c422dbc78c2 - <std[617be2ca0a6fd877]::thread::lifecycle::spawn_unchecked<test[aada8e7e76ba119b]::run_test::{closure#1}, ()>::{closure#1} as core[a373ad73a504971]::ops::function::FnOnce<()>>::call_once::{shim:vtable#0}
[INFO] [stdout]   17:     0x5c422e2fa62f - <std[617be2ca0a6fd877]::sys::thread::unix::Thread>::new::thread_start
[INFO] [stdout]   18:     0x703330c70dfa - <unknown>
[INFO] [stdout]   19:     0x703330d043d4 - clone
[INFO] [stdout]   20:                0x0 - <unknown>
[INFO] [stdout] 
[INFO] [stdout] ---- test_double_disconnect stdout ----
[INFO] [stdout] 
[INFO] [stdout] thread 'test_double_disconnect' (3288) panicked at tests/integration.rs:27:42:
[INFO] [stdout] Failed to connect to test server: ConnectionFailed("Failed to spawn '/opt/rustwide/target/release/build/tl-mcp/5c99c95a499cadef/tl-test-mcp-server': No such file or directory (os error 2)")
[INFO] [stdout] stack backtrace:
[INFO] [stdout]    0:     0x5c422e2fb3d1 - <<std[617be2ca0a6fd877]::sys::backtrace::BacktraceLock>::print::DisplayBacktrace as core[a373ad73a504971]::fmt::Display>::fmt
[INFO] [stdout]    1:     0x5c422e3140aa - core[a373ad73a504971]::fmt::write
[INFO] [stdout]    2:     0x5c422e3006ec - <alloc[2e1b2a31b91974c5]::vec::Vec<u8> as core[a373ad73a504971]::io::write::Write>::write_fmt
[INFO] [stdout]    3:     0x5c422e2d5386 - std[617be2ca0a6fd877]::panicking::default_hook::{closure#0}
[INFO] [stdout]    4:     0x5c422e2f2839 - std[617be2ca0a6fd877]::panicking::default_hook
[INFO] [stdout]    5:     0x5c422dbc4210 - test[aada8e7e76ba119b]::test_main_inner::{closure#0}
[INFO] [stdout]    6:     0x5c422e2f2b62 - std[617be2ca0a6fd877]::panicking::panic_with_hook
[INFO] [stdout]    7:     0x5c422e2d5432 - std[617be2ca0a6fd877]::panicking::panic_handler::{closure#0}
[INFO] [stdout]    8:     0x5c422e2cdfc9 - std[617be2ca0a6fd877]::sys::backtrace::__rust_end_short_backtrace::<std[617be2ca0a6fd877]::panicking::panic_handler::{closure#0}, !>
[INFO] [stdout]    9:     0x5c422e2d622d - __rustc[ea4f61d10b84890b]::rust_begin_unwind
[INFO] [stdout]   10:     0x5c422e31480c - core[a373ad73a504971]::panicking::panic_fmt
[INFO] [stdout]   11:     0x5c422e3145e2 - core[a373ad73a504971]::result::unwrap_failed
[INFO] [stdout]   12:     0x5c422dba50b0 - integration[d59e13c1198b91ee]::connect_test_server
[INFO] [stdout]   13:     0x5c422dba6dba - <integration[d59e13c1198b91ee]::test_double_disconnect::{closure#0} as core[a373ad73a504971]::ops::function::FnOnce<()>>::call_once
[INFO] [stdout]   14:     0x5c422dbb765b - test[aada8e7e76ba119b]::__rust_begin_short_backtrace::<core[a373ad73a504971]::result::Result<(), alloc[2e1b2a31b91974c5]::string::String>, fn() -> core[a373ad73a504971]::result::Result<(), alloc[2e1b2a31b91974c5]::string::String>>
[INFO] [stdout]   15:     0x5c422dbc4835 - test[aada8e7e76ba119b]::run_test::{closure#0}
[INFO] [stdout]   16:     0x5c422dbbe124 - std[617be2ca0a6fd877]::sys::backtrace::__rust_begin_short_backtrace::<test[aada8e7e76ba119b]::run_test::{closure#1}, ()>
[INFO] [stdout]   17:     0x5c422dbc78c2 - <std[617be2ca0a6fd877]::thread::lifecycle::spawn_unchecked<test[aada8e7e76ba119b]::run_test::{closure#1}, ()>::{closure#1} as core[a373ad73a504971]::ops::function::FnOnce<()>>::call_once::{shim:vtable#0}
[INFO] [stdout]   18:     0x5c422e2fa62f - <std[617be2ca0a6fd877]::sys::thread::unix::Thread>::new::thread_start
[INFO] [stdout]   19:     0x703330c70dfa - <unknown>
[INFO] [stdout]   20:     0x703330d043d4 - clone
[INFO] [stdout]   21:                0x0 - <unknown>
[INFO] [stdout] 
[INFO] [stdout] ---- test_list_and_get_prompts stdout ----
[INFO] [stdout] 
[INFO] [stdout] thread 'test_list_and_get_prompts' (3291) panicked at tests/integration.rs:27:42:
[INFO] [stdout] Failed to connect to test server: ConnectionFailed("Failed to spawn '/opt/rustwide/target/release/build/tl-mcp/5c99c95a499cadef/tl-test-mcp-server': No such file or directory (os error 2)")
[INFO] [stdout] stack backtrace:
[INFO] [stdout]    0:     0x5c422e2fb3d1 - <<std[617be2ca0a6fd877]::sys::backtrace::BacktraceLock>::print::DisplayBacktrace as core[a373ad73a504971]::fmt::Display>::fmt
[INFO] [stdout]    1:     0x5c422e3140aa - core[a373ad73a504971]::fmt::write
[INFO] [stdout]    2:     0x5c422e3006ec - <alloc[2e1b2a31b91974c5]::vec::Vec<u8> as core[a373ad73a504971]::io::write::Write>::write_fmt
[INFO] [stdout]    3:     0x5c422e2d5386 - std[617be2ca0a6fd877]::panicking::default_hook::{closure#0}
[INFO] [stdout]    4:     0x5c422e2f2839 - std[617be2ca0a6fd877]::panicking::default_hook
[INFO] [stdout]    5:     0x5c422dbc4210 - test[aada8e7e76ba119b]::test_main_inner::{closure#0}
[INFO] [stdout]    6:     0x5c422e2f2b62 - std[617be2ca0a6fd877]::panicking::panic_with_hook
[INFO] [stdout]    7:     0x5c422e2d5432 - std[617be2ca0a6fd877]::panicking::panic_handler::{closure#0}
[INFO] [stdout]    8:     0x5c422e2cdfc9 - std[617be2ca0a6fd877]::sys::backtrace::__rust_end_short_backtrace::<std[617be2ca0a6fd877]::panicking::panic_handler::{closure#0}, !>
[INFO] [stdout]    9:     0x5c422e2d622d - __rustc[ea4f61d10b84890b]::rust_begin_unwind
[INFO] [stdout]   10:     0x5c422e31480c - core[a373ad73a504971]::panicking::panic_fmt
[INFO] [stdout]   11:     0x5c422e3145e2 - core[a373ad73a504971]::result::unwrap_failed
[INFO] [stdout]   12:     0x5c422dba50b0 - integration[d59e13c1198b91ee]::connect_test_server
[INFO] [stdout]   13:     0x5c422dba81a3 - <integration[d59e13c1198b91ee]::test_list_and_get_prompts::{closure#0} as core[a373ad73a504971]::ops::function::FnOnce<()>>::call_once
[INFO] [stdout]   14:     0x5c422dbb765b - test[aada8e7e76ba119b]::__rust_begin_short_backtrace::<core[a373ad73a504971]::result::Result<(), alloc[2e1b2a31b91974c5]::string::String>, fn() -> core[a373ad73a504971]::result::Result<(), alloc[2e1b2a31b91974c5]::string::String>>
[INFO] [stdout]   15:     0x5c422dbc4835 - test[aada8e7e76ba119b]::run_test::{closure#0}
[INFO] [stdout]   16:     0x5c422dbbe124 - std[617be2ca0a6fd877]::sys::backtrace::__rust_begin_short_backtrace::<test[aada8e7e76ba119b]::run_test::{closure#1}, ()>
[INFO] [stdout]   17:     0x5c422dbc78c2 - <std[617be2ca0a6fd877]::thread::lifecycle::spawn_unchecked<test[aada8e7e76ba119b]::run_test::{closure#1}, ()>::{closure#1} as core[a373ad73a504971]::ops::function::FnOnce<()>>::call_once::{shim:vtable#0}
[INFO] [stdout]   18:     0x5c422e2fa62f - <std[617be2ca0a6fd877]::sys::thread::unix::Thread>::new::thread_start
[INFO] [stdout]   19:     0x703330c70dfa - <unknown>
[INFO] [stdout]   20:     0x703330d043d4 - clone
[INFO] [stdout]   21:                0x0 - <unknown>
[INFO] [stdout] 
[INFO] [stdout] ---- test_multiple_calls_same_connection stdout ----
[INFO] [stdout] 
[INFO] [stdout] thread 'test_multiple_calls_same_connection' (3347) panicked at tests/integration.rs:27:42:
[INFO] [stdout] Failed to connect to test server: ConnectionFailed("Failed to spawn '/opt/rustwide/target/release/build/tl-mcp/5c99c95a499cadef/tl-test-mcp-server': No such file or directory (os error 2)")
[INFO] [stdout] stack backtrace:
[INFO] [stdout]    0:     0x5c422e2fb3d1 - <<std[617be2ca0a6fd877]::sys::backtrace::BacktraceLock>::print::DisplayBacktrace as core[a373ad73a504971]::fmt::Display>::fmt
[INFO] [stdout]    1:     0x5c422e3140aa - core[a373ad73a504971]::fmt::write
[INFO] [stdout]    2:     0x5c422e3006ec - <alloc[2e1b2a31b91974c5]::vec::Vec<u8> as core[a373ad73a504971]::io::write::Write>::write_fmt
[INFO] [stdout]    3:     0x5c422e2d5386 - std[617be2ca0a6fd877]::panicking::default_hook::{closure#0}
[INFO] [stdout]    4:     0x5c422e2f2839 - std[617be2ca0a6fd877]::panicking::default_hook
[INFO] [stdout]    5:     0x5c422dbc4210 - test[aada8e7e76ba119b]::test_main_inner::{closure#0}
[INFO] [stdout]    6:     0x5c422e2f2b62 - std[617be2ca0a6fd877]::panicking::panic_with_hook
[INFO] [stdout]    7:     0x5c422e2d5432 - std[617be2ca0a6fd877]::panicking::panic_handler::{closure#0}
[INFO] [stdout]    8:     0x5c422e2cdfc9 - std[617be2ca0a6fd877]::sys::backtrace::__rust_end_short_backtrace::<std[617be2ca0a6fd877]::panicking::panic_handler::{closure#0}, !>
[INFO] [stdout]    9:     0x5c422e2d622d - __rustc[ea4f61d10b84890b]::rust_begin_unwind
[INFO] [stdout]   10:     0x5c422e31480c - core[a373ad73a504971]::panicking::panic_fmt
[INFO] [stdout]   11:     0x5c422e3145e2 - core[a373ad73a504971]::result::unwrap_failed
[INFO] [stdout]   12:     0x5c422dba50b0 - integration[d59e13c1198b91ee]::connect_test_server
[INFO] [stdout]   13:     0x5c422dbacbe6 - <integration[d59e13c1198b91ee]::test_multiple_calls_same_connection::{closure#0} as core[a373ad73a504971]::ops::function::FnOnce<()>>::call_once
[INFO] [stdout]   14:     0x5c422dbb765b - test[aada8e7e76ba119b]::__rust_begin_short_backtrace::<core[a373ad73a504971]::result::Result<(), alloc[2e1b2a31b91974c5]::string::String>, fn() -> core[a373ad73a504971]::result::Result<(), alloc[2e1b2a31b91974c5]::string::String>>
[INFO] [stdout]   15:     0x5c422dbc4835 - test[aada8e7e76ba119b]::run_test::{closure#0}
[INFO] [stdout]   16:     0x5c422dbbe124 - std[617be2ca0a6fd877]::sys::backtrace::__rust_begin_short_backtrace::<test[aada8e7e76ba119b]::run_test::{closure#1}, ()>
[INFO] [stdout]   17:     0x5c422dbc78c2 - <std[617be2ca0a6fd877]::thread::lifecycle::spawn_unchecked<test[aada8e7e76ba119b]::run_test::{closure#1}, ()>::{closure#1} as core[a373ad73a504971]::ops::function::FnOnce<()>>::call_once::{shim:vtable#0}
[INFO] [stdout]   18:     0x5c422e2fa62f - <std[617be2ca0a6fd877]::sys::thread::unix::Thread>::new::thread_start
[INFO] [stdout]   19:     0x703330c70dfa - <unknown>
[INFO] [stdout]   20:     0x703330d043d4 - clone
[INFO] [stdout]   21:                0x0 - <unknown>
[INFO] [stdout] 
[INFO] [stdout] ---- test_get_nonexistent_prompt stdout ----
[INFO] [stdout] 
[INFO] [stdout] thread 'test_get_nonexistent_prompt' (3289) panicked at tests/integration.rs:27:42:
[INFO] [stdout] Failed to connect to test server: ConnectionFailed("Failed to spawn '/opt/rustwide/target/release/build/tl-mcp/5c99c95a499cadef/tl-test-mcp-server': No such file or directory (os error 2)")
[INFO] [stdout] stack backtrace:
[INFO] [stdout]    0:     0x5c422e2fb3d1 - <<std[617be2ca0a6fd877]::sys::backtrace::BacktraceLock>::print::DisplayBacktrace as core[a373ad73a504971]::fmt::Display>::fmt
[INFO] [stdout]    1:     0x5c422e3140aa - core[a373ad73a504971]::fmt::write
[INFO] [stdout]    2:     0x5c422e3006ec - <alloc[2e1b2a31b91974c5]::vec::Vec<u8> as core[a373ad73a504971]::io::write::Write>::write_fmt
[INFO] [stdout]    3:     0x5c422e2d5386 - std[617be2ca0a6fd877]::panicking::default_hook::{closure#0}
[INFO] [stdout]    4:     0x5c422e2f2839 - std[617be2ca0a6fd877]::panicking::default_hook
[INFO] [stdout]    5:     0x5c422dbc4210 - test[aada8e7e76ba119b]::test_main_inner::{closure#0}
[INFO] [stdout]    6:     0x5c422e2f2b62 - std[617be2ca0a6fd877]::panicking::panic_with_hook
[INFO] [stdout]    7:     0x5c422e2d5432 - std[617be2ca0a6fd877]::panicking::panic_handler::{closure#0}
[INFO] [stdout]    8:     0x5c422e2cdfc9 - std[617be2ca0a6fd877]::sys::backtrace::__rust_end_short_backtrace::<std[617be2ca0a6fd877]::panicking::panic_handler::{closure#0}, !>
[INFO] [stdout]    9:     0x5c422e2d622d - __rustc[ea4f61d10b84890b]::rust_begin_unwind
[INFO] [stdout]   10:     0x5c422e31480c - core[a373ad73a504971]::panicking::panic_fmt
[INFO] [stdout]   11:     0x5c422e3145e2 - core[a373ad73a504971]::result::unwrap_failed
[INFO] [stdout]   12:     0x5c422dba50b0 - integration[d59e13c1198b91ee]::connect_test_server
[INFO] [stdout]   13:     0x5c422dba8a8a - <integration[d59e13c1198b91ee]::test_get_nonexistent_prompt::{closure#0} as core[a373ad73a504971]::ops::function::FnOnce<()>>::call_once
[INFO] [stdout]   14:     0x5c422dbb765b - test[aada8e7e76ba119b]::__rust_begin_short_backtrace::<core[a373ad73a504971]::result::Result<(), alloc[2e1b2a31b91974c5]::string::String>, fn() -> core[a373ad73a504971]::result::Result<(), alloc[2e1b2a31b91974c5]::string::String>>
[INFO] [stdout]   15:     0x5c422dbc4835 - test[aada8e7e76ba119b]::run_test::{closure#0}
[INFO] [stdout]   16:     0x5c422dbbe124 - std[617be2ca0a6fd877]::sys::backtrace::__rust_begin_short_backtrace::<test[aada8e7e76ba119b]::run_test::{closure#1}, ()>
[INFO] [stdout]   17:     0x5c422dbc78c2 - <std[617be2ca0a6fd877]::thread::lifecycle::spawn_unchecked<test[aada8e7e76ba119b]::run_test::{closure#1}, ()>::{closure#1} as core[a373ad73a504971]::ops::function::FnOnce<()>>::call_once::{shim:vtable#0}
[INFO] [stdout]   18:     0x5c422e2fa62f - <std[617be2ca0a6fd877]::sys::thread::unix::Thread>::new::thread_start
[INFO] [stdout]   19:     0x703330c70dfa - <unknown>
[INFO] [stdout]   20:     0x703330d043d4 - clone
[INFO] [stdout]   21:                0x0 - <unknown>
[INFO] [stdout] 
[INFO] [stdout] ---- test_multiple_operations_after_disconnect stdout ----
[INFO] [stdout] 
[INFO] [stdout] thread 'test_multiple_operations_after_disconnect' (3359) panicked at tests/integration.rs:27:42:
[INFO] [stdout] Failed to connect to test server: ConnectionFailed("Failed to spawn '/opt/rustwide/target/release/build/tl-mcp/5c99c95a499cadef/tl-test-mcp-server': No such file or directory (os error 2)")
[INFO] [stdout] stack backtrace:
[INFO] [stdout]    0:     0x5c422e2fb3d1 - <<std[617be2ca0a6fd877]::sys::backtrace::BacktraceLock>::print::DisplayBacktrace as core[a373ad73a504971]::fmt::Display>::fmt
[INFO] [stdout]    1:     0x5c422e3140aa - core[a373ad73a504971]::fmt::write
[INFO] [stdout]    2:     0x5c422e3006ec - <alloc[2e1b2a31b91974c5]::vec::Vec<u8> as core[a373ad73a504971]::io::write::Write>::write_fmt
[INFO] [stdout]    3:     0x5c422e2d5386 - std[617be2ca0a6fd877]::panicking::default_hook::{closure#0}
[INFO] [stdout]    4:     0x5c422e2f2839 - std[617be2ca0a6fd877]::panicking::default_hook
[INFO] [stdout]    5:     0x5c422dbc4210 - test[aada8e7e76ba119b]::test_main_inner::{closure#0}
[INFO] [stdout]    6:     0x5c422e2f2b62 - std[617be2ca0a6fd877]::panicking::panic_with_hook
[INFO] [stdout]    7:     0x5c422e2d5432 - std[617be2ca0a6fd877]::panicking::panic_handler::{closure#0}
[INFO] [stdout]    8:     0x5c422e2cdfc9 - std[617be2ca0a6fd877]::sys::backtrace::__rust_end_short_backtrace::<std[617be2ca0a6fd877]::panicking::panic_handler::{closure#0}, !>
[INFO] [stdout]    9:     0x5c422e2d622d - __rustc[ea4f61d10b84890b]::rust_begin_unwind
[INFO] [stdout]   10:     0x5c422e31480c - core[a373ad73a504971]::panicking::panic_fmt
[INFO] [stdout]   11:     0x5c422e3145e2 - core[a373ad73a504971]::result::unwrap_failed
[INFO] [stdout]   12:     0x5c422dba50b0 - integration[d59e13c1198b91ee]::connect_test_server
[INFO] [stdout]   13:     0x5c422dbaf21d - <integration[d59e13c1198b91ee]::test_multiple_operations_after_disconnect::{closure#0} as core[a373ad73a504971]::ops::function::FnOnce<()>>::call_once
[INFO] [stdout]   14:     0x5c422dbb765b - test[aada8e7e76ba119b]::__rust_begin_short_backtrace::<core[a373ad73a504971]::result::Result<(), alloc[2e1b2a31b91974c5]::string::String>, fn() -> core[a373ad73a504971]::result::Result<(), alloc[2e1b2a31b91974c5]::string::String>>
[INFO] [stdout]   15:     0x5c422dbc4835 - test[aada8e7e76ba119b]::run_test::{closure#0}
[INFO] [stdout]   16:     0x5c422dbbe124 - std[617be2ca0a6fd877]::sys::backtrace::__rust_begin_short_backtrace::<test[aada8e7e76ba119b]::run_test::{closure#1}, ()>
[INFO] [stdout]   17:     0x5c422dbc78c2 - <std[617be2ca0a6fd877]::thread::lifecycle::spawn_unchecked<test[aada8e7e76ba119b]::run_test::{closure#1}, ()>::{closure#1} as core[a373ad73a504971]::ops::function::FnOnce<()>>::call_once::{shim:vtable#0}
[INFO] [stdout]   18:     0x5c422e2fa62f - <std[617be2ca0a6fd877]::sys::thread::unix::Thread>::new::thread_start
[INFO] [stdout]   19:     0x703330c70dfa - <unknown>
[INFO] [stdout]   20:     0x703330d043d4 - clone
[INFO] [stdout]   21:                0x0 - <unknown>
[INFO] [stdout] 
[INFO] [stdout] ---- test_list_tools stdout ----
[INFO] [stdout] 
[INFO] [stdout] thread 'test_list_tools' (3320) panicked at tests/integration.rs:27:42:
[INFO] [stdout] Failed to connect to test server: ConnectionFailed("Failed to spawn '/opt/rustwide/target/release/build/tl-mcp/5c99c95a499cadef/tl-test-mcp-server': No such file or directory (os error 2)")
[INFO] [stdout] stack backtrace:
[INFO] [stdout]    0:     0x5c422e2fb3d1 - <<std[617be2ca0a6fd877]::sys::backtrace::BacktraceLock>::print::DisplayBacktrace as core[a373ad73a504971]::fmt::Display>::fmt
[INFO] [stdout]    1:     0x5c422e3140aa - core[a373ad73a504971]::fmt::write
[INFO] [stdout]    2:     0x5c422e3006ec - <alloc[2e1b2a31b91974c5]::vec::Vec<u8> as core[a373ad73a504971]::io::write::Write>::write_fmt
[INFO] [stdout]    3:     0x5c422e2d5386 - std[617be2ca0a6fd877]::panicking::default_hook::{closure#0}
[INFO] [stdout]    4:     0x5c422e2f2839 - std[617be2ca0a6fd877]::panicking::default_hook
[INFO] [stdout]    5:     0x5c422dbc4210 - test[aada8e7e76ba119b]::test_main_inner::{closure#0}
[INFO] [stdout]    6:     0x5c422e2f2b62 - std[617be2ca0a6fd877]::panicking::panic_with_hook
[INFO] [stdout]    7:     0x5c422e2d5432 - std[617be2ca0a6fd877]::panicking::panic_handler::{closure#0}
[INFO] [stdout]    8:     0x5c422e2cdfc9 - std[617be2ca0a6fd877]::sys::backtrace::__rust_end_short_backtrace::<std[617be2ca0a6fd877]::panicking::panic_handler::{closure#0}, !>
[INFO] [stdout]    9:     0x5c422e2d622d - __rustc[ea4f61d10b84890b]::rust_begin_unwind
[INFO] [stdout]   10:     0x5c422e31480c - core[a373ad73a504971]::panicking::panic_fmt
[INFO] [stdout]   11:     0x5c422e3145e2 - core[a373ad73a504971]::result::unwrap_failed
[INFO] [stdout]   12:     0x5c422dba50b0 - integration[d59e13c1198b91ee]::connect_test_server
[INFO] [stdout]   13:     0x5c422dba5fe1 - <integration[d59e13c1198b91ee]::test_list_tools::{closure#0} as core[a373ad73a504971]::ops::function::FnOnce<()>>::call_once
[INFO] [stdout]   14:     0x5c422dbb765b - test[aada8e7e76ba119b]::__rust_begin_short_backtrace::<core[a373ad73a504971]::result::Result<(), alloc[2e1b2a31b91974c5]::string::String>, fn() -> core[a373ad73a504971]::result::Result<(), alloc[2e1b2a31b91974c5]::string::String>>
[INFO] [stdout]   15:     0x5c422dbc4835 - test[aada8e7e76ba119b]::run_test::{closure#0}
[INFO] [stdout]   16:     0x5c422dbbe124 - std[617be2ca0a6fd877]::sys::backtrace::__rust_begin_short_backtrace::<test[aada8e7e76ba119b]::run_test::{closure#1}, ()>
[INFO] [stdout]   17:     0x5c422dbc78c2 - <std[617be2ca0a6fd877]::thread::lifecycle::spawn_unchecked<test[aada8e7e76ba119b]::run_test::{closure#1}, ()>::{closure#1} as core[a373ad73a504971]::ops::function::FnOnce<()>>::call_once::{shim:vtable#0}
[INFO] [stdout]   18:     0x5c422e2fa62f - <std[617be2ca0a6fd877]::sys::thread::unix::Thread>::new::thread_start
[INFO] [stdout]   19:     0x703330c70dfa - <unknown>
[INFO] [stdout]   20:     0x703330d043d4 - clone
[INFO] [stdout]   21:                0x0 - <unknown>
[INFO] [stdout] 
[INFO] [stdout] ---- test_read_nonexistent_resource stdout ----
[INFO] [stdout] 
[INFO] [stdout] thread 'test_read_nonexistent_resource' (3379) panicked at tests/integration.rs:27:42:
[INFO] [stdout] Failed to connect to test server: ConnectionFailed("Failed to spawn '/opt/rustwide/target/release/build/tl-mcp/5c99c95a499cadef/tl-test-mcp-server': No such file or directory (os error 2)")
[INFO] [stdout] stack backtrace:
[INFO] [stdout]    0:     0x5c422e2fb3d1 - <<std[617be2ca0a6fd877]::sys::backtrace::BacktraceLock>::print::DisplayBacktrace as core[a373ad73a504971]::fmt::Display>::fmt
[INFO] [stdout]    1:     0x5c422e3140aa - core[a373ad73a504971]::fmt::write
[INFO] [stdout]    2:     0x5c422e3006ec - <alloc[2e1b2a31b91974c5]::vec::Vec<u8> as core[a373ad73a504971]::io::write::Write>::write_fmt
[INFO] [stdout]    3:     0x5c422e2d5386 - std[617be2ca0a6fd877]::panicking::default_hook::{closure#0}
[INFO] [stdout]    4:     0x5c422e2f2839 - std[617be2ca0a6fd877]::panicking::default_hook
[INFO] [stdout]    5:     0x5c422dbc4210 - test[aada8e7e76ba119b]::test_main_inner::{closure#0}
[INFO] [stdout]    6:     0x5c422e2f2b62 - std[617be2ca0a6fd877]::panicking::panic_with_hook
[INFO] [stdout]    7:     0x5c422e2d5432 - std[617be2ca0a6fd877]::panicking::panic_handler::{closure#0}
[INFO] [stdout]    8:     0x5c422e2cdfc9 - std[617be2ca0a6fd877]::sys::backtrace::__rust_end_short_backtrace::<std[617be2ca0a6fd877]::panicking::panic_handler::{closure#0}, !>
[INFO] [stdout]    9:     0x5c422e2d622d - __rustc[ea4f61d10b84890b]::rust_begin_unwind
[INFO] [stdout]   10:     0x5c422e31480c - core[a373ad73a504971]::panicking::panic_fmt
[INFO] [stdout]   11:     0x5c422e3145e2 - core[a373ad73a504971]::result::unwrap_failed
[INFO] [stdout]   12:     0x5c422dba50b0 - integration[d59e13c1198b91ee]::connect_test_server
[INFO] [stdout]   13:     0x5c422dba9c0a - <integration[d59e13c1198b91ee]::test_read_nonexistent_resource::{closure#0} as core[a373ad73a504971]::ops::function::FnOnce<()>>::call_once
[INFO] [stdout]   14:     0x5c422dbb765b - test[aada8e7e76ba119b]::__rust_begin_short_backtrace::<core[a373ad73a504971]::result::Result<(), alloc[2e1b2a31b91974c5]::string::String>, fn() -> core[a373ad73a504971]::result::Result<(), alloc[2e1b2a31b91974c5]::string::String>>
[INFO] [stdout]   15:     0x5c422dbc4835 - test[aada8e7e76ba119b]::run_test::{closure#0}
[INFO] [stdout]   16:     0x5c422dbbe124 - std[617be2ca0a6fd877]::sys::backtrace::__rust_begin_short_backtrace::<test[aada8e7e76ba119b]::run_test::{closure#1}, ()>
[INFO] [stdout]   17:     0x5c422dbc78c2 - <std[617be2ca0a6fd877]::thread::lifecycle::spawn_unchecked<test[aada8e7e76ba119b]::run_test::{closure#1}, ()>::{closure#1} as core[a373ad73a504971]::ops::function::FnOnce<()>>::call_once::{shim:vtable#0}
[INFO] [stdout]   18:     0x5c422e2fa62f - <std[617be2ca0a6fd877]::sys::thread::unix::Thread>::new::thread_start
[INFO] [stdout]   19:     0x703330c70dfa - <unknown>
[INFO] [stdout]   20:     0x703330d043d4 - clone
[INFO] [stdout]   21:                0x0 - <unknown>
[INFO] [stdout] 
[INFO] [stdout] ---- test_ping stdout ----
[INFO] [stdout] 
[INFO] [stdout] thread 'test_ping' (3377) panicked at tests/integration.rs:27:42:
[INFO] [stdout] Failed to connect to test server: ConnectionFailed("Failed to spawn '/opt/rustwide/target/release/build/tl-mcp/5c99c95a499cadef/tl-test-mcp-server': No such file or directory (os error 2)")
[INFO] [stdout] stack backtrace:
[INFO] [stdout]    0:     0x5c422e2fb3d1 - <<std[617be2ca0a6fd877]::sys::backtrace::BacktraceLock>::print::DisplayBacktrace as core[a373ad73a504971]::fmt::Display>::fmt
[INFO] [stdout]    1:     0x5c422e3140aa - core[a373ad73a504971]::fmt::write
[INFO] [stdout]    2:     0x5c422e3006ec - <alloc[2e1b2a31b91974c5]::vec::Vec<u8> as core[a373ad73a504971]::io::write::Write>::write_fmt
[INFO] [stdout]    3:     0x5c422e2d5386 - std[617be2ca0a6fd877]::panicking::default_hook::{closure#0}
[INFO] [stdout]    4:     0x5c422e2f2839 - std[617be2ca0a6fd877]::panicking::default_hook
[INFO] [stdout]    5:     0x5c422dbc4210 - test[aada8e7e76ba119b]::test_main_inner::{closure#0}
[INFO] [stdout]    6:     0x5c422e2f2b62 - std[617be2ca0a6fd877]::panicking::panic_with_hook
[INFO] [stdout]    7:     0x5c422e2d5432 - std[617be2ca0a6fd877]::panicking::panic_handler::{closure#0}
[INFO] [stdout]    8:     0x5c422e2cdfc9 - std[617be2ca0a6fd877]::sys::backtrace::__rust_end_short_backtrace::<std[617be2ca0a6fd877]::panicking::panic_handler::{closure#0}, !>
[INFO] [stdout]    9:     0x5c422e2d622d - __rustc[ea4f61d10b84890b]::rust_begin_unwind
[INFO] [stdout]   10:     0x5c422e31480c - core[a373ad73a504971]::panicking::panic_fmt
[INFO] [stdout]   11:     0x5c422e3145e2 - core[a373ad73a504971]::result::unwrap_failed
[INFO] [stdout]   12:     0x5c422dba50b0 - integration[d59e13c1198b91ee]::connect_test_server
[INFO] [stdout]   13:     0x5c422dbaf7fa - <integration[d59e13c1198b91ee]::test_ping::{closure#0} as core[a373ad73a504971]::ops::function::FnOnce<()>>::call_once
[INFO] [stdout]   14:     0x5c422dbb765b - test[aada8e7e76ba119b]::__rust_begin_short_backtrace::<core[a373ad73a504971]::result::Result<(), alloc[2e1b2a31b91974c5]::string::String>, fn() -> core[a373ad73a504971]::result::Result<(), alloc[2e1b2a31b91974c5]::string::String>>
[INFO] [stdout]   15:     0x5c422dbc4835 - test[aada8e7e76ba119b]::run_test::{closure#0}
[INFO] [stdout]   16:     0x5c422dbbe124 - std[617be2ca0a6fd877]::sys::backtrace::__rust_begin_short_backtrace::<test[aada8e7e76ba119b]::run_test::{closure#1}, ()>
[INFO] [stdout]   17:     0x5c422dbc78c2 - <std[617be2ca0a6fd877]::thread::lifecycle::spawn_unchecked<test[aada8e7e76ba119b]::run_test::{closure#1}, ()>::{closure#1} as core[a373ad73a504971]::ops::function::FnOnce<()>>::call_once::{shim:vtable#0}
[INFO] [stdout]   18:     0x5c422e2fa62f - <std[617be2ca0a6fd877]::sys::thread::unix::Thread>::new::thread_start
[INFO] [stdout]   19:     0x703330c70dfa - <unknown>
[INFO] [stdout]   20:     0x703330d043d4 - clone
[INFO] [stdout]   21:                0x0 - <unknown>
[INFO] [stdout] 
[INFO] [stdout] 
[INFO] [stdout] failures:
[INFO] [stdout]     test_call_nonexistent_tool
[INFO] [stdout]     test_call_on_disconnected_client
[INFO] [stdout]     test_call_tool_add
[INFO] [stdout]     test_call_tool_add_edge_numbers
[INFO] [stdout]     test_call_tool_echo
[INFO] [stdout]     test_call_tool_empty_object
[INFO] [stdout]     test_call_tool_invalid_arguments
[INFO] [stdout]     test_call_tool_null_arguments
[INFO] [stdout]     test_call_tool_unicode_arguments
[INFO] [stdout]     test_client_server_handshake
[INFO] [stdout]     test_connect_with_runtime
[INFO] [stdout]     test_disconnect_cleanup
[INFO] [stdout]     test_double_disconnect
[INFO] [stdout]     test_get_nonexistent_prompt
[INFO] [stdout]     test_list_and_get_prompts
[INFO] [stdout]     test_list_and_read_resources
[INFO] [stdout]     test_list_tools
[INFO] [stdout]     test_multiple_calls_same_connection
[INFO] [stdout]     test_multiple_operations_after_disconnect
[INFO] [stdout]     test_ping
[INFO] [stdout]     test_read_nonexistent_resource
[INFO] [stdout] 
[INFO] [stdout] test result: FAILED. 8 passed; 21 failed; 0 ignored; 0 measured; 0 filtered out; finished in 0.72s
[INFO] [stdout] 
[INFO] [stderr] error: test failed, to rerun pass `--test integration`
[INFO] running `Command { std: "docker" "inspect" "c8aa66c01f03683d284ec26e726baf3fa150fcab51862fd678b8d0e998cf07c6", kill_on_drop: false }`
[INFO] running `Command { std: "docker" "rm" "-f" "c8aa66c01f03683d284ec26e726baf3fa150fcab51862fd678b8d0e998cf07c6", kill_on_drop: false }`
[INFO] [stdout] c8aa66c01f03683d284ec26e726baf3fa150fcab51862fd678b8d0e998cf07c6
