[INFO] fetching crate tianheng 0.8.0...
[INFO] testing tianheng-0.8.0 against 1.100.0-beta.1+cargoflags=--release for beta-release-1.100-2
[INFO] extracting crate tianheng 0.8.0 into /workspace/builds/worker-2-tc2/source
[INFO] started tweaking crates.io crate tianheng 0.8.0
[INFO] removed 0 missing tests
[INFO] finished tweaking crates.io crate tianheng 0.8.0
[INFO] tweaked toml for crates.io crate tianheng 0.8.0 written to /workspace/builds/worker-2-tc2/source/Cargo.toml
[INFO] validating manifest of crates.io crate tianheng 0.8.0 on toolchain 1.100.0-beta.1
[INFO] running `Command { std: CARGO_HOME="/workspace/cargo-home" RUSTUP_HOME="/workspace/rustup-home" "/workspace/cargo-home/bin/cargo" "+1.100.0-beta.1" "metadata" "--manifest-path" "Cargo.toml" "--no-deps", kill_on_drop: false }`
[INFO] crate crates.io crate tianheng 0.8.0 already has a lockfile, it will not be regenerated
[INFO] running `Command { std: CARGO_HOME="/workspace/cargo-home" RUSTUP_HOME="/workspace/rustup-home" "/workspace/cargo-home/bin/cargo" "+1.100.0-beta.1" "fetch" "--manifest-path" "Cargo.toml", kill_on_drop: false }`
[INFO] running `Command { std: "docker" "create" "-v" "/var/lib/crater-agent-workspace/builds/worker-2-tc2/source:/opt/rustwide/workdir:ro,Z" "-v" "/var/lib/crater-agent-workspace/builds/worker-2-tc2/target:/opt/rustwide/target:rw,Z" "-v" "/var/lib/crater-agent-workspace/cargo-home:/opt/rustwide/cargo-home:ro,Z" "-v" "/var/lib/crater-agent-workspace/rustup-home:/opt/rustwide/rustup-home:ro,Z" "-m" "1610612736" "--network" "none" "ghcr.io/rust-lang/crates-build-env/linux@sha256:77db811e55d90add9212f6832c23229e3de5f1c1f9905e8cb07319ea15df73ac" "sleep" "infinity", kill_on_drop: false }`
[INFO] [stdout] 0d51dd076c7b125bc97dff70d21d6fe955832c91f1acc0b9cb2673d6751de9c7
[INFO] running `Command { std: "docker" "start" "0d51dd076c7b125bc97dff70d21d6fe955832c91f1acc0b9cb2673d6751de9c7", kill_on_drop: false }`
[INFO] running `Command { std: "docker" "inspect" "0d51dd076c7b125bc97dff70d21d6fe955832c91f1acc0b9cb2673d6751de9c7", kill_on_drop: false }`
[INFO] running `Command { std: "docker" "exec" "-e" "SOURCE_DIR=/opt/rustwide/workdir" "-e" "CARGO_HOME=/opt/rustwide/cargo-home" "-e" "RUSTUP_HOME=/opt/rustwide/rustup-home" "-e" "CARGO_TARGET_DIR=/opt/rustwide/target" "-w" "/opt/rustwide/workdir" "--user" "0:0" "0d51dd076c7b125bc97dff70d21d6fe955832c91f1acc0b9cb2673d6751de9c7" "/opt/rustwide/cargo-home/bin/cargo" "+1.100.0-beta.1" "metadata" "--no-deps" "--format-version=1", kill_on_drop: false }`
[INFO] running `Command { std: "docker" "inspect" "0d51dd076c7b125bc97dff70d21d6fe955832c91f1acc0b9cb2673d6751de9c7", kill_on_drop: false }`
[INFO] running `Command { std: "docker" "exec" "-e" "SOURCE_DIR=/opt/rustwide/workdir" "-e" "CARGO_HOME=/opt/rustwide/cargo-home" "-e" "RUSTUP_HOME=/opt/rustwide/rustup-home" "-e" "CARGO_TARGET_DIR=/opt/rustwide/target" "-e" "CARGO_INCREMENTAL=0" "-e" "RUST_BACKTRACE=full" "-e" "RUSTFLAGS=--cap-lints=warn" "-e" "RUSTDOCFLAGS=--cap-lints=warn" "-w" "/opt/rustwide/workdir" "--user" "0:0" "0d51dd076c7b125bc97dff70d21d6fe955832c91f1acc0b9cb2673d6751de9c7" "/opt/rustwide/cargo-home/bin/cargo" "+1.100.0-beta.1" "build" "--frozen" "--message-format=json" "--release", kill_on_drop: false }`
[INFO] [stderr]    Compiling zmij v1.0.21
[INFO] [stderr]    Compiling serde_core v1.0.228
[INFO] [stderr]    Compiling serde_json v1.0.150
[INFO] [stderr]    Compiling memchr v2.8.2
[INFO] [stderr]    Compiling proc-macro2 v1.0.106
[INFO] [stderr]    Compiling unicode-ident v1.0.24
[INFO] [stderr]    Compiling quote v1.0.46
[INFO] [stderr]    Compiling tinyvec v1.13.3
[INFO] [stderr]    Compiling unicode-normalization v0.1.25
[INFO] [stderr]    Compiling syn v2.0.118
[INFO] [stderr]    Compiling xuanji v0.8.0
[INFO] [stderr]    Compiling xingbiao v0.8.0
[INFO] [stderr]    Compiling guibiao v0.8.0
[INFO] [stderr]    Compiling louke v0.8.0
[INFO] [stderr]    Compiling hunyi v0.8.0
[INFO] [stderr]    Compiling tianheng v0.8.0 (/opt/rustwide/workdir)
[INFO] [stderr]     Finished `release` profile [optimized] target(s) in 2m 06s
[INFO] running `Command { std: "docker" "inspect" "0d51dd076c7b125bc97dff70d21d6fe955832c91f1acc0b9cb2673d6751de9c7", kill_on_drop: false }`
[INFO] running `Command { std: "docker" "exec" "-e" "SOURCE_DIR=/opt/rustwide/workdir" "-e" "CARGO_HOME=/opt/rustwide/cargo-home" "-e" "RUSTUP_HOME=/opt/rustwide/rustup-home" "-e" "CARGO_TARGET_DIR=/opt/rustwide/target" "-e" "CARGO_INCREMENTAL=0" "-e" "RUST_BACKTRACE=full" "-e" "RUSTFLAGS=--cap-lints=warn" "-e" "RUSTDOCFLAGS=--cap-lints=warn" "-w" "/opt/rustwide/workdir" "--user" "0:0" "0d51dd076c7b125bc97dff70d21d6fe955832c91f1acc0b9cb2673d6751de9c7" "/opt/rustwide/cargo-home/bin/cargo" "+1.100.0-beta.1" "test" "--frozen" "--no-run" "--message-format=json" "--release", kill_on_drop: false }`
[INFO] [stderr]    Compiling tianheng v0.8.0 (/opt/rustwide/workdir)
[INFO] [stderr]     Finished `release` profile [optimized] target(s) in 22.03s
[INFO] running `Command { std: "docker" "inspect" "0d51dd076c7b125bc97dff70d21d6fe955832c91f1acc0b9cb2673d6751de9c7", kill_on_drop: false }`
[INFO] running `Command { std: "docker" "exec" "-e" "SOURCE_DIR=/opt/rustwide/workdir" "-e" "CARGO_HOME=/opt/rustwide/cargo-home" "-e" "RUSTUP_HOME=/opt/rustwide/rustup-home" "-e" "CARGO_TARGET_DIR=/opt/rustwide/target" "-e" "CARGO_INCREMENTAL=0" "-e" "RUST_BACKTRACE=full" "-e" "RUSTFLAGS=--cap-lints=warn" "-e" "RUSTDOCFLAGS=--cap-lints=warn" "-w" "/opt/rustwide/workdir" "--user" "0:0" "0d51dd076c7b125bc97dff70d21d6fe955832c91f1acc0b9cb2673d6751de9c7" "/opt/rustwide/cargo-home/bin/cargo" "+1.100.0-beta.1" "test" "--frozen" "--release", kill_on_drop: false }`
[INFO] [stderr]     Finished `release` profile [optimized] target(s) in 0.04s
[INFO] [stderr]      Running unittests src/lib.rs (/opt/rustwide/target/release/build/tianheng/5fb8ed0d88994469/out/tianheng-5fb8ed0d88994469)
[INFO] [stdout] 
[INFO] [stdout] running 98 tests
[INFO] [stdout] test runner::tests::a_flag_shaped_write_baseline_value_is_never_silently_written ... ok
[INFO] [stdout] test existential::tests::no_existential_leak_composes_faithfully ... ok
[INFO] [stdout] test runner::tests::a_semantic_constitution_error_supersedes_static_violations ... ok
[INFO] [stdout] test runner::tests::a_composed_subject_that_cannot_be_represented_is_a_constitution_error ... ok
[INFO] [stdout] test runner::tests::a_participant_carrying_no_subject_cannot_be_folded_into_a_clean_verdict ... ok
[INFO] [stdout] test runner::tests::a_flag_shaped_value_is_a_usage_error ... ok
[INFO] [stdout] test runner::tests::a_lone_participant_carrying_no_subject_cannot_reach_a_verdict ... ok
[INFO] [stdout] test runner::tests::an_anchored_semantic_boundary_projects_its_anchor_only_when_set ... ok
[INFO] [stdout] test runner::tests::an_empty_flag_value_is_a_usage_error_in_both_forms ... ok
[INFO] [stdout] test runner::tests::a_static_constitution_error_wins_when_both_error ... ok
[INFO] [stdout] test runner::tests::an_orphan_probe_reacts_with_no_declared_boundary ... ok
[INFO] [stdout] test existential::tests::no_existential_leak_hardcodes_subtree_scope_on_both_halves ... ok
[INFO] [stdout] test runner::tests::async_exposure_boundary_projects_into_list_document_and_markdown ... ok
[INFO] [stdout] test runner::tests::auto_bound_projection_uses_normalized_leaf_set ... ok
[INFO] [stdout] test runner::tests::a_bare_boundary_omits_the_opt_in_from_every_projection ... ok
[INFO] [stdout] test runner::tests::both_baseline_flags_exit_2 ... ok
[INFO] [stdout] test runner::tests::check_rejects_the_list_only_markdown_format ... ok
[INFO] [stdout] test runner::tests::constitution_error_machine_output_carries_no_ansi ... ok
[INFO] [stdout] test runner::tests::constitution_markdown_equals_the_cli_projection_byte_for_byte ... ok
[INFO] [stdout] test runner::tests::active_render_colours_around_the_text_without_changing_it ... ok
[INFO] [stdout] test existential::tests::no_existential_leak_threads_severity_to_both ... ok
[INFO] [stdout] test runner::tests::composed_runtime_audit_uses_custom_roots_and_rejects_orphan_only_coverage ... FAILED
[INFO] [stdout] test runner::tests::dyn_trait_boundary_projects_into_list_document_and_markdown ... ok
[INFO] [stdout] test runner::tests::impl_trait_boundary_projects_into_list_document_and_markdown ... ok
[INFO] [stdout] test runner::tests::every_semantic_depth_projects_in_one_vocabulary_read_from_the_boundary ... ok
[INFO] [stdout] test runner::tests::flag_missing_its_value_is_a_usage_error ... ok
[INFO] [stdout] test runner::tests::including_trait_impls_projects_into_text_json_and_markdown ... ok
[INFO] [stdout] test runner::tests::a_symlink_is_reported_dangling_only_when_its_target_does_not_resolve ... FAILED
[INFO] [stdout] test runner::tests::list_accepts_markdown_format ... ok
[INFO] [stdout] test runner::tests::list_document_covers_every_populated_dimension ... ok
[INFO] [stdout] test runner::tests::list_markdown_empty_constitution_has_a_title_but_no_sections ... ok
[INFO] [stdout] test runner::tests::list_rejects_check_only_flags ... ok
[INFO] [stdout] test runner::tests::list_rejects_the_check_only_sarif_format ... ok
[INFO] [stdout] test runner::tests::list_unknown_flag_exits_2 ... ok
[INFO] [stdout] test runner::tests::list_unknown_format_is_a_usage_error ... ok
[INFO] [stdout] test runner::tests::list_json_exits_0 ... ok
[INFO] [stdout] test runner::tests::markdown_foregrounds_the_reason_before_rule_and_classification ... ok
[INFO] [stdout] test runner::tests::list_markdown_covers_every_dimension_with_target_rule_and_reason ... ok
[INFO] [stdout] test runner::tests::list_needs_no_manifest_path_and_exits_0 ... ok
[INFO] [stdout] test runner::tests::markdown_headings_are_pairwise_distinct ... ok
[INFO] [stdout] test runner::tests::markdown_params_exclude_exactly_the_structural_base_keys ... ok
[INFO] [stdout] test runner::tests::markdown_projection_covers_every_dimension_the_json_document_emits ... ok
[INFO] [stdout] test runner::tests::merge_folds_a_trait_impl_violation_into_the_report ... ok
[INFO] [stdout] test runner::tests::merge_is_clean_only_when_both_are_clean ... ok
[INFO] [stdout] test runner::tests::json_projection_is_unchanged_by_the_text_grouping ... ok
[INFO] [stdout] test runner::tests::dyn_trait_text_lists_each_boundary ... ok
[INFO] [stdout] test runner::tests::markdown_projects_a_dependency_source_boundary_with_its_allowed_sources ... ok
[INFO] [stdout] test runner::tests::misspelled_flag_fails_loud_instead_of_being_ignored ... ok
[INFO] [stdout] test runner::tests::markdown_reasonless_boundary_has_no_blockquote_or_orphan_blank_line ... ok
[INFO] [stdout] test runner::tests::merge_combines_violations_from_both_dimensions ... ok
[INFO] [stdout] test runner::tests::composed_check_preserves_static_error_precedence ... ok
[INFO] [stdout] test runner::tests::nearest_manifest_walks_up_to_the_nearest_cargo_toml ... FAILED
[INFO] [stdout] test runner::tests::missing_baseline_creation_cannot_clobber_a_file_that_appeared ... FAILED
[INFO] [stdout] test runner::tests::plain_render_carries_no_ansi_escapes ... ok
[INFO] [stdout] test runner::tests::projection_gate_reacts_to_missing_stale_and_regenerates_on_bless ... FAILED
[INFO] [stdout] test runner::tests::report_text_leads_with_reason_and_shows_the_offending_file ... ok
[INFO] [stdout] test runner::tests::report_text_omits_anchor_and_repair_when_absent ... ok
[INFO] [stdout] test runner::tests::report_text_omits_the_file_element_when_absent ... ok
[INFO] [stdout] test runner::tests::operand_scoped_dyn_boundary_projects_its_forbidden_operands ... ok
[INFO] [stdout] test runner::tests::report_sarif_carries_the_anchor_in_a_result_property_bag ... ok
[INFO] [stdout] test runner::tests::operand_scoped_impl_trait_boundary_projects_its_forbidden_operands ... ok
[INFO] [stdout] test runner::tests::report_text_shows_anchor_and_repair_polarity_after_the_located_facts ... ok
[INFO] [stdout] test runner::tests::report_sarif_merges_anchor_and_polarity_into_one_property_bag ... ok
[INFO] [stdout] test runner::tests::sarif_exits_like_json ... ok
[INFO] [stdout] test runner::tests::report_text_groups_violations_by_boundary ... ok
[INFO] [stdout] test runner::tests::sarif_clean_is_empty_and_constitution_error_marks_execution_unsuccessful ... ok
[INFO] [stdout] test runner::tests::sarif_projects_violations_with_file_level_locations_and_no_region ... ok
[INFO] [stdout] test runner::tests::semantic_violation_projects_its_file_in_json_and_sarif ... ok
[INFO] [stdout] test runner::tests::stray_positional_exits_2 ... ok
[INFO] [stdout] test runner::tests::style_error_is_plain_identity_and_active_wraps ... ok
[INFO] [stdout] test runner::tests::the_coverage_advisory_names_each_uncovered_crate_only_under_the_flag ... ok
[INFO] [stdout] test runner::tests::the_runtime_audit_reports_the_declared_unprobed_seam ... ok
[INFO] [stdout] test runner::tests::the_runtime_dimension_is_wired_through_dispatch ... ok
[INFO] [stdout] test runner::tests::the_trait_impl_dimension_is_wired_through_dispatch ... ok
[INFO] [stdout] test runner::tests::the_visibility_dimension_is_wired_through_dispatch ... ok
[INFO] [stdout] test runner::tests::unknown_flag_exits_2 ... ok
[INFO] [stdout] test runner::tests::a_value_taking_flag_given_more_than_once_is_a_usage_error ... ok
[INFO] [stdout] test runner::tests::the_crate_source_rule_is_wired_through_dispatch ... ok
[INFO] [stdout] test runner::tests::the_runtime_projection_distinguishes_posture ... ok
[INFO] [stdout] test runner::tests::sarif_fingerprint_ignores_presentation_diagnostics_and_result_order ... ok
[INFO] [stdout] test runner::tests::trait_impl_text_lists_each_boundary ... ok
[INFO] [stdout] test runner::tests::unknown_format_exits_2 ... ok
[INFO] [stdout] test runner::tests::sarif_fingerprints_file_less_violations_by_their_full_identity ... ok
[INFO] [stdout] test runner::tests::semantic_text_lists_each_boundary ... ok
[INFO] [stdout] test runner::tests::visibility_text_lists_each_boundary_and_is_empty_when_none ... ok
[INFO] [stdout] test sans_io::tests::sans_io_pure_threads_severity_to_both ... ok
[INFO] [stdout] test runner::tests::write_baseline_refuses_every_unsupported_existing_document_without_modifying_it ... FAILED
[INFO] [stdout] test runner::tests::write_baseline_still_accepts_the_flags_that_do_apply ... ok
[INFO] [stdout] test testing::tests::projection_bless_mode_child ... ignored, executed in subprocesses by projection_freshness_covers_every_bless_mode
[INFO] [stdout] test testing::tests::missing_explicit_manifest_or_fixture_panics_loudly ... ok
[INFO] [stdout] test sans_io::tests::sans_io_pure_bakes_no_defaults ... ok
[INFO] [stdout] test testing::tests::workspace_coverage_counts_semantic_targets_but_not_runtime_seams ... FAILED
[INFO] [stdout] test sans_io::tests::sans_io_pure_composes_faithfully ... ok
[INFO] [stdout] test runner::tests::warn_uncovered_never_changes_the_exit_code ... ok
[INFO] [stdout] test runner::tests::write_baseline_preserves_hand_added_metadata_across_regeneration ... FAILED
[INFO] [stdout] test runner::tests::write_baseline_rejects_a_flag_that_cannot_apply_to_it ... FAILED
[INFO] [stdout] test testing::tests::relative_paths_resolve_from_their_callers_base ... FAILED
[INFO] [stdout] test testing::tests::projection_freshness_covers_every_bless_mode ... FAILED
[INFO] [stderr] error: test failed, to rerun pass `--lib`
[INFO] [stdout] 
[INFO] [stdout] failures:
[INFO] [stdout] 
[INFO] [stdout] ---- runner::tests::composed_runtime_audit_uses_custom_roots_and_rejects_orphan_only_coverage stdout ----
[INFO] [stdout] 
[INFO] [stdout] thread 'runner::tests::composed_runtime_audit_uses_custom_roots_and_rejects_orphan_only_coverage' (897) panicked at /opt/rustwide/cargo-home/registry/src/index.crates.io-1949cf8c6b5b557f/xingbiao-0.8.0/src/lib.rs:528:60:
[INFO] [stdout] scratch_base: '/opt/rustwide/target/release/build/tianheng/5fb8ed0d88994469/out/tianheng-5fb8ed0d88994469' is not at <target>/[<triple>/]<profile>/deps/<bin>, so there is no build directory to place a fixture root in
[INFO] [stdout] stack backtrace:
[INFO] [stdout]    0:     0x5f10ac957681 - <<std[617be2ca0a6fd877]::sys::backtrace::BacktraceLock>::print::DisplayBacktrace as core[a373ad73a504971]::fmt::Display>::fmt
[INFO] [stdout]    1:     0x5f10ac96cd9a - core[a373ad73a504971]::fmt::write
[INFO] [stdout]    2:     0x5f10ac95bdcc - <alloc[2e1b2a31b91974c5]::vec::Vec<u8> as core[a373ad73a504971]::io::write::Write>::write_fmt
[INFO] [stdout]    3:     0x5f10ac92fbf6 - std[617be2ca0a6fd877]::panicking::default_hook::{closure#0}
[INFO] [stdout]    4:     0x5f10ac94de89 - std[617be2ca0a6fd877]::panicking::default_hook
[INFO] [stdout]    5:     0x5f10ac4f1820 - test[aada8e7e76ba119b]::test_main_inner::{closure#0}
[INFO] [stdout]    6:     0x5f10ac94e1b2 - std[617be2ca0a6fd877]::panicking::panic_with_hook
[INFO] [stdout]    7:     0x5f10ac92fca2 - std[617be2ca0a6fd877]::panicking::panic_handler::{closure#0}
[INFO] [stdout]    8:     0x5f10ac9285a9 - std[617be2ca0a6fd877]::sys::backtrace::__rust_end_short_backtrace::<std[617be2ca0a6fd877]::panicking::panic_handler::{closure#0}, !>
[INFO] [stdout]    9:     0x5f10ac930b4d - __rustc[ea4f61d10b84890b]::rust_begin_unwind
[INFO] [stdout]   10:     0x5f10ac96d4fc - core[a373ad73a504971]::panicking::panic_fmt
[INFO] [stdout]   11:     0x5f10ac8f1494 - xingbiao[de563044e2d68f27]::scratch_base::{closure#1}
[INFO] [stdout]   12:     0x5f10ac8f2249 - xingbiao[de563044e2d68f27]::scratch_base
[INFO] [stdout]   13:     0x5f10ac8f22ec - xingbiao[de563044e2d68f27]::scratch_root
[INFO] [stdout]   14:     0x5f10ac49edbb - <tianheng[f0d28689d570c483]::runner::tests::composed_runtime_audit_uses_custom_roots_and_rejects_orphan_only_coverage::{closure#0} as core[a373ad73a504971]::ops::function::FnOnce<()>>::call_once
[INFO] [stdout]   15:     0x5f10ac4e4c6b - test[aada8e7e76ba119b]::__rust_begin_short_backtrace::<core[a373ad73a504971]::result::Result<(), alloc[2e1b2a31b91974c5]::string::String>, fn() -> core[a373ad73a504971]::result::Result<(), alloc[2e1b2a31b91974c5]::string::String>>
[INFO] [stdout]   16:     0x5f10ac4f1e45 - test[aada8e7e76ba119b]::run_test::{closure#0}
[INFO] [stdout]   17:     0x5f10ac4eb734 - std[617be2ca0a6fd877]::sys::backtrace::__rust_begin_short_backtrace::<test[aada8e7e76ba119b]::run_test::{closure#1}, ()>
[INFO] [stdout]   18:     0x5f10ac4f4ed2 - <std[617be2ca0a6fd877]::thread::lifecycle::spawn_unchecked<test[aada8e7e76ba119b]::run_test::{closure#1}, ()>::{closure#1} as core[a373ad73a504971]::ops::function::FnOnce<()>>::call_once::{shim:vtable#0}
[INFO] [stdout]   19:     0x5f10ac95667f - <std[617be2ca0a6fd877]::sys::thread::unix::Thread>::new::thread_start
[INFO] [stdout]   20:     0x721ada948dfa - <unknown>
[INFO] [stdout]   21:     0x721ada9dc3d4 - clone
[INFO] [stdout]   22:                0x0 - <unknown>
[INFO] [stdout] 
[INFO] [stdout] ---- runner::tests::a_symlink_is_reported_dangling_only_when_its_target_does_not_resolve stdout ----
[INFO] [stdout] 
[INFO] [stdout] thread 'runner::tests::a_symlink_is_reported_dangling_only_when_its_target_does_not_resolve' (886) panicked at /opt/rustwide/cargo-home/registry/src/index.crates.io-1949cf8c6b5b557f/xingbiao-0.8.0/src/lib.rs:528:60:
[INFO] [stdout] scratch_base: '/opt/rustwide/target/release/build/tianheng/5fb8ed0d88994469/out/tianheng-5fb8ed0d88994469' is not at <target>/[<triple>/]<profile>/deps/<bin>, so there is no build directory to place a fixture root in
[INFO] [stdout] stack backtrace:
[INFO] [stdout]    0:     0x5f10ac957681 - <<std[617be2ca0a6fd877]::sys::backtrace::BacktraceLock>::print::DisplayBacktrace as core[a373ad73a504971]::fmt::Display>::fmt
[INFO] [stdout]    1:     0x5f10ac96cd9a - core[a373ad73a504971]::fmt::write
[INFO] [stdout]    2:     0x5f10ac95bdcc - <alloc[2e1b2a31b91974c5]::vec::Vec<u8> as core[a373ad73a504971]::io::write::Write>::write_fmt
[INFO] [stdout]    3:     0x5f10ac92fbf6 - std[617be2ca0a6fd877]::panicking::default_hook::{closure#0}
[INFO] [stdout]    4:     0x5f10ac94de89 - std[617be2ca0a6fd877]::panicking::default_hook
[INFO] [stdout]    5:     0x5f10ac4f1820 - test[aada8e7e76ba119b]::test_main_inner::{closure#0}
[INFO] [stdout]    6:     0x5f10ac94e1b2 - std[617be2ca0a6fd877]::panicking::panic_with_hook
[INFO] [stdout]    7:     0x5f10ac92fca2 - std[617be2ca0a6fd877]::panicking::panic_handler::{closure#0}
[INFO] [stdout]    8:     0x5f10ac9285a9 - std[617be2ca0a6fd877]::sys::backtrace::__rust_end_short_backtrace::<std[617be2ca0a6fd877]::panicking::panic_handler::{closure#0}, !>
[INFO] [stdout]    9:     0x5f10ac930b4d - __rustc[ea4f61d10b84890b]::rust_begin_unwind
[INFO] [stdout]   10:     0x5f10ac96d4fc - core[a373ad73a504971]::panicking::panic_fmt
[INFO] [stdout]   11:     0x5f10ac8f1494 - xingbiao[de563044e2d68f27]::scratch_base::{closure#1}
[INFO] [stdout]   12:     0x5f10ac8f2249 - xingbiao[de563044e2d68f27]::scratch_base
[INFO] [stdout]   13:     0x5f10ac8f22ec - xingbiao[de563044e2d68f27]::scratch_root
[INFO] [stdout]   14:     0x5f10ac49aa70 - <tianheng[f0d28689d570c483]::runner::tests::a_symlink_is_reported_dangling_only_when_its_target_does_not_resolve::{closure#0} as core[a373ad73a504971]::ops::function::FnOnce<()>>::call_once
[INFO] [stdout]   15:     0x5f10ac4e4c6b - test[aada8e7e76ba119b]::__rust_begin_short_backtrace::<core[a373ad73a504971]::result::Result<(), alloc[2e1b2a31b91974c5]::string::String>, fn() -> core[a373ad73a504971]::result::Result<(), alloc[2e1b2a31b91974c5]::string::String>>
[INFO] [stdout]   16:     0x5f10ac4f1e45 - test[aada8e7e76ba119b]::run_test::{closure#0}
[INFO] [stdout]   17:     0x5f10ac4eb734 - std[617be2ca0a6fd877]::sys::backtrace::__rust_begin_short_backtrace::<test[aada8e7e76ba119b]::run_test::{closure#1}, ()>
[INFO] [stdout]   18:     0x5f10ac4f4ed2 - <std[617be2ca0a6fd877]::thread::lifecycle::spawn_unchecked<test[aada8e7e76ba119b]::run_test::{closure#1}, ()>::{closure#1} as core[a373ad73a504971]::ops::function::FnOnce<()>>::call_once::{shim:vtable#0}
[INFO] [stdout]   19:     0x5f10ac95667f - <std[617be2ca0a6fd877]::sys::thread::unix::Thread>::new::thread_start
[INFO] [stdout]   20:     0x721ada948dfa - <unknown>
[INFO] [stdout]   21:     0x721ada9dc3d4 - clone
[INFO] [stdout]   22:                0x0 - <unknown>
[INFO] [stdout] 
[INFO] [stdout] ---- runner::tests::nearest_manifest_walks_up_to_the_nearest_cargo_toml stdout ----
[INFO] [stdout] 
[INFO] [stdout] thread 'runner::tests::nearest_manifest_walks_up_to_the_nearest_cargo_toml' (928) panicked at /opt/rustwide/cargo-home/registry/src/index.crates.io-1949cf8c6b5b557f/xingbiao-0.8.0/src/lib.rs:528:60:
[INFO] [stdout] scratch_base: '/opt/rustwide/target/release/build/tianheng/5fb8ed0d88994469/out/tianheng-5fb8ed0d88994469' is not at <target>/[<triple>/]<profile>/deps/<bin>, so there is no build directory to place a fixture root in
[INFO] [stdout] stack backtrace:
[INFO] [stdout]    0:     0x5f10ac957681 - <<std[617be2ca0a6fd877]::sys::backtrace::BacktraceLock>::print::DisplayBacktrace as core[a373ad73a504971]::fmt::Display>::fmt
[INFO] [stdout]    1:     0x5f10ac96cd9a - core[a373ad73a504971]::fmt::write
[INFO] [stdout]    2:     0x5f10ac95bdcc - <alloc[2e1b2a31b91974c5]::vec::Vec<u8> as core[a373ad73a504971]::io::write::Write>::write_fmt
[INFO] [stdout]    3:     0x5f10ac92fbf6 - std[617be2ca0a6fd877]::panicking::default_hook::{closure#0}
[INFO] [stdout]    4:     0x5f10ac94de89 - std[617be2ca0a6fd877]::panicking::default_hook
[INFO] [stdout]    5:     0x5f10ac4f1820 - test[aada8e7e76ba119b]::test_main_inner::{closure#0}
[INFO] [stdout]    6:     0x5f10ac94e1b2 - std[617be2ca0a6fd877]::panicking::panic_with_hook
[INFO] [stdout]    7:     0x5f10ac92fca2 - std[617be2ca0a6fd877]::panicking::panic_handler::{closure#0}
[INFO] [stdout]    8:     0x5f10ac9285a9 - std[617be2ca0a6fd877]::sys::backtrace::__rust_end_short_backtrace::<std[617be2ca0a6fd877]::panicking::panic_handler::{closure#0}, !>
[INFO] [stdout]    9:     0x5f10ac930b4d - __rustc[ea4f61d10b84890b]::rust_begin_unwind
[INFO] [stdout]   10:     0x5f10ac96d4fc - core[a373ad73a504971]::panicking::panic_fmt
[INFO] [stdout]   11:     0x5f10ac8f1494 - xingbiao[de563044e2d68f27]::scratch_base::{closure#1}
[INFO] [stdout]   12:     0x5f10ac8f2249 - xingbiao[de563044e2d68f27]::scratch_base
[INFO] [stdout]   13:     0x5f10ac8f22ec - xingbiao[de563044e2d68f27]::scratch_root
[INFO] [stdout]   14:     0x5f10ac48abfb - <tianheng[f0d28689d570c483]::runner::tests::nearest_manifest_walks_up_to_the_nearest_cargo_toml::{closure#0} as core[a373ad73a504971]::ops::function::FnOnce<()>>::call_once
[INFO] [stdout]   15:     0x5f10ac4e4c6b - test[aada8e7e76ba119b]::__rust_begin_short_backtrace::<core[a373ad73a504971]::result::Result<(), alloc[2e1b2a31b91974c5]::string::String>, fn() -> core[a373ad73a504971]::result::Result<(), alloc[2e1b2a31b91974c5]::string::String>>
[INFO] [stdout]   16:     0x5f10ac4f1e45 - test[aada8e7e76ba119b]::run_test::{closure#0}
[INFO] [stdout]   17:     0x5f10ac4eb734 - std[617be2ca0a6fd877]::sys::backtrace::__rust_begin_short_backtrace::<test[aada8e7e76ba119b]::run_test::{closure#1}, ()>
[INFO] [stdout]   18:     0x5f10ac4f4ed2 - <std[617be2ca0a6fd877]::thread::lifecycle::spawn_unchecked<test[aada8e7e76ba119b]::run_test::{closure#1}, ()>::{closure#1} as core[a373ad73a504971]::ops::function::FnOnce<()>>::call_once::{shim:vtable#0}
[INFO] [stdout]   19:     0x5f10ac95667f - <std[617be2ca0a6fd877]::sys::thread::unix::Thread>::new::thread_start
[INFO] [stdout]   20:     0x721ada948dfa - <unknown>
[INFO] [stdout]   21:     0x721ada9dc3d4 - clone
[INFO] [stdout]   22:                0x0 - <unknown>
[INFO] [stdout] 
[INFO] [stdout] ---- runner::tests::missing_baseline_creation_cannot_clobber_a_file_that_appeared stdout ----
[INFO] [stdout] 
[INFO] [stdout] thread 'runner::tests::missing_baseline_creation_cannot_clobber_a_file_that_appeared' (926) panicked at /opt/rustwide/cargo-home/registry/src/index.crates.io-1949cf8c6b5b557f/xingbiao-0.8.0/src/lib.rs:528:60:
[INFO] [stdout] scratch_base: '/opt/rustwide/target/release/build/tianheng/5fb8ed0d88994469/out/tianheng-5fb8ed0d88994469' is not at <target>/[<triple>/]<profile>/deps/<bin>, so there is no build directory to place a fixture root in
[INFO] [stdout] stack backtrace:
[INFO] [stdout]    0:     0x5f10ac957681 - <<std[617be2ca0a6fd877]::sys::backtrace::BacktraceLock>::print::DisplayBacktrace as core[a373ad73a504971]::fmt::Display>::fmt
[INFO] [stdout]    1:     0x5f10ac96cd9a - core[a373ad73a504971]::fmt::write
[INFO] [stdout]    2:     0x5f10ac95bdcc - <alloc[2e1b2a31b91974c5]::vec::Vec<u8> as core[a373ad73a504971]::io::write::Write>::write_fmt
[INFO] [stdout]    3:     0x5f10ac92fbf6 - std[617be2ca0a6fd877]::panicking::default_hook::{closure#0}
[INFO] [stdout]    4:     0x5f10ac94de89 - std[617be2ca0a6fd877]::panicking::default_hook
[INFO] [stdout]    5:     0x5f10ac4f1820 - test[aada8e7e76ba119b]::test_main_inner::{closure#0}
[INFO] [stdout]    6:     0x5f10ac94e1b2 - std[617be2ca0a6fd877]::panicking::panic_with_hook
[INFO] [stdout]    7:     0x5f10ac92fca2 - std[617be2ca0a6fd877]::panicking::panic_handler::{closure#0}
[INFO] [stdout]    8:     0x5f10ac9285a9 - std[617be2ca0a6fd877]::sys::backtrace::__rust_end_short_backtrace::<std[617be2ca0a6fd877]::panicking::panic_handler::{closure#0}, !>
[INFO] [stdout]    9:     0x5f10ac930b4d - __rustc[ea4f61d10b84890b]::rust_begin_unwind
[INFO] [stdout]   10:     0x5f10ac96d4fc - core[a373ad73a504971]::panicking::panic_fmt
[INFO] [stdout]   11:     0x5f10ac8f1494 - xingbiao[de563044e2d68f27]::scratch_base::{closure#1}
[INFO] [stdout]   12:     0x5f10ac8f2249 - xingbiao[de563044e2d68f27]::scratch_base
[INFO] [stdout]   13:     0x5f10ac8f22ec - xingbiao[de563044e2d68f27]::scratch_root
[INFO] [stdout]   14:     0x5f10ac4929aa - <tianheng[f0d28689d570c483]::runner::tests::missing_baseline_creation_cannot_clobber_a_file_that_appeared::{closure#0} as core[a373ad73a504971]::ops::function::FnOnce<()>>::call_once
[INFO] [stdout]   15:     0x5f10ac4e4c6b - test[aada8e7e76ba119b]::__rust_begin_short_backtrace::<core[a373ad73a504971]::result::Result<(), alloc[2e1b2a31b91974c5]::string::String>, fn() -> core[a373ad73a504971]::result::Result<(), alloc[2e1b2a31b91974c5]::string::String>>
[INFO] [stdout]   16:     0x5f10ac4f1e45 - test[aada8e7e76ba119b]::run_test::{closure#0}
[INFO] [stdout]   17:     0x5f10ac4eb734 - std[617be2ca0a6fd877]::sys::backtrace::__rust_begin_short_backtrace::<test[aada8e7e76ba119b]::run_test::{closure#1}, ()>
[INFO] [stdout]   18:     0x5f10ac4f4ed2 - <std[617be2ca0a6fd877]::thread::lifecycle::spawn_unchecked<test[aada8e7e76ba119b]::run_test::{closure#1}, ()>::{closure#1} as core[a373ad73a504971]::ops::function::FnOnce<()>>::call_once::{shim:vtable#0}
[INFO] [stdout]   19:     0x5f10ac95667f - <std[617be2ca0a6fd877]::sys::thread::unix::Thread>::new::thread_start
[INFO] [stdout]   20:     0x721ada948dfa - <unknown>
[INFO] [stdout]   21:     0x721ada9dc3d4 - clone
[INFO] [stdout]   22:                0x0 - <unknown>
[INFO] [stdout] 
[INFO] [stdout] ---- runner::tests::projection_gate_reacts_to_missing_stale_and_regenerates_on_bless stdout ----
[INFO] [stdout] 
[INFO] [stdout] thread 'runner::tests::projection_gate_reacts_to_missing_stale_and_regenerates_on_bless' (932) panicked at /opt/rustwide/cargo-home/registry/src/index.crates.io-1949cf8c6b5b557f/xingbiao-0.8.0/src/lib.rs:528:60:
[INFO] [stdout] scratch_base: '/opt/rustwide/target/release/build/tianheng/5fb8ed0d88994469/out/tianheng-5fb8ed0d88994469' is not at <target>/[<triple>/]<profile>/deps/<bin>, so there is no build directory to place a fixture root in
[INFO] [stdout] stack backtrace:
[INFO] [stdout]    0:     0x5f10ac957681 - <<std[617be2ca0a6fd877]::sys::backtrace::BacktraceLock>::print::DisplayBacktrace as core[a373ad73a504971]::fmt::Display>::fmt
[INFO] [stdout]    1:     0x5f10ac96cd9a - core[a373ad73a504971]::fmt::write
[INFO] [stdout]    2:     0x5f10ac95bdcc - <alloc[2e1b2a31b91974c5]::vec::Vec<u8> as core[a373ad73a504971]::io::write::Write>::write_fmt
[INFO] [stdout]    3:     0x5f10ac92fbf6 - std[617be2ca0a6fd877]::panicking::default_hook::{closure#0}
[INFO] [stdout]    4:     0x5f10ac94de89 - std[617be2ca0a6fd877]::panicking::default_hook
[INFO] [stdout]    5:     0x5f10ac4f1820 - test[aada8e7e76ba119b]::test_main_inner::{closure#0}
[INFO] [stdout]    6:     0x5f10ac94e1b2 - std[617be2ca0a6fd877]::panicking::panic_with_hook
[INFO] [stdout]    7:     0x5f10ac92fca2 - std[617be2ca0a6fd877]::panicking::panic_handler::{closure#0}
[INFO] [stdout]    8:     0x5f10ac9285a9 - std[617be2ca0a6fd877]::sys::backtrace::__rust_end_short_backtrace::<std[617be2ca0a6fd877]::panicking::panic_handler::{closure#0}, !>
[INFO] [stdout]    9:     0x5f10ac930b4d - __rustc[ea4f61d10b84890b]::rust_begin_unwind
[INFO] [stdout]   10:     0x5f10ac96d4fc - core[a373ad73a504971]::panicking::panic_fmt
[INFO] [stdout]   11:     0x5f10ac8f1494 - xingbiao[de563044e2d68f27]::scratch_base::{closure#1}
[INFO] [stdout]   12:     0x5f10ac8f2249 - xingbiao[de563044e2d68f27]::scratch_base
[INFO] [stdout]   13:     0x5f10ac8f22ec - xingbiao[de563044e2d68f27]::scratch_root
[INFO] [stdout]   14:     0x5f10ac495cbb - <tianheng[f0d28689d570c483]::runner::tests::projection_gate_reacts_to_missing_stale_and_regenerates_on_bless::{closure#0} as core[a373ad73a504971]::ops::function::FnOnce<()>>::call_once
[INFO] [stdout]   15:     0x5f10ac4e4c6b - test[aada8e7e76ba119b]::__rust_begin_short_backtrace::<core[a373ad73a504971]::result::Result<(), alloc[2e1b2a31b91974c5]::string::String>, fn() -> core[a373ad73a504971]::result::Result<(), alloc[2e1b2a31b91974c5]::string::String>>
[INFO] [stdout]   16:     0x5f10ac4f1e45 - test[aada8e7e76ba119b]::run_test::{closure#0}
[INFO] [stdout]   17:     0x5f10ac4eb734 - std[617be2ca0a6fd877]::sys::backtrace::__rust_begin_short_backtrace::<test[aada8e7e76ba119b]::run_test::{closure#1}, ()>
[INFO] [stdout]   18:     0x5f10ac4f4ed2 - <std[617be2ca0a6fd877]::thread::lifecycle::spawn_unchecked<test[aada8e7e76ba119b]::run_test::{closure#1}, ()>::{closure#1} as core[a373ad73a504971]::ops::function::FnOnce<()>>::call_once::{shim:vtable#0}
[INFO] [stdout]   19:     0x5f10ac95667f - <std[617be2ca0a6fd877]::sys::thread::unix::Thread>::new::thread_start
[INFO] [stdout]   20:     0x721ada948dfa - <unknown>
[INFO] [stdout]   21:     0x721ada9dc3d4 - clone
[INFO] [stdout]   22:                0x0 - <unknown>
[INFO] [stdout] 
[INFO] [stdout] ---- runner::tests::write_baseline_refuses_every_unsupported_existing_document_without_modifying_it stdout ----
[INFO] [stdout] 
[INFO] [stdout] thread 'runner::tests::write_baseline_refuses_every_unsupported_existing_document_without_modifying_it' (962) panicked at /opt/rustwide/cargo-home/registry/src/index.crates.io-1949cf8c6b5b557f/xingbiao-0.8.0/src/lib.rs:528:60:
[INFO] [stdout] scratch_base: '/opt/rustwide/target/release/build/tianheng/5fb8ed0d88994469/out/tianheng-5fb8ed0d88994469' is not at <target>/[<triple>/]<profile>/deps/<bin>, so there is no build directory to place a fixture root in
[INFO] [stdout] stack backtrace:
[INFO] [stdout]    0:     0x5f10ac957681 - <<std[617be2ca0a6fd877]::sys::backtrace::BacktraceLock>::print::DisplayBacktrace as core[a373ad73a504971]::fmt::Display>::fmt
[INFO] [stdout]    1:     0x5f10ac96cd9a - core[a373ad73a504971]::fmt::write
[INFO] [stdout]    2:     0x5f10ac95bdcc - <alloc[2e1b2a31b91974c5]::vec::Vec<u8> as core[a373ad73a504971]::io::write::Write>::write_fmt
[INFO] [stdout]    3:     0x5f10ac92fbf6 - std[617be2ca0a6fd877]::panicking::default_hook::{closure#0}
[INFO] [stdout]    4:     0x5f10ac94de89 - std[617be2ca0a6fd877]::panicking::default_hook
[INFO] [stdout]    5:     0x5f10ac4f1820 - test[aada8e7e76ba119b]::test_main_inner::{closure#0}
[INFO] [stdout]    6:     0x5f10ac94e1b2 - std[617be2ca0a6fd877]::panicking::panic_with_hook
[INFO] [stdout]    7:     0x5f10ac92fca2 - std[617be2ca0a6fd877]::panicking::panic_handler::{closure#0}
[INFO] [stdout]    8:     0x5f10ac9285a9 - std[617be2ca0a6fd877]::sys::backtrace::__rust_end_short_backtrace::<std[617be2ca0a6fd877]::panicking::panic_handler::{closure#0}, !>
[INFO] [stdout]    9:     0x5f10ac930b4d - __rustc[ea4f61d10b84890b]::rust_begin_unwind
[INFO] [stdout]   10:     0x5f10ac96d4fc - core[a373ad73a504971]::panicking::panic_fmt
[INFO] [stdout]   11:     0x5f10ac8f1494 - xingbiao[de563044e2d68f27]::scratch_base::{closure#1}
[INFO] [stdout]   12:     0x5f10ac8f2249 - xingbiao[de563044e2d68f27]::scratch_base
[INFO] [stdout]   13:     0x5f10ac8f22ec - xingbiao[de563044e2d68f27]::scratch_root
[INFO] [stdout]   14:     0x5f10ac49f8ab - <tianheng[f0d28689d570c483]::runner::tests::write_baseline_refuses_every_unsupported_existing_document_without_modifying_it::{closure#0} as core[a373ad73a504971]::ops::function::FnOnce<()>>::call_once
[INFO] [stdout]   15:     0x5f10ac4e4c6b - test[aada8e7e76ba119b]::__rust_begin_short_backtrace::<core[a373ad73a504971]::result::Result<(), alloc[2e1b2a31b91974c5]::string::String>, fn() -> core[a373ad73a504971]::result::Result<(), alloc[2e1b2a31b91974c5]::string::String>>
[INFO] [stdout]   16:     0x5f10ac4f1e45 - test[aada8e7e76ba119b]::run_test::{closure#0}
[INFO] [stdout]   17:     0x5f10ac4eb734 - std[617be2ca0a6fd877]::sys::backtrace::__rust_begin_short_backtrace::<test[aada8e7e76ba119b]::run_test::{closure#1}, ()>
[INFO] [stdout]   18:     0x5f10ac4f4ed2 - <std[617be2ca0a6fd877]::thread::lifecycle::spawn_unchecked<test[aada8e7e76ba119b]::run_test::{closure#1}, ()>::{closure#1} as core[a373ad73a504971]::ops::function::FnOnce<()>>::call_once::{shim:vtable#0}
[INFO] [stdout]   19:     0x5f10ac95667f - <std[617be2ca0a6fd877]::sys::thread::unix::Thread>::new::thread_start
[INFO] [stdout]   20:     0x721ada948dfa - <unknown>
[INFO] [stdout]   21:     0x721ada9dc3d4 - clone
[INFO] [stdout]   22:                0x0 - <unknown>
[INFO] [stdout] 
[INFO] [stdout] ---- testing::tests::workspace_coverage_counts_semantic_targets_but_not_runtime_seams stdout ----
[INFO] [stdout] 
[INFO] [stdout] thread 'testing::tests::workspace_coverage_counts_semantic_targets_but_not_runtime_seams' (972) panicked at /opt/rustwide/cargo-home/registry/src/index.crates.io-1949cf8c6b5b557f/xingbiao-0.8.0/src/lib.rs:528:60:
[INFO] [stdout] scratch_base: '/opt/rustwide/target/release/build/tianheng/5fb8ed0d88994469/out/tianheng-5fb8ed0d88994469' is not at <target>/[<triple>/]<profile>/deps/<bin>, so there is no build directory to place a fixture root in
[INFO] [stdout] stack backtrace:
[INFO] [stdout]    0:     0x5f10ac957681 - <<std[617be2ca0a6fd877]::sys::backtrace::BacktraceLock>::print::DisplayBacktrace as core[a373ad73a504971]::fmt::Display>::fmt
[INFO] [stdout]    1:     0x5f10ac96cd9a - core[a373ad73a504971]::fmt::write
[INFO] [stdout]    2:     0x5f10ac95bdcc - <alloc[2e1b2a31b91974c5]::vec::Vec<u8> as core[a373ad73a504971]::io::write::Write>::write_fmt
[INFO] [stdout]    3:     0x5f10ac92fbf6 - std[617be2ca0a6fd877]::panicking::default_hook::{closure#0}
[INFO] [stdout]    4:     0x5f10ac94de89 - std[617be2ca0a6fd877]::panicking::default_hook
[INFO] [stdout]    5:     0x5f10ac4f1820 - test[aada8e7e76ba119b]::test_main_inner::{closure#0}
[INFO] [stdout]    6:     0x5f10ac94e1b2 - std[617be2ca0a6fd877]::panicking::panic_with_hook
[INFO] [stdout]    7:     0x5f10ac92fca2 - std[617be2ca0a6fd877]::panicking::panic_handler::{closure#0}
[INFO] [stdout]    8:     0x5f10ac9285a9 - std[617be2ca0a6fd877]::sys::backtrace::__rust_end_short_backtrace::<std[617be2ca0a6fd877]::panicking::panic_handler::{closure#0}, !>
[INFO] [stdout]    9:     0x5f10ac930b4d - __rustc[ea4f61d10b84890b]::rust_begin_unwind
[INFO] [stdout]   10:     0x5f10ac96d4fc - core[a373ad73a504971]::panicking::panic_fmt
[INFO] [stdout]   11:     0x5f10ac8f1494 - xingbiao[de563044e2d68f27]::scratch_base::{closure#1}
[INFO] [stdout]   12:     0x5f10ac8f2249 - xingbiao[de563044e2d68f27]::scratch_base
[INFO] [stdout]   13:     0x5f10ac8f22ec - xingbiao[de563044e2d68f27]::scratch_root
[INFO] [stdout]   14:     0x5f10ac4d633f - <tianheng[f0d28689d570c483]::testing::tests::TempHarness>::new
[INFO] [stdout]   15:     0x5f10ac4d8539 - <tianheng[f0d28689d570c483]::testing::tests::workspace_coverage_counts_semantic_targets_but_not_runtime_seams::{closure#0} as core[a373ad73a504971]::ops::function::FnOnce<()>>::call_once
[INFO] [stdout]   16:     0x5f10ac4e4c6b - test[aada8e7e76ba119b]::__rust_begin_short_backtrace::<core[a373ad73a504971]::result::Result<(), alloc[2e1b2a31b91974c5]::string::String>, fn() -> core[a373ad73a504971]::result::Result<(), alloc[2e1b2a31b91974c5]::string::String>>
[INFO] [stdout]   17:     0x5f10ac4f1e45 - test[aada8e7e76ba119b]::run_test::{closure#0}
[INFO] [stdout]   18:     0x5f10ac4eb734 - std[617be2ca0a6fd877]::sys::backtrace::__rust_begin_short_backtrace::<test[aada8e7e76ba119b]::run_test::{closure#1}, ()>
[INFO] [stdout]   19:     0x5f10ac4f4ed2 - <std[617be2ca0a6fd877]::thread::lifecycle::spawn_unchecked<test[aada8e7e76ba119b]::run_test::{closure#1}, ()>::{closure#1} as core[a373ad73a504971]::ops::function::FnOnce<()>>::call_once::{shim:vtable#0}
[INFO] [stdout]   20:     0x5f10ac95667f - <std[617be2ca0a6fd877]::sys::thread::unix::Thread>::new::thread_start
[INFO] [stdout]   21:     0x721ada948dfa - <unknown>
[INFO] [stdout]   22:     0x721ada9dc3d4 - clone
[INFO] [stdout]   23:                0x0 - <unknown>
[INFO] [stdout] 
[INFO] [stdout] ---- runner::tests::write_baseline_preserves_hand_added_metadata_across_regeneration stdout ----
[INFO] [stdout] 
[INFO] [stdout] thread 'runner::tests::write_baseline_preserves_hand_added_metadata_across_regeneration' (961) panicked at /opt/rustwide/cargo-home/registry/src/index.crates.io-1949cf8c6b5b557f/xingbiao-0.8.0/src/lib.rs:528:60:
[INFO] [stdout] scratch_base: '/opt/rustwide/target/release/build/tianheng/5fb8ed0d88994469/out/tianheng-5fb8ed0d88994469' is not at <target>/[<triple>/]<profile>/deps/<bin>, so there is no build directory to place a fixture root in
[INFO] [stdout] stack backtrace:
[INFO] [stdout]    0:     0x5f10ac957681 - <<std[617be2ca0a6fd877]::sys::backtrace::BacktraceLock>::print::DisplayBacktrace as core[a373ad73a504971]::fmt::Display>::fmt
[INFO] [stdout]    1:     0x5f10ac96cd9a - core[a373ad73a504971]::fmt::write
[INFO] [stdout]    2:     0x5f10ac95bdcc - <alloc[2e1b2a31b91974c5]::vec::Vec<u8> as core[a373ad73a504971]::io::write::Write>::write_fmt
[INFO] [stdout]    3:     0x5f10ac92fbf6 - std[617be2ca0a6fd877]::panicking::default_hook::{closure#0}
[INFO] [stdout]    4:     0x5f10ac94de89 - std[617be2ca0a6fd877]::panicking::default_hook
[INFO] [stdout]    5:     0x5f10ac4f1820 - test[aada8e7e76ba119b]::test_main_inner::{closure#0}
[INFO] [stdout]    6:     0x5f10ac94e1b2 - std[617be2ca0a6fd877]::panicking::panic_with_hook
[INFO] [stdout]    7:     0x5f10ac92fca2 - std[617be2ca0a6fd877]::panicking::panic_handler::{closure#0}
[INFO] [stdout]    8:     0x5f10ac9285a9 - std[617be2ca0a6fd877]::sys::backtrace::__rust_end_short_backtrace::<std[617be2ca0a6fd877]::panicking::panic_handler::{closure#0}, !>
[INFO] [stdout]    9:     0x5f10ac930b4d - __rustc[ea4f61d10b84890b]::rust_begin_unwind
[INFO] [stdout]   10:     0x5f10ac96d4fc - core[a373ad73a504971]::panicking::panic_fmt
[INFO] [stdout]   11:     0x5f10ac8f1494 - xingbiao[de563044e2d68f27]::scratch_base::{closure#1}
[INFO] [stdout]   12:     0x5f10ac8f2249 - xingbiao[de563044e2d68f27]::scratch_base
[INFO] [stdout]   13:     0x5f10ac8f22ec - xingbiao[de563044e2d68f27]::scratch_root
[INFO] [stdout]   14:     0x5f10ac49625d - <tianheng[f0d28689d570c483]::runner::tests::write_baseline_preserves_hand_added_metadata_across_regeneration::{closure#0} as core[a373ad73a504971]::ops::function::FnOnce<()>>::call_once
[INFO] [stdout]   15:     0x5f10ac4e4c6b - test[aada8e7e76ba119b]::__rust_begin_short_backtrace::<core[a373ad73a504971]::result::Result<(), alloc[2e1b2a31b91974c5]::string::String>, fn() -> core[a373ad73a504971]::result::Result<(), alloc[2e1b2a31b91974c5]::string::String>>
[INFO] [stdout]   16:     0x5f10ac4f1e45 - test[aada8e7e76ba119b]::run_test::{closure#0}
[INFO] [stdout]   17:     0x5f10ac4eb734 - std[617be2ca0a6fd877]::sys::backtrace::__rust_begin_short_backtrace::<test[aada8e7e76ba119b]::run_test::{closure#1}, ()>
[INFO] [stdout]   18:     0x5f10ac4f4ed2 - <std[617be2ca0a6fd877]::thread::lifecycle::spawn_unchecked<test[aada8e7e76ba119b]::run_test::{closure#1}, ()>::{closure#1} as core[a373ad73a504971]::ops::function::FnOnce<()>>::call_once::{shim:vtable#0}
[INFO] [stdout]   19:     0x5f10ac95667f - <std[617be2ca0a6fd877]::sys::thread::unix::Thread>::new::thread_start
[INFO] [stdout]   20:     0x721ada948dfa - <unknown>
[INFO] [stdout]   21:     0x721ada9dc3d4 - clone
[INFO] [stdout]   22:                0x0 - <unknown>
[INFO] [stdout] 
[INFO] [stdout] ---- runner::tests::write_baseline_rejects_a_flag_that_cannot_apply_to_it stdout ----
[INFO] [stdout] 
[INFO] [stdout] thread 'runner::tests::write_baseline_rejects_a_flag_that_cannot_apply_to_it' (963) panicked at /opt/rustwide/cargo-home/registry/src/index.crates.io-1949cf8c6b5b557f/xingbiao-0.8.0/src/lib.rs:528:60:
[INFO] [stdout] scratch_base: '/opt/rustwide/target/release/build/tianheng/5fb8ed0d88994469/out/tianheng-5fb8ed0d88994469' is not at <target>/[<triple>/]<profile>/deps/<bin>, so there is no build directory to place a fixture root in
[INFO] [stdout] stack backtrace:
[INFO] [stdout]    0:     0x5f10ac957681 - <<std[617be2ca0a6fd877]::sys::backtrace::BacktraceLock>::print::DisplayBacktrace as core[a373ad73a504971]::fmt::Display>::fmt
[INFO] [stdout]    1:     0x5f10ac96cd9a - core[a373ad73a504971]::fmt::write
[INFO] [stdout]    2:     0x5f10ac95bdcc - <alloc[2e1b2a31b91974c5]::vec::Vec<u8> as core[a373ad73a504971]::io::write::Write>::write_fmt
[INFO] [stdout]    3:     0x5f10ac92fbf6 - std[617be2ca0a6fd877]::panicking::default_hook::{closure#0}
[INFO] [stdout]    4:     0x5f10ac94de89 - std[617be2ca0a6fd877]::panicking::default_hook
[INFO] [stdout]    5:     0x5f10ac4f1820 - test[aada8e7e76ba119b]::test_main_inner::{closure#0}
[INFO] [stdout]    6:     0x5f10ac94e1b2 - std[617be2ca0a6fd877]::panicking::panic_with_hook
[INFO] [stdout]    7:     0x5f10ac92fca2 - std[617be2ca0a6fd877]::panicking::panic_handler::{closure#0}
[INFO] [stdout]    8:     0x5f10ac9285a9 - std[617be2ca0a6fd877]::sys::backtrace::__rust_end_short_backtrace::<std[617be2ca0a6fd877]::panicking::panic_handler::{closure#0}, !>
[INFO] [stdout]    9:     0x5f10ac930b4d - __rustc[ea4f61d10b84890b]::rust_begin_unwind
[INFO] [stdout]   10:     0x5f10ac96d4fc - core[a373ad73a504971]::panicking::panic_fmt
[INFO] [stdout]   11:     0x5f10ac8f1494 - xingbiao[de563044e2d68f27]::scratch_base::{closure#1}
[INFO] [stdout]   12:     0x5f10ac8f2249 - xingbiao[de563044e2d68f27]::scratch_base
[INFO] [stdout]   13:     0x5f10ac8f22ec - xingbiao[de563044e2d68f27]::scratch_root
[INFO] [stdout]   14:     0x5f10ac48c0be - <tianheng[f0d28689d570c483]::runner::tests::write_baseline_rejects_a_flag_that_cannot_apply_to_it::{closure#0} as core[a373ad73a504971]::ops::function::FnOnce<()>>::call_once
[INFO] [stdout]   15:     0x5f10ac4e4c6b - test[aada8e7e76ba119b]::__rust_begin_short_backtrace::<core[a373ad73a504971]::result::Result<(), alloc[2e1b2a31b91974c5]::string::String>, fn() -> core[a373ad73a504971]::result::Result<(), alloc[2e1b2a31b91974c5]::string::String>>
[INFO] [stdout]   16:     0x5f10ac4f1e45 - test[aada8e7e76ba119b]::run_test::{closure#0}
[INFO] [stdout]   17:     0x5f10ac4eb734 - std[617be2ca0a6fd877]::sys::backtrace::__rust_begin_short_backtrace::<test[aada8e7e76ba119b]::run_test::{closure#1}, ()>
[INFO] [stdout]   18:     0x5f10ac4f4ed2 - <std[617be2ca0a6fd877]::thread::lifecycle::spawn_unchecked<test[aada8e7e76ba119b]::run_test::{closure#1}, ()>::{closure#1} as core[a373ad73a504971]::ops::function::FnOnce<()>>::call_once::{shim:vtable#0}
[INFO] [stdout]   19:     0x5f10ac95667f - <std[617be2ca0a6fd877]::sys::thread::unix::Thread>::new::thread_start
[INFO] [stdout]   20:     0x721ada948dfa - <unknown>
[INFO] [stdout]   21:     0x721ada9dc3d4 - clone
[INFO] [stdout]   22:                0x0 - <unknown>
[INFO] [stdout] 
[INFO] [stdout] ---- testing::tests::relative_paths_resolve_from_their_callers_base stdout ----
[INFO] [stdout] 
[INFO] [stdout] thread 'testing::tests::relative_paths_resolve_from_their_callers_base' (970) panicked at /opt/rustwide/cargo-home/registry/src/index.crates.io-1949cf8c6b5b557f/xingbiao-0.8.0/src/lib.rs:528:60:
[INFO] [stdout] scratch_base: '/opt/rustwide/target/release/build/tianheng/5fb8ed0d88994469/out/tianheng-5fb8ed0d88994469' is not at <target>/[<triple>/]<profile>/deps/<bin>, so there is no build directory to place a fixture root in
[INFO] [stdout] stack backtrace:
[INFO] [stdout]    0:     0x5f10ac957681 - <<std[617be2ca0a6fd877]::sys::backtrace::BacktraceLock>::print::DisplayBacktrace as core[a373ad73a504971]::fmt::Display>::fmt
[INFO] [stdout]    1:     0x5f10ac96cd9a - core[a373ad73a504971]::fmt::write
[INFO] [stdout]    2:     0x5f10ac95bdcc - <alloc[2e1b2a31b91974c5]::vec::Vec<u8> as core[a373ad73a504971]::io::write::Write>::write_fmt
[INFO] [stdout]    3:     0x5f10ac92fbf6 - std[617be2ca0a6fd877]::panicking::default_hook::{closure#0}
[INFO] [stdout]    4:     0x5f10ac94de89 - std[617be2ca0a6fd877]::panicking::default_hook
[INFO] [stdout]    5:     0x5f10ac4f1820 - test[aada8e7e76ba119b]::test_main_inner::{closure#0}
[INFO] [stdout]    6:     0x5f10ac94e1b2 - std[617be2ca0a6fd877]::panicking::panic_with_hook
[INFO] [stdout]    7:     0x5f10ac92fca2 - std[617be2ca0a6fd877]::panicking::panic_handler::{closure#0}
[INFO] [stdout]    8:     0x5f10ac9285a9 - std[617be2ca0a6fd877]::sys::backtrace::__rust_end_short_backtrace::<std[617be2ca0a6fd877]::panicking::panic_handler::{closure#0}, !>
[INFO] [stdout]    9:     0x5f10ac930b4d - __rustc[ea4f61d10b84890b]::rust_begin_unwind
[INFO] [stdout]   10:     0x5f10ac96d4fc - core[a373ad73a504971]::panicking::panic_fmt
[INFO] [stdout]   11:     0x5f10ac8f1494 - xingbiao[de563044e2d68f27]::scratch_base::{closure#1}
[INFO] [stdout]   12:     0x5f10ac8f2249 - xingbiao[de563044e2d68f27]::scratch_base
[INFO] [stdout]   13:     0x5f10ac8f22ec - xingbiao[de563044e2d68f27]::scratch_root
[INFO] [stdout]   14:     0x5f10ac4d81f7 - <tianheng[f0d28689d570c483]::testing::tests::relative_paths_resolve_from_their_callers_base::{closure#0} as core[a373ad73a504971]::ops::function::FnOnce<()>>::call_once
[INFO] [stdout]   15:     0x5f10ac4e4c6b - test[aada8e7e76ba119b]::__rust_begin_short_backtrace::<core[a373ad73a504971]::result::Result<(), alloc[2e1b2a31b91974c5]::string::String>, fn() -> core[a373ad73a504971]::result::Result<(), alloc[2e1b2a31b91974c5]::string::String>>
[INFO] [stdout]   16:     0x5f10ac4f1e45 - test[aada8e7e76ba119b]::run_test::{closure#0}
[INFO] [stdout]   17:     0x5f10ac4eb734 - std[617be2ca0a6fd877]::sys::backtrace::__rust_begin_short_backtrace::<test[aada8e7e76ba119b]::run_test::{closure#1}, ()>
[INFO] [stdout]   18:     0x5f10ac4f4ed2 - <std[617be2ca0a6fd877]::thread::lifecycle::spawn_unchecked<test[aada8e7e76ba119b]::run_test::{closure#1}, ()>::{closure#1} as core[a373ad73a504971]::ops::function::FnOnce<()>>::call_once::{shim:vtable#0}
[INFO] [stdout]   19:     0x5f10ac95667f - <std[617be2ca0a6fd877]::sys::thread::unix::Thread>::new::thread_start
[INFO] [stdout]   20:     0x721ada948dfa - <unknown>
[INFO] [stdout]   21:     0x721ada9dc3d4 - clone
[INFO] [stdout]   22:                0x0 - <unknown>
[INFO] [stdout] 
[INFO] [stdout] ---- testing::tests::projection_freshness_covers_every_bless_mode stdout ----
[INFO] [stdout] 
[INFO] [stdout] thread 'testing::tests::projection_freshness_covers_every_bless_mode' (969) panicked at src/testing.rs:366:13:
[INFO] [stdout] projection child failed for BLESS=None, mode=fresh:
[INFO] [stdout] 
[INFO] [stdout] running 1 test
[INFO] [stdout] test testing::tests::projection_bless_mode_child ... FAILED
[INFO] [stdout] 
[INFO] [stdout] failures:
[INFO] [stdout] 
[INFO] [stdout] ---- testing::tests::projection_bless_mode_child stdout ----
[INFO] [stdout] 
[INFO] [stdout] thread 'testing::tests::projection_bless_mode_child' (973) panicked at /opt/rustwide/cargo-home/registry/src/index.crates.io-1949cf8c6b5b557f/xingbiao-0.8.0/src/lib.rs:528:60:
[INFO] [stdout] scratch_base: '/opt/rustwide/target/release/build/tianheng/5fb8ed0d88994469/out/tianheng-5fb8ed0d88994469' is not at <target>/[<triple>/]<profile>/deps/<bin>, so there is no build directory to place a fixture root in
[INFO] [stdout] stack backtrace:
[INFO] [stdout]    0:     0x584e35312681 - <<std[617be2ca0a6fd877]::sys::backtrace::BacktraceLock>::print::DisplayBacktrace as core[a373ad73a504971]::fmt::Display>::fmt
[INFO] [stdout]    1:     0x584e35327d9a - core[a373ad73a504971]::fmt::write
[INFO] [stdout]    2:     0x584e35316dcc - <alloc[2e1b2a31b91974c5]::vec::Vec<u8> as core[a373ad73a504971]::io::write::Write>::write_fmt
[INFO] [stdout]    3:     0x584e352eabf6 - std[617be2ca0a6fd877]::panicking::default_hook::{closure#0}
[INFO] [stdout]    4:     0x584e35308e89 - std[617be2ca0a6fd877]::panicking::default_hook
[INFO] [stdout]    5:     0x584e34eac820 - test[aada8e7e76ba119b]::test_main_inner::{closure#0}
[INFO] [stdout]    6:     0x584e353091b2 - std[617be2ca0a6fd877]::panicking::panic_with_hook
[INFO] [stdout]    7:     0x584e352eaca2 - std[617be2ca0a6fd877]::panicking::panic_handler::{closure#0}
[INFO] [stdout]    8:     0x584e352e35a9 - std[617be2ca0a6fd877]::sys::backtrace::__rust_end_short_backtrace::<std[617be2ca0a6fd877]::panicking::panic_handler::{closure#0}, !>
[INFO] [stdout]    9:     0x584e352ebb4d - __rustc[ea4f61d10b84890b]::rust_begin_unwind
[INFO] [stdout]   10:     0x584e353284fc - core[a373ad73a504971]::panicking::panic_fmt
[INFO] [stdout]   11:     0x584e352ac494 - xingbiao[de563044e2d68f27]::scratch_base::{closure#1}
[INFO] [stdout]   12:     0x584e352ad249 - xingbiao[de563044e2d68f27]::scratch_base
[INFO] [stdout]   13:     0x584e352ad2ec - xingbiao[de563044e2d68f27]::scratch_root
[INFO] [stdout]   14:     0x584e34e9133f - <tianheng[f0d28689d570c483]::testing::tests::TempHarness>::new
[INFO] [stdout]   15:     0x584e34e91eb4 - <tianheng[f0d28689d570c483]::testing::tests::projection_bless_mode_child::{closure#0} as core[a373ad73a504971]::ops::function::FnOnce<()>>::call_once
[INFO] [stdout]   16:     0x584e34e9fc6b - test[aada8e7e76ba119b]::__rust_begin_short_backtrace::<core[a373ad73a504971]::result::Result<(), alloc[2e1b2a31b91974c5]::string::String>, fn() -> core[a373ad73a504971]::result::Result<(), alloc[2e1b2a31b91974c5]::string::String>>
[INFO] [stdout]   17:     0x584e34eace45 - test[aada8e7e76ba119b]::run_test::{closure#0}
[INFO] [stdout]   18:     0x584e34ea6734 - std[617be2ca0a6fd877]::sys::backtrace::__rust_begin_short_backtrace::<test[aada8e7e76ba119b]::run_test::{closure#1}, ()>
[INFO] [stdout]   19:     0x584e34eafed2 - <std[617be2ca0a6fd877]::thread::lifecycle::spawn_unchecked<test[aada8e7e76ba119b]::run_test::{closure#1}, ()>::{closure#1} as core[a373ad73a504971]::ops::function::FnOnce<()>>::call_once::{shim:vtable#0}
[INFO] [stdout]   20:     0x584e3531167f - <std[617be2ca0a6fd877]::sys::thread::unix::Thread>::new::thread_start
[INFO] [stdout]   21:     0x7b13dc38cdfa - <unknown>
[INFO] [stdout]   22:     0x7b13dc4203d4 - clone
[INFO] [stdout]   23:                0x0 - <unknown>
[INFO] [stdout] 
[INFO] [stdout] 
[INFO] [stdout] failures:
[INFO] [stdout]     testing::tests::projection_bless_mode_child
[INFO] [stdout] 
[INFO] [stdout] test result: FAILED. 0 passed; 1 failed; 0 ignored; 0 measured; 97 filtered out; finished in 0.01s
[INFO] [stdout] 
[INFO] [stdout] 
[INFO] [stdout] stack backtrace:
[INFO] [stdout]    0:     0x5f10ac957681 - <<std[617be2ca0a6fd877]::sys::backtrace::BacktraceLock>::print::DisplayBacktrace as core[a373ad73a504971]::fmt::Display>::fmt
[INFO] [stdout]    1:     0x5f10ac96cd9a - core[a373ad73a504971]::fmt::write
[INFO] [stdout]    2:     0x5f10ac95bdcc - <alloc[2e1b2a31b91974c5]::vec::Vec<u8> as core[a373ad73a504971]::io::write::Write>::write_fmt
[INFO] [stdout]    3:     0x5f10ac92fbf6 - std[617be2ca0a6fd877]::panicking::default_hook::{closure#0}
[INFO] [stdout]    4:     0x5f10ac94de89 - std[617be2ca0a6fd877]::panicking::default_hook
[INFO] [stdout]    5:     0x5f10ac4f1820 - test[aada8e7e76ba119b]::test_main_inner::{closure#0}
[INFO] [stdout]    6:     0x5f10ac94e1b2 - std[617be2ca0a6fd877]::panicking::panic_with_hook
[INFO] [stdout]    7:     0x5f10ac92fca2 - std[617be2ca0a6fd877]::panicking::panic_handler::{closure#0}
[INFO] [stdout]    8:     0x5f10ac9285a9 - std[617be2ca0a6fd877]::sys::backtrace::__rust_end_short_backtrace::<std[617be2ca0a6fd877]::panicking::panic_handler::{closure#0}, !>
[INFO] [stdout]    9:     0x5f10ac930b4d - __rustc[ea4f61d10b84890b]::rust_begin_unwind
[INFO] [stdout]   10:     0x5f10ac96d4fc - core[a373ad73a504971]::panicking::panic_fmt
[INFO] [stdout]   11:     0x5f10ac4d802b - <tianheng[f0d28689d570c483]::testing::tests::projection_freshness_covers_every_bless_mode::{closure#0} as core[a373ad73a504971]::ops::function::FnOnce<()>>::call_once
[INFO] [stdout]   12:     0x5f10ac4e4c6b - test[aada8e7e76ba119b]::__rust_begin_short_backtrace::<core[a373ad73a504971]::result::Result<(), alloc[2e1b2a31b91974c5]::string::String>, fn() -> core[a373ad73a504971]::result::Result<(), alloc[2e1b2a31b91974c5]::string::String>>
[INFO] [stdout]   13:     0x5f10ac4f1e45 - test[aada8e7e76ba119b]::run_test::{closure#0}
[INFO] [stdout]   14:     0x5f10ac4eb734 - std[617be2ca0a6fd877]::sys::backtrace::__rust_begin_short_backtrace::<test[aada8e7e76ba119b]::run_test::{closure#1}, ()>
[INFO] [stdout]   15:     0x5f10ac4f4ed2 - <std[617be2ca0a6fd877]::thread::lifecycle::spawn_unchecked<test[aada8e7e76ba119b]::run_test::{closure#1}, ()>::{closure#1} as core[a373ad73a504971]::ops::function::FnOnce<()>>::call_once::{shim:vtable#0}
[INFO] [stdout]   16:     0x5f10ac95667f - <std[617be2ca0a6fd877]::sys::thread::unix::Thread>::new::thread_start
[INFO] [stdout]   17:     0x721ada948dfa - <unknown>
[INFO] [stdout]   18:     0x721ada9dc3d4 - clone
[INFO] [stdout]   19:                0x0 - <unknown>
[INFO] [stdout] 
[INFO] [stdout] 
[INFO] [stdout] failures:
[INFO] [stdout]     runner::tests::a_symlink_is_reported_dangling_only_when_its_target_does_not_resolve
[INFO] [stdout]     runner::tests::composed_runtime_audit_uses_custom_roots_and_rejects_orphan_only_coverage
[INFO] [stdout]     runner::tests::missing_baseline_creation_cannot_clobber_a_file_that_appeared
[INFO] [stdout]     runner::tests::nearest_manifest_walks_up_to_the_nearest_cargo_toml
[INFO] [stdout]     runner::tests::projection_gate_reacts_to_missing_stale_and_regenerates_on_bless
[INFO] [stdout]     runner::tests::write_baseline_preserves_hand_added_metadata_across_regeneration
[INFO] [stdout]     runner::tests::write_baseline_refuses_every_unsupported_existing_document_without_modifying_it
[INFO] [stdout]     runner::tests::write_baseline_rejects_a_flag_that_cannot_apply_to_it
[INFO] [stdout]     testing::tests::projection_freshness_covers_every_bless_mode
[INFO] [stdout]     testing::tests::relative_paths_resolve_from_their_callers_base
[INFO] [stdout]     testing::tests::workspace_coverage_counts_semantic_targets_but_not_runtime_seams
[INFO] [stdout] 
[INFO] [stdout] test result: FAILED. 86 passed; 11 failed; 1 ignored; 0 measured; 0 filtered out; finished in 0.03s
[INFO] [stdout] 
[INFO] running `Command { std: "docker" "inspect" "0d51dd076c7b125bc97dff70d21d6fe955832c91f1acc0b9cb2673d6751de9c7", kill_on_drop: false }`
[INFO] running `Command { std: "docker" "rm" "-f" "0d51dd076c7b125bc97dff70d21d6fe955832c91f1acc0b9cb2673d6751de9c7", kill_on_drop: false }`
[INFO] [stdout] 0d51dd076c7b125bc97dff70d21d6fe955832c91f1acc0b9cb2673d6751de9c7
