[INFO] fetching crate theta-flume 0.11.7...
[INFO] testing theta-flume-0.11.7 against 1.100.0-beta.1+cargoflags=--release for beta-release-1.100-2
[INFO] extracting crate theta-flume 0.11.7 into /workspace/builds/worker-0-tc2/source
[INFO] started tweaking crates.io crate theta-flume 0.11.7
[INFO] removed 0 missing examples
[INFO] removed 0 missing tests
[INFO] finished tweaking crates.io crate theta-flume 0.11.7
[INFO] tweaked toml for crates.io crate theta-flume 0.11.7 written to /workspace/builds/worker-0-tc2/source/Cargo.toml
[INFO] validating manifest of crates.io crate theta-flume 0.11.7 on toolchain 1.100.0-beta.1
[INFO] running `Command { std: CARGO_HOME="/workspace/cargo-home" RUSTUP_HOME="/workspace/rustup-home" "/workspace/cargo-home/bin/cargo" "+1.100.0-beta.1" "metadata" "--manifest-path" "Cargo.toml" "--no-deps", kill_on_drop: false }`
[INFO] crate crates.io crate theta-flume 0.11.7 already has a lockfile, it will not be regenerated
[INFO] running `Command { std: CARGO_HOME="/workspace/cargo-home" RUSTUP_HOME="/workspace/rustup-home" "/workspace/cargo-home/bin/cargo" "+1.100.0-beta.1" "fetch" "--manifest-path" "Cargo.toml", kill_on_drop: false }`
[INFO] running `Command { std: "docker" "create" "-v" "/var/lib/crater-agent-workspace/builds/worker-0-tc2/source:/opt/rustwide/workdir:ro,Z" "-v" "/var/lib/crater-agent-workspace/builds/worker-0-tc2/target:/opt/rustwide/target:rw,Z" "-v" "/var/lib/crater-agent-workspace/cargo-home:/opt/rustwide/cargo-home:ro,Z" "-v" "/var/lib/crater-agent-workspace/rustup-home:/opt/rustwide/rustup-home:ro,Z" "-m" "1610612736" "--network" "none" "ghcr.io/rust-lang/crates-build-env/linux@sha256:77db811e55d90add9212f6832c23229e3de5f1c1f9905e8cb07319ea15df73ac" "sleep" "infinity", kill_on_drop: false }`
[INFO] [stdout] 0977841244c10e15755b1942ecd4cd5e51821ae63be18ab725eae8583e04f25e
[INFO] running `Command { std: "docker" "start" "0977841244c10e15755b1942ecd4cd5e51821ae63be18ab725eae8583e04f25e", kill_on_drop: false }`
[INFO] running `Command { std: "docker" "inspect" "0977841244c10e15755b1942ecd4cd5e51821ae63be18ab725eae8583e04f25e", kill_on_drop: false }`
[INFO] running `Command { std: "docker" "exec" "-e" "SOURCE_DIR=/opt/rustwide/workdir" "-e" "CARGO_HOME=/opt/rustwide/cargo-home" "-e" "RUSTUP_HOME=/opt/rustwide/rustup-home" "-e" "CARGO_TARGET_DIR=/opt/rustwide/target" "-w" "/opt/rustwide/workdir" "--user" "0:0" "0977841244c10e15755b1942ecd4cd5e51821ae63be18ab725eae8583e04f25e" "/opt/rustwide/cargo-home/bin/cargo" "+1.100.0-beta.1" "metadata" "--no-deps" "--format-version=1", kill_on_drop: false }`
[INFO] running `Command { std: "docker" "inspect" "0977841244c10e15755b1942ecd4cd5e51821ae63be18ab725eae8583e04f25e", kill_on_drop: false }`
[INFO] running `Command { std: "docker" "exec" "-e" "SOURCE_DIR=/opt/rustwide/workdir" "-e" "CARGO_HOME=/opt/rustwide/cargo-home" "-e" "RUSTUP_HOME=/opt/rustwide/rustup-home" "-e" "CARGO_TARGET_DIR=/opt/rustwide/target" "-e" "CARGO_INCREMENTAL=0" "-e" "RUST_BACKTRACE=full" "-e" "RUSTFLAGS=--cap-lints=warn" "-e" "RUSTDOCFLAGS=--cap-lints=warn" "-w" "/opt/rustwide/workdir" "--user" "0:0" "0977841244c10e15755b1942ecd4cd5e51821ae63be18ab725eae8583e04f25e" "/opt/rustwide/cargo-home/bin/cargo" "+1.100.0-beta.1" "build" "--frozen" "--message-format=json" "--release", kill_on_drop: false }`
[INFO] [stderr]    Compiling futures-sink v0.3.31
[INFO] [stderr]    Compiling getrandom v0.3.3
[INFO] [stderr]    Compiling spin v0.9.8
[INFO] [stderr]    Compiling uuid v1.18.1
[INFO] [stderr]    Compiling theta-flume v0.11.7 (/opt/rustwide/workdir)
[INFO] [stdout] warning: use of deprecated method `std::sync::atomic::Atomic::<usize>::fetch_update`: renamed to `try_update` for consistency
[INFO] [stdout]    --> src/lib.rs:910:22
[INFO] [stdout]     |
[INFO] [stdout] 910 |                     .fetch_update(Ordering::Relaxed, Ordering::Relaxed, |count| {
[INFO] [stdout]     |                      ^^^^^^^^^^^^
[INFO] [stdout]     |
[INFO] [stdout]     = note: `#[warn(deprecated)]` on by default
[INFO] [stdout] help: replace the use of the deprecated method
[INFO] [stdout]     |
[INFO] [stdout] 910 -                     .fetch_update(Ordering::Relaxed, Ordering::Relaxed, |count| {
[INFO] [stdout] 910 +                     .try_update(Ordering::Relaxed, Ordering::Relaxed, |count| {
[INFO] [stdout]     |
[INFO] [stdout] 
[INFO] [stdout] 
[INFO] [stderr]     Finished `release` profile [optimized] target(s) in 1.47s
[INFO] running `Command { std: "docker" "inspect" "0977841244c10e15755b1942ecd4cd5e51821ae63be18ab725eae8583e04f25e", kill_on_drop: false }`
[INFO] running `Command { std: "docker" "exec" "-e" "SOURCE_DIR=/opt/rustwide/workdir" "-e" "CARGO_HOME=/opt/rustwide/cargo-home" "-e" "RUSTUP_HOME=/opt/rustwide/rustup-home" "-e" "CARGO_TARGET_DIR=/opt/rustwide/target" "-e" "CARGO_INCREMENTAL=0" "-e" "RUST_BACKTRACE=full" "-e" "RUSTFLAGS=--cap-lints=warn" "-e" "RUSTDOCFLAGS=--cap-lints=warn" "-w" "/opt/rustwide/workdir" "--user" "0:0" "0977841244c10e15755b1942ecd4cd5e51821ae63be18ab725eae8583e04f25e" "/opt/rustwide/cargo-home/bin/cargo" "+1.100.0-beta.1" "test" "--frozen" "--no-run" "--message-format=json" "--release", kill_on_drop: false }`
[INFO] [stderr]    Compiling syn v2.0.106
[INFO] [stderr]    Compiling rustix v1.1.2
[INFO] [stderr]    Compiling futures-lite v2.6.1
[INFO] [stderr]    Compiling linux-raw-sys v0.11.0
[INFO] [stderr]    Compiling serde_core v1.0.225
[INFO] [stderr]    Compiling concurrent-queue v2.5.0
[INFO] [stderr]    Compiling async-io v2.6.0
[INFO] [stderr]    Compiling serde v1.0.225
[INFO] [stderr]    Compiling async-task v4.7.1
[INFO] [stderr]    Compiling zerocopy v0.8.27
[INFO] [stderr]    Compiling event-listener v5.4.1
[INFO] [stderr]    Compiling piper v0.2.4
[INFO] [stderr]    Compiling futures-channel v0.3.31
[INFO] [stderr]    Compiling getrandom v0.2.16
[INFO] [stderr]    Compiling event-listener-strategy v0.5.4
[INFO] [stderr]    Compiling async-channel v2.5.0
[INFO] [stderr]    Compiling async-lock v3.4.1
[INFO] [stderr]    Compiling half v2.6.0
[INFO] [stderr]    Compiling value-bag v1.11.1
[INFO] [stderr]    Compiling regex-syntax v0.8.6
[INFO] [stderr]    Compiling blocking v1.6.2
[INFO] [stderr]    Compiling async-executor v1.13.3
[INFO] [stderr]    Compiling log v0.4.28
[INFO] [stderr]    Compiling clap_builder v4.5.47
[INFO] [stderr]    Compiling ciborium-ll v0.2.2
[INFO] [stderr]    Compiling rand_core v0.6.4
[INFO] [stderr]    Compiling syn v1.0.109
[INFO] [stderr]    Compiling event-listener v2.5.3
[INFO] [stderr]    Compiling async-channel v1.9.0
[INFO] [stderr]    Compiling kv-log-macro v1.0.7
[INFO] [stderr]    Compiling is-terminal v0.4.16
[INFO] [stderr]    Compiling crossbeam-channel v0.5.15
[INFO] [stderr]    Compiling regex-automata v0.4.10
[INFO] [stderr]    Compiling serde_json v1.0.145
[INFO] [stderr]    Compiling ppv-lite86 v0.2.21
[INFO] [stderr]    Compiling rand_chacha v0.3.1
[INFO] [stderr]    Compiling clap v4.5.47
[INFO] [stderr]    Compiling rand v0.8.5
[INFO] [stderr]    Compiling regex v1.11.2
[INFO] [stderr]    Compiling serde_derive v1.0.225
[INFO] [stderr]    Compiling futures-macro v0.3.31
[INFO] [stderr]    Compiling async-attributes v1.1.2
[INFO] [stderr]    Compiling tokio-macros v2.5.0
[INFO] [stderr]    Compiling waker-fn v1.2.0
[INFO] [stdout] warning: use of deprecated method `std::sync::atomic::Atomic::<usize>::fetch_update`: renamed to `try_update` for consistency
[INFO] [stdout]    --> src/lib.rs:910:22
[INFO] [stdout]     |
[INFO] [stdout] 910 |                     .fetch_update(Ordering::Relaxed, Ordering::Relaxed, |count| {
[INFO] [stdout]     |                      ^^^^^^^^^^^^
[INFO] [stdout]     |
[INFO] [stdout]     = note: `#[warn(deprecated)]` on by default
[INFO] [stdout] help: replace the use of the deprecated method
[INFO] [stdout]     |
[INFO] [stdout] 910 -                     .fetch_update(Ordering::Relaxed, Ordering::Relaxed, |count| {
[INFO] [stdout] 910 +                     .try_update(Ordering::Relaxed, Ordering::Relaxed, |count| {
[INFO] [stdout]     |
[INFO] [stdout] 
[INFO] [stdout] 
[INFO] [stderr]    Compiling polling v3.11.0
[INFO] [stderr]    Compiling futures-util v0.3.31
[INFO] [stderr]    Compiling async-signal v0.2.13
[INFO] [stderr]    Compiling async-process v2.5.0
[INFO] [stderr]    Compiling async-global-executor v2.4.1
[INFO] [stderr]    Compiling tinytemplate v1.2.1
[INFO] [stderr]    Compiling ciborium v0.2.2
[INFO] [stderr]    Compiling tokio v1.47.1
[INFO] [stderr]    Compiling criterion v0.5.1
[INFO] [stderr]    Compiling async-std v1.13.2
[INFO] [stderr]    Compiling futures-executor v0.3.31
[INFO] [stderr]    Compiling futures v0.3.31
[INFO] [stderr]    Compiling theta-flume v0.11.7 (/opt/rustwide/workdir)
[INFO] [stdout] warning: hiding a lifetime that's elided elsewhere is confusing
[INFO] [stdout]    --> tests/async.rs:199:16
[INFO] [stdout]     |
[INFO] [stdout] 199 |         fn ctx(&self) -> Context {
[INFO] [stdout]     |                ^^^^^     ^^^^^^^ the same lifetime is hidden here
[INFO] [stdout]     |                |
[INFO] [stdout]     |                the lifetime is elided here
[INFO] [stdout]     |
[INFO] [stdout]     = help: the same lifetime is referred to in inconsistent ways, making the signature confusing
[INFO] [stdout]     = note: `#[warn(mismatched_lifetime_syntaxes)]` on by default
[INFO] [stdout] help: use `'_` for type paths
[INFO] [stdout]     |
[INFO] [stdout] 199 |         fn ctx(&self) -> Context<'_> {
[INFO] [stdout]     |                                 ++++
[INFO] [stdout] 
[INFO] [stdout] 
[INFO] [stdout] warning: use of deprecated method `std::sync::atomic::Atomic::<usize>::fetch_update`: renamed to `try_update` for consistency
[INFO] [stdout]    --> src/lib.rs:910:22
[INFO] [stdout]     |
[INFO] [stdout] 910 |                     .fetch_update(Ordering::Relaxed, Ordering::Relaxed, |count| {
[INFO] [stdout]     |                      ^^^^^^^^^^^^
[INFO] [stdout]     |
[INFO] [stdout]     = note: `#[warn(deprecated)]` on by default
[INFO] [stdout] help: replace the use of the deprecated method
[INFO] [stdout]     |
[INFO] [stdout] 910 -                     .fetch_update(Ordering::Relaxed, Ordering::Relaxed, |count| {
[INFO] [stdout] 910 +                     .try_update(Ordering::Relaxed, Ordering::Relaxed, |count| {
[INFO] [stdout]     |
[INFO] [stdout] 
[INFO] [stdout] 
[INFO] [stdout] warning: hiding a lifetime that's elided elsewhere is confusing
[INFO] [stdout]   --> tests/mpsc.rs:97:17
[INFO] [stdout]    |
[INFO] [stdout] 97 |     pub fn iter(&self) -> Iter<T> {
[INFO] [stdout]    |                 ^^^^^     ^^^^^^^ the same lifetime is hidden here
[INFO] [stdout]    |                 |
[INFO] [stdout]    |                 the lifetime is elided here
[INFO] [stdout]    |
[INFO] [stdout]    = help: the same lifetime is referred to in inconsistent ways, making the signature confusing
[INFO] [stdout]    = note: `#[warn(mismatched_lifetime_syntaxes)]` on by default
[INFO] [stdout] help: use `'_` for type paths
[INFO] [stdout]    |
[INFO] [stdout] 97 |     pub fn iter(&self) -> Iter<'_, T> {
[INFO] [stdout]    |                                +++
[INFO] [stdout] 
[INFO] [stdout] 
[INFO] [stdout] warning: hiding a lifetime that's elided elsewhere is confusing
[INFO] [stdout]    --> tests/mpsc.rs:101:21
[INFO] [stdout]     |
[INFO] [stdout] 101 |     pub fn try_iter(&self) -> TryIter<T> {
[INFO] [stdout]     |                     ^^^^^     ^^^^^^^^^^ the same lifetime is hidden here
[INFO] [stdout]     |                     |
[INFO] [stdout]     |                     the lifetime is elided here
[INFO] [stdout]     |
[INFO] [stdout]     = help: the same lifetime is referred to in inconsistent ways, making the signature confusing
[INFO] [stdout] help: use `'_` for type paths
[INFO] [stdout]     |
[INFO] [stdout] 101 |     pub fn try_iter(&self) -> TryIter<'_, T> {
[INFO] [stdout]     |                                       +++
[INFO] [stdout] 
[INFO] [stdout] 
[INFO] [stderr]     Finished `release` profile [optimized] target(s) in 2m 31s
[INFO] running `Command { std: "docker" "inspect" "0977841244c10e15755b1942ecd4cd5e51821ae63be18ab725eae8583e04f25e", kill_on_drop: false }`
[INFO] running `Command { std: "docker" "exec" "-e" "SOURCE_DIR=/opt/rustwide/workdir" "-e" "CARGO_HOME=/opt/rustwide/cargo-home" "-e" "RUSTUP_HOME=/opt/rustwide/rustup-home" "-e" "CARGO_TARGET_DIR=/opt/rustwide/target" "-e" "CARGO_INCREMENTAL=0" "-e" "RUST_BACKTRACE=full" "-e" "RUSTFLAGS=--cap-lints=warn" "-e" "RUSTDOCFLAGS=--cap-lints=warn" "-w" "/opt/rustwide/workdir" "--user" "0:0" "0977841244c10e15755b1942ecd4cd5e51821ae63be18ab725eae8583e04f25e" "/opt/rustwide/cargo-home/bin/cargo" "+1.100.0-beta.1" "test" "--frozen" "--release", kill_on_drop: false }`
[INFO] [stderr] warning: use of deprecated method `std::sync::atomic::Atomic::<usize>::fetch_update`: renamed to `try_update` for consistency
[INFO] [stderr]    --> src/lib.rs:910:22
[INFO] [stderr]     |
[INFO] [stderr] 910 |                     .fetch_update(Ordering::Relaxed, Ordering::Relaxed, |count| {
[INFO] [stderr]     |                      ^^^^^^^^^^^^
[INFO] [stderr]     |
[INFO] [stderr]     = note: `#[warn(deprecated)]` on by default
[INFO] [stderr] help: replace the use of the deprecated method
[INFO] [stderr]     |
[INFO] [stderr] 910 -                     .fetch_update(Ordering::Relaxed, Ordering::Relaxed, |count| {
[INFO] [stderr] 910 +                     .try_update(Ordering::Relaxed, Ordering::Relaxed, |count| {
[INFO] [stderr]     |
[INFO] [stderr] 
[INFO] [stderr] warning: `theta-flume` (lib) generated 1 warning (run `cargo fix --lib -p theta-flume` to apply 1 suggestion)
[INFO] [stderr] warning: hiding a lifetime that's elided elsewhere is confusing
[INFO] [stderr]    --> tests/async.rs:199:16
[INFO] [stderr]     |
[INFO] [stderr] 199 |         fn ctx(&self) -> Context {
[INFO] [stderr]     |                ^^^^^     ^^^^^^^ the same lifetime is hidden here
[INFO] [stderr]     |                |
[INFO] [stderr]     |                the lifetime is elided here
[INFO] [stderr]     |
[INFO] [stderr]     = help: the same lifetime is referred to in inconsistent ways, making the signature confusing
[INFO] [stderr]     = note: `#[warn(mismatched_lifetime_syntaxes)]` on by default
[INFO] [stderr] help: use `'_` for type paths
[INFO] [stderr]     |
[INFO] [stderr] 199 |         fn ctx(&self) -> Context<'_> {
[INFO] [stderr]     |                                 ++++
[INFO] [stderr] 
[INFO] [stderr] warning: `theta-flume` (test "async") generated 1 warning (run `cargo fix --test "async" -p theta-flume` to apply 1 suggestion)
[INFO] [stderr] warning: hiding a lifetime that's elided elsewhere is confusing
[INFO] [stderr]   --> tests/mpsc.rs:97:17
[INFO] [stderr]    |
[INFO] [stderr] 97 |     pub fn iter(&self) -> Iter<T> {
[INFO] [stderr]    |                 ^^^^^     ^^^^^^^ the same lifetime is hidden here
[INFO] [stderr]    |                 |
[INFO] [stderr]    |                 the lifetime is elided here
[INFO] [stderr]    |
[INFO] [stderr]    = help: the same lifetime is referred to in inconsistent ways, making the signature confusing
[INFO] [stderr]    = note: `#[warn(mismatched_lifetime_syntaxes)]` on by default
[INFO] [stderr] help: use `'_` for type paths
[INFO] [stderr]    |
[INFO] [stderr] 97 |     pub fn iter(&self) -> Iter<'_, T> {
[INFO] [stderr]    |                                +++
[INFO] [stderr] 
[INFO] [stderr] warning: hiding a lifetime that's elided elsewhere is confusing
[INFO] [stderr]    --> tests/mpsc.rs:101:21
[INFO] [stderr]     |
[INFO] [stderr] 101 |     pub fn try_iter(&self) -> TryIter<T> {
[INFO] [stderr]     |                     ^^^^^     ^^^^^^^^^^ the same lifetime is hidden here
[INFO] [stderr]     |                     |
[INFO] [stderr]     |                     the lifetime is elided here
[INFO] [stderr]     |
[INFO] [stderr]     = help: the same lifetime is referred to in inconsistent ways, making the signature confusing
[INFO] [stderr] help: use `'_` for type paths
[INFO] [stderr]     |
[INFO] [stderr] 101 |     pub fn try_iter(&self) -> TryIter<'_, T> {
[INFO] [stderr]     |                                       +++
[INFO] [stderr] 
[INFO] [stderr] warning: `theta-flume` (test "mpsc") generated 2 warnings (run `cargo fix --test "mpsc" -p theta-flume` to apply 2 suggestions)
[INFO] [stderr] warning: `theta-flume` (lib test) generated 1 warning (1 duplicate)
[INFO] [stderr]     Finished `release` profile [optimized] target(s) in 0.22s
[INFO] [stderr]      Running unittests src/lib.rs (/opt/rustwide/target/release/build/theta-flume/7a0710e82486679a/out/theta_flume-7a0710e82486679a)
[INFO] [stdout] 
[INFO] [stderr]      Running tests/after.rs (/opt/rustwide/target/release/build/theta-flume/b34f02d3b64cb7a5/out/after-b34f02d3b64cb7a5)
[INFO] [stdout] running 0 tests
[INFO] [stdout] 
[INFO] [stdout] test result: ok. 0 passed; 0 failed; 0 ignored; 0 measured; 0 filtered out; finished in 0.00s
[INFO] [stdout] 
[INFO] [stdout] 
[INFO] [stdout] running 0 tests
[INFO] [stdout] 
[INFO] [stdout] test result: ok. 0 passed; 0 failed; 0 ignored; 0 measured; 0 filtered out; finished in 0.00s
[INFO] [stdout] 
[INFO] [stderr]      Running tests/array.rs (/opt/rustwide/target/release/build/theta-flume/3a1194d12ccaa18e/out/array-3a1194d12ccaa18e)
[INFO] [stdout] 
[INFO] [stdout] running 22 tests
[INFO] [stdout] test capacity ... ok
[INFO] [stdout] test channel_through_channel ... ok
[INFO] [stdout] test len_empty_full ... ok
[INFO] [stdout] test recv_after_disconnect ... ok
[INFO] [stdout] test len ... ok
[INFO] [stdout] test linearizable ... ok
[INFO] [stdout] test send_after_disconnect ... ok
[INFO] [stdout] test mpmc ... ok
[INFO] [stdout] test disconnect_wakes_receiver ... ok
[INFO] [stdout] test disconnect_wakes_sender ... ok
[INFO] [stdout] test recv_timeout ... ok
[INFO] [stdout] test smoke ... ok
[INFO] [stdout] test spsc ... ok
[INFO] [stdout] test stress_iter ... ok
[INFO] [stdout] test send_timeout ... ok
[INFO] [stdout] test drops ... ok
[INFO] [stdout] test recv ... ok
[INFO] [stdout] test send ... ok
[INFO] [stdout] test try_recv ... ok
[INFO] [stdout] test stress_timeout_two_threads ... ok
[INFO] [stdout] test try_send ... ok
[INFO] [stdout] test stress_oneshot ... ok
[INFO] [stderr]      Running tests/async.rs (/opt/rustwide/target/release/build/theta-flume/ded99b3f47135fee/out/async-ded99b3f47135fee)
[INFO] [stdout] 
[INFO] [stdout] test result: ok. 22 passed; 0 failed; 0 ignored; 0 measured; 0 filtered out; finished in 10.75s
[INFO] [stdout] 
[INFO] [stdout] 
[INFO] [stdout] running 9 tests
[INFO] [stdout] test change_waker ... ok
[INFO] [stdout] test parallel_async_receivers ... ok
[INFO] [stdout] test spsc_single_threaded_value_ordering ... ok
[INFO] [stdout] test async_send_1_million_no_drop_or_reorder ... ok
[INFO] [stdout] test async_recv_disconnect ... ok
[INFO] [stdout] test async_send_disconnect ... ok
[INFO] [stdout] test async_recv ... ok
[INFO] [stdout] test async_send ... ok
[INFO] [stdout] test async_recv_drop_recv ... ok
[INFO] [stdout] 
[INFO] [stdout] test result: ok. 9 passed; 0 failed; 0 ignored; 0 measured; 0 filtered out; finished in 1.01s
[INFO] [stdout] 
[INFO] [stderr]      Running tests/basic.rs (/opt/rustwide/target/release/build/theta-flume/19ddd8dc4cfbc739/out/basic-19ddd8dc4cfbc739)
[INFO] [stdout] 
[INFO] [stdout] running 19 tests
[INFO] [stdout] test disconnect_rx ... ok
[INFO] [stdout] test drain ... ok
[INFO] [stdout] test disconnect_tx ... ok
[INFO] [stdout] test iter ... ok
[INFO] [stdout] test robin ... ok
[INFO] [stdout] test send_recv ... ok
[INFO] [stdout] test recv_timeout_missed_send ... ok
[INFO] [stdout] test std_error_without_debug ... ok
[INFO] [stdout] test try_iter ... ok
[INFO] [stdout] test try_send ... ok
[INFO] [stdout] test weak_close ... ok
[INFO] [stdout] test weak_upgrade ... ok
[INFO] [stdout] test iter_threaded ... ok
[INFO] [stdout] test hydra ... ok
[INFO] [stdout] test recv_deadline ... ok
[INFO] [stdout] test recv_timeout ... ok
[INFO] [stdout] test send_timeout ... FAILED
[INFO] [stdout] test rendezvous ... ok
[INFO] [stdout] test send_bounded ... ok
[INFO] [stdout] 
[INFO] [stdout] failures:
[INFO] [stdout] 
[INFO] [stdout] ---- send_timeout stdout ----
[INFO] [stdout] 
[INFO] [stdout] thread 'send_timeout' (22678) panicked at tests/basic.rs:64:9:
[INFO] [stdout] timeout exceeded: 361.565064ms
[INFO] [stdout] stack backtrace:
[INFO] [stdout]    0:     0x5d70a7e85661 - <<std[617be2ca0a6fd877]::sys::backtrace::BacktraceLock>::print::DisplayBacktrace as core[a373ad73a504971]::fmt::Display>::fmt
[INFO] [stdout]    1:     0x5d70a7e995aa - core[a373ad73a504971]::fmt::write
[INFO] [stdout]    2:     0x5d70a7e8987c - <alloc[2e1b2a31b91974c5]::vec::Vec<u8> as core[a373ad73a504971]::io::write::Write>::write_fmt
[INFO] [stdout]    3:     0x5d70a7e61696 - std[617be2ca0a6fd877]::panicking::default_hook::{closure#0}
[INFO] [stdout]    4:     0x5d70a7e7d949 - std[617be2ca0a6fd877]::panicking::default_hook
[INFO] [stdout]    5:     0x5d70a7e19a40 - test[aada8e7e76ba119b]::test_main_inner::{closure#0}
[INFO] [stdout]    6:     0x5d70a7e7db02 - std[617be2ca0a6fd877]::panicking::panic_with_hook
[INFO] [stdout]    7:     0x5d70a7e61742 - std[617be2ca0a6fd877]::panicking::panic_handler::{closure#0}
[INFO] [stdout]    8:     0x5d70a7e5a459 - std[617be2ca0a6fd877]::sys::backtrace::__rust_end_short_backtrace::<std[617be2ca0a6fd877]::panicking::panic_handler::{closure#0}, !>
[INFO] [stdout]    9:     0x5d70a7e6234d - __rustc[ea4f61d10b84890b]::rust_begin_unwind
[INFO] [stdout]   10:     0x5d70a7e99cdc - core[a373ad73a504971]::panicking::panic_fmt
[INFO] [stdout]   11:     0x5d70a7e058c1 - <basic[eeb69ad949d7946d]::send_timeout::{closure#0} as core[a373ad73a504971]::ops::function::FnOnce<()>>::call_once
[INFO] [stdout]   12:     0x5d70a7e0ce8b - test[aada8e7e76ba119b]::__rust_begin_short_backtrace::<core[a373ad73a504971]::result::Result<(), alloc[2e1b2a31b91974c5]::string::String>, fn() -> core[a373ad73a504971]::result::Result<(), alloc[2e1b2a31b91974c5]::string::String>>
[INFO] [stdout]   13:     0x5d70a7e1a065 - test[aada8e7e76ba119b]::run_test::{closure#0}
[INFO] [stdout]   14:     0x5d70a7e13954 - std[617be2ca0a6fd877]::sys::backtrace::__rust_begin_short_backtrace::<test[aada8e7e76ba119b]::run_test::{closure#1}, ()>
[INFO] [stdout]   15:     0x5d70a7e1d0f2 - <std[617be2ca0a6fd877]::thread::lifecycle::spawn_unchecked<test[aada8e7e76ba119b]::run_test::{closure#1}, ()>::{closure#1} as core[a373ad73a504971]::ops::function::FnOnce<()>>::call_once::{shim:vtable#0}
[INFO] [stdout]   16:     0x5d70a7e84e8f - <std[617be2ca0a6fd877]::sys::thread::unix::Thread>::new::thread_start
[INFO] [stdout]   17:     0x7f8fcf4d7dfa - <unknown>
[INFO] [stdout]   18:     0x7f8fcf56b3d4 - clone
[INFO] [stdout]   19:                0x0 - <unknown>
[INFO] [stdout] 
[INFO] [stdout] 
[INFO] [stdout] failures:
[INFO] [stdout]     send_timeout
[INFO] [stdout] 
[INFO] [stdout] test result: FAILED. 18 passed; 1 failed; 0 ignored; 0 measured; 0 filtered out; finished in 29.63s
[INFO] [stdout] 
[INFO] [stderr] error: test failed, to rerun pass `--test basic`
[INFO] running `Command { std: "docker" "inspect" "0977841244c10e15755b1942ecd4cd5e51821ae63be18ab725eae8583e04f25e", kill_on_drop: false }`
[INFO] running `Command { std: "docker" "rm" "-f" "0977841244c10e15755b1942ecd4cd5e51821ae63be18ab725eae8583e04f25e", kill_on_drop: false }`
[INFO] [stdout] 0977841244c10e15755b1942ecd4cd5e51821ae63be18ab725eae8583e04f25e
