[INFO] fetching crate symify-core 0.2.1...
[INFO] testing symify-core-0.2.1 against 1.100.0-beta.1+cargoflags=--release for beta-release-1.100-2
[INFO] extracting crate symify-core 0.2.1 into /workspace/builds/worker-4-tc2/source
[INFO] started tweaking crates.io crate symify-core 0.2.1
[INFO] removed 0 missing tests
[INFO] finished tweaking crates.io crate symify-core 0.2.1
[INFO] tweaked toml for crates.io crate symify-core 0.2.1 written to /workspace/builds/worker-4-tc2/source/Cargo.toml
[INFO] validating manifest of crates.io crate symify-core 0.2.1 on toolchain 1.100.0-beta.1
[INFO] running `Command { std: CARGO_HOME="/workspace/cargo-home" RUSTUP_HOME="/workspace/rustup-home" "/workspace/cargo-home/bin/cargo" "+1.100.0-beta.1" "metadata" "--manifest-path" "Cargo.toml" "--no-deps", kill_on_drop: false }`
[INFO] crate crates.io crate symify-core 0.2.1 already has a lockfile, it will not be regenerated
[INFO] running `Command { std: CARGO_HOME="/workspace/cargo-home" RUSTUP_HOME="/workspace/rustup-home" "/workspace/cargo-home/bin/cargo" "+1.100.0-beta.1" "fetch" "--manifest-path" "Cargo.toml", kill_on_drop: false }`
[INFO] [stderr] warning: `package.homepage` is redundant with `package.repository`
[INFO] [stderr]   --> Cargo.toml:38:12
[INFO] [stderr]    |
[INFO] [stderr] 38 | homepage = "https://github.com/six5536/symify"
[INFO] [stderr]    |            ^^^^^^^^^^^^^^^^^^^^^^^^^^^^^^^^^^^
[INFO] [stderr] ...
[INFO] [stderr] 43 | repository = "https://github.com/six5536/symify"
[INFO] [stderr]    |              -----------------------------------
[INFO] [stderr]    |
[INFO] [stderr]    = note: `cargo::redundant_homepage` is set to `warn` by default
[INFO] [stderr] help: consider removing `package.homepage`
[INFO] [stderr] warning: `symify-core` (manifest) generated 1 warning
[INFO] running `Command { std: "docker" "create" "-v" "/var/lib/crater-agent-workspace/builds/worker-4-tc2/source:/opt/rustwide/workdir:ro,Z" "-v" "/var/lib/crater-agent-workspace/builds/worker-4-tc2/target:/opt/rustwide/target:rw,Z" "-v" "/var/lib/crater-agent-workspace/cargo-home:/opt/rustwide/cargo-home:ro,Z" "-v" "/var/lib/crater-agent-workspace/rustup-home:/opt/rustwide/rustup-home:ro,Z" "-m" "1610612736" "--network" "none" "ghcr.io/rust-lang/crates-build-env/linux@sha256:77db811e55d90add9212f6832c23229e3de5f1c1f9905e8cb07319ea15df73ac" "sleep" "infinity", kill_on_drop: false }`
[INFO] [stdout] 66e4685f9be034cea481ed4eaa58ba97cac86221427095c9d9aa5ba85eef6edd
[INFO] running `Command { std: "docker" "start" "66e4685f9be034cea481ed4eaa58ba97cac86221427095c9d9aa5ba85eef6edd", kill_on_drop: false }`
[INFO] running `Command { std: "docker" "inspect" "66e4685f9be034cea481ed4eaa58ba97cac86221427095c9d9aa5ba85eef6edd", kill_on_drop: false }`
[INFO] running `Command { std: "docker" "exec" "-e" "SOURCE_DIR=/opt/rustwide/workdir" "-e" "CARGO_HOME=/opt/rustwide/cargo-home" "-e" "RUSTUP_HOME=/opt/rustwide/rustup-home" "-e" "CARGO_TARGET_DIR=/opt/rustwide/target" "-w" "/opt/rustwide/workdir" "--user" "0:0" "66e4685f9be034cea481ed4eaa58ba97cac86221427095c9d9aa5ba85eef6edd" "/opt/rustwide/cargo-home/bin/cargo" "+1.100.0-beta.1" "metadata" "--no-deps" "--format-version=1", kill_on_drop: false }`
[INFO] running `Command { std: "docker" "inspect" "66e4685f9be034cea481ed4eaa58ba97cac86221427095c9d9aa5ba85eef6edd", kill_on_drop: false }`
[INFO] running `Command { std: "docker" "exec" "-e" "SOURCE_DIR=/opt/rustwide/workdir" "-e" "CARGO_HOME=/opt/rustwide/cargo-home" "-e" "RUSTUP_HOME=/opt/rustwide/rustup-home" "-e" "CARGO_TARGET_DIR=/opt/rustwide/target" "-e" "CARGO_INCREMENTAL=0" "-e" "RUST_BACKTRACE=full" "-e" "RUSTFLAGS=--cap-lints=warn" "-e" "RUSTDOCFLAGS=--cap-lints=warn" "-w" "/opt/rustwide/workdir" "--user" "0:0" "66e4685f9be034cea481ed4eaa58ba97cac86221427095c9d9aa5ba85eef6edd" "/opt/rustwide/cargo-home/bin/cargo" "+1.100.0-beta.1" "build" "--frozen" "--message-format=json" "--release", kill_on_drop: false }`
[INFO] [stderr] warning: `package.homepage` is redundant with `package.repository`
[INFO] [stderr]   --> Cargo.toml:38:12
[INFO] [stderr]    |
[INFO] [stderr] 38 | homepage = "https://github.com/six5536/symify"
[INFO] [stderr]    |            ^^^^^^^^^^^^^^^^^^^^^^^^^^^^^^^^^^^
[INFO] [stderr] ...
[INFO] [stderr] 43 | repository = "https://github.com/six5536/symify"
[INFO] [stderr]    |              -----------------------------------
[INFO] [stderr]    |
[INFO] [stderr]    = note: `cargo::redundant_homepage` is set to `warn` by default
[INFO] [stderr] help: consider removing `package.homepage`
[INFO] [stderr] warning: `symify-core` (manifest) generated 1 warning
[INFO] [stderr]    Compiling winnow v1.0.3
[INFO] [stderr]    Compiling toml_writer v1.1.1+spec-1.1.0
[INFO] [stderr]    Compiling syn v2.0.117
[INFO] [stderr]    Compiling syn v3.0.3
[INFO] [stderr]    Compiling blake3 v1.8.5
[INFO] [stderr]    Compiling toml_datetime v1.1.1+spec-1.1.0
[INFO] [stderr]    Compiling dirs-sys v0.5.0
[INFO] [stderr]    Compiling directories v6.0.0
[INFO] [stderr]    Compiling serde_derive v1.0.228
[INFO] [stderr]    Compiling thiserror-impl v2.0.19
[INFO] [stderr]    Compiling toml_parser v1.1.2+spec-1.1.0
[INFO] [stderr]    Compiling toml_edit v0.25.12+spec-1.1.0
[INFO] [stderr]    Compiling toml v1.1.2+spec-1.1.0
[INFO] [stderr]    Compiling thiserror v2.0.19
[INFO] [stderr]    Compiling serde v1.0.228
[INFO] [stderr]    Compiling symify-core v0.2.1 (/opt/rustwide/workdir)
[INFO] [stderr]     Finished `release` profile [optimized] target(s) in 18.02s
[INFO] running `Command { std: "docker" "inspect" "66e4685f9be034cea481ed4eaa58ba97cac86221427095c9d9aa5ba85eef6edd", kill_on_drop: false }`
[INFO] running `Command { std: "docker" "exec" "-e" "SOURCE_DIR=/opt/rustwide/workdir" "-e" "CARGO_HOME=/opt/rustwide/cargo-home" "-e" "RUSTUP_HOME=/opt/rustwide/rustup-home" "-e" "CARGO_TARGET_DIR=/opt/rustwide/target" "-e" "CARGO_INCREMENTAL=0" "-e" "RUST_BACKTRACE=full" "-e" "RUSTFLAGS=--cap-lints=warn" "-e" "RUSTDOCFLAGS=--cap-lints=warn" "-w" "/opt/rustwide/workdir" "--user" "0:0" "66e4685f9be034cea481ed4eaa58ba97cac86221427095c9d9aa5ba85eef6edd" "/opt/rustwide/cargo-home/bin/cargo" "+1.100.0-beta.1" "test" "--frozen" "--no-run" "--message-format=json" "--release", kill_on_drop: false }`
[INFO] [stderr] warning: `package.homepage` is redundant with `package.repository`
[INFO] [stderr]   --> Cargo.toml:38:12
[INFO] [stderr]    |
[INFO] [stderr] 38 | homepage = "https://github.com/six5536/symify"
[INFO] [stderr]    |            ^^^^^^^^^^^^^^^^^^^^^^^^^^^^^^^^^^^
[INFO] [stderr] ...
[INFO] [stderr] 43 | repository = "https://github.com/six5536/symify"
[INFO] [stderr]    |              -----------------------------------
[INFO] [stderr]    |
[INFO] [stderr]    = note: `cargo::redundant_homepage` is set to `warn` by default
[INFO] [stderr] help: consider removing `package.homepage`
[INFO] [stderr] warning: `symify-core` (manifest) generated 1 warning
[INFO] [stderr]    Compiling bitflags v2.11.1
[INFO] [stderr]    Compiling getrandom v0.4.2
[INFO] [stderr]    Compiling rustix v1.1.4
[INFO] [stderr]    Compiling tempfile v3.27.0
[INFO] [stderr]    Compiling symify-core v0.2.1 (/opt/rustwide/workdir)
[INFO] [stderr]     Finished `release` profile [optimized] target(s) in 9.07s
[INFO] running `Command { std: "docker" "inspect" "66e4685f9be034cea481ed4eaa58ba97cac86221427095c9d9aa5ba85eef6edd", kill_on_drop: false }`
[INFO] running `Command { std: "docker" "exec" "-e" "SOURCE_DIR=/opt/rustwide/workdir" "-e" "CARGO_HOME=/opt/rustwide/cargo-home" "-e" "RUSTUP_HOME=/opt/rustwide/rustup-home" "-e" "CARGO_TARGET_DIR=/opt/rustwide/target" "-e" "CARGO_INCREMENTAL=0" "-e" "RUST_BACKTRACE=full" "-e" "RUSTFLAGS=--cap-lints=warn" "-e" "RUSTDOCFLAGS=--cap-lints=warn" "-w" "/opt/rustwide/workdir" "--user" "0:0" "66e4685f9be034cea481ed4eaa58ba97cac86221427095c9d9aa5ba85eef6edd" "/opt/rustwide/cargo-home/bin/cargo" "+1.100.0-beta.1" "test" "--frozen" "--release", kill_on_drop: false }`
[INFO] [stderr] warning: `package.homepage` is redundant with `package.repository`
[INFO] [stderr]   --> Cargo.toml:38:12
[INFO] [stderr]    |
[INFO] [stderr] 38 | homepage = "https://github.com/six5536/symify"
[INFO] [stderr]    |            ^^^^^^^^^^^^^^^^^^^^^^^^^^^^^^^^^^^
[INFO] [stderr] ...
[INFO] [stderr] 43 | repository = "https://github.com/six5536/symify"
[INFO] [stderr]    |              -----------------------------------
[INFO] [stderr]    |
[INFO] [stderr]    = note: `cargo::redundant_homepage` is set to `warn` by default
[INFO] [stderr] help: consider removing `package.homepage`
[INFO] [stderr] warning: `symify-core` (manifest) generated 1 warning
[INFO] [stderr]     Finished `release` profile [optimized] target(s) in 0.09s
[INFO] [stderr]      Running unittests src/lib.rs (/opt/rustwide/target/release/build/symify-core/a99eda6d540860eb/out/symify_core-a99eda6d540860eb)
[INFO] [stdout] 
[INFO] [stdout] running 98 tests
[INFO] [stdout] test clock::tests::formats_known_epochs ... ok
[INFO] [stdout] test config::tests::discover_cli_configs_replace_defaults ... ok
[INFO] [stdout] test config::tests::discover_in_orders_default_then_conf_d ... ok
[INFO] [stdout] test config::tests::hardlink_mode_is_rejected ... ok
[INFO] [stdout] test config::tests::resolve_applies_mode_and_conflict_defaults ... ok
[INFO] [stdout] test config::tests::machine_condition_config_errors ... ok
[INFO] [stdout] test config::tests::resolve_errors_when_root_missing ... ok
[INFO] [stdout] test config::tests::backup_keep_resolves_with_mapping_override ... ok
[INFO] [stdout] test config::tests::empty_config_file_loads_to_defaults ... ok
[INFO] [stdout] test clock::tests::fixed_clock_is_stable ... ok
[INFO] [stdout] test config::tests::mappings_accumulate_and_same_name_deep_merge ... ok
[INFO] [stdout] test config::tests::config_base_dir_honours_xdg_then_falls_back_to_home ... ok
[INFO] [stdout] test config::tests::conditions_merge_like_other_mapping_keys ... ok
[INFO] [stdout] test config::tests::expand_path_handles_tilde_abs_and_relative ... ok
[INFO] [stdout] test config::tests::expand_env_substitutes_variables ... ok
[INFO] [stdout] test config::tests::malformed_toml_reports_the_file ... ok
[INFO] [stdout] test config::tests::resolve_rejects_live_equal_store ... ok
[INFO] [stdout] test config::tests::links_later_wins_on_duplicate_key ... ok
[INFO] [stdout] test config::tests::resolve_sorts_mappings_and_links ... ok
[INFO] [stdout] test config::tests::select_keeps_named_mappings_and_errors_on_unknown ... ok
[INFO] [stdout] test config::tests::machine_conditions_match_table ... ok
[INFO] [stdout] test config::tests::settings_merge_per_key ... ok
[INFO] [stdout] test config::tests::starter_template_is_valid_and_carries_roots ... ok
[INFO] [stdout] test config::tests::ensure_config_auto_inits_then_is_a_noop ... FAILED
[INFO] [stdout] test config::tests::unknown_keys_are_rejected ... ok
[INFO] [stdout] test config::tests::sync_mode_is_rejected ... ok
[INFO] [stdout] test config::tests::resolve_uses_settings_then_mapping_overrides ... ok
[INFO] [stdout] test edit::tests::add_preserves_comments_and_schema_line ... ok
[INFO] [stdout] test edit::tests::add_same_value_is_unchanged_and_differing_needs_force ... ok
[INFO] [stdout] test edit::tests::add_creates_missing_mapping ... ok
[INFO] [stdout] test error::tests::config_constructor_and_display ... ok
[INFO] [stdout] test error::tests::config_accepts_string_and_str ... ok
[INFO] [stdout] test error::tests::io_constructor_and_display ... ok
[INFO] [stdout] test error::tests::nohome_display ... ok
[INFO] [stdout] test edit::tests::remove_clears_key_from_all_defining_files ... ok
[INFO] [stdout] test fs::tests::artifacts_are_invisible_to_dir_compare ... ok
[INFO] [stdout] test fs::tests::checksum_equal_is_permission_sensitive_but_content_equal_is_not ... ok
[INFO] [stdout] test error::tests::toml_variant_display_and_source ... ok
[INFO] [stdout] test fs::tests::copy_into_readonly_dir_errors_without_leaking_temp ... ok
[INFO] [stdout] test fs::tests::atomic_copy_preserves_content_and_mtime ... ok
[INFO] [stdout] test fs::tests::copy_tree_preserves_directory_permissions ... ok
[INFO] [stdout] test fs::tests::atomic_copy_handles_read_only_source ... ok
[INFO] [stdout] test fs::tests::dangling_symlink_inspected_as_link ... ok
[INFO] [stdout] test fs::tests::dir_entries_filters_artifacts_sorts_and_errors_on_missing ... ok
[INFO] [stdout] test fs::tests::content_equal_for_files_and_dirs ... ok
[INFO] [stdout] test fs::tests::inspect_distinguishes_kinds ... ok
[INFO] [stdout] test fs::tests::quick_equal_honours_modify_window ... ok
[INFO] [stdout] test fs::tests::is_nonempty_dir_cases ... ok
[INFO] [stdout] test fs::tests::copy_file_atomic_cleans_temp_on_failure ... ok
[INFO] [stdout] test fs::tests::quick_equal_detects_size_mode_and_mtime_drift ... ok
[INFO] [stdout] test fs::tests::symlink_points_to_compares_resolved_target ... ok
[INFO] [stdout] test model::tests::link_value_kind_covers_every_spelling ... ok
[INFO] [stdout] test fs::tests::special_characters_in_filenames_round_trip ... ok
[INFO] [stdout] test plan::tests::deploy_conflict_backup_backs_up_live ... ok
[INFO] [stdout] test fs::tests::symlink_self_and_cycle_do_not_recurse ... ok
[INFO] [stdout] test model::tests::is_disabled_only_for_false ... ok
[INFO] [stdout] test fs::tests::symlinks_compared_as_links_not_followed ... ok
[INFO] [stdout] test plan::tests::deploy_copy_pulls_when_live_missing ... ok
[INFO] [stdout] test plan::tests::deploy_links_when_live_missing ... ok
[INFO] [stdout] test plan::tests::deploy_relinks_when_live_matches ... ok
[INFO] [stdout] test plan::tests::deploy_copy_conflict_skip ... ok
[INFO] [stdout] test plan::tests::deploy_already_ok_when_correct ... ok
[INFO] [stdout] test plan::tests::deploy_skips_when_store_missing ... ok
[INFO] [stdout] test plan::tests::guard_reason_refuses_same_file_entries ... ok
[INFO] [stdout] test plan::tests::empty_mapping_is_a_clean_no_op ... ok
[INFO] [stdout] test plan::tests::guard_reason_flags_protected_roots_store_containment_and_traversal ... ok
[INFO] [stdout] test plan::tests::execute_continues_past_failures ... ok
[INFO] [stdout] test plan::tests::guard_allows_file_outside_live_root ... ok
[INFO] [stdout] test plan::tests::shared_targets_skip_disabled_and_inactive ... ok
[INFO] [stdout] test plan::tests::guard_refuses_directory_outside_live_root ... ok
[INFO] [stdout] test plan::tests::disabled_entry_is_disabled ... ok
[INFO] [stdout] test plan::tests::shared_targets_groups_store_and_live_collisions ... ok
[INFO] [stdout] test plan::tests::resolve_paths_relative_absolute_and_explicit ... ok
[INFO] [stdout] test plan::tests::resolve_paths_native_absolute_key_nests_under_store ... ok
[INFO] [stdout] test plan::tests::guard_refuses_entry_at_live_root ... ok
[INFO] [stdout] test plan::tests::sync_adopts_when_store_missing ... ok
[INFO] [stdout] test plan::tests::sync_checksum_ignores_mtime_only_change ... ok
[INFO] [stdout] test plan::tests::guard_refuses_live_path_containing_store ... ok
[INFO] [stdout] test plan::tests::resolves_mirror_relative_and_absolute_and_explicit ... ok
[INFO] [stdout] test plan::tests::sync_conflict_skip_is_conflict ... ok
[INFO] [stdout] test plan::tests::sync_conflict_backup_backs_up_store ... ok
[INFO] [stdout] test plan::tests::sync_already_ok_when_live_is_correct_symlink ... ok
[INFO] [stdout] test plan::tests::sync_copy_already_ok_when_equal ... ok
[INFO] [stdout] test plan::tests::sync_copy_new_file_is_added ... ok
[INFO] [stdout] test plan::tests::sync_modify_window_tolerates_mtime_skew ... ok
[INFO] [stdout] test plan::tests::sync_skips_when_live_missing ... ok
[INFO] [stdout] test plan::tests::sync_relinks_when_content_equal ... ok
[INFO] [stdout] test plan::tests::sync_adopts_directory_in_symlink_mode ... ok
[INFO] [stdout] test plan::tests::traversal_key_is_guarded_through_plan ... ok
[INFO] [stdout] test plan::tests::sync_copy_one_changed_file_does_not_recopy_tree ... ok
[INFO] [stdout] test plan::tests::sync_leaves_extraneous_store_file_untouched ... ok
[INFO] [stdout] test status::tests::copy_states ... ok
[INFO] [stdout] test plan::tests::sync_copy_pushes_when_store_missing ... ok
[INFO] [stdout] test plan::tests::sync_ignores_own_bak_artifacts ... ok
[INFO] [stdout] test status::tests::disabled_entry ... ok
[INFO] [stdout] test status::tests::symlink_states ... ok
[INFO] [stdout] test plan::tests::sync_copy_unchanged_tree_is_already_ok ... ok
[INFO] [stdout] test plan::tests::sync_copy_partial_apply_with_skip_drift ... ok
[INFO] [stdout] 
[INFO] [stdout] failures:
[INFO] [stdout] 
[INFO] [stdout] ---- config::tests::ensure_config_auto_inits_then_is_a_noop stdout ----
[INFO] [stdout] 
[INFO] [stdout] thread 'config::tests::ensure_config_auto_inits_then_is_a_noop' (646) panicked at src/config.rs:835:9:
[INFO] [stdout] assertion failed: second.created.is_none()
[INFO] [stdout] stack backtrace:
[INFO] [stdout]    0:     0x5e8103d8bea1 - <<std[617be2ca0a6fd877]::sys::backtrace::BacktraceLock>::print::DisplayBacktrace as core[a373ad73a504971]::fmt::Display>::fmt
[INFO] [stdout]    1:     0x5e8103da1f4a - core[a373ad73a504971]::fmt::write
[INFO] [stdout]    2:     0x5e8103d9062c - <alloc[2e1b2a31b91974c5]::vec::Vec<u8> as core[a373ad73a504971]::io::write::Write>::write_fmt
[INFO] [stdout]    3:     0x5e8103d64456 - std[617be2ca0a6fd877]::panicking::default_hook::{closure#0}
[INFO] [stdout]    4:     0x5e8103d821d9 - std[617be2ca0a6fd877]::panicking::default_hook
[INFO] [stdout]    5:     0x5e8103cef040 - test[aada8e7e76ba119b]::test_main_inner::{closure#0}
[INFO] [stdout]    6:     0x5e8103d82392 - std[617be2ca0a6fd877]::panicking::panic_with_hook
[INFO] [stdout]    7:     0x5e8103d64534 - std[617be2ca0a6fd877]::panicking::panic_handler::{closure#0}
[INFO] [stdout]    8:     0x5e8103d5cb09 - std[617be2ca0a6fd877]::sys::backtrace::__rust_end_short_backtrace::<std[617be2ca0a6fd877]::panicking::panic_handler::{closure#0}, !>
[INFO] [stdout]    9:     0x5e8103d6544d - __rustc[ea4f61d10b84890b]::rust_begin_unwind
[INFO] [stdout]   10:     0x5e8103da26bc - core[a373ad73a504971]::panicking::panic_fmt
[INFO] [stdout]   11:     0x5e8103da2682 - core[a373ad73a504971]::panicking::panic
[INFO] [stdout]   12:     0x5e8103c73e57 - <symify_core[8d3978052a1e8363]::config::tests::ensure_config_auto_inits_then_is_a_noop::{closure#0} as core[a373ad73a504971]::ops::function::FnOnce<()>>::call_once
[INFO] [stdout]   13:     0x5e8103ce248b - test[aada8e7e76ba119b]::__rust_begin_short_backtrace::<core[a373ad73a504971]::result::Result<(), alloc[2e1b2a31b91974c5]::string::String>, fn() -> core[a373ad73a504971]::result::Result<(), alloc[2e1b2a31b91974c5]::string::String>>
[INFO] [stdout]   14:     0x5e8103cef665 - test[aada8e7e76ba119b]::run_test::{closure#0}
[INFO] [stdout]   15:     0x5e8103ce8f54 - std[617be2ca0a6fd877]::sys::backtrace::__rust_begin_short_backtrace::<test[aada8e7e76ba119b]::run_test::{closure#1}, ()>
[INFO] [stdout]   16:     0x5e8103cf26f2 - <std[617be2ca0a6fd877]::thread::lifecycle::spawn_unchecked<test[aada8e7e76ba119b]::run_test::{closure#1}, ()>::{closure#1} as core[a373ad73a504971]::ops::function::FnOnce<()>>::call_once::{shim:vtable#0}
[INFO] [stdout]   17:     0x5e8103d8adef - <std[617be2ca0a6fd877]::sys::thread::unix::Thread>::new::thread_start
[INFO] [stdout]   18:     0x703029076dfa - <unknown>
[INFO] [stdout]   19:     0x70302910a3d4 - clone
[INFO] [stdout]   20:                0x0 - <unknown>
[INFO] [stdout] 
[INFO] [stdout] 
[INFO] [stdout] failures:
[INFO] [stdout]     config::tests::ensure_config_auto_inits_then_is_a_noop
[INFO] [stdout] 
[INFO] [stdout] test result: FAILED. 97 passed; 1 failed; 0 ignored; 0 measured; 0 filtered out; finished in 0.04s
[INFO] [stdout] 
[INFO] [stderr] error: test failed, to rerun pass `--lib`
[INFO] running `Command { std: "docker" "inspect" "66e4685f9be034cea481ed4eaa58ba97cac86221427095c9d9aa5ba85eef6edd", kill_on_drop: false }`
[INFO] running `Command { std: "docker" "rm" "-f" "66e4685f9be034cea481ed4eaa58ba97cac86221427095c9d9aa5ba85eef6edd", kill_on_drop: false }`
[INFO] [stdout] 66e4685f9be034cea481ed4eaa58ba97cac86221427095c9d9aa5ba85eef6edd
