[INFO] fetching crate stageleft 0.16.0...
[INFO] testing stageleft-0.16.0 against 1.100.0-beta.1+cargoflags=--release for beta-release-1.100-2
[INFO] extracting crate stageleft 0.16.0 into /workspace/builds/worker-4-tc2/source
[INFO] started tweaking crates.io crate stageleft 0.16.0
[INFO] removed 0 missing tests
[INFO] finished tweaking crates.io crate stageleft 0.16.0
[INFO] tweaked toml for crates.io crate stageleft 0.16.0 written to /workspace/builds/worker-4-tc2/source/Cargo.toml
[INFO] validating manifest of crates.io crate stageleft 0.16.0 on toolchain 1.100.0-beta.1
[INFO] running `Command { std: CARGO_HOME="/workspace/cargo-home" RUSTUP_HOME="/workspace/rustup-home" "/workspace/cargo-home/bin/cargo" "+1.100.0-beta.1" "metadata" "--manifest-path" "Cargo.toml" "--no-deps", kill_on_drop: false }`
[INFO] crate crates.io crate stageleft 0.16.0 already has a lockfile, it will not be regenerated
[INFO] running `Command { std: CARGO_HOME="/workspace/cargo-home" RUSTUP_HOME="/workspace/rustup-home" "/workspace/cargo-home/bin/cargo" "+1.100.0-beta.1" "fetch" "--manifest-path" "Cargo.toml", kill_on_drop: false }`
[INFO] running `Command { std: "docker" "create" "-v" "/var/lib/crater-agent-workspace/builds/worker-4-tc2/source:/opt/rustwide/workdir:ro,Z" "-v" "/var/lib/crater-agent-workspace/builds/worker-4-tc2/target:/opt/rustwide/target:rw,Z" "-v" "/var/lib/crater-agent-workspace/cargo-home:/opt/rustwide/cargo-home:ro,Z" "-v" "/var/lib/crater-agent-workspace/rustup-home:/opt/rustwide/rustup-home:ro,Z" "-m" "1610612736" "--network" "none" "ghcr.io/rust-lang/crates-build-env/linux@sha256:77db811e55d90add9212f6832c23229e3de5f1c1f9905e8cb07319ea15df73ac" "sleep" "infinity", kill_on_drop: false }`
[INFO] [stdout] 1128318f86165ebbba850a2844f2f1e49e64f6bdc200821d5cfb7995a7c9007c
[INFO] running `Command { std: "docker" "start" "1128318f86165ebbba850a2844f2f1e49e64f6bdc200821d5cfb7995a7c9007c", kill_on_drop: false }`
[INFO] running `Command { std: "docker" "inspect" "1128318f86165ebbba850a2844f2f1e49e64f6bdc200821d5cfb7995a7c9007c", kill_on_drop: false }`
[INFO] running `Command { std: "docker" "exec" "-e" "SOURCE_DIR=/opt/rustwide/workdir" "-e" "CARGO_HOME=/opt/rustwide/cargo-home" "-e" "RUSTUP_HOME=/opt/rustwide/rustup-home" "-e" "CARGO_TARGET_DIR=/opt/rustwide/target" "-w" "/opt/rustwide/workdir" "--user" "0:0" "1128318f86165ebbba850a2844f2f1e49e64f6bdc200821d5cfb7995a7c9007c" "/opt/rustwide/cargo-home/bin/cargo" "+1.100.0-beta.1" "metadata" "--no-deps" "--format-version=1", kill_on_drop: false }`
[INFO] running `Command { std: "docker" "inspect" "1128318f86165ebbba850a2844f2f1e49e64f6bdc200821d5cfb7995a7c9007c", kill_on_drop: false }`
[INFO] running `Command { std: "docker" "exec" "-e" "SOURCE_DIR=/opt/rustwide/workdir" "-e" "CARGO_HOME=/opt/rustwide/cargo-home" "-e" "RUSTUP_HOME=/opt/rustwide/rustup-home" "-e" "CARGO_TARGET_DIR=/opt/rustwide/target" "-e" "CARGO_INCREMENTAL=0" "-e" "RUST_BACKTRACE=full" "-e" "RUSTFLAGS=--cap-lints=warn" "-e" "RUSTDOCFLAGS=--cap-lints=warn" "-w" "/opt/rustwide/workdir" "--user" "0:0" "1128318f86165ebbba850a2844f2f1e49e64f6bdc200821d5cfb7995a7c9007c" "/opt/rustwide/cargo-home/bin/cargo" "+1.100.0-beta.1" "build" "--frozen" "--message-format=json" "--release", kill_on_drop: false }`
[INFO] [stderr]    Compiling typenum v1.18.0
[INFO] [stderr]    Compiling libc v0.2.170
[INFO] [stderr]    Compiling hashbrown v0.15.2
[INFO] [stderr]    Compiling proc-macro2 v1.0.106
[INFO] [stderr]    Compiling winnow v0.7.4
[INFO] [stderr]    Compiling toml_datetime v0.6.8
[INFO] [stderr]    Compiling unicode-ident v1.0.18
[INFO] [stderr]    Compiling cfg-if v1.0.0
[INFO] [stderr]    Compiling indexmap v2.7.1
[INFO] [stderr]    Compiling quote v1.0.39
[INFO] [stderr]    Compiling generic-array v0.14.7
[INFO] [stderr]    Compiling parking_lot_core v0.9.12
[INFO] [stderr]    Compiling syn v2.0.99
[INFO] [stderr]    Compiling parking_lot v0.12.5
[INFO] [stderr]    Compiling block-buffer v0.10.4
[INFO] [stderr]    Compiling crypto-common v0.1.6
[INFO] [stderr]    Compiling digest v0.10.7
[INFO] [stderr]    Compiling sha2 v0.10.8
[INFO] [stderr]    Compiling ctor v1.0.8
[INFO] [stderr]    Compiling toml_edit v0.22.24
[INFO] [stderr]    Compiling proc-macro-crate v3.3.0
[INFO] [stderr]    Compiling stageleft_macro v0.16.0
[INFO] [stderr]    Compiling stageleft v0.16.0 (/opt/rustwide/workdir)
[INFO] [stderr]     Finished `release` profile [optimized] target(s) in 1m 22s
[INFO] running `Command { std: "docker" "inspect" "1128318f86165ebbba850a2844f2f1e49e64f6bdc200821d5cfb7995a7c9007c", kill_on_drop: false }`
[INFO] running `Command { std: "docker" "exec" "-e" "SOURCE_DIR=/opt/rustwide/workdir" "-e" "CARGO_HOME=/opt/rustwide/cargo-home" "-e" "RUSTUP_HOME=/opt/rustwide/rustup-home" "-e" "CARGO_TARGET_DIR=/opt/rustwide/target" "-e" "CARGO_INCREMENTAL=0" "-e" "RUST_BACKTRACE=full" "-e" "RUSTFLAGS=--cap-lints=warn" "-e" "RUSTDOCFLAGS=--cap-lints=warn" "-w" "/opt/rustwide/workdir" "--user" "0:0" "1128318f86165ebbba850a2844f2f1e49e64f6bdc200821d5cfb7995a7c9007c" "/opt/rustwide/cargo-home/bin/cargo" "+1.100.0-beta.1" "test" "--frozen" "--no-run" "--message-format=json" "--release", kill_on_drop: false }`
[INFO] [stderr]    Compiling serde v1.0.219
[INFO] [stderr]    Compiling target-triple v0.1.4
[INFO] [stderr]    Compiling serde_json v1.0.143
[INFO] [stderr]    Compiling memchr v2.7.4
[INFO] [stderr]    Compiling serde_derive v1.0.219
[INFO] [stderr]    Compiling termcolor v1.4.1
[INFO] [stderr]    Compiling glob v0.3.3
[INFO] [stderr]    Compiling serde_spanned v0.6.9
[INFO] [stderr]    Compiling toml_datetime v0.6.8
[INFO] [stderr]    Compiling toml_edit v0.22.24
[INFO] [stderr]    Compiling toml v0.8.20
[INFO] [stderr]    Compiling proc-macro-crate v3.3.0
[INFO] [stderr]    Compiling trybuild v1.0.105
[INFO] [stderr]    Compiling stageleft v0.16.0 (/opt/rustwide/workdir)
[INFO] [stderr]     Finished `release` profile [optimized] target(s) in 1m 07s
[INFO] running `Command { std: "docker" "inspect" "1128318f86165ebbba850a2844f2f1e49e64f6bdc200821d5cfb7995a7c9007c", kill_on_drop: false }`
[INFO] running `Command { std: "docker" "exec" "-e" "SOURCE_DIR=/opt/rustwide/workdir" "-e" "CARGO_HOME=/opt/rustwide/cargo-home" "-e" "RUSTUP_HOME=/opt/rustwide/rustup-home" "-e" "CARGO_TARGET_DIR=/opt/rustwide/target" "-e" "CARGO_INCREMENTAL=0" "-e" "RUST_BACKTRACE=full" "-e" "RUSTFLAGS=--cap-lints=warn" "-e" "RUSTDOCFLAGS=--cap-lints=warn" "-w" "/opt/rustwide/workdir" "--user" "0:0" "1128318f86165ebbba850a2844f2f1e49e64f6bdc200821d5cfb7995a7c9007c" "/opt/rustwide/cargo-home/bin/cargo" "+1.100.0-beta.1" "test" "--frozen" "--release", kill_on_drop: false }`
[INFO] [stderr]     Finished `release` profile [optimized] target(s) in 0.16s
[INFO] [stderr]      Running unittests src/lib.rs (/opt/rustwide/target/release/build/stageleft/560d2ed9f3d9ed25/out/stageleft-560d2ed9f3d9ed25)
[INFO] [stdout] 
[INFO] [stdout] running 5 tests
[INFO] [stdout] test runtime_support::tests::float_capture_roundtrip ... ok
[INFO] [stdout] test runtime_support::tests::parse_from_literal_negative_and_parenthesized ... ok
[INFO] [stdout] test runtime_support::tests::parse_from_literal_rejects_non_literal - should panic ... ok
[INFO] [stdout] test runtime_support::tests::parse_from_literal_rejects_negative_unsigned - should panic ... ok
[INFO] [stdout] test tests::panicking_free_variable_propagates - should panic ... ok
[INFO] [stdout] 
[INFO] [stdout] test result: ok. 5 passed; 0 failed; 0 ignored; 0 measured; 0 filtered out; finished in 0.00s
[INFO] [stdout] 
[INFO] [stderr]      Running tests/compile_fail.rs (/opt/rustwide/target/release/build/stageleft/9a0b94d3a4ede831/out/compile_fail-9a0b94d3a4ede831)
[INFO] [stdout] 
[INFO] [stdout] running 1 test
[INFO] [stderr]    Compiling version_check v0.9.5
[INFO] [stderr]    Compiling typenum v1.18.0
[INFO] [stderr]    Compiling proc-macro2 v1.0.106
[INFO] [stderr]    Compiling unicode-ident v1.0.18
[INFO] [stderr]    Compiling hashbrown v0.15.2
[INFO] [stderr]    Compiling libc v0.2.170
[INFO] [stderr]    Compiling equivalent v1.0.2
[INFO] [stderr]    Compiling winnow v0.7.4
[INFO] [stderr]    Compiling parking_lot_core v0.9.12
[INFO] [stderr]    Compiling toml_datetime v0.6.8
[INFO] [stderr]    Compiling generic-array v0.14.7
[INFO] [stderr]     Checking cfg-if v1.0.0
[INFO] [stderr]    Compiling indexmap v2.7.1
[INFO] [stderr]     Checking scopeguard v1.2.0
[INFO] [stderr]    Compiling cpufeatures v0.2.17
[INFO] [stderr]     Checking smallvec v1.15.1
[INFO] [stderr]    Compiling quote v1.0.39
[INFO] [stderr]    Compiling syn v2.0.99
[INFO] [stderr]     Checking lock_api v0.4.14
[INFO] [stderr]    Compiling slotmap v1.1.1
[INFO] [stderr]     Checking ctor v1.0.8
[INFO] [stderr]     Checking parking_lot v0.12.5
[INFO] [stderr]    Compiling crypto-common v0.1.6
[INFO] [stderr]    Compiling block-buffer v0.10.4
[INFO] [stderr]    Compiling digest v0.10.7
[INFO] [stderr]    Compiling sha2 v0.10.8
[INFO] [stderr]     Checking toml_edit v0.22.24
[INFO] [stderr]     Checking proc-macro-crate v3.3.0
[INFO] [stderr]    Compiling stageleft_macro v0.16.0
[INFO] [stderr]     Checking stageleft v0.16.0 (/opt/rustwide/workdir)
[INFO] [stderr]     Checking stageleft-tests v0.0.0 (/opt/rustwide/target/tests/trybuild/stageleft)
[INFO] [stderr]     Finished `dev` profile [unoptimized + debuginfo] target(s) in 33.22s
[INFO] [stderr] 
[INFO] [stderr] 
[INFO] [stderr] test tests/compile-fail/closure_capture_lifetime.rs ... mismatch
[INFO] [stderr] 
[INFO] [stderr] EXPECTED:
[INFO] [stderr] ┈┈┈┈┈┈┈┈┈┈┈┈┈┈┈┈┈┈┈┈┈┈┈┈┈┈┈┈┈┈┈┈┈┈┈┈┈┈┈┈┈┈┈┈┈┈┈┈┈┈┈┈┈┈┈┈┈┈┈┈
[INFO] [stderr] error[E0309]: the parameter type `I` may not live long enough
[INFO] [stderr]  --> tests/compile-fail/closure_capture_lifetime.rs:8:8
[INFO] [stderr]   |
[INFO] [stderr] 4 | fn closure_capture_lifetime_2<'a, I: Copy + Into<u32>>(
[INFO] [stderr]   |                               -- the parameter type `I` must be valid for the lifetime `'a` as defined here...
[INFO] [stderr] ...
[INFO] [stderr] 8 |     q!(Box::new(move || { v.into() }) as Box<dyn Fn() -> u32 + 'a>)
[INFO] [stderr]   |        ^^^^^^^^^^^^^^^^^^^^^^^^^^^^^^^^^^^^^^^^^^^^^^^^^^^^^^^^^^^ ...so that the type `I` will meet its required lifetime bounds
[INFO] [stderr]   |
[INFO] [stderr]   = note: this error originates in the macro `__stageleft_quote_tests_compile_fail_closure_capture_lifetime_rs_8_7` which comes from the expansion of the macro `q` (in Nightly builds, run with -Z macro-backtrace for more info)
[INFO] [stderr] help: consider adding an explicit lifetime bound
[INFO] [stderr]   |
[INFO] [stderr] 4 | fn closure_capture_lifetime_2<'a, I: Copy + Into<u32> + 'a>(
[INFO] [stderr]   |                                                       ++++
[INFO] [stderr] ┈┈┈┈┈┈┈┈┈┈┈┈┈┈┈┈┈┈┈┈┈┈┈┈┈┈┈┈┈┈┈┈┈┈┈┈┈┈┈┈┈┈┈┈┈┈┈┈┈┈┈┈┈┈┈┈┈┈┈┈
[INFO] [stderr] 
[INFO] [stderr] ACTUAL OUTPUT:
[INFO] [stderr] ┈┈┈┈┈┈┈┈┈┈┈┈┈┈┈┈┈┈┈┈┈┈┈┈┈┈┈┈┈┈┈┈┈┈┈┈┈┈┈┈┈┈┈┈┈┈┈┈┈┈┈┈┈┈┈┈┈┈┈┈
[INFO] [stderr] error[E0309]: the parameter type `I` may not live long enough
[INFO] [stderr]  --> tests/compile-fail/closure_capture_lifetime.rs:8:8
[INFO] [stderr]   |
[INFO] [stderr] 4 | fn closure_capture_lifetime_2<'a, I: Copy + Into<u32>>(
[INFO] [stderr]   |                               -- the parameter type `I` must be valid for the lifetime `'a` as defined here...
[INFO] [stderr] ...
[INFO] [stderr] 8 |     q!(Box::new(move || { v.into() }) as Box<dyn Fn() -> u32 + 'a>)
[INFO] [stderr]   |        ^^^^^^^^^^^^^^^^^^^^^^^^^^^^^^^^^^^^^^^^^^^^^^^^^^^^^^^^^^^ ...so that the type `I` will meet its required lifetime bounds
[INFO] [stderr]   |
[INFO] [stderr] help: consider adding an explicit lifetime bound
[INFO] [stderr]   |
[INFO] [stderr] 4 | fn closure_capture_lifetime_2<'a, I: Copy + Into<u32> + 'a>(
[INFO] [stderr]   |                                                       ++++
[INFO] [stderr] ┈┈┈┈┈┈┈┈┈┈┈┈┈┈┈┈┈┈┈┈┈┈┈┈┈┈┈┈┈┈┈┈┈┈┈┈┈┈┈┈┈┈┈┈┈┈┈┈┈┈┈┈┈┈┈┈┈┈┈┈
[INFO] [stderr] note: If the actual output is the correct output you can bless it by rerunning
[INFO] [stderr]       your test with the environment variable TRYBUILD=overwrite
[INFO] [stderr] 
[INFO] [stderr] test tests/compile-fail/export_not_pub.rs ... ok
[INFO] [stderr] test tests/compile-fail/unresolved_identifier.rs ... ok
[INFO] [stderr] 
[INFO] [stderr] 
[INFO] [stdout] test test_all ... FAILED
[INFO] [stdout] 
[INFO] [stdout] failures:
[INFO] [stdout] 
[INFO] [stdout] ---- test_all stdout ----
[INFO] [stdout] 
[INFO] [stdout] thread 'test_all' (992) panicked at /opt/rustwide/cargo-home/registry/src/index.crates.io-1949cf8c6b5b557f/trybuild-1.0.105/src/run.rs:102:13:
[INFO] [stdout] 1 of 3 tests failed
[INFO] [stdout] stack backtrace:
[INFO] [stdout]    0:     0x5e5694b8b061 - <<std[617be2ca0a6fd877]::sys::backtrace::BacktraceLock>::print::DisplayBacktrace as core[a373ad73a504971]::fmt::Display>::fmt
[INFO] [stdout]    1:     0x5e5694ba1b2a - core[a373ad73a504971]::fmt::write
[INFO] [stdout]    2:     0x5e5694b8f92c - <alloc[2e1b2a31b91974c5]::vec::Vec<u8> as core[a373ad73a504971]::io::write::Write>::write_fmt
[INFO] [stdout]    3:     0x5e5694b63b66 - std[617be2ca0a6fd877]::panicking::default_hook::{closure#0}
[INFO] [stdout]    4:     0x5e5694b81e09 - std[617be2ca0a6fd877]::panicking::default_hook
[INFO] [stdout]    5:     0x5e5694b1b1c0 - test[aada8e7e76ba119b]::test_main_inner::{closure#0}
[INFO] [stdout]    6:     0x5e5694b81fc2 - std[617be2ca0a6fd877]::panicking::panic_with_hook
[INFO] [stdout]    7:     0x5e5694b63c12 - std[617be2ca0a6fd877]::panicking::panic_handler::{closure#0}
[INFO] [stdout]    8:     0x5e5694b5c419 - std[617be2ca0a6fd877]::sys::backtrace::__rust_end_short_backtrace::<std[617be2ca0a6fd877]::panicking::panic_handler::{closure#0}, !>
[INFO] [stdout]    9:     0x5e5694b648bd - __rustc[ea4f61d10b84890b]::rust_begin_unwind
[INFO] [stdout]   10:     0x5e5694ba225c - core[a373ad73a504971]::panicking::panic_fmt
[INFO] [stdout]   11:     0x5e5694a4b94a - <trybuild[65e95418d6b323a4]::Runner>::run
[INFO] [stdout]   12:     0x5e5694a4eab0 - <trybuild[65e95418d6b323a4]::TestCases as core[a373ad73a504971]::ops::drop::Drop>::drop
[INFO] [stdout]   13:     0x5e5694a465da - compile_fail[1b6677e83efcf41c]::test_all
[INFO] [stdout]   14:     0x5e5694a46809 - <compile_fail[1b6677e83efcf41c]::test_all::{closure#0} as core[a373ad73a504971]::ops::function::FnOnce<()>>::call_once
[INFO] [stdout]   15:     0x5e5694b0e60b - test[aada8e7e76ba119b]::__rust_begin_short_backtrace::<core[a373ad73a504971]::result::Result<(), alloc[2e1b2a31b91974c5]::string::String>, fn() -> core[a373ad73a504971]::result::Result<(), alloc[2e1b2a31b91974c5]::string::String>>
[INFO] [stdout]   16:     0x5e5694b1b7e5 - test[aada8e7e76ba119b]::run_test::{closure#0}
[INFO] [stdout]   17:     0x5e5694b150d4 - std[617be2ca0a6fd877]::sys::backtrace::__rust_begin_short_backtrace::<test[aada8e7e76ba119b]::run_test::{closure#1}, ()>
[INFO] [stdout]   18:     0x5e5694b1e872 - <std[617be2ca0a6fd877]::thread::lifecycle::spawn_unchecked<test[aada8e7e76ba119b]::run_test::{closure#1}, ()>::{closure#1} as core[a373ad73a504971]::ops::function::FnOnce<()>>::call_once::{shim:vtable#0}
[INFO] [stdout]   19:     0x5e5694b8a2bf - <std[617be2ca0a6fd877]::sys::thread::unix::Thread>::new::thread_start
[INFO] [stdout]   20:     0x7ba4d6a00dfa - <unknown>
[INFO] [stdout]   21:     0x7ba4d6a943d4 - clone
[INFO] [stdout]   22:                0x0 - <unknown>
[INFO] [stdout] 
[INFO] [stdout] 
[INFO] [stdout] failures:
[INFO] [stdout]     test_all
[INFO] [stdout] 
[INFO] [stdout] test result: FAILED. 0 passed; 1 failed; 0 ignored; 0 measured; 0 filtered out; finished in 33.74s
[INFO] [stdout] 
[INFO] [stderr] error: test failed, to rerun pass `--test compile_fail`
[INFO] running `Command { std: "docker" "inspect" "1128318f86165ebbba850a2844f2f1e49e64f6bdc200821d5cfb7995a7c9007c", kill_on_drop: false }`
[INFO] running `Command { std: "docker" "rm" "-f" "1128318f86165ebbba850a2844f2f1e49e64f6bdc200821d5cfb7995a7c9007c", kill_on_drop: false }`
[INFO] [stdout] 1128318f86165ebbba850a2844f2f1e49e64f6bdc200821d5cfb7995a7c9007c
