[INFO] fetching crate srt-tokio 0.4.4...
[INFO] testing srt-tokio-0.4.4 against 1.99.0-beta.8+cargoflags=--release for beta-release-1.100-2
[INFO] extracting crate srt-tokio 0.4.4 into /workspace/builds/worker-7-tc1/source
[INFO] started tweaking crates.io crate srt-tokio 0.4.4
[INFO] finished tweaking crates.io crate srt-tokio 0.4.4
[INFO] tweaked toml for crates.io crate srt-tokio 0.4.4 written to /workspace/builds/worker-7-tc1/source/Cargo.toml
[INFO] validating manifest of crates.io crate srt-tokio 0.4.4 on toolchain 1.99.0-beta.8
[INFO] running `Command { std: CARGO_HOME="/workspace/cargo-home" RUSTUP_HOME="/workspace/rustup-home" "/workspace/cargo-home/bin/cargo" "+1.99.0-beta.8" "metadata" "--manifest-path" "Cargo.toml" "--no-deps", kill_on_drop: false }`
[INFO] crate crates.io crate srt-tokio 0.4.4 already has a lockfile, it will not be regenerated
[INFO] running `Command { std: CARGO_HOME="/workspace/cargo-home" RUSTUP_HOME="/workspace/rustup-home" "/workspace/cargo-home/bin/cargo" "+1.99.0-beta.8" "fetch" "--manifest-path" "Cargo.toml", kill_on_drop: false }`
[INFO] [stderr]     Updating crates.io index
[INFO] [stderr]  Downloading crates ...
[INFO] [stderr]   Downloaded tokio-macros v2.2.0
[INFO] [stderr]   Downloaded pin-project-lite v0.2.13
[INFO] [stderr]   Downloaded futures-io v0.3.30
[INFO] [stderr]   Downloaded windows-targets v0.52.3
[INFO] [stderr]   Downloaded futures-sink v0.3.30
[INFO] [stderr]   Downloaded futures-core v0.3.30
[INFO] [stderr]   Downloaded cpufeatures v0.2.12
[INFO] [stderr]   Downloaded array-init v2.1.0
[INFO] [stderr]   Downloaded futures-task v0.3.30
[INFO] [stderr]   Downloaded futures-macro v0.3.30
[INFO] [stderr]   Downloaded quote v1.0.35
[INFO] [stderr]   Downloaded hermit-abi v0.3.8
[INFO] [stderr]   Downloaded arraydeque v0.5.1
[INFO] [stderr]   Downloaded pretty_env_logger v0.5.0
[INFO] [stderr]   Downloaded is-terminal v0.4.12
[INFO] [stderr]   Downloaded humantime v2.1.0
[INFO] [stderr]   Downloaded sha-1 v0.10.1
[INFO] [stderr]   Downloaded keyed_priority_queue v0.4.2
[INFO] [stderr]   Downloaded thiserror-impl v1.0.57
[INFO] [stderr]   Downloaded streaming-stats v0.2.3
[INFO] [stderr]   Downloaded semver v1.0.22
[INFO] [stderr]   Downloaded bitflags v2.4.2
[INFO] [stderr]   Downloaded winapi-util v0.1.6
[INFO] [stderr]   Downloaded libloading v0.8.1
[INFO] [stderr]   Downloaded tokio-util v0.7.10
[INFO] [stderr]   Downloaded proc-macro2 v1.0.78
[INFO] [stderr]   Downloaded tokio-stream v0.1.14
[INFO] [stderr]   Downloaded thiserror v1.0.57
[INFO] [stderr]   Downloaded getrandom v0.2.12
[INFO] [stderr]   Downloaded log v0.4.20
[INFO] [stderr]   Downloaded env_logger v0.10.2
[INFO] [stderr]   Downloaded anyhow v1.0.80
[INFO] [stderr]   Downloaded ac-ffmpeg v0.18.1
[INFO] [stderr]   Downloaded miniz_oxide v0.7.2
[INFO] [stderr]   Downloaded indexmap v2.2.3
[INFO] [stderr]   Downloaded futures v0.3.30
[INFO] [stderr]   Downloaded bytes v1.5.0
[INFO] [stderr]   Downloaded memchr v2.7.1
[INFO] [stderr]   Downloaded num-traits v0.2.18
[INFO] [stderr]   Downloaded socket2 v0.5.6
[INFO] [stderr]   Downloaded mio v0.8.10
[INFO] [stderr]   Downloaded cc v1.0.98
[INFO] [stderr]   Downloaded url v2.5.0
[INFO] [stderr]   Downloaded srt-protocol v0.4.4
[INFO] [stderr]   Downloaded unicode-normalization v0.1.23
[INFO] [stderr]   Downloaded hashbrown v0.14.3
[INFO] [stderr]   Downloaded futures-util v0.3.30
[INFO] [stderr]   Downloaded syn v2.0.50
[INFO] [stderr]   Downloaded aho-corasick v1.1.2
[INFO] [stderr]   Downloaded regex v1.10.3
[INFO] [stderr]   Downloaded object v0.32.2
[INFO] [stderr]   Downloaded gimli v0.28.1
[INFO] [stderr]   Downloaded regex-syntax v0.8.2
[INFO] [stderr]   Downloaded windows_aarch64_gnullvm v0.52.3
[INFO] [stderr]   Downloaded windows_x86_64_gnullvm v0.52.3
[INFO] [stderr]   Downloaded regex-automata v0.4.5
[INFO] [stderr]   Downloaded tokio v1.36.0
[INFO] [stderr]   Downloaded libc v0.2.153
[INFO] [stderr]   Downloaded windows_x86_64_gnu v0.52.3
[INFO] [stderr]   Downloaded windows_i686_gnu v0.52.3
[INFO] [stderr]   Downloaded windows_aarch64_msvc v0.52.3
[INFO] [stderr]   Downloaded windows_x86_64_msvc v0.52.3
[INFO] [stderr]   Downloaded windows_i686_msvc v0.52.3
[INFO] running `Command { std: "docker" "create" "-v" "/var/lib/crater-agent-workspace/builds/worker-7-tc1/source:/opt/rustwide/workdir:ro,Z" "-v" "/var/lib/crater-agent-workspace/builds/worker-7-tc1/target:/opt/rustwide/target:rw,Z" "-v" "/var/lib/crater-agent-workspace/cargo-home:/opt/rustwide/cargo-home:ro,Z" "-v" "/var/lib/crater-agent-workspace/rustup-home:/opt/rustwide/rustup-home:ro,Z" "-m" "1610612736" "--network" "none" "ghcr.io/rust-lang/crates-build-env/linux@sha256:77db811e55d90add9212f6832c23229e3de5f1c1f9905e8cb07319ea15df73ac" "sleep" "infinity", kill_on_drop: false }`
[INFO] [stdout] c120a299942a1ea56ef89e425b5fe773ded031a1fca843ce3bce5367a2549711
[INFO] running `Command { std: "docker" "start" "c120a299942a1ea56ef89e425b5fe773ded031a1fca843ce3bce5367a2549711", kill_on_drop: false }`
[INFO] running `Command { std: "docker" "inspect" "c120a299942a1ea56ef89e425b5fe773ded031a1fca843ce3bce5367a2549711", kill_on_drop: false }`
[INFO] running `Command { std: "docker" "exec" "-e" "SOURCE_DIR=/opt/rustwide/workdir" "-e" "CARGO_HOME=/opt/rustwide/cargo-home" "-e" "RUSTUP_HOME=/opt/rustwide/rustup-home" "-e" "CARGO_TARGET_DIR=/opt/rustwide/target" "-w" "/opt/rustwide/workdir" "--user" "0:0" "c120a299942a1ea56ef89e425b5fe773ded031a1fca843ce3bce5367a2549711" "/opt/rustwide/cargo-home/bin/cargo" "+1.99.0-beta.8" "metadata" "--no-deps" "--format-version=1", kill_on_drop: false }`
[INFO] running `Command { std: "docker" "inspect" "c120a299942a1ea56ef89e425b5fe773ded031a1fca843ce3bce5367a2549711", kill_on_drop: false }`
[INFO] running `Command { std: "docker" "exec" "-e" "SOURCE_DIR=/opt/rustwide/workdir" "-e" "CARGO_HOME=/opt/rustwide/cargo-home" "-e" "RUSTUP_HOME=/opt/rustwide/rustup-home" "-e" "CARGO_TARGET_DIR=/opt/rustwide/target" "-e" "CARGO_INCREMENTAL=0" "-e" "RUST_BACKTRACE=full" "-e" "RUSTFLAGS=--cap-lints=warn" "-e" "RUSTDOCFLAGS=--cap-lints=warn" "-w" "/opt/rustwide/workdir" "--user" "0:0" "c120a299942a1ea56ef89e425b5fe773ded031a1fca843ce3bce5367a2549711" "/opt/rustwide/cargo-home/bin/cargo" "+1.99.0-beta.8" "build" "--frozen" "--message-format=json" "--release", kill_on_drop: false }`
[INFO] [stderr]    Compiling proc-macro2 v1.0.78
[INFO] [stderr]    Compiling unicode-ident v1.0.12
[INFO] [stderr]    Compiling typenum v1.17.0
[INFO] [stderr]    Compiling version_check v0.9.4
[INFO] [stderr]    Compiling libc v0.2.153
[INFO] [stderr]    Compiling autocfg v1.1.0
[INFO] [stderr]    Compiling memchr v2.7.1
[INFO] [stderr]    Compiling tinyvec_macros v0.1.1
[INFO] [stderr]    Compiling subtle v2.5.0
[INFO] [stderr]    Compiling futures-core v0.3.30
[INFO] [stderr]    Compiling pin-project-lite v0.2.13
[INFO] [stderr]    Compiling futures-sink v0.3.30
[INFO] [stderr]    Compiling syn v1.0.109
[INFO] [stderr]    Compiling bytes v1.5.0
[INFO] [stderr]    Compiling thiserror v1.0.57
[INFO] [stderr]    Compiling unicode-bidi v0.3.15
[INFO] [stderr]    Compiling tinyvec v1.6.0
[INFO] [stderr]    Compiling percent-encoding v2.3.1
[INFO] [stderr]    Compiling cpufeatures v0.2.12
[INFO] [stderr]    Compiling hashbrown v0.14.3
[INFO] [stderr]    Compiling regex-syntax v0.8.2
[INFO] [stderr]    Compiling ppv-lite86 v0.2.17
[INFO] [stderr]    Compiling equivalent v1.0.1
[INFO] [stderr]    Compiling form_urlencoded v1.2.1
[INFO] [stderr]    Compiling generic-array v0.14.7
[INFO] [stderr]    Compiling futures-channel v0.3.30
[INFO] [stderr]    Compiling pin-utils v0.1.0
[INFO] [stderr]    Compiling futures-task v0.3.30
[INFO] [stderr]    Compiling futures-io v0.3.30
[INFO] [stderr]    Compiling log v0.4.20
[INFO] [stderr]    Compiling take-until v0.2.0
[INFO] [stderr]    Compiling hex v0.4.3
[INFO] [stderr]    Compiling array-init v2.1.0
[INFO] [stderr]    Compiling num-traits v0.2.18
[INFO] [stderr]    Compiling slab v0.4.9
[INFO] [stderr]    Compiling bitflags v2.4.2
[INFO] [stderr]    Compiling arraydeque v0.5.1
[INFO] [stderr]    Compiling aho-corasick v1.1.2
[INFO] [stderr]    Compiling getrandom v0.2.12
[INFO] [stderr]    Compiling mio v0.8.10
[INFO] [stderr]    Compiling socket2 v0.5.6
[INFO] [stderr]    Compiling unicode-normalization v0.1.23
[INFO] [stderr]    Compiling rand_core v0.6.4
[INFO] [stderr]    Compiling rand_chacha v0.3.1
[INFO] [stderr]    Compiling quote v1.0.35
[INFO] [stderr]    Compiling rand v0.8.5
[INFO] [stderr]    Compiling syn v2.0.50
[INFO] [stderr]    Compiling indexmap v2.2.3
[INFO] [stderr]    Compiling idna v0.5.0
[INFO] [stderr]    Compiling streaming-stats v0.2.3
[INFO] [stderr]    Compiling url v2.5.0
[INFO] [stderr]    Compiling crypto-common v0.1.6
[INFO] [stderr]    Compiling block-buffer v0.10.4
[INFO] [stderr]    Compiling inout v0.1.3
[INFO] [stderr]    Compiling keyed_priority_queue v0.4.2
[INFO] [stderr]    Compiling cipher v0.4.4
[INFO] [stderr]    Compiling digest v0.10.7
[INFO] [stderr]    Compiling ctr v0.9.2
[INFO] [stderr]    Compiling aes v0.8.4
[INFO] [stderr]    Compiling regex-automata v0.4.5
[INFO] [stderr]    Compiling sha-1 v0.10.1
[INFO] [stderr]    Compiling hmac v0.12.1
[INFO] [stderr]    Compiling pbkdf2 v0.12.2
[INFO] [stderr]    Compiling derive_more v0.99.17
[INFO] [stderr]    Compiling tokio-macros v2.2.0
[INFO] [stderr]    Compiling futures-macro v0.3.30
[INFO] [stderr]    Compiling thiserror-impl v1.0.57
[INFO] [stderr]    Compiling tokio v1.36.0
[INFO] [stderr]    Compiling futures-util v0.3.30
[INFO] [stderr]    Compiling regex v1.10.3
[INFO] [stderr]    Compiling srt-protocol v0.4.4
[INFO] [stderr]    Compiling futures v0.3.30
[INFO] [stderr]    Compiling tokio-util v0.7.10
[INFO] [stderr]    Compiling tokio-stream v0.1.14
[INFO] [stderr]    Compiling srt-tokio v0.4.4 (/opt/rustwide/workdir)
[INFO] [stderr]     Finished `release` profile [optimized] target(s) in 46.47s
[INFO] running `Command { std: "docker" "inspect" "c120a299942a1ea56ef89e425b5fe773ded031a1fca843ce3bce5367a2549711", kill_on_drop: false }`
[INFO] running `Command { std: "docker" "exec" "-e" "SOURCE_DIR=/opt/rustwide/workdir" "-e" "CARGO_HOME=/opt/rustwide/cargo-home" "-e" "RUSTUP_HOME=/opt/rustwide/rustup-home" "-e" "CARGO_TARGET_DIR=/opt/rustwide/target" "-e" "CARGO_INCREMENTAL=0" "-e" "RUST_BACKTRACE=full" "-e" "RUSTFLAGS=--cap-lints=warn" "-e" "RUSTDOCFLAGS=--cap-lints=warn" "-w" "/opt/rustwide/workdir" "--user" "0:0" "c120a299942a1ea56ef89e425b5fe773ded031a1fca843ce3bce5367a2549711" "/opt/rustwide/cargo-home/bin/cargo" "+1.99.0-beta.8" "test" "--frozen" "--no-run" "--message-format=json" "--release", kill_on_drop: false }`
[INFO] [stderr]    Compiling libm v0.2.8
[INFO] [stderr]    Compiling num-traits v0.2.18
[INFO] [stderr]    Compiling once_cell v1.19.0
[INFO] [stderr]    Compiling num_cpus v1.16.0
[INFO] [stderr]    Compiling log v0.4.20
[INFO] [stderr]    Compiling is-terminal v0.4.12
[INFO] [stderr]    Compiling anyhow v1.0.80
[INFO] [stderr]    Compiling termcolor v1.4.1
[INFO] [stderr]    Compiling humantime v2.1.0
[INFO] [stderr]    Compiling libloading v0.8.1
[INFO] [stderr]    Compiling assert_matches v1.5.0
[INFO] [stderr]    Compiling tracing-core v0.1.32
[INFO] [stderr]    Compiling tokio v1.36.0
[INFO] [stderr]    Compiling env_logger v0.10.2
[INFO] [stderr]    Compiling pretty_env_logger v0.5.0
[INFO] [stderr]    Compiling tracing v0.1.40
[INFO] [stderr]    Compiling streaming-stats v0.2.3
[INFO] [stderr]    Compiling rand_distr v0.4.3
[INFO] [stderr]    Compiling srt-protocol v0.4.4
[INFO] [stderr]    Compiling tokio-util v0.7.10
[INFO] [stderr]    Compiling tokio-stream v0.1.14
[INFO] [stderr]    Compiling srt-tokio v0.4.4 (/opt/rustwide/workdir)
[INFO] [stdout] warning: unused import: `prelude`
[INFO] [stdout]    --> src/listener/mod.rs:108:55
[INFO] [stdout]     |
[INFO] [stdout] 108 |     use futures::{channel::oneshot, future::join_all, prelude::*};
[INFO] [stdout]     |                                                       ^^^^^^^
[INFO] [stdout]     |
[INFO] [stdout]     = note: `#[warn(unused_imports)]` (part of `#[warn(unused)]`) on by default
[INFO] [stdout] 
[INFO] [stdout] 
[INFO] [stdout] warning: use of deprecated module `std::intrinsics`: import this function via `std::mem` instead
[INFO] [stdout]  --> tests/stransmit_interop.rs:5:17
[INFO] [stdout]   |
[INFO] [stdout] 5 |     intrinsics::transmute,
[INFO] [stdout]   |                 ^^^^^^^^^
[INFO] [stdout]   |
[INFO] [stdout]   = note: `#[warn(deprecated)]` on by default
[INFO] [stdout] 
[INFO] [stdout] 
[INFO] [stderr]     Finished `release` profile [optimized] target(s) in 1m 09s
[INFO] running `Command { std: "docker" "inspect" "c120a299942a1ea56ef89e425b5fe773ded031a1fca843ce3bce5367a2549711", kill_on_drop: false }`
[INFO] running `Command { std: "docker" "exec" "-e" "SOURCE_DIR=/opt/rustwide/workdir" "-e" "CARGO_HOME=/opt/rustwide/cargo-home" "-e" "RUSTUP_HOME=/opt/rustwide/rustup-home" "-e" "CARGO_TARGET_DIR=/opt/rustwide/target" "-e" "CARGO_INCREMENTAL=0" "-e" "RUST_BACKTRACE=full" "-e" "RUSTFLAGS=--cap-lints=warn" "-e" "RUSTDOCFLAGS=--cap-lints=warn" "-w" "/opt/rustwide/workdir" "--user" "0:0" "c120a299942a1ea56ef89e425b5fe773ded031a1fca843ce3bce5367a2549711" "/opt/rustwide/cargo-home/bin/cargo" "+1.99.0-beta.8" "test" "--frozen" "--release", kill_on_drop: false }`
[INFO] [stderr] warning: use of deprecated module `std::intrinsics`: import this function via `std::mem` instead
[INFO] [stderr]  --> tests/stransmit_interop.rs:5:17
[INFO] [stderr]   |
[INFO] [stderr] 5 |     intrinsics::transmute,
[INFO] [stderr]   |                 ^^^^^^^^^
[INFO] [stderr]   |
[INFO] [stderr]   = note: `#[warn(deprecated)]` on by default
[INFO] [stderr] 
[INFO] [stderr] warning: unused import: `prelude`
[INFO] [stderr]    --> src/listener/mod.rs:108:55
[INFO] [stderr]     |
[INFO] [stderr] 108 |     use futures::{channel::oneshot, future::join_all, prelude::*};
[INFO] [stderr]     |                                                       ^^^^^^^
[INFO] [stderr]     |
[INFO] [stderr]     = note: `#[warn(unused_imports)]` (part of `#[warn(unused)]`) on by default
[INFO] [stderr] 
[INFO] [stderr] warning: `srt-tokio` (test "stransmit_interop") generated 1 warning
[INFO] [stderr] warning: `srt-tokio` (lib test) generated 1 warning
[INFO] [stderr]     Finished `release` profile [optimized] target(s) in 0.13s
[INFO] [stderr]      Running unittests src/lib.rs (/opt/rustwide/target/release/deps/srt_tokio-5937ec6789614967)
[INFO] [stdout] 
[INFO] [stdout] running 6 tests
[INFO] [stdout] test listener::builder::tests::bind ... ok
[INFO] [stdout] test net::tests::resolve_dns ... ok
[INFO] [stdout] test listener::tests::accept_reject ... ok
[INFO] [stdout] test listener::tests::accept_reject_encryption ... ok
[INFO] [stdout] test listener::tests::multiplex_timeout ... ok
[INFO] [stdout] test socket::call::test::conntimeo ... ok
[INFO] [stdout] 
[INFO] [stdout] test result: ok. 6 passed; 0 failed; 0 ignored; 0 measured; 0 filtered out; finished in 8.01s
[INFO] [stdout] 
[INFO] [stderr]      Running tests/accesscontrol.rs (/opt/rustwide/target/release/deps/accesscontrol-fd57c7ee35ccacbb)
[INFO] [stdout] 
[INFO] [stdout] running 2 tests
[INFO] [stdout] test set_password ... ok
[INFO] [stdout] test streamid ... ok
[INFO] [stdout] 
[INFO] [stdout] test result: ok. 2 passed; 0 failed; 0 ignored; 0 measured; 0 filtered out; finished in 0.16s
[INFO] [stdout] 
[INFO] [stderr]      Running tests/bidirectional.rs (/opt/rustwide/target/release/deps/bidirectional-5159c8c4c1067c23)
[INFO] [stdout] 
[INFO] [stdout] running 1 test
[INFO] [stdout] test bidirectional ... ok
[INFO] [stdout] 
[INFO] [stdout] test result: ok. 1 passed; 0 failed; 0 ignored; 0 measured; 0 filtered out; finished in 2.29s
[INFO] [stdout] 
[INFO] [stderr]      Running tests/crypto.rs (/opt/rustwide/target/release/deps/crypto-bff424954ca526c1)
[INFO] [stdout] 
[INFO] [stdout] running 3 tests
[INFO] [stdout] test bad_password_rendezvous ... ok
[INFO] [stdout] test bad_password_listen ... ok
[INFO] [stdout] test crypto_exchange ... ok
[INFO] [stdout] 
[INFO] [stdout] test result: ok. 3 passed; 0 failed; 0 ignored; 0 measured; 0 filtered out; finished in 3.22s
[INFO] [stdout] 
[INFO] [stderr]      Running tests/high_bandwidth.rs (/opt/rustwide/target/release/deps/high_bandwidth-f3012f07ab21afd9)
[INFO] [stdout] 
[INFO] [stdout] running 1 test
[INFO] [stdout] test high_bandwidth has been running for over 60 seconds
[INFO] [stdout] test high_bandwidth ... ok
[INFO] [stdout] 
[INFO] [stdout] test result: ok. 1 passed; 0 failed; 0 ignored; 0 measured; 0 filtered out; finished in 60.19s
[INFO] [stdout] 
[INFO] [stderr]      Running tests/invalid_packets.rs (/opt/rustwide/target/release/deps/invalid_packets-96527f2198e4186f)
[INFO] [stdout] 
[INFO] [stdout] running 1 test
[INFO] [stdout] test invalid_packets ... ok
[INFO] [stdout] 
[INFO] [stdout] test result: ok. 1 passed; 0 failed; 0 ignored; 0 measured; 0 filtered out; finished in 0.36s
[INFO] [stdout] 
[INFO] [stderr]      Running tests/keepalive.rs (/opt/rustwide/target/release/deps/keepalive-e54eaa4f066bc728)
[INFO] [stdout] 
[INFO] [stdout] running 1 test
[INFO] [stdout] test keepalive ... ok
[INFO] [stdout] 
[INFO] [stdout] test result: ok. 1 passed; 0 failed; 0 ignored; 0 measured; 0 filtered out; finished in 11.05s
[INFO] [stdout] 
[INFO] [stderr]      Running tests/latency_exchange.rs (/opt/rustwide/target/release/deps/latency_exchange-7b717bc17151692a)
[INFO] [stdout] 
[INFO] [stdout] running 1 test
[INFO] [stdout] test latency_exchange ... ok
[INFO] [stdout] 
[INFO] [stdout] test result: ok. 1 passed; 0 failed; 0 ignored; 0 measured; 0 filtered out; finished in 2.01s
[INFO] [stdout] 
[INFO] [stderr]      Running tests/message_splitting.rs (/opt/rustwide/target/release/deps/message_splitting-fb15016c0ec5254b)
[INFO] [stdout] 
[INFO] [stdout] running 1 test
[INFO] [stdout] test message_splitting ... ok
[INFO] [stdout] 
[INFO] [stdout] test result: ok. 1 passed; 0 failed; 0 ignored; 0 measured; 0 filtered out; finished in 5.04s
[INFO] [stdout] 
[INFO] [stderr]      Running tests/multiplexer.rs (/opt/rustwide/target/release/deps/multiplexer-d49923cd81d82414)
[INFO] [stdout] 
[INFO] [stdout] running 1 test
[INFO] [stdout] test multiplexer ... ok
[INFO] [stdout] 
[INFO] [stdout] test result: ok. 1 passed; 0 failed; 0 ignored; 0 measured; 0 filtered out; finished in 0.16s
[INFO] [stdout] 
[INFO] [stdout] 
[INFO] [stderr]      Running tests/no_timeout.rs (/opt/rustwide/target/release/deps/no_timeout-1b623ae7ded14c11)
[INFO] [stdout] running 1 test
[INFO] [stdout] test receiver_timeout ... ok
[INFO] [stderr]      Running tests/rendezvous.rs (/opt/rustwide/target/release/deps/rendezvous-e6ce2258eab65f88)
[INFO] [stdout] 
[INFO] [stdout] test result: ok. 1 passed; 0 failed; 0 ignored; 0 measured; 0 filtered out; finished in 30.08s
[INFO] [stdout] 
[INFO] [stdout] 
[INFO] [stdout] running 1 test
[INFO] [stderr]      Running tests/simple.rs (/opt/rustwide/target/release/deps/simple-9448f87c9acd0a1d)
[INFO] [stdout] test rendezvous ... ok
[INFO] [stdout] 
[INFO] [stdout] test result: ok. 1 passed; 0 failed; 0 ignored; 0 measured; 0 filtered out; finished in 0.14s
[INFO] [stdout] 
[INFO] [stdout] 
[INFO] [stdout] running 1 test
[INFO] [stdout] test test ... ok
[INFO] [stderr]      Running tests/single_packet_tsbpd.rs (/opt/rustwide/target/release/deps/single_packet_tsbpd-7f749ba0d3dde49b)
[INFO] [stdout] 
[INFO] [stdout] test result: ok. 1 passed; 0 failed; 0 ignored; 0 measured; 0 filtered out; finished in 0.13s
[INFO] [stdout] 
[INFO] [stdout] 
[INFO] [stdout] running 1 test
[INFO] [stderr]      Running tests/stransmit_interop.rs (/opt/rustwide/target/release/deps/stransmit_interop-d03f7417142d9ee2)
[INFO] [stdout] test single_packet_tsbpd ... ok
[INFO] [stdout] 
[INFO] [stdout] test result: ok. 1 passed; 0 failed; 0 ignored; 0 measured; 0 filtered out; finished in 5.02s
[INFO] [stdout] 
[INFO] [stdout] 
[INFO] [stdout] running 9 tests
[INFO] [stdout] test stransmit_rendezvous ... ignored
[INFO] [stderr] error: test failed, to rerun pass `--test stransmit_interop`
[INFO] [stdout] test stransmit_server ... FAILED
[INFO] [stdout] test bidirectional_interop_encrypt_rekey ... FAILED
[INFO] [stdout] test stransmit_encrypt ... FAILED
[INFO] [stdout] test test_c_client_interop ... FAILED
[INFO] [stdout] test stransmit_client ... FAILED
[INFO] [stdout] test stransmit_decrypt ... FAILED
[INFO] [stdout] test stransmit_encrypt_rekey ... FAILED
[INFO] [stdout] test bidirectional_interop ... FAILED
[INFO] [stdout] 
[INFO] [stdout] failures:
[INFO] [stdout] 
[INFO] [stdout] ---- stransmit_server stdout ----
[INFO] [stdout] Error: No such file or directory (os error 2)
[INFO] [stdout] 
[INFO] [stdout] Stack backtrace:
[INFO] [stdout]    0: <anyhow::Error as core::convert::From<core::io::error::Error>>::from
[INFO] [stdout]    1: stransmit_interop::stransmit_server::{closure#0}
[INFO] [stdout]    2: <tokio::runtime::scheduler::current_thread::CoreGuard>::block_on::<core::pin::Pin<&mut core::pin::Pin<&mut dyn core::future::future::Future<Output = core::result::Result<(), anyhow::Error>>>>>
[INFO] [stdout]    3: tokio::runtime::context::runtime::enter_runtime::<<tokio::runtime::scheduler::current_thread::CurrentThread>::block_on<core::pin::Pin<&mut dyn core::future::future::Future<Output = core::result::Result<(), anyhow::Error>>>>::{closure#0}, core::result::Result<(), anyhow::Error>>
[INFO] [stdout]    4: <tokio::runtime::runtime::Runtime>::block_on::<core::pin::Pin<&mut dyn core::future::future::Future<Output = core::result::Result<(), anyhow::Error>>>>
[INFO] [stdout]    5: <stransmit_interop::stransmit_server::{closure#0} as core::ops::function::FnOnce<()>>::call_once
[INFO] [stdout]    6: test::__rust_begin_short_backtrace::<core::result::Result<(), alloc::string::String>, fn() -> core::result::Result<(), alloc::string::String>>
[INFO] [stdout]    7: test::run_test::{closure#0}
[INFO] [stdout]    8: std::sys::backtrace::__rust_begin_short_backtrace::<test::run_test::{closure#1}, ()>
[INFO] [stdout]    9: <std::thread::lifecycle::spawn_unchecked<test::run_test::{closure#1}, ()>::{closure#1} as core::ops::function::FnOnce<()>>::call_once::{shim:vtable#0}
[INFO] [stdout]   10: <std::sys::thread::unix::Thread>::new::thread_start
[INFO] [stdout]   11: <unknown>
[INFO] [stdout]   12: clone
[INFO] [stdout] 
[INFO] [stdout] ---- bidirectional_interop_encrypt_rekey stdout ----
[INFO] [stdout] Failed to load from libsrt-gnutls.so.1.4: libsrt-gnutls.so.1.4: cannot open shared object file: No such file or directory
[INFO] [stdout] Failed to load from libsrt.so: libsrt.so: cannot open shared object file: No such file or directory
[INFO] [stdout] Failed to load from libsrt.so.1: libsrt.so.1: cannot open shared object file: No such file or directory
[INFO] [stdout] 
[INFO] [stdout] thread 'tokio-runtime-worker' (3012) panicked at tests/stransmit_interop.rs:619:48:
[INFO] [stdout] called `Option::unwrap()` on a `None` value
[INFO] [stdout] stack backtrace:
[INFO] [stdout]    0:     0x64f548669211 - <<std[70759c8f55707aa4]::sys::backtrace::BacktraceLock>::print::DisplayBacktrace as core[df12db4294e9bfd3]::fmt::Display>::fmt
[INFO] [stdout]    1:     0x64f5486805aa - core[df12db4294e9bfd3]::fmt::write
[INFO] [stdout]    2:     0x64f54866e72c - <alloc[2182bb758b4b3781]::vec::Vec<u8> as core[df12db4294e9bfd3]::io::write::Write>::write_fmt
[INFO] [stdout]    3:     0x64f548643ed6 - std[70759c8f55707aa4]::panicking::default_hook::{closure#0}
[INFO] [stdout]    4:     0x64f548661289 - std[70759c8f55707aa4]::panicking::default_hook
[INFO] [stdout]    5:     0x64f5484b1e80 - test[9d35eded1c95d3be]::test_main_inner::<test[9d35eded1c95d3be]::test_main_static::{closure#0}>::{closure#0}
[INFO] [stdout]    6:     0x64f5486615b2 - std[70759c8f55707aa4]::panicking::panic_with_hook
[INFO] [stdout]    7:     0x64f548643fb4 - std[70759c8f55707aa4]::panicking::panic_handler::{closure#0}
[INFO] [stdout]    8:     0x64f54863c699 - std[70759c8f55707aa4]::sys::backtrace::__rust_end_short_backtrace::<std[70759c8f55707aa4]::panicking::panic_handler::{closure#0}, !>
[INFO] [stdout]    9:     0x64f548644e7d - __rustc[8fa7c3cbc660c2b3]::rust_begin_unwind
[INFO] [stdout]   10:     0x64f548680d8c - core[df12db4294e9bfd3]::panicking::panic_fmt
[INFO] [stdout]   11:     0x64f548680d52 - core[df12db4294e9bfd3]::panicking::panic
[INFO] [stdout]   12:     0x64f548680b09 - core[df12db4294e9bfd3]::option::unwrap_failed
[INFO] [stdout]   13:     0x64f54845983a - <std[70759c8f55707aa4]::sync::once::Once>::call_once::<<lazy_static[22452361557a40db]::lazy::Lazy<libloading[24e4710985f3079d]::safe::Library>>::get<<stransmit_interop[912c7f311be39a5f]::LIBSRT as core[df12db4294e9bfd3]::ops::deref::Deref>::deref::__static_ref_initialize>::{closure#0}>::{closure#0}
[INFO] [stdout]   14:     0x64f54864a249 - <std[70759c8f55707aa4]::sys::sync::once::futex::Once>::call
[INFO] [stdout]   15:     0x64f54845919d - <std[70759c8f55707aa4]::sync::once::Once>::call_once::<<lazy_static[22452361557a40db]::lazy::Lazy<stransmit_interop[912c7f311be39a5f]::HaivisionSrt>>::get<<stransmit_interop[912c7f311be39a5f]::SRT as core[df12db4294e9bfd3]::ops::deref::Deref>::deref::__static_ref_initialize>::{closure#0}>::{closure#0}
[INFO] [stdout]   16:     0x64f54864a249 - <std[70759c8f55707aa4]::sys::sync::once::futex::Once>::call
[INFO] [stdout]   17:     0x64f548463830 - stransmit_interop[912c7f311be39a5f]::haivision_echo
[INFO] [stdout]   18:     0x64f548486cd4 - <tokio[5c8af6b3ffa4e972]::runtime::task::core::Core<tokio[5c8af6b3ffa4e972]::runtime::blocking::task::BlockingTask<stransmit_interop[912c7f311be39a5f]::bidirectional_interop_encrypt_rekey::{closure#0}::{closure#1}>, tokio[5c8af6b3ffa4e972]::runtime::blocking::schedule::BlockingSchedule>>::poll
[INFO] [stdout]   19:     0x64f548489816 - <tokio[5c8af6b3ffa4e972]::runtime::task::harness::Harness<tokio[5c8af6b3ffa4e972]::runtime::blocking::task::BlockingTask<stransmit_interop[912c7f311be39a5f]::bidirectional_interop_encrypt_rekey::{closure#0}::{closure#1}>, tokio[5c8af6b3ffa4e972]::runtime::blocking::schedule::BlockingSchedule>>::poll
[INFO] [stdout]   20:     0x64f54851d751 - <tokio[5c8af6b3ffa4e972]::runtime::blocking::pool::Inner>::run
[INFO] [stdout]   21:     0x64f5485212da - std[70759c8f55707aa4]::sys::backtrace::__rust_begin_short_backtrace::<<tokio[5c8af6b3ffa4e972]::runtime::blocking::pool::Spawner>::spawn_thread::{closure#0}, ()>
[INFO] [stdout]   22:     0x64f548517593 - <std[70759c8f55707aa4]::thread::lifecycle::spawn_unchecked<<tokio[5c8af6b3ffa4e972]::runtime::blocking::pool::Spawner>::spawn_thread::{closure#0}, ()>::{closure#1} as core[df12db4294e9bfd3]::ops::function::FnOnce<()>>::call_once::{shim:vtable#0}
[INFO] [stdout]   23:     0x64f548668769 - <std[70759c8f55707aa4]::sys::thread::unix::Thread>::new::thread_start
[INFO] [stdout]   24:     0x70dd4cd53dfa - <unknown>
[INFO] [stdout]   25:     0x70dd4cde73d4 - clone
[INFO] [stdout]   26:                0x0 - <unknown>
[INFO] [stdout] 
[INFO] [stdout] thread 'bidirectional_interop_encrypt_rekey' (3002) panicked at tests/stransmit_interop.rs:500:37:
[INFO] [stdout] called `Result::unwrap()` on an `Err` value: JoinError::Panic(Id(2), ...)
[INFO] [stdout] stack backtrace:
[INFO] [stdout]    0:     0x64f548669211 - <<std[70759c8f55707aa4]::sys::backtrace::BacktraceLock>::print::DisplayBacktrace as core[df12db4294e9bfd3]::fmt::Display>::fmt
[INFO] [stdout]    1:     0x64f5486805aa - core[df12db4294e9bfd3]::fmt::write
[INFO] [stdout]    2:     0x64f54866e72c - <alloc[2182bb758b4b3781]::vec::Vec<u8> as core[df12db4294e9bfd3]::io::write::Write>::write_fmt
[INFO] [stdout]    3:     0x64f548643ed6 - std[70759c8f55707aa4]::panicking::default_hook::{closure#0}
[INFO] [stdout]    4:     0x64f548661289 - std[70759c8f55707aa4]::panicking::default_hook
[INFO] [stdout]    5:     0x64f5484b1e80 - test[9d35eded1c95d3be]::test_main_inner::<test[9d35eded1c95d3be]::test_main_static::{closure#0}>::{closure#0}
[INFO] [stdout]    6:     0x64f5486615b2 - std[70759c8f55707aa4]::panicking::panic_with_hook
[INFO] [stdout]    7:     0x64f548643f82 - std[70759c8f55707aa4]::panicking::panic_handler::{closure#0}
[INFO] [stdout]    8:     0x64f54863c699 - std[70759c8f55707aa4]::sys::backtrace::__rust_end_short_backtrace::<std[70759c8f55707aa4]::panicking::panic_handler::{closure#0}, !>
[INFO] [stdout]    9:     0x64f548644e7d - __rustc[8fa7c3cbc660c2b3]::rust_begin_unwind
[INFO] [stdout]   10:     0x64f548680d8c - core[df12db4294e9bfd3]::panicking::panic_fmt
[INFO] [stdout]   11:     0x64f548680b62 - core[df12db4294e9bfd3]::result::unwrap_failed
[INFO] [stdout]   12:     0x64f54845cbfb - stransmit_interop[912c7f311be39a5f]::bidirectional_interop_encrypt_rekey::{closure#0}
[INFO] [stdout]   13:     0x64f54848ef08 - <tokio[5c8af6b3ffa4e972]::runtime::scheduler::current_thread::CoreGuard>::block_on::<core[df12db4294e9bfd3]::pin::Pin<&mut core[df12db4294e9bfd3]::pin::Pin<&mut dyn core[df12db4294e9bfd3]::future::future::Future<Output = core[df12db4294e9bfd3]::result::Result<(), anyhow[51c70bb4cd9bba0c]::Error>>>>>
[INFO] [stdout]   14:     0x64f54848cdb4 - tokio[5c8af6b3ffa4e972]::runtime::context::runtime::enter_runtime::<<tokio[5c8af6b3ffa4e972]::runtime::scheduler::current_thread::CurrentThread>::block_on<core[df12db4294e9bfd3]::pin::Pin<&mut dyn core[df12db4294e9bfd3]::future::future::Future<Output = core[df12db4294e9bfd3]::result::Result<(), anyhow[51c70bb4cd9bba0c]::Error>>>>::{closure#0}, core[df12db4294e9bfd3]::result::Result<(), anyhow[51c70bb4cd9bba0c]::Error>>
[INFO] [stdout]   15:     0x64f54848e4c5 - <tokio[5c8af6b3ffa4e972]::runtime::runtime::Runtime>::block_on::<core[df12db4294e9bfd3]::pin::Pin<&mut dyn core[df12db4294e9bfd3]::future::future::Future<Output = core[df12db4294e9bfd3]::result::Result<(), anyhow[51c70bb4cd9bba0c]::Error>>>>
[INFO] [stdout]   16:     0x64f548465de3 - <stransmit_interop[912c7f311be39a5f]::bidirectional_interop_encrypt_rekey::{closure#0} as core[df12db4294e9bfd3]::ops::function::FnOnce<()>>::call_once
[INFO] [stdout]   17:     0x64f5484a516b - test[9d35eded1c95d3be]::__rust_begin_short_backtrace::<core[df12db4294e9bfd3]::result::Result<(), alloc[2182bb758b4b3781]::string::String>, fn() -> core[df12db4294e9bfd3]::result::Result<(), alloc[2182bb758b4b3781]::string::String>>
[INFO] [stdout]   18:     0x64f5484b27d5 - test[9d35eded1c95d3be]::run_test::{closure#0}
[INFO] [stdout]   19:     0x64f5484ac094 - std[70759c8f55707aa4]::sys::backtrace::__rust_begin_short_backtrace::<test[9d35eded1c95d3be]::run_test::{closure#1}, ()>
[INFO] [stdout]   20:     0x64f5484b5932 - <std[70759c8f55707aa4]::thread::lifecycle::spawn_unchecked<test[9d35eded1c95d3be]::run_test::{closure#1}, ()>::{closure#1} as core[df12db4294e9bfd3]::ops::function::FnOnce<()>>::call_once::{shim:vtable#0}
[INFO] [stdout]   21:     0x64f548668769 - <std[70759c8f55707aa4]::sys::thread::unix::Thread>::new::thread_start
[INFO] [stdout]   22:     0x70dd4cd53dfa - <unknown>
[INFO] [stdout]   23:     0x70dd4cde73d4 - clone
[INFO] [stdout]   24:                0x0 - <unknown>
[INFO] [stdout] 
[INFO] [stdout] ---- stransmit_encrypt stdout ----
[INFO] [stdout] Error: No such file or directory (os error 2)
[INFO] [stdout] 
[INFO] [stdout] Stack backtrace:
[INFO] [stdout]    0: <anyhow::Error as core::convert::From<core::io::error::Error>>::from
[INFO] [stdout]    1: stransmit_interop::stransmit_encrypt::{closure#0}
[INFO] [stdout]    2: <tokio::runtime::scheduler::current_thread::CoreGuard>::block_on::<core::pin::Pin<&mut core::pin::Pin<&mut dyn core::future::future::Future<Output = core::result::Result<(), anyhow::Error>>>>>
[INFO] [stdout]    3: tokio::runtime::context::runtime::enter_runtime::<<tokio::runtime::scheduler::current_thread::CurrentThread>::block_on<core::pin::Pin<&mut dyn core::future::future::Future<Output = core::result::Result<(), anyhow::Error>>>>::{closure#0}, core::result::Result<(), anyhow::Error>>
[INFO] [stdout]    4: <tokio::runtime::runtime::Runtime>::block_on::<core::pin::Pin<&mut dyn core::future::future::Future<Output = core::result::Result<(), anyhow::Error>>>>
[INFO] [stdout]    5: <stransmit_interop::stransmit_encrypt::{closure#0} as core::ops::function::FnOnce<()>>::call_once
[INFO] [stdout]    6: test::__rust_begin_short_backtrace::<core::result::Result<(), alloc::string::String>, fn() -> core::result::Result<(), alloc::string::String>>
[INFO] [stdout]    7: test::run_test::{closure#0}
[INFO] [stdout]    8: std::sys::backtrace::__rust_begin_short_backtrace::<test::run_test::{closure#1}, ()>
[INFO] [stdout]    9: <std::thread::lifecycle::spawn_unchecked<test::run_test::{closure#1}, ()>::{closure#1} as core::ops::function::FnOnce<()>>::call_once::{shim:vtable#0}
[INFO] [stdout]   10: <std::sys::thread::unix::Thread>::new::thread_start
[INFO] [stdout]   11: <unknown>
[INFO] [stdout]   12: clone
[INFO] [stdout] 
[INFO] [stdout] ---- test_c_client_interop stdout ----
[INFO] [stdout] 
[INFO] [stdout] thread 'tokio-runtime-worker' (3011) panicked at /opt/rustwide/cargo-home/registry/src/index.crates.io-1949cf8c6b5b557f/lazy_static-1.4.0/src/inline_lazy.rs:30:16:
[INFO] [stdout] Once instance has previously been poisoned
[INFO] [stdout] stack backtrace:
[INFO] [stdout]    0:     0x64f548669211 - <<std[70759c8f55707aa4]::sys::backtrace::BacktraceLock>::print::DisplayBacktrace as core[df12db4294e9bfd3]::fmt::Display>::fmt
[INFO] [stdout]    1:     0x64f5486805aa - core[df12db4294e9bfd3]::fmt::write
[INFO] [stdout]    2:     0x64f54866e72c - <alloc[2182bb758b4b3781]::vec::Vec<u8> as core[df12db4294e9bfd3]::io::write::Write>::write_fmt
[INFO] [stdout]    3:     0x64f548643ed6 - std[70759c8f55707aa4]::panicking::default_hook::{closure#0}
[INFO] [stdout]    4:     0x64f548661289 - std[70759c8f55707aa4]::panicking::default_hook
[INFO] [stdout]    5:     0x64f5484b1e80 - test[9d35eded1c95d3be]::test_main_inner::<test[9d35eded1c95d3be]::test_main_static::{closure#0}>::{closure#0}
[INFO] [stdout]    6:     0x64f5486615b2 - std[70759c8f55707aa4]::panicking::panic_with_hook
[INFO] [stdout]    7:     0x64f548643fb4 - std[70759c8f55707aa4]::panicking::panic_handler::{closure#0}
[INFO] [stdout]    8:     0x64f54863c699 - std[70759c8f55707aa4]::sys::backtrace::__rust_end_short_backtrace::<std[70759c8f55707aa4]::panicking::panic_handler::{closure#0}, !>
[INFO] [stdout]    9:     0x64f548644e7d - __rustc[8fa7c3cbc660c2b3]::rust_begin_unwind
[INFO] [stdout]   10:     0x64f548680d8c - core[df12db4294e9bfd3]::panicking::panic_fmt
[INFO] [stdout]   11:     0x64f54864a381 - <std[70759c8f55707aa4]::sys::sync::once::futex::Once>::call
[INFO] [stdout]   12:     0x64f54846332e - stransmit_interop[912c7f311be39a5f]::test_c_client
[INFO] [stdout]   13:     0x64f548486bad - <tokio[5c8af6b3ffa4e972]::runtime::task::core::Core<tokio[5c8af6b3ffa4e972]::runtime::blocking::task::BlockingTask<stransmit_interop[912c7f311be39a5f]::test_c_client_interop::{closure#0}::{closure#1}>, tokio[5c8af6b3ffa4e972]::runtime::blocking::schedule::BlockingSchedule>>::poll
[INFO] [stdout]   14:     0x64f5484893e6 - <tokio[5c8af6b3ffa4e972]::runtime::task::harness::Harness<tokio[5c8af6b3ffa4e972]::runtime::blocking::task::BlockingTask<stransmit_interop[912c7f311be39a5f]::test_c_client_interop::{closure#0}::{closure#1}>, tokio[5c8af6b3ffa4e972]::runtime::blocking::schedule::BlockingSchedule>>::poll
[INFO] [stdout]   15:     0x64f54851d751 - <tokio[5c8af6b3ffa4e972]::runtime::blocking::pool::Inner>::run
[INFO] [stdout]   16:     0x64f5485212da - std[70759c8f55707aa4]::sys::backtrace::__rust_begin_short_backtrace::<<tokio[5c8af6b3ffa4e972]::runtime::blocking::pool::Spawner>::spawn_thread::{closure#0}, ()>
[INFO] [stdout]   17:     0x64f548517593 - <std[70759c8f55707aa4]::thread::lifecycle::spawn_unchecked<<tokio[5c8af6b3ffa4e972]::runtime::blocking::pool::Spawner>::spawn_thread::{closure#0}, ()>::{closure#1} as core[df12db4294e9bfd3]::ops::function::FnOnce<()>>::call_once::{shim:vtable#0}
[INFO] [stdout]   18:     0x64f548668769 - <std[70759c8f55707aa4]::sys::thread::unix::Thread>::new::thread_start
[INFO] [stdout]   19:     0x70dd4cd53dfa - <unknown>
[INFO] [stdout]   20:     0x70dd4cde73d4 - clone
[INFO] [stdout]   21:                0x0 - <unknown>
[INFO] [stdout] 
[INFO] [stdout] thread 'test_c_client_interop' (3008) panicked at tests/stransmit_interop.rs:396:37:
[INFO] [stdout] called `Result::unwrap()` on an `Err` value: JoinError::Panic(Id(1), ...)
[INFO] [stdout] stack backtrace:
[INFO] [stdout]    0:     0x64f548669211 - <<std[70759c8f55707aa4]::sys::backtrace::BacktraceLock>::print::DisplayBacktrace as core[df12db4294e9bfd3]::fmt::Display>::fmt
[INFO] [stdout]    1:     0x64f5486805aa - core[df12db4294e9bfd3]::fmt::write
[INFO] [stdout]    2:     0x64f54866e72c - <alloc[2182bb758b4b3781]::vec::Vec<u8> as core[df12db4294e9bfd3]::io::write::Write>::write_fmt
[INFO] [stdout]    3:     0x64f548643ed6 - std[70759c8f55707aa4]::panicking::default_hook::{closure#0}
[INFO] [stdout]    4:     0x64f548661289 - std[70759c8f55707aa4]::panicking::default_hook
[INFO] [stdout]    5:     0x64f5484b1e80 - test[9d35eded1c95d3be]::test_main_inner::<test[9d35eded1c95d3be]::test_main_static::{closure#0}>::{closure#0}
[INFO] [stdout]    6:     0x64f5486615b2 - std[70759c8f55707aa4]::panicking::panic_with_hook
[INFO] [stdout]    7:     0x64f548643f82 - std[70759c8f55707aa4]::panicking::panic_handler::{closure#0}
[INFO] [stdout]    8:     0x64f54863c699 - std[70759c8f55707aa4]::sys::backtrace::__rust_end_short_backtrace::<std[70759c8f55707aa4]::panicking::panic_handler::{closure#0}, !>
[INFO] [stdout]    9:     0x64f548644e7d - __rustc[8fa7c3cbc660c2b3]::rust_begin_unwind
[INFO] [stdout]   10:     0x64f548680d8c - core[df12db4294e9bfd3]::panicking::panic_fmt
[INFO] [stdout]   11:     0x64f548680b62 - core[df12db4294e9bfd3]::result::unwrap_failed
[INFO] [stdout]   12:     0x64f54845c1ac - stransmit_interop[912c7f311be39a5f]::test_c_client_interop::{closure#0}
[INFO] [stdout]   13:     0x64f54848ef08 - <tokio[5c8af6b3ffa4e972]::runtime::scheduler::current_thread::CoreGuard>::block_on::<core[df12db4294e9bfd3]::pin::Pin<&mut core[df12db4294e9bfd3]::pin::Pin<&mut dyn core[df12db4294e9bfd3]::future::future::Future<Output = core[df12db4294e9bfd3]::result::Result<(), anyhow[51c70bb4cd9bba0c]::Error>>>>>
[INFO] [stdout]   14:     0x64f54848cdb4 - tokio[5c8af6b3ffa4e972]::runtime::context::runtime::enter_runtime::<<tokio[5c8af6b3ffa4e972]::runtime::scheduler::current_thread::CurrentThread>::block_on<core[df12db4294e9bfd3]::pin::Pin<&mut dyn core[df12db4294e9bfd3]::future::future::Future<Output = core[df12db4294e9bfd3]::result::Result<(), anyhow[51c70bb4cd9bba0c]::Error>>>>::{closure#0}, core[df12db4294e9bfd3]::result::Result<(), anyhow[51c70bb4cd9bba0c]::Error>>
[INFO] [stdout]   15:     0x64f54848e4c5 - <tokio[5c8af6b3ffa4e972]::runtime::runtime::Runtime>::block_on::<core[df12db4294e9bfd3]::pin::Pin<&mut dyn core[df12db4294e9bfd3]::future::future::Future<Output = core[df12db4294e9bfd3]::result::Result<(), anyhow[51c70bb4cd9bba0c]::Error>>>>
[INFO] [stdout]   16:     0x64f548465980 - <stransmit_interop[912c7f311be39a5f]::test_c_client_interop::{closure#0} as core[df12db4294e9bfd3]::ops::function::FnOnce<()>>::call_once
[INFO] [stdout]   17:     0x64f5484a516b - test[9d35eded1c95d3be]::__rust_begin_short_backtrace::<core[df12db4294e9bfd3]::result::Result<(), alloc[2182bb758b4b3781]::string::String>, fn() -> core[df12db4294e9bfd3]::result::Result<(), alloc[2182bb758b4b3781]::string::String>>
[INFO] [stdout]   18:     0x64f5484b27d5 - test[9d35eded1c95d3be]::run_test::{closure#0}
[INFO] [stdout]   19:     0x64f5484ac094 - std[70759c8f55707aa4]::sys::backtrace::__rust_begin_short_backtrace::<test[9d35eded1c95d3be]::run_test::{closure#1}, ()>
[INFO] [stdout]   20:     0x64f5484b5932 - <std[70759c8f55707aa4]::thread::lifecycle::spawn_unchecked<test[9d35eded1c95d3be]::run_test::{closure#1}, ()>::{closure#1} as core[df12db4294e9bfd3]::ops::function::FnOnce<()>>::call_once::{shim:vtable#0}
[INFO] [stdout]   21:     0x64f548668769 - <std[70759c8f55707aa4]::sys::thread::unix::Thread>::new::thread_start
[INFO] [stdout]   22:     0x70dd4cd53dfa - <unknown>
[INFO] [stdout]   23:     0x70dd4cde73d4 - clone
[INFO] [stdout]   24:                0x0 - <unknown>
[INFO] [stdout] 
[INFO] [stdout] ---- stransmit_client stdout ----
[INFO] [stdout] Error: No such file or directory (os error 2)
[INFO] [stdout] 
[INFO] [stdout] Stack backtrace:
[INFO] [stdout]    0: <anyhow::Error as core::convert::From<core::io::error::Error>>::from
[INFO] [stdout]    1: stransmit_interop::stransmit_client::{closure#0}
[INFO] [stdout]    2: <tokio::runtime::scheduler::current_thread::CoreGuard>::block_on::<core::pin::Pin<&mut core::pin::Pin<&mut dyn core::future::future::Future<Output = core::result::Result<(), anyhow::Error>>>>>
[INFO] [stdout]    3: tokio::runtime::context::runtime::enter_runtime::<<tokio::runtime::scheduler::current_thread::CurrentThread>::block_on<core::pin::Pin<&mut dyn core::future::future::Future<Output = core::result::Result<(), anyhow::Error>>>>::{closure#0}, core::result::Result<(), anyhow::Error>>
[INFO] [stdout]    4: <tokio::runtime::runtime::Runtime>::block_on::<core::pin::Pin<&mut dyn core::future::future::Future<Output = core::result::Result<(), anyhow::Error>>>>
[INFO] [stdout]    5: <stransmit_interop::stransmit_client::{closure#0} as core::ops::function::FnOnce<()>>::call_once
[INFO] [stdout]    6: test::__rust_begin_short_backtrace::<core::result::Result<(), alloc::string::String>, fn() -> core::result::Result<(), alloc::string::String>>
[INFO] [stdout]    7: test::run_test::{closure#0}
[INFO] [stdout]    8: std::sys::backtrace::__rust_begin_short_backtrace::<test::run_test::{closure#1}, ()>
[INFO] [stdout]    9: <std::thread::lifecycle::spawn_unchecked<test::run_test::{closure#1}, ()>::{closure#1} as core::ops::function::FnOnce<()>>::call_once::{shim:vtable#0}
[INFO] [stdout]   10: <std::sys::thread::unix::Thread>::new::thread_start
[INFO] [stdout]   11: <unknown>
[INFO] [stdout]   12: clone
[INFO] [stdout] 
[INFO] [stdout] ---- stransmit_decrypt stdout ----
[INFO] [stdout] Error: No such file or directory (os error 2)
[INFO] [stdout] 
[INFO] [stdout] Stack backtrace:
[INFO] [stdout]    0: <anyhow::Error as core::convert::From<core::io::error::Error>>::from
[INFO] [stdout]    1: stransmit_interop::stransmit_decrypt::{closure#0}
[INFO] [stdout]    2: <tokio::runtime::scheduler::current_thread::CoreGuard>::block_on::<core::pin::Pin<&mut core::pin::Pin<&mut dyn core::future::future::Future<Output = core::result::Result<(), anyhow::Error>>>>>
[INFO] [stdout]    3: tokio::runtime::context::runtime::enter_runtime::<<tokio::runtime::scheduler::current_thread::CurrentThread>::block_on<core::pin::Pin<&mut dyn core::future::future::Future<Output = core::result::Result<(), anyhow::Error>>>>::{closure#0}, core::result::Result<(), anyhow::Error>>
[INFO] [stdout]    4: <tokio::runtime::runtime::Runtime>::block_on::<core::pin::Pin<&mut dyn core::future::future::Future<Output = core::result::Result<(), anyhow::Error>>>>
[INFO] [stdout]    5: <stransmit_interop::stransmit_decrypt::{closure#0} as core::ops::function::FnOnce<()>>::call_once
[INFO] [stdout]    6: test::__rust_begin_short_backtrace::<core::result::Result<(), alloc::string::String>, fn() -> core::result::Result<(), alloc::string::String>>
[INFO] [stdout]    7: test::run_test::{closure#0}
[INFO] [stdout]    8: std::sys::backtrace::__rust_begin_short_backtrace::<test::run_test::{closure#1}, ()>
[INFO] [stdout]    9: <std::thread::lifecycle::spawn_unchecked<test::run_test::{closure#1}, ()>::{closure#1} as core::ops::function::FnOnce<()>>::call_once::{shim:vtable#0}
[INFO] [stdout]   10: <std::sys::thread::unix::Thread>::new::thread_start
[INFO] [stdout]   11: <unknown>
[INFO] [stdout]   12: clone
[INFO] [stdout] 
[INFO] [stdout] ---- stransmit_encrypt_rekey stdout ----
[INFO] [stdout] Error: No such file or directory (os error 2)
[INFO] [stdout] 
[INFO] [stdout] Stack backtrace:
[INFO] [stdout]    0: <anyhow::Error as core::convert::From<core::io::error::Error>>::from
[INFO] [stdout]    1: stransmit_interop::stransmit_encrypt_rekey::{closure#0}
[INFO] [stdout]    2: <tokio::runtime::scheduler::current_thread::CoreGuard>::block_on::<core::pin::Pin<&mut core::pin::Pin<&mut dyn core::future::future::Future<Output = core::result::Result<(), anyhow::Error>>>>>
[INFO] [stdout]    3: tokio::runtime::context::runtime::enter_runtime::<<tokio::runtime::scheduler::current_thread::CurrentThread>::block_on<core::pin::Pin<&mut dyn core::future::future::Future<Output = core::result::Result<(), anyhow::Error>>>>::{closure#0}, core::result::Result<(), anyhow::Error>>
[INFO] [stdout]    4: <tokio::runtime::runtime::Runtime>::block_on::<core::pin::Pin<&mut dyn core::future::future::Future<Output = core::result::Result<(), anyhow::Error>>>>
[INFO] [stdout]    5: <stransmit_interop::stransmit_encrypt_rekey::{closure#0} as core::ops::function::FnOnce<()>>::call_once
[INFO] [stdout]    6: test::__rust_begin_short_backtrace::<core::result::Result<(), alloc::string::String>, fn() -> core::result::Result<(), alloc::string::String>>
[INFO] [stdout]    7: test::run_test::{closure#0}
[INFO] [stdout]    8: std::sys::backtrace::__rust_begin_short_backtrace::<test::run_test::{closure#1}, ()>
[INFO] [stdout]    9: <std::thread::lifecycle::spawn_unchecked<test::run_test::{closure#1}, ()>::{closure#1} as core::ops::function::FnOnce<()>>::call_once::{shim:vtable#0}
[INFO] [stdout]   10: <std::sys::thread::unix::Thread>::new::thread_start
[INFO] [stdout]   11: <unknown>
[INFO] [stdout]   12: clone
[INFO] [stdout] 
[INFO] [stdout] ---- bidirectional_interop stdout ----
[INFO] [stdout] 
[INFO] [stdout] thread 'tokio-runtime-worker' (3016) panicked at /opt/rustwide/cargo-home/registry/src/index.crates.io-1949cf8c6b5b557f/lazy_static-1.4.0/src/inline_lazy.rs:30:16:
[INFO] [stdout] Once instance has previously been poisoned
[INFO] [stdout] stack backtrace:
[INFO] [stdout]    0:     0x64f548669211 - <<std[70759c8f55707aa4]::sys::backtrace::BacktraceLock>::print::DisplayBacktrace as core[df12db4294e9bfd3]::fmt::Display>::fmt
[INFO] [stdout]    1:     0x64f5486805aa - core[df12db4294e9bfd3]::fmt::write
[INFO] [stdout]    2:     0x64f54866e72c - <alloc[2182bb758b4b3781]::vec::Vec<u8> as core[df12db4294e9bfd3]::io::write::Write>::write_fmt
[INFO] [stdout]    3:     0x64f548643ed6 - std[70759c8f55707aa4]::panicking::default_hook::{closure#0}
[INFO] [stdout]    4:     0x64f548661289 - std[70759c8f55707aa4]::panicking::default_hook
[INFO] [stdout]    5:     0x64f5484b1e80 - test[9d35eded1c95d3be]::test_main_inner::<test[9d35eded1c95d3be]::test_main_static::{closure#0}>::{closure#0}
[INFO] [stdout]    6:     0x64f5486615b2 - std[70759c8f55707aa4]::panicking::panic_with_hook
[INFO] [stdout]    7:     0x64f548643fb4 - std[70759c8f55707aa4]::panicking::panic_handler::{closure#0}
[INFO] [stdout]    8:     0x64f54863c699 - std[70759c8f55707aa4]::sys::backtrace::__rust_end_short_backtrace::<std[70759c8f55707aa4]::panicking::panic_handler::{closure#0}, !>
[INFO] [stdout]    9:     0x64f548644e7d - __rustc[8fa7c3cbc660c2b3]::rust_begin_unwind
[INFO] [stdout]   10:     0x64f548680d8c - core[df12db4294e9bfd3]::panicking::panic_fmt
[INFO] [stdout]   11:     0x64f54864a381 - <std[70759c8f55707aa4]::sys::sync::once::futex::Once>::call
[INFO] [stdout]   12:     0x64f548463830 - stransmit_interop[912c7f311be39a5f]::haivision_echo
[INFO] [stdout]   13:     0x64f5484869fc - <tokio[5c8af6b3ffa4e972]::runtime::task::core::Core<tokio[5c8af6b3ffa4e972]::runtime::blocking::task::BlockingTask<stransmit_interop[912c7f311be39a5f]::bidirectional_interop::{closure#0}::{closure#1}>, tokio[5c8af6b3ffa4e972]::runtime::blocking::schedule::BlockingSchedule>>::poll
[INFO] [stdout]   14:     0x64f548488fb6 - <tokio[5c8af6b3ffa4e972]::runtime::task::harness::Harness<tokio[5c8af6b3ffa4e972]::runtime::blocking::task::BlockingTask<stransmit_interop[912c7f311be39a5f]::bidirectional_interop::{closure#0}::{closure#1}>, tokio[5c8af6b3ffa4e972]::runtime::blocking::schedule::BlockingSchedule>>::poll
[INFO] [stdout]   15:     0x64f54851d751 - <tokio[5c8af6b3ffa4e972]::runtime::blocking::pool::Inner>::run
[INFO] [stdout]   16:     0x64f5485212da - std[70759c8f55707aa4]::sys::backtrace::__rust_begin_short_backtrace::<<tokio[5c8af6b3ffa4e972]::runtime::blocking::pool::Spawner>::spawn_thread::{closure#0}, ()>
[INFO] [stdout]   17:     0x64f548517593 - <std[70759c8f55707aa4]::thread::lifecycle::spawn_unchecked<<tokio[5c8af6b3ffa4e972]::runtime::blocking::pool::Spawner>::spawn_thread::{closure#0}, ()>::{closure#1} as core[df12db4294e9bfd3]::ops::function::FnOnce<()>>::call_once::{shim:vtable#0}
[INFO] [stdout]   18:     0x64f548668769 - <std[70759c8f55707aa4]::sys::thread::unix::Thread>::new::thread_start
[INFO] [stdout]   19:     0x70dd4cd53dfa - <unknown>
[INFO] [stdout]   20:     0x70dd4cde73d4 - clone
[INFO] [stdout]   21:                0x0 - <unknown>
[INFO] [stdout] 
[INFO] [stdout] thread 'bidirectional_interop' (3001) panicked at tests/stransmit_interop.rs:433:37:
[INFO] [stdout] called `Result::unwrap()` on an `Err` value: JoinError::Panic(Id(3), ...)
[INFO] [stdout] stack backtrace:
[INFO] [stdout]    0:     0x64f548669211 - <<std[70759c8f55707aa4]::sys::backtrace::BacktraceLock>::print::DisplayBacktrace as core[df12db4294e9bfd3]::fmt::Display>::fmt
[INFO] [stdout]    1:     0x64f5486805aa - core[df12db4294e9bfd3]::fmt::write
[INFO] [stdout]    2:     0x64f54866e72c - <alloc[2182bb758b4b3781]::vec::Vec<u8> as core[df12db4294e9bfd3]::io::write::Write>::write_fmt
[INFO] [stdout]    3:     0x64f548643ed6 - std[70759c8f55707aa4]::panicking::default_hook::{closure#0}
[INFO] [stdout]    4:     0x64f548661289 - std[70759c8f55707aa4]::panicking::default_hook
[INFO] [stdout]    5:     0x64f5484b1e80 - test[9d35eded1c95d3be]::test_main_inner::<test[9d35eded1c95d3be]::test_main_static::{closure#0}>::{closure#0}
[INFO] [stdout]    6:     0x64f5486615b2 - std[70759c8f55707aa4]::panicking::panic_with_hook
[INFO] [stdout]    7:     0x64f548643f82 - std[70759c8f55707aa4]::panicking::panic_handler::{closure#0}
[INFO] [stdout]    8:     0x64f54863c699 - std[70759c8f55707aa4]::sys::backtrace::__rust_end_short_backtrace::<std[70759c8f55707aa4]::panicking::panic_handler::{closure#0}, !>
[INFO] [stdout]    9:     0x64f548644e7d - __rustc[8fa7c3cbc660c2b3]::rust_begin_unwind
[INFO] [stdout]   10:     0x64f548680d8c - core[df12db4294e9bfd3]::panicking::panic_fmt
[INFO] [stdout]   11:     0x64f548680b62 - core[df12db4294e9bfd3]::result::unwrap_failed
[INFO] [stdout]   12:     0x64f54845bfca - stransmit_interop[912c7f311be39a5f]::bidirectional_interop::{closure#0}
[INFO] [stdout]   13:     0x64f54848ef08 - <tokio[5c8af6b3ffa4e972]::runtime::scheduler::current_thread::CoreGuard>::block_on::<core[df12db4294e9bfd3]::pin::Pin<&mut core[df12db4294e9bfd3]::pin::Pin<&mut dyn core[df12db4294e9bfd3]::future::future::Future<Output = core[df12db4294e9bfd3]::result::Result<(), anyhow[51c70bb4cd9bba0c]::Error>>>>>
[INFO] [stdout]   14:     0x64f54848cdb4 - tokio[5c8af6b3ffa4e972]::runtime::context::runtime::enter_runtime::<<tokio[5c8af6b3ffa4e972]::runtime::scheduler::current_thread::CurrentThread>::block_on<core[df12db4294e9bfd3]::pin::Pin<&mut dyn core[df12db4294e9bfd3]::future::future::Future<Output = core[df12db4294e9bfd3]::result::Result<(), anyhow[51c70bb4cd9bba0c]::Error>>>>::{closure#0}, core[df12db4294e9bfd3]::result::Result<(), anyhow[51c70bb4cd9bba0c]::Error>>
[INFO] [stdout]   15:     0x64f54848e4c5 - <tokio[5c8af6b3ffa4e972]::runtime::runtime::Runtime>::block_on::<core[df12db4294e9bfd3]::pin::Pin<&mut dyn core[df12db4294e9bfd3]::future::future::Future<Output = core[df12db4294e9bfd3]::result::Result<(), anyhow[51c70bb4cd9bba0c]::Error>>>>
[INFO] [stdout]   16:     0x64f5484656e2 - <stransmit_interop[912c7f311be39a5f]::bidirectional_interop::{closure#0} as core[df12db4294e9bfd3]::ops::function::FnOnce<()>>::call_once
[INFO] [stdout]   17:     0x64f5484a516b - test[9d35eded1c95d3be]::__rust_begin_short_backtrace::<core[df12db4294e9bfd3]::result::Result<(), alloc[2182bb758b4b3781]::string::String>, fn() -> core[df12db4294e9bfd3]::result::Result<(), alloc[2182bb758b4b3781]::string::String>>
[INFO] [stdout]   18:     0x64f5484b27d5 - test[9d35eded1c95d3be]::run_test::{closure#0}
[INFO] [stdout]   19:     0x64f5484ac094 - std[70759c8f55707aa4]::sys::backtrace::__rust_begin_short_backtrace::<test[9d35eded1c95d3be]::run_test::{closure#1}, ()>
[INFO] [stdout]   20:     0x64f5484b5932 - <std[70759c8f55707aa4]::thread::lifecycle::spawn_unchecked<test[9d35eded1c95d3be]::run_test::{closure#1}, ()>::{closure#1} as core[df12db4294e9bfd3]::ops::function::FnOnce<()>>::call_once::{shim:vtable#0}
[INFO] [stdout]   21:     0x64f548668769 - <std[70759c8f55707aa4]::sys::thread::unix::Thread>::new::thread_start
[INFO] [stdout]   22:     0x70dd4cd53dfa - <unknown>
[INFO] [stdout]   23:     0x70dd4cde73d4 - clone
[INFO] [stdout]   24:                0x0 - <unknown>
[INFO] [stdout] 
[INFO] [stdout] 
[INFO] [stdout] failures:
[INFO] [stdout]     bidirectional_interop
[INFO] [stdout]     bidirectional_interop_encrypt_rekey
[INFO] [stdout]     stransmit_client
[INFO] [stdout]     stransmit_decrypt
[INFO] [stdout]     stransmit_encrypt
[INFO] [stdout]     stransmit_encrypt_rekey
[INFO] [stdout]     stransmit_server
[INFO] [stdout]     test_c_client_interop
[INFO] [stdout] 
[INFO] [stdout] test result: FAILED. 0 passed; 8 failed; 1 ignored; 0 measured; 0 filtered out; finished in 0.02s
[INFO] [stdout] 
[INFO] running `Command { std: "docker" "inspect" "c120a299942a1ea56ef89e425b5fe773ded031a1fca843ce3bce5367a2549711", kill_on_drop: false }`
[INFO] running `Command { std: "docker" "rm" "-f" "c120a299942a1ea56ef89e425b5fe773ded031a1fca843ce3bce5367a2549711", kill_on_drop: false }`
[INFO] [stdout] c120a299942a1ea56ef89e425b5fe773ded031a1fca843ce3bce5367a2549711
