[INFO] fetching crate sqll 0.14.5...
[INFO] testing sqll-0.14.5 against 1.100.0-beta.1+cargoflags=--release for beta-release-1.100-2
[INFO] extracting crate sqll 0.14.5 into /workspace/builds/worker-6-tc2/source
[INFO] started tweaking crates.io crate sqll 0.14.5
[INFO] removed 0 missing examples
[INFO] removed 0 missing tests
[INFO] finished tweaking crates.io crate sqll 0.14.5
[INFO] tweaked toml for crates.io crate sqll 0.14.5 written to /workspace/builds/worker-6-tc2/source/Cargo.toml
[INFO] validating manifest of crates.io crate sqll 0.14.5 on toolchain 1.100.0-beta.1
[INFO] running `Command { std: CARGO_HOME="/workspace/cargo-home" RUSTUP_HOME="/workspace/rustup-home" "/workspace/cargo-home/bin/cargo" "+1.100.0-beta.1" "metadata" "--manifest-path" "Cargo.toml" "--no-deps", kill_on_drop: false }`
[INFO] crate crates.io crate sqll 0.14.5 already has a lockfile, it will not be regenerated
[INFO] running `Command { std: CARGO_HOME="/workspace/cargo-home" RUSTUP_HOME="/workspace/rustup-home" "/workspace/cargo-home/bin/cargo" "+1.100.0-beta.1" "fetch" "--manifest-path" "Cargo.toml", kill_on_drop: false }`
[INFO] [stderr] warning: `package.homepage` is redundant with `package.repository`
[INFO] [stderr]   --> Cargo.toml:90:12
[INFO] [stderr]    |
[INFO] [stderr] 90 | homepage = "https://github.com/udoprog/sqll"
[INFO] [stderr]    |            ^^^^^^^^^^^^^^^^^^^^^^^^^^^^^^^^^
[INFO] [stderr] ...
[INFO] [stderr] 95 | repository = "https://github.com/udoprog/sqll"
[INFO] [stderr]    |              ---------------------------------
[INFO] [stderr]    |
[INFO] [stderr]    = note: `cargo::redundant_homepage` is set to `warn` by default
[INFO] [stderr] help: consider removing `package.homepage`
[INFO] [stderr] warning: `sqll` (manifest) generated 1 warning
[INFO] running `Command { std: "docker" "create" "-v" "/var/lib/crater-agent-workspace/builds/worker-6-tc2/source:/opt/rustwide/workdir:ro,Z" "-v" "/var/lib/crater-agent-workspace/builds/worker-6-tc2/target:/opt/rustwide/target:rw,Z" "-v" "/var/lib/crater-agent-workspace/cargo-home:/opt/rustwide/cargo-home:ro,Z" "-v" "/var/lib/crater-agent-workspace/rustup-home:/opt/rustwide/rustup-home:ro,Z" "-m" "1610612736" "--network" "none" "ghcr.io/rust-lang/crates-build-env/linux@sha256:77db811e55d90add9212f6832c23229e3de5f1c1f9905e8cb07319ea15df73ac" "sleep" "infinity", kill_on_drop: false }`
[INFO] [stdout] e088a99af5da81021cd4d8e04a45e7166a72cfc8f2d87aa642fc38bb12dee290
[INFO] running `Command { std: "docker" "start" "e088a99af5da81021cd4d8e04a45e7166a72cfc8f2d87aa642fc38bb12dee290", kill_on_drop: false }`
[INFO] running `Command { std: "docker" "inspect" "e088a99af5da81021cd4d8e04a45e7166a72cfc8f2d87aa642fc38bb12dee290", kill_on_drop: false }`
[INFO] running `Command { std: "docker" "exec" "-e" "SOURCE_DIR=/opt/rustwide/workdir" "-e" "CARGO_HOME=/opt/rustwide/cargo-home" "-e" "RUSTUP_HOME=/opt/rustwide/rustup-home" "-e" "CARGO_TARGET_DIR=/opt/rustwide/target" "-w" "/opt/rustwide/workdir" "--user" "0:0" "e088a99af5da81021cd4d8e04a45e7166a72cfc8f2d87aa642fc38bb12dee290" "/opt/rustwide/cargo-home/bin/cargo" "+1.100.0-beta.1" "metadata" "--no-deps" "--format-version=1", kill_on_drop: false }`
[INFO] running `Command { std: "docker" "inspect" "e088a99af5da81021cd4d8e04a45e7166a72cfc8f2d87aa642fc38bb12dee290", kill_on_drop: false }`
[INFO] running `Command { std: "docker" "exec" "-e" "SOURCE_DIR=/opt/rustwide/workdir" "-e" "CARGO_HOME=/opt/rustwide/cargo-home" "-e" "RUSTUP_HOME=/opt/rustwide/rustup-home" "-e" "CARGO_TARGET_DIR=/opt/rustwide/target" "-e" "CARGO_INCREMENTAL=0" "-e" "RUST_BACKTRACE=full" "-e" "RUSTFLAGS=--cap-lints=warn" "-e" "RUSTDOCFLAGS=--cap-lints=warn" "-w" "/opt/rustwide/workdir" "--user" "0:0" "e088a99af5da81021cd4d8e04a45e7166a72cfc8f2d87aa642fc38bb12dee290" "/opt/rustwide/cargo-home/bin/cargo" "+1.100.0-beta.1" "build" "--frozen" "--message-format=json" "--release", kill_on_drop: false }`
[INFO] [stderr] warning: `package.homepage` is redundant with `package.repository`
[INFO] [stderr]   --> Cargo.toml:90:12
[INFO] [stderr]    |
[INFO] [stderr] 90 | homepage = "https://github.com/udoprog/sqll"
[INFO] [stderr]    |            ^^^^^^^^^^^^^^^^^^^^^^^^^^^^^^^^^
[INFO] [stderr] ...
[INFO] [stderr] 95 | repository = "https://github.com/udoprog/sqll"
[INFO] [stderr]    |              ---------------------------------
[INFO] [stderr]    |
[INFO] [stderr]    = note: `cargo::redundant_homepage` is set to `warn` by default
[INFO] [stderr] help: consider removing `package.homepage`
[INFO] [stderr] warning: `sqll` (manifest) generated 1 warning
[INFO] [stderr]    Compiling tokio v1.52.3
[INFO] [stderr]    Compiling sqll-sys v0.14.5+sqlite3.53.4
[INFO] [stderr]    Compiling sqll-macros v0.14.5
[INFO] [stderr]    Compiling sqll v0.14.5 (/opt/rustwide/workdir)
[INFO] [stderr]     Finished `release` profile [optimized] target(s) in 2.67s
[INFO] running `Command { std: "docker" "inspect" "e088a99af5da81021cd4d8e04a45e7166a72cfc8f2d87aa642fc38bb12dee290", kill_on_drop: false }`
[INFO] running `Command { std: "docker" "exec" "-e" "SOURCE_DIR=/opt/rustwide/workdir" "-e" "CARGO_HOME=/opt/rustwide/cargo-home" "-e" "RUSTUP_HOME=/opt/rustwide/rustup-home" "-e" "CARGO_TARGET_DIR=/opt/rustwide/target" "-e" "CARGO_INCREMENTAL=0" "-e" "RUST_BACKTRACE=full" "-e" "RUSTFLAGS=--cap-lints=warn" "-e" "RUSTDOCFLAGS=--cap-lints=warn" "-w" "/opt/rustwide/workdir" "--user" "0:0" "e088a99af5da81021cd4d8e04a45e7166a72cfc8f2d87aa642fc38bb12dee290" "/opt/rustwide/cargo-home/bin/cargo" "+1.100.0-beta.1" "test" "--frozen" "--no-run" "--message-format=json" "--release", kill_on_drop: false }`
[INFO] [stderr] warning: `package.homepage` is redundant with `package.repository`
[INFO] [stderr]   --> Cargo.toml:90:12
[INFO] [stderr]    |
[INFO] [stderr] 90 | homepage = "https://github.com/udoprog/sqll"
[INFO] [stderr]    |            ^^^^^^^^^^^^^^^^^^^^^^^^^^^^^^^^^
[INFO] [stderr] ...
[INFO] [stderr] 95 | repository = "https://github.com/udoprog/sqll"
[INFO] [stderr]    |              ---------------------------------
[INFO] [stderr]    |
[INFO] [stderr]    = note: `cargo::redundant_homepage` is set to `warn` by default
[INFO] [stderr] help: consider removing `package.homepage`
[INFO] [stderr] warning: `sqll` (manifest) generated 1 warning
[INFO] [stderr]    Compiling serde_core v1.0.228
[INFO] [stderr]    Compiling zerocopy v0.8.48
[INFO] [stderr]    Compiling serde_json v1.0.149
[INFO] [stderr]    Compiling num-traits v0.2.19
[INFO] [stderr]    Compiling alloca v0.4.0
[INFO] [stderr]    Compiling serde_derive v1.0.228
[INFO] [stderr]    Compiling tokio-macros v2.7.0
[INFO] [stderr]    Compiling zerocopy-derive v0.8.48
[INFO] [stderr]    Compiling tracing v0.1.44
[INFO] [stderr]    Compiling futures-channel v0.3.32
[INFO] [stderr]    Compiling winnow v1.0.3
[INFO] [stderr]    Compiling regex-syntax v0.8.10
[INFO] [stderr]    Compiling target-triple v1.0.0
[INFO] [stderr]    Compiling futures-task v0.3.32
[INFO] [stderr]    Compiling clap_builder v4.6.0
[INFO] [stderr]    Compiling itertools v0.13.0
[INFO] [stderr]    Compiling futures-util v0.3.32
[INFO] [stderr]    Compiling rayon v1.12.0
[INFO] [stderr]    Compiling axum-core v0.5.6
[INFO] [stderr]    Compiling page_size v0.6.0
[INFO] [stderr]    Compiling glob v0.3.3
[INFO] [stderr]    Compiling toml_parser v1.1.2+spec-1.1.0
[INFO] [stderr]    Compiling termcolor v1.4.1
[INFO] [stderr]    Compiling tempfile v3.27.0
[INFO] [stderr]    Compiling tokio v1.52.3
[INFO] [stderr]    Compiling plotters v0.3.7
[INFO] [stderr]    Compiling regex-automata v0.4.14
[INFO] [stderr]    Compiling criterion-plot v0.8.2
[INFO] [stderr]    Compiling serde v1.0.228
[INFO] [stderr]    Compiling serde_spanned v1.1.1
[INFO] [stderr]    Compiling toml_datetime v1.1.1+spec-1.1.0
[INFO] [stderr]    Compiling serde_path_to_error v0.1.20
[INFO] [stderr]    Compiling clap v4.6.1
[INFO] [stderr]    Compiling toml v1.1.2+spec-1.1.0
[INFO] [stderr]    Compiling regex v1.12.3
[INFO] [stderr]    Compiling serde_urlencoded v0.7.1
[INFO] [stderr]    Compiling tinytemplate v1.2.1
[INFO] [stderr]    Compiling trybuild v1.0.116
[INFO] [stderr]    Compiling half v2.7.1
[INFO] [stderr]    Compiling ciborium-ll v0.2.2
[INFO] [stderr]    Compiling ciborium v0.2.2
[INFO] [stderr]    Compiling hyper v1.9.0
[INFO] [stderr]    Compiling tower v0.5.3
[INFO] [stderr]    Compiling sqll v0.14.5 (/opt/rustwide/workdir)
[INFO] [stderr]    Compiling criterion v0.8.2
[INFO] [stderr]    Compiling hyper-util v0.1.20
[INFO] [stderr]    Compiling axum v0.8.9
[INFO] [stderr]     Finished `release` profile [optimized] target(s) in 1m 11s
[INFO] running `Command { std: "docker" "inspect" "e088a99af5da81021cd4d8e04a45e7166a72cfc8f2d87aa642fc38bb12dee290", kill_on_drop: false }`
[INFO] running `Command { std: "docker" "exec" "-e" "SOURCE_DIR=/opt/rustwide/workdir" "-e" "CARGO_HOME=/opt/rustwide/cargo-home" "-e" "RUSTUP_HOME=/opt/rustwide/rustup-home" "-e" "CARGO_TARGET_DIR=/opt/rustwide/target" "-e" "CARGO_INCREMENTAL=0" "-e" "RUST_BACKTRACE=full" "-e" "RUSTFLAGS=--cap-lints=warn" "-e" "RUSTDOCFLAGS=--cap-lints=warn" "-w" "/opt/rustwide/workdir" "--user" "0:0" "e088a99af5da81021cd4d8e04a45e7166a72cfc8f2d87aa642fc38bb12dee290" "/opt/rustwide/cargo-home/bin/cargo" "+1.100.0-beta.1" "test" "--frozen" "--release", kill_on_drop: false }`
[INFO] [stderr] warning: `package.homepage` is redundant with `package.repository`
[INFO] [stderr]   --> Cargo.toml:90:12
[INFO] [stderr]    |
[INFO] [stderr] 90 | homepage = "https://github.com/udoprog/sqll"
[INFO] [stderr]    |            ^^^^^^^^^^^^^^^^^^^^^^^^^^^^^^^^^
[INFO] [stderr] ...
[INFO] [stderr] 95 | repository = "https://github.com/udoprog/sqll"
[INFO] [stderr]    |              ---------------------------------
[INFO] [stderr]    |
[INFO] [stderr]    = note: `cargo::redundant_homepage` is set to `warn` by default
[INFO] [stderr] help: consider removing `package.homepage`
[INFO] [stderr] warning: `sqll` (manifest) generated 1 warning
[INFO] [stderr]     Finished `release` profile [optimized] target(s) in 0.16s
[INFO] [stderr]      Running unittests src/lib.rs (/opt/rustwide/target/release/build/sqll/a3a348898a5efa33/out/sqll-a3a348898a5efa33)
[INFO] [stdout] 
[INFO] [stdout] running 29 tests
[INFO] [stdout] test owned_bytes::tests::grown_capacity_is_bounded ... ok
[INFO] [stdout] test tests::basics::statement_bind ... ok
[INFO] [stdout] test owned_bytes::tests::extend_within_capacity_does_not_reallocate ... ok
[INFO] [stdout] test tests::basics::prepare_empty ... ok
[INFO] [stdout] test owned_bytes::tests::failed_growth_keeps_buffer ... ok
[INFO] [stdout] test tests::basics::statement_parameter_index ... ok
[INFO] [stdout] test tests::basics::statement_read ... ok
[INFO] [stdout] test tests::basics::statement_read_with_nullable ... ok
[INFO] [stdout] test tests::basics::test_dropped_connection ... ok
[INFO] [stdout] test tests::basics::statement_wildcard ... ok
[INFO] [stdout] test tests::basics::statement_wildcard_with_binding ... ok
[INFO] [stdout] test tests::basics::prepare_multiple_statements ... ok
[INFO] [stdout] test owned_bytes::tests::ensure_allocated ... ok
[INFO] [stdout] test tests::basics::statement_limit_binding ... ok
[INFO] [stdout] test bytes::tests::test_alloc_bytes ... ok
[INFO] [stdout] test bytes::tests::test_alloc_bytes_empty ... ok
[INFO] [stdout] test tests::busy::connection_busy_handler_drops_closure ... ok
[INFO] [stdout] test owned::tests::drops_zero_sized_value ... ok
[INFO] [stdout] test tests::basics::statement_column_name ... ok
[INFO] [stdout] test tests::basics::connection_change_count ... ok
[INFO] [stdout] test owned::tests::drops_sized_value ... ok
[INFO] [stdout] test tests::thread_safety::safe_open_is_serialized ... ok
[INFO] [stdout] test tests::basics::prepare_trailing_empty ... ok
[INFO] [stdout] test tests::thread_safety::into_send_accepts_every_safe_open ... ok
[INFO] [stdout] test tests::thread_safety::no_mutex_unchecked_is_not_serialized ... ok
[INFO] [stdout] test tests::basics::deserialize_empty ... ok
[INFO] [stdout] test tests::busy::connection_open_with_flags ... ok
[INFO] [stdout] test tests::thread_safety::connection_and_statement_on_different_threads ... ok
[INFO] [stdout] test tests::busy::connection_busy_handler ... ok
[INFO] [stdout] 
[INFO] [stdout] test result: ok. 29 passed; 0 failed; 0 ignored; 0 measured; 0 filtered out; finished in 7.12s
[INFO] [stdout] 
[INFO] [stderr]      Running tests/busy_timeout.rs (/opt/rustwide/target/release/build/sqll/6e7a4e882ac87d38/out/busy_timeout-6e7a4e882ac87d38)
[INFO] [stdout] 
[INFO] [stdout] running 3 tests
[INFO] [stdout] test test_busy_timeout_replaces_busy_handler ... ok
[INFO] [stdout] test test_busy_timeout_outlives_connection ... ok
[INFO] [stdout] test test_pool_busy_timeout ... ok
[INFO] [stdout] 
[INFO] [stdout] test result: ok. 3 passed; 0 failed; 0 ignored; 0 measured; 0 filtered out; finished in 0.28s
[INFO] [stdout] 
[INFO] [stderr]      Running tests/pool.rs (/opt/rustwide/target/release/build/sqll/ebd70df1cc646f6f/out/pool-ebd70df1cc646f6f)
[INFO] [stdout] 
[INFO] [stdout] running 2 tests
[INFO] [stdout] test shared_guards_are_concurrent ... ok
[INFO] [stdout] test shared_and_exclusive_guards ... ok
[INFO] [stdout] 
[INFO] [stdout] test result: ok. 2 passed; 0 failed; 0 ignored; 0 measured; 0 filtered out; finished in 0.94s
[INFO] [stdout] 
[INFO] [stderr]      Running tests/stale_type.rs (/opt/rustwide/target/release/build/sqll/5cddc3d02b1bd94b/out/stale_type-5cddc3d02b1bd94b)
[INFO] [stdout] 
[INFO] [stdout] running 6 tests
[INFO] [stdout] test blob_token_on_other_statement ... ok
[INFO] [stdout] test text_token_on_shorter_column ... ok
[INFO] [stdout] test text_token_after_step ... ok
[INFO] [stdout] test stale_text_token_does_not_convert_blob ... ok
[INFO] [stdout] test token_for_missing_column ... ok
[INFO] [stdout] test text_token_on_null_column ... ok
[INFO] [stdout] 
[INFO] [stdout] test result: ok. 6 passed; 0 failed; 0 ignored; 0 measured; 0 filtered out; finished in 0.00s
[INFO] [stdout] 
[INFO] [stderr]      Running tests/statements.rs (/opt/rustwide/target/release/build/sqll/db02907eef2e2212/out/statements-db02907eef2e2212)
[INFO] [stdout] 
[INFO] [stdout] running 5 tests
[INFO] [stdout] test test_setup_error_surfaces ... ok
[INFO] [stdout] test test_pool ... ok
[INFO] [stdout] test test_not_read_only ... ok
[INFO] [stdout] test test_nested_statements ... ok
[INFO] [stdout] test test_setup_creates_schema ... ok
[INFO] [stdout] 
[INFO] [stdout] test result: ok. 5 passed; 0 failed; 0 ignored; 0 measured; 0 filtered out; finished in 0.03s
[INFO] [stdout] 
[INFO] [stderr]      Running tests/test_deserialize_file.rs (/opt/rustwide/target/release/build/sqll/e02948a7ad58fdd2/out/test_deserialize_file-e02948a7ad58fdd2)
[INFO] [stdout] 
[INFO] [stdout] running 1 test
[INFO] [stdout] test deserialize_file ... ok
[INFO] [stdout] 
[INFO] [stdout] test result: ok. 1 passed; 0 failed; 0 ignored; 0 measured; 0 filtered out; finished in 0.03s
[INFO] [stdout] 
[INFO] [stderr]      Running tests/typed.rs (/opt/rustwide/target/release/build/sqll/4474fb1b77c78ac5/out/typed-4474fb1b77c78ac5)
[INFO] [stdout] 
[INFO] [stdout] running 4 tests
[INFO] [stdout] test try_from_wrong_bind_count ... ok
[INFO] [stdout] test end_to_end_execute_and_query ... ok
[INFO] [stdout] test try_from_wrong_column_count ... ok
[INFO] [stdout] test try_from_matching_counts ... ok
[INFO] [stdout] 
[INFO] [stdout] test result: ok. 4 passed; 0 failed; 0 ignored; 0 measured; 0 filtered out; finished in 0.01s
[INFO] [stdout] 
[INFO] [stderr]      Running tests/ui.rs (/opt/rustwide/target/release/build/sqll/86299ab1ac214837/out/ui-86299ab1ac214837)
[INFO] [stdout] 
[INFO] [stdout] running 1 test
[INFO] [stderr] warning: `package.homepage` is redundant with `package.repository`
[INFO] [stderr]   --> /opt/rustwide/workdir/Cargo.toml:90:12
[INFO] [stderr]    |
[INFO] [stderr] 90 | homepage = "https://github.com/udoprog/sqll"
[INFO] [stderr]    |            ^^^^^^^^^^^^^^^^^^^^^^^^^^^^^^^^^
[INFO] [stderr] ...
[INFO] [stderr] 95 | repository = "https://github.com/udoprog/sqll"
[INFO] [stderr]    |              ---------------------------------
[INFO] [stderr]    |
[INFO] [stderr]    = note: `cargo::redundant_homepage` is set to `warn` by default
[INFO] [stderr] help: consider removing `package.homepage`
[INFO] [stderr] warning: `sqll` (manifest) generated 1 warning
[INFO] [stderr]    Compiling proc-macro2 v1.0.106
[INFO] [stderr]    Compiling quote v1.0.45
[INFO] [stderr]    Compiling unicode-ident v1.0.24
[INFO] [stderr]    Compiling libc v0.2.186
[INFO] [stderr]     Checking cfg-if v1.0.4
[INFO] [stderr]     Checking itoa v1.0.18
[INFO] [stderr]     Checking pin-project-lite v0.2.17
[INFO] [stderr]    Compiling serde_core v1.0.228
[INFO] [stderr]     Checking bytes v1.11.1
[INFO] [stderr]    Compiling shlex v1.3.0
[INFO] [stderr]    Compiling parking_lot_core v0.9.12
[INFO] [stderr]    Compiling find-msvc-tools v0.1.9
[INFO] [stderr]     Checking scopeguard v1.2.0
[INFO] [stderr]     Checking futures-core v0.3.32
[INFO] [stderr]     Checking smallvec v1.15.1
[INFO] [stderr]    Compiling crossbeam-utils v0.8.21
[INFO] [stderr]    Compiling serde v1.0.228
[INFO] [stderr]     Checking lock_api v0.4.14
[INFO] [stderr]    Compiling zerocopy v0.8.48
[INFO] [stderr]    Compiling zmij v1.0.21
[INFO] [stderr]     Checking once_cell v1.21.4
[INFO] [stderr]    Compiling serde_json v1.0.149
[INFO] [stderr]    Compiling httparse v1.10.1
[INFO] [stderr]    Compiling autocfg v1.5.0
[INFO] [stderr]    Compiling rayon-core v1.13.0
[INFO] [stderr]    Compiling cc v1.2.62
[INFO] [stderr]     Checking memchr v2.8.0
[INFO] [stderr]    Compiling semver v1.0.28
[INFO] [stderr]     Checking log v0.4.29
[INFO] [stderr]    Compiling vcpkg v0.2.15
[INFO] [stderr]     Checking tower-service v0.3.3
[INFO] [stderr]     Checking tracing-core v0.1.36
[INFO] [stderr]     Checking either v1.15.0
[INFO] [stderr]    Compiling pkg-config v0.3.33
[INFO] [stderr]     Checking futures-channel v0.3.32
[INFO] [stderr]     Checking http v1.4.0
[INFO] [stderr]     Checking sync_wrapper v1.0.2
[INFO] [stderr]     Checking tracing v0.1.44
[INFO] [stderr]     Checking regex-syntax v0.8.10
[INFO] [stderr]     Checking tower-layer v0.3.3
[INFO] [stderr]    Compiling rustix v1.1.4
[INFO] [stderr]     Checking plotters-backend v0.3.7
[INFO] [stderr]     Checking ciborium-io v0.2.2
[INFO] [stderr]     Checking httpdate v1.0.3
[INFO] [stderr]     Checking futures-task v0.3.32
[INFO] [stderr]    Compiling getrandom v0.4.2
[INFO] [stderr]     Checking anstyle v1.0.14
[INFO] [stderr]     Checking percent-encoding v2.3.2
[INFO] [stderr]     Checking crossbeam-epoch v0.9.18
[INFO] [stderr]     Checking slab v0.4.12
[INFO] [stderr]     Checking clap_lex v1.1.0
[INFO] [stderr]     Checking atomic-waker v1.1.2
[INFO] [stderr]     Checking form_urlencoded v1.2.2
[INFO] [stderr]     Checking futures-util v0.3.32
[INFO] [stderr]    Compiling syn v2.0.117
[INFO] [stderr]    Compiling num-traits v0.2.19
[INFO] [stderr]     Checking clap_builder v4.6.0
[INFO] [stderr]     Checking plotters-svg v0.3.7
[INFO] [stderr]     Checking itertools v0.13.0
[INFO] [stderr]     Checking ryu v1.0.23
[INFO] [stderr]     Checking http-body v1.0.1
[INFO] [stderr]    Compiling anyhow v1.0.102
[INFO] [stderr]     Checking crossbeam-deque v0.8.6
[INFO] [stderr]     Checking mime v0.3.17
[INFO] [stderr]     Checking http-body-util v0.1.3
[INFO] [stderr]     Checking linux-raw-sys v0.12.1
[INFO] [stderr]     Checking bitflags v2.11.1
[INFO] [stderr]     Checking cast v0.3.0
[INFO] [stderr]     Checking same-file v1.0.6
[INFO] [stderr]     Checking anes v0.1.6
[INFO] [stderr]     Checking fastrand v2.4.1
[INFO] [stderr]     Checking walkdir v2.5.0
[INFO] [stderr]     Checking matchit v0.8.4
[INFO] [stderr]     Checking axum-core v0.5.6
[INFO] [stderr]     Checking oorandom v11.1.5
[INFO] [stderr]     Checking regex-automata v0.4.14
[INFO] [stderr]     Checking errno v0.3.14
[INFO] [stderr]     Checking socket2 v0.6.3
[INFO] [stderr]     Checking signal-hook-registry v1.4.8
[INFO] [stderr]     Checking mio v1.2.0
[INFO] [stderr]     Checking parking_lot v0.12.5
[INFO] [stderr]     Checking rayon v1.12.0
[INFO] [stderr]     Checking page_size v0.6.0
[INFO] [stderr]     Checking plotters v0.3.7
[INFO] [stderr]    Compiling alloca v0.4.0
[INFO] [stderr]    Compiling sqll-sys v0.14.5+sqlite3.53.4
[INFO] [stderr]     Checking serde_path_to_error v0.1.20
[INFO] [stderr]     Checking criterion-plot v0.8.2
[INFO] [stderr]     Checking clap v4.6.1
[INFO] [stderr]     Checking regex v1.12.3
[INFO] [stderr]     Checking tempfile v3.27.0
[INFO] [stderr]    Compiling tokio-macros v2.7.0
[INFO] [stderr]    Compiling serde_derive v1.0.228
[INFO] [stderr]    Compiling zerocopy-derive v0.8.48
[INFO] [stderr]    Compiling sqll-macros v0.14.5
[INFO] [stderr]     Checking tokio v1.52.3
[INFO] [stderr]     Checking serde_urlencoded v0.7.1
[INFO] [stderr]     Checking tinytemplate v1.2.1
[INFO] [stderr]     Checking half v2.7.1
[INFO] [stderr]     Checking ciborium-ll v0.2.2
[INFO] [stderr]     Checking ciborium v0.2.2
[INFO] [stderr]     Checking criterion v0.8.2
[INFO] [stderr]     Checking hyper v1.9.0
[INFO] [stderr]     Checking tower v0.5.3
[INFO] [stderr]     Checking sqll v0.14.5 (/opt/rustwide/workdir)
[INFO] [stderr]     Checking hyper-util v0.1.20
[INFO] [stderr]     Checking axum v0.8.9
[INFO] [stderr]     Checking sqll-tests v0.0.0 (/opt/rustwide/target/tests/trybuild/sqll)
[INFO] [stderr]     Finished `dev` profile [unoptimized + debuginfo] target(s) in 38.26s
[INFO] [stderr] 
[INFO] [stderr] 
[INFO] [stdout] test ui has been running for over 60 seconds
[INFO] [stderr] test tests/ui/bare_sql_path.rs ... ok
[INFO] [stderr] test tests/ui/nested_not_read_only.rs ... ok
[INFO] [stderr] test tests/ui/statements_and_query.rs ... ok
[INFO] [stderr] test tests/ui/unknown_list_key.rs ... ok
[INFO] [stderr] 
[INFO] [stderr] 
[INFO] [stdout] test ui ... ok
[INFO] [stdout] 
[INFO] [stdout] test result: ok. 1 passed; 0 failed; 0 ignored; 0 measured; 0 filtered out; finished in 62.16s
[INFO] [stdout] 
[INFO] [stderr]    Doc-tests sqll
[INFO] [stdout] 
[INFO] [stdout] running 365 tests
[INFO] [stdout] test src/bind.rs - bind::(A,B,C,D,E,F,G,H) (line 136) ... ok
[INFO] [stdout] test src/bind.rs - bind::() (line 98) ... ok
[INFO] [stdout] test src/bind.rs - bind::(A,B,C,D,E,F,G,H,I,J,K,L) (line 136) ... ok
[INFO] [stdout] test src/bind.rs - bind::(A,B,C,D,E,F) (line 136) ... ok
[INFO] [stdout] test src/bind.rs - bind::(A,B,C,D,E,F,G,H,I) (line 136) ... ok
[INFO] [stdout] test src/bind.rs - bind::(A,B,C) (line 136) ... ok
[INFO] [stdout] test src/bind.rs - bind::(A,B,C,D,E,F,G) (line 136) ... ok
[INFO] [stdout] test src/bind.rs - bind::(A,B,C,D) (line 136) ... ok
[INFO] [stdout] test src/bind.rs - bind::(A,) (line 136) ... ok
[INFO] [stdout] test src/bind.rs - bind::(A,B) (line 136) ... ok
[INFO] [stdout] test src/bind.rs - bind::(A,B,C,D,E,F,G,H,I,J,K) (line 136) ... ok
[INFO] [stdout] test src/bind.rs - bind::(A,B,C,D,E) (line 136) ... ok
[INFO] [stdout] test src/bind.rs - bind::(A,B,C,D,E,F,G,H,I,J,K,L,M) (line 136) ... ok
[INFO] [stdout] test src/bind.rs - bind::(A,B,C,D,E,F,G,H,I,J,K,L,M,N) (line 136) ... ok
[INFO] [stdout] test src/bind.rs - bind::(A,B,C,D,E,F,G,H,I,J,K,L,M,N,O) (line 136) ... ok
[INFO] [stdout] test src/bind.rs - bind::(A,B,C,D,E,F,G,H,I,J) (line 136) ... ok
[INFO] [stdout] test src/bind.rs - bind::&'_T (line 54) ... ok
[INFO] [stdout] test src/bind_value/alloc.rs - bind_value::alloc::Box<T> (line 207) ... ok
[INFO] [stdout] test src/bind_value/alloc.rs - bind_value::alloc::Box<T> (line 173) ... ok
[INFO] [stdout] test src/bind.rs - bind::Bind (line 14) ... ok
[INFO] [stdout] test src/bind_value/alloc.rs - bind_value::alloc::String (line 85) ... ok
[INFO] [stdout] test src/bind_value/alloc.rs - bind_value::alloc::Box<T> (line 146) ... ok
[INFO] [stdout] test src/bind_value/alloc.rs - bind_value::alloc::Vec<u8> (line 13) ... ok
[INFO] [stdout] test src/bind_value/mod.rs - bind_value::Null (line 110) ... ok
[INFO] [stdout] test src/bind_value/mod.rs - bind_value::BindValue::bind_value (line 26) ... ok
[INFO] [stdout] test src/bind_value/alloc.rs - bind_value::alloc::Vec<u8> (line 48) ... ok
[INFO] [stdout] test src/bind_value/mod.rs - bind_value::Option<T> (line 1178) ... ok
[INFO] [stdout] test src/bind_value/mod.rs - bind_value::Null (line 75) ... ok
[INFO] [stdout] test src/bind_value/alloc.rs - bind_value::alloc::Box<T> (line 234) ... ok
[INFO] [stdout] test src/bind_value/mod.rs - bind_value::FixedBlob<N> (line 328) ... ok
[INFO] [stdout] test src/bind_value/alloc.rs - bind_value::alloc::String (line 114) ... ok
[INFO] [stdout] test src/bind_value/mod.rs - bind_value::Value<'_> (line 140) ... ok
[INFO] [stdout] test src/bind_value/mod.rs - bind_value::FixedBlob<N> (line 293) ... ok
[INFO] [stdout] test src/bind_value/mod.rs - bind_value::[u8;N] (line 400) ... ok
[INFO] [stdout] test src/bind_value/mod.rs - bind_value::FixedText<N> (line 1115) ... ok
[INFO] [stdout] test src/bind_value/mod.rs - bind_value::Text (line 1024) ... ok
[INFO] [stdout] test src/bind_value/mod.rs - bind_value::Text (line 1076) ... ok
[INFO] [stdout] test src/bind_value/mod.rs - bind_value::FixedText<N> (line 1143) ... ok
[INFO] [stdout] test src/bind_value/mod.rs - bind_value::[u8;N] (line 365) ... ok
[INFO] [stdout] test src/bind_value/mod.rs - bind_value::Value<'_> (line 175) ... ok
[INFO] [stdout] test src/bind_value/mod.rs - bind_value::Option<T> (line 1209) ... ok
[INFO] [stdout] test src/bind_value/mod.rs - bind_value::[u8] (line 206) ... ok
[INFO] [stdout] test src/bind_value/mod.rs - bind_value::Option<T> (line 1277) ... ok
[INFO] [stdout] test src/bind_value/mod.rs - bind_value::f32 (line 565) ... ok
[INFO] [stdout] test src/bind_value/mod.rs - bind_value::[u8] (line 256) ... ok
[INFO] [stdout] test src/bind_value/mod.rs - bind_value::bool (line 724) ... ok
[INFO] [stdout] test src/bind_value/mod.rs - bind_value::Option<T> (line 1256) ... ok
[INFO] [stdout] test src/bind_value/mod.rs - bind_value::f32 (line 522) ... ok
[INFO] [stdout] test src/bind_value/mod.rs - bind_value::i128 (line 861) ... ok
[INFO] [stdout] test src/bind_value/mod.rs - bind_value::bool (line 684) ... ok
[INFO] [stdout] test src/bind_value/mod.rs - bind_value::i16 (line 761) ... ok
[INFO] [stdout] test src/bind_value/mod.rs - bind_value::i128 (line 807) ... ok
[INFO] [stdout] test src/bind_value/mod.rs - bind_value::i128 (line 826) ... ok
[INFO] [stdout] test src/bind_value/mod.rs - bind_value::i128 (line 882) ... ok
[INFO] [stdout] test src/bind_value/mod.rs - bind_value::i64 (line 601) ... ok
[INFO] [stdout] test src/bind_value/mod.rs - bind_value::i64 (line 647) ... ok
[INFO] [stdout] test src/bind_value/mod.rs - bind_value::i32 (line 761) ... ok
[INFO] [stdout] test src/bind_value/mod.rs - bind_value::str (line 960) ... ok
[INFO] [stdout] test src/bind_value/mod.rs - bind_value::i8 (line 761) ... ok
[INFO] [stdout] test src/bind_value/mod.rs - bind_value::f64 (line 489) ... ok
[INFO] [stdout] test src/bind_value/mod.rs - bind_value::u128 (line 826) ... ok
[INFO] [stdout] test src/bind_value/mod.rs - bind_value::f64 (line 443) ... ok
[INFO] [stdout] test src/bind_value/mod.rs - bind_value::isize (line 761) ... ok
[INFO] [stdout] test src/bind_value/mod.rs - bind_value::u128 (line 882) ... ok
[INFO] [stdout] test src/bind_value/mod.rs - bind_value::str (line 989) ... ok
[INFO] [stdout] test src/bind_value/mod.rs - bind_value::u32 (line 761) ... ok
[INFO] [stdout] test src/bind_value/mod.rs - bind_value::u128 (line 807) ... ok
[INFO] [stdout] test src/bind_value/mod.rs - bind_value::u16 (line 761) ... ok
[INFO] [stdout] test src/connection.rs - connection::Connection (line 73) - compile ... ok
[INFO] [stdout] test src/bind_value/mod.rs - bind_value::u64 (line 861) ... ok
[INFO] [stdout] test src/bind_value/mod.rs - bind_value::str (line 935) ... ok
[INFO] [stdout] test src/bind_value/mod.rs - bind_value::usize (line 861) ... ok
[INFO] [stdout] test src/bind_value/mod.rs - bind_value::u128 (line 861) ... ok
[INFO] [stdout] test src/bind_value/mod.rs - bind_value::usize (line 826) ... ok
[INFO] [stdout] test src/bind_value/mod.rs - bind_value::u64 (line 826) ... ok
[INFO] [stdout] test src/connection.rs - connection::Connection::changes (line 805) ... ok
[INFO] [stdout] test src/bind_value/mod.rs - bind_value::u64 (line 807) ... ok
[INFO] [stdout] test src/bind_value/mod.rs - bind_value::usize (line 807) ... ok
[INFO] [stdout] test src/code.rs - code::Code::base (line 32) ... ok
[INFO] [stdout] test src/connection.rs - connection::Connection::busy_handler (line 948) ... ok
[INFO] [stdout] test src/bind_value/mod.rs - bind_value::u8 (line 761) ... ok
[INFO] [stdout] test src/connection.rs - connection::Connection::database_read_only (line 376) ... ok
[INFO] [stdout] test src/connection.rs - connection::Connection::execute (line 414) ... ok
[INFO] [stdout] test src/bind_value/mod.rs - bind_value::usize (line 882) ... ok
[INFO] [stdout] test src/connection.rs - connection::Connection (line 86) ... ok
[INFO] [stdout] test src/connection.rs - connection::Connection::error_message (line 547) ... ok
[INFO] [stdout] test src/connection.rs - connection::Connection::busy_timeout (line 1039) ... ok
[INFO] [stdout] test src/bind_value/mod.rs - bind_value::u64 (line 882) ... ok
[INFO] [stdout] test src/connection.rs - connection::Connection::extended_result_codes (line 500) ... ok
[INFO] [stdout] test src/connection.rs - connection::Connection::clear_busy_handler (line 1000) ... ok
[INFO] [stdout] test src/connection.rs - connection::Connection::prepare_with (line 651) ... ok
[INFO] [stdout] test src/connection.rs - connection::Connection::open (line 291) ... ok
[INFO] [stdout] test src/connection.rs - connection::Connection::serialize_no_copy (line 1159) ... ok
[INFO] [stdout] test src/connection.rs - connection::Connection::execute (line 426) ... ok
[INFO] [stdout] test src/connection.rs - connection::Connection::prepare (line 586) ... ok
[INFO] [stdout] test src/connection.rs - connection::Connection::prepare_with (line 669) ... ok
[INFO] [stdout] test src/connection.rs - connection::Connection::deserialize (line 1230) ... ok
[INFO] [stdout] test src/connection.rs - connection::Connection::total_changes (line 830) ... ok
[INFO] [stdout] test src/connection.rs - connection::Connection::serialize (line 1079) ... ok
[INFO] [stdout] test src/connection.rs - connection::Connection::open_c_str (line 325) ... ok
[INFO] [stdout] test src/connection.rs - connection::Connection::last_insert_rowid (line 885) ... ok
[INFO] [stdout] test src/connection.rs - connection::Connection::open_in_memory (line 352) ... ok
[INFO] [stdout] test src/connection.rs - connection::Connection::into_send (line 140) ... ok
[INFO] [stdout] test src/connection.rs - connection::Connection::prepare (line 606) ... ok
[INFO] [stdout] test src/connection.rs - connection::Connection::last_insert_rowid (line 858) ... ok
[INFO] [stdout] test src/fixed_blob.rs - fixed_blob::FixedBlob<N> (line 249) ... ok
[INFO] [stdout] test src/error.rs - error::CapacityError (line 152) ... ok
[INFO] [stdout] test src/fixed_blob.rs - fixed_blob::FixedBlob<N> (line 209) ... ok
[INFO] [stdout] test src/fixed_blob.rs - fixed_blob::FixedBlob<N> (line 172) ... ok
[INFO] [stdout] test src/fixed_blob.rs - fixed_blob::FixedBlob<N> (line 316) ... ok
[INFO] [stdout] test src/fixed_blob.rs - fixed_blob::FixedBlob<N> (line 226) ... ok
[INFO] [stdout] test src/fixed_blob.rs - fixed_blob::FixedBlob<N> (line 354) ... ok
[INFO] [stdout] test src/connection.rs - connection::PrepareWith<'_,S>::persistent (line 1413) ... ok
[INFO] [stdout] test src/connection.rs - connection::PrepareWith<'_,S>::with_flags (line 1385) ... ok
[INFO] [stdout] test src/fixed_blob.rs - fixed_blob::FixedBlob<N> (line 192) ... ok
[INFO] [stdout] test src/fixed_blob.rs - fixed_blob::FixedBlob<N> (line 371) ... ok
[INFO] [stdout] test src/fixed_text.rs - fixed_text::FixedText<N> (line 142) ... ok
[INFO] [stdout] test src/fixed_blob.rs - fixed_blob::FixedBlob<N>::from_array (line 66) ... ok
[INFO] [stdout] test src/fixed_blob.rs - fixed_blob::FixedBlob<N> (line 267) ... ok
[INFO] [stdout] test src/fixed_blob.rs - fixed_blob::FixedBlob<N>::new (line 46) ... ok
[INFO] [stdout] test src/fixed_blob.rs - fixed_blob::FixedBlob<N> (line 337) ... ok
[INFO] [stdout] test src/fixed_text.rs - fixed_text::FixedText<N> (line 122) ... ok
[INFO] [stdout] test src/fixed_blob.rs - fixed_blob::FixedBlob<N> (line 288) ... ok
[INFO] [stdout] test src/fixed_blob.rs - fixed_blob::FixedBlob<N>::into_bytes (line 102) ... ok
[INFO] [stdout] test src/fixed_blob.rs - fixed_blob::FixedBlob<N>::as_slice (line 138) ... ok
[INFO] [stdout] test src/fixed_text.rs - fixed_text::FixedText (line 14) ... ok
[INFO] [stdout] test src/fixed_text.rs - fixed_text::FixedText<N> (line 102) ... ok
[INFO] [stdout] test src/fixed_text.rs - fixed_text::FixedText<N> (line 163) ... ok
[INFO] [stdout] test src/fixed_blob.rs - fixed_blob::FixedBlob (line 16) ... ok
[INFO] [stdout] test src/fixed_text.rs - fixed_text::FixedText<N> (line 249) ... ok
[INFO] [stdout] test src/fixed_text.rs - fixed_text::FixedText<N> (line 359) ... ok
[INFO] [stdout] test src/fixed_text.rs - fixed_text::FixedText<N> (line 270) ... ok
[INFO] [stdout] test src/fixed_text.rs - fixed_text::FixedText<N>::from_inner (line 58) ... ok
[INFO] [stdout] test src/fixed_text.rs - fixed_text::FixedText<N> (line 397) ... ok
[INFO] [stdout] test src/fixed_text.rs - fixed_text::FixedText<N> (line 340) ... ok
[INFO] [stdout] test src/fixed_text.rs - fixed_text::FixedText<N> (line 319) ... ok
[INFO] [stdout] test src/fixed_text.rs - fixed_text::FixedText<N> (line 379) ... ok
[INFO] [stdout] test src/fixed_text.rs - fixed_text::FixedText<N> (line 182) ... ok
[INFO] [stdout] test src/fixed_text.rs - fixed_text::FixedText<N> (line 228) ... ok
[INFO] [stdout] test src/fixed_text.rs - fixed_text::FixedText<N>::new (line 41) ... ok
[INFO] [stdout] test src/fixed_text.rs - fixed_text::FixedText<N> (line 291) ... ok
[INFO] [stdout] test src/from_column/alloc.rs - from_column::alloc::Vec<u8> (line 92) ... ok
[INFO] [stdout] test src/fixed_text.rs - fixed_text::FixedText<N> (line 206) ... ok
[INFO] [stdout] test src/from_column/alloc.rs - from_column::alloc::String (line 16) ... ok
[INFO] [stdout] test src/fixed_text.rs - fixed_text::FixedText<N>::as_text (line 74) ... ok
[INFO] [stdout] test src/from_column/mod.rs - from_column::&'stmt[u8] (line 698) ... ok
[INFO] [stdout] test src/from_column/alloc.rs - from_column::alloc::String (line 37) ... ok
[INFO] [stdout] test src/from_column/mod.rs - from_column::&'stmt[u8] (line 719) ... ok
[INFO] [stdout] test src/from_column/mod.rs - from_column::&'stmtstr (line 668) ... ok
[INFO] [stdout] test src/from_column/alloc.rs - from_column::alloc::Vec<u8> (line 71) ... ok
[INFO] [stdout] test src/connection.rs - connection::Connection::into_send (line 188) ... ok
[INFO] [stdout] test src/from_column/mod.rs - from_column::&'stmtstr (line 647) ... ok
[INFO] [stdout] test src/from_column/mod.rs - from_column::&'stmtText (line 617) ... ok
[INFO] [stdout] test src/from_column/mod.rs - from_column::FixedText<N> (line 864) ... ok
[INFO] [stdout] test src/from_column/mod.rs - from_column::FromColumn::from_column (line 105) ... ok
[INFO] [stdout] test src/from_column/mod.rs - from_column::FixedBlob<N> (line 819) ... ok
[INFO] [stdout] test src/from_column/mod.rs - from_column::Option<T> (line 905) ... ok
[INFO] [stdout] test src/from_column/mod.rs - from_column::&'stmtText (line 596) ... ok
[INFO] [stdout] test src/from_column/mod.rs - from_column::FromColumn (line 39) ... ok
[INFO] [stdout] test src/from_column/mod.rs - from_column::[u8;N] (line 771) ... ok
[INFO] [stdout] test src/from_column/mod.rs - from_column::Value<'stmt> (line 172) ... ok
[INFO] [stdout] test src/from_column/mod.rs - from_column::i16 (line 504) ... ok
[INFO] [stdout] test src/from_column/mod.rs - from_column::[u8;N] (line 751) ... ok
[INFO] [stdout] test src/from_column/mod.rs - from_column::f64 (line 214) ... ok
[INFO] [stdout] test src/from_column/mod.rs - from_column::bool (line 331) ... ok
[INFO] [stdout] test src/from_column/mod.rs - from_column::f32 (line 291) ... ok
[INFO] [stdout] test src/from_column/mod.rs - from_column::i128 (line 443) ... ok
[INFO] [stdout] test src/from_column/mod.rs - from_column::i16 (line 546) ... ok
[INFO] [stdout] test src/from_column/mod.rs - from_column::i128 (line 464) ... ok
[INFO] [stdout] test src/from_column/mod.rs - from_column::f32 (line 270) ... ok
[INFO] [stdout] test src/from_column/mod.rs - from_column::Null (line 142) ... ok
[INFO] [stdout] test src/from_column/mod.rs - from_column::bool (line 350) ... ok
[INFO] [stdout] test src/from_column/mod.rs - from_column::i64 (line 409) ... ok
[INFO] [stdout] test src/from_column/mod.rs - from_column::i16 (line 525) ... ok
[INFO] [stdout] test src/from_column/mod.rs - from_column::f64 (line 235) ... ok
[INFO] [stdout] test src/from_column/mod.rs - from_column::i32 (line 525) ... ok
[INFO] [stdout] test src/from_column/mod.rs - from_column::i32 (line 504) ... ok
[INFO] [stdout] test src/from_column/mod.rs - from_column::u16 (line 504) ... ok
[INFO] [stdout] test src/from_column/mod.rs - from_column::i64 (line 388) ... ok
[INFO] [stdout] test src/from_column/mod.rs - from_column::i8 (line 546) ... ok
[INFO] [stdout] test src/from_column/mod.rs - from_column::u16 (line 546) ... ok
[INFO] [stdout] test src/from_column/mod.rs - from_column::u16 (line 525) ... ok
[INFO] [stdout] test src/from_column/mod.rs - from_column::i8 (line 504) ... ok
[INFO] [stdout] test src/from_column/mod.rs - from_column::i32 (line 546) ... ok
[INFO] [stdout] test src/from_column/mod.rs - from_column::u128 (line 504) ... ok
[INFO] [stdout] test src/from_column/mod.rs - from_column::i8 (line 525) ... ok
[INFO] [stdout] test src/from_column/mod.rs - from_column::u128 (line 525) ... ok
[INFO] [stdout] test src/from_column/mod.rs - from_column::u128 (line 546) ... ok
[INFO] [stdout] test src/from_column/mod.rs - from_column::u32 (line 525) ... ok
[INFO] [stdout] test src/from_column/mod.rs - from_column::u64 (line 504) ... ok
[INFO] [stdout] test src/from_column/mod.rs - from_column::u64 (line 546) ... ok
[INFO] [stdout] test src/from_column/mod.rs - from_column::u32 (line 546) ... ok
[INFO] [stdout] test src/from_unsized_column.rs - from_unsized_column::FromUnsizedColumn::from_unsized_column (line 49) ... ok
[INFO] [stdout] test src/from_column/mod.rs - from_column::u32 (line 504) ... ok
[INFO] [stdout] test src/from_unsized_column.rs - from_unsized_column::str (line 186) ... ok
[INFO] [stdout] test src/from_unsized_column.rs - from_unsized_column::[u8] (line 231) ... ok
[INFO] [stdout] test src/lib.rs - (line 155) ... ok
[INFO] [stdout] test src/from_column/mod.rs - from_column::u8 (line 504) ... ok
[INFO] [stdout] test src/lib.rs - (line 74) ... ok
[INFO] [stdout] test src/from_column/mod.rs - from_column::u8 (line 525) ... ok
[INFO] [stdout] test src/from_unsized_column.rs - from_unsized_column::Text (line 102) ... ok
[INFO] [stdout] test src/from_unsized_column.rs - from_unsized_column::[u8] (line 253) ... ok
[INFO] [stdout] test src/from_column/mod.rs - from_column::u64 (line 525) ... ok
[INFO] [stdout] test src/from_unsized_column.rs - from_unsized_column::Text (line 127) ... ok
[INFO] [stdout] test src/from_unsized_column.rs - from_unsized_column::str (line 164) ... ok
[INFO] [stdout] test src/lib.rs - (line 108) ... ok
[INFO] [stdout] test src/lib.rs - Row (line 664) - compile fail ... ok
[INFO] [stdout] test src/from_column/mod.rs - from_column::u8 (line 546) ... ok
[INFO] [stdout] test src/lib.rs - (line 46) ... ok
[INFO] [stdout] test src/lib.rs - Statements (line 746) - compile ... ok
[INFO] [stdout] test src/lib.rs - Statements (line 713) - compile ... ok
[INFO] [stdout] test src/lib.rs - Row (line 634) ... ok
[INFO] [stdout] test src/lib.rs - Bind (line 406) ... ok
[INFO] [stdout] test src/lib.rs - Bind (line 430) ... ok
[INFO] [stdout] test src/lib.rs - Statements (line 775) - compile fail ... ok
[INFO] [stdout] test src/lib.rs - Row (line 612) ... ok
[INFO] [stdout] test src/lib.rs - Bind (line 452) ... ok
[INFO] [stdout] test src/lib.rs - Row (line 568) ... ok
[INFO] [stdout] test src/open_options.rs - open_options::OpenOptions (line 75) ... ok
[INFO] [stdout] test src/open_options.rs - open_options::OpenOptions::create (line 244) ... ok
[INFO] [stdout] test src/open_options.rs - open_options::OpenOptions::empty (line 150) ... ok
[INFO] [stdout] test src/open_options.rs - open_options::OpenOptions::extended_result_codes (line 454) ... ok
[INFO] [stdout] test src/lib.rs - Bind (line 523) ... ok
[INFO] [stdout] test src/lib.rs - Bind (line 487) ... ok
[INFO] [stdout] test src/open_options.rs - open_options::OpenOptions::read_only (line 172) ... ok
[INFO] [stdout] test src/open_options.rs - open_options::OpenOptions::no_mutex_unchecked (line 370) ... ok
[INFO] [stdout] test src/owned_bytes.rs - owned_bytes::OwnedBytes::is_empty (line 109) ... ok
[INFO] [stdout] test src/open_options.rs - open_options::OpenOptions::create (line 223) ... ok
[INFO] [stdout] test src/open_options.rs - open_options::OpenOptions::read_write (line 199) ... ok
[INFO] [stdout] test src/owned_bytes.rs - owned_bytes::OwnedBytes::extend_from_slice (line 128) ... ok
[INFO] [stdout] test src/pool.rs - pool::Pool (line 417) - compile ... ok
[INFO] [stdout] test src/open_options.rs - open_options::OpenOptions::memory (line 296) ... ok
[INFO] [stdout] test src/owned_bytes.rs - owned_bytes::OwnedBytes::with_capacity (line 65) ... ok
[INFO] [stdout] test src/open_options.rs - open_options::OpenOptions::no_mutex (line 334) ... ok
[INFO] [stdout] test src/owned_bytes.rs - owned_bytes::OwnedBytes::len (line 86) ... ok
[INFO] [stdout] test src/owned_bytes.rs - owned_bytes::OwnedBytes::capacity (line 164) ... ok
[INFO] [stdout] test src/owned_bytes.rs - owned_bytes::OwnedBytes::new (line 45) ... ok
[INFO] [stdout] test src/open_options.rs - open_options::OpenOptions::full_mutex (line 405) ... ok
[INFO] [stdout] test src/open_options.rs - open_options::OpenOptions::uri (line 274) ... ok
[INFO] [stdout] test src/open_options.rs - open_options::OpenOptions::new (line 124) ... ok
[INFO] [stdout] test src/row.rs - row::(A,B,C,D,E) (line 190) ... ok
[INFO] [stdout] test src/row.rs - row::() (line 156) ... ok
[INFO] [stdout] test src/row.rs - row::(A,B) (line 190) ... ok
[INFO] [stdout] test src/row.rs - row::(A,B,C,D) (line 190) ... ok
[INFO] [stdout] test src/row.rs - row::(A,B,C,D,E,F) (line 190) ... ok
[INFO] [stdout] test src/row.rs - row::(A,B,C,D,E,F,G,H) (line 190) ... ok
[INFO] [stdout] test src/row.rs - row::(A,B,C) (line 190) ... ok
[INFO] [stdout] test src/row.rs - row::(A,) (line 190) ... ok
[INFO] [stdout] test src/row.rs - row::(A,B,C,D,E,F,G,H,I) (line 190) ... ok
[INFO] [stdout] test src/row.rs - row::(A,B,C,D,E,F,G,H,I,J) (line 190) ... ok
[INFO] [stdout] test src/statement.rs - statement::State::is_row (line 115) ... ok
[INFO] [stdout] test src/statement.rs - statement::Null (line 46) ... ok
[INFO] [stdout] test src/statement.rs - statement::State::is_done (line 93) ... ok
[INFO] [stdout] test src/row.rs - row::(A,B,C,D,E,F,G,H,I,J,K,L,M,N,O) (line 190) ... ok
[INFO] [stdout] test src/row.rs - row::(A,B,C,D,E,F,G,H,I,J,K) (line 190) ... ok
[INFO] [stdout] test src/row.rs - row::(A,B,C,D,E,F,G) (line 190) ... ok
[INFO] [stdout] test src/row.rs - row::Row (line 88) ... ok
[INFO] [stdout] test src/row.rs - row::(A,B,C,D,E,F,G,H,I,J,K,L,M) (line 190) ... ok
[INFO] [stdout] test src/row.rs - row::(A,B,C,D,E,F,G,H,I,J,K,L,M,N) (line 190) ... ok
[INFO] [stdout] test src/statement.rs - statement::Null (line 28) ... ok
[INFO] [stdout] test src/row.rs - row::Row (line 29) ... ok
[INFO] [stdout] test src/row.rs - row::Row (line 51) ... ok
[INFO] [stdout] test src/row.rs - row::(A,B,C,D,E,F,G,H,I,J,K,L) (line 190) ... ok
[INFO] [stdout] test src/statement.rs - statement::Statement (line 193) ... ok
[INFO] [stdout] test src/statement.rs - statement::Statement::bind_value (line 987) ... ok
[INFO] [stdout] test src/statement.rs - statement::Statement::bind (line 923) ... ok
[INFO] [stdout] test src/statement.rs - statement::Statement::bind_parameter_count (line 1046) ... ok
[INFO] [stdout] test src/statement.rs - statement::Statement::clear_bindings (line 857) ... ok
[INFO] [stdout] test src/statement.rs - statement::Statement::column_name (line 1131) ... ok
[INFO] [stdout] test src/statement.rs - statement::Statement::bind_value (line 970) ... ok
[INFO] [stdout] test src/statement.rs - statement::Statement::bind_parameter_index (line 1016) ... ok
[INFO] [stdout] test src/statement.rs - statement::Statement::column_name (line 1150) ... ok
[INFO] [stdout] test src/statement.rs - statement::Statement::into_iter (line 741) ... ok
[INFO] [stdout] test src/statement.rs - statement::Statement::next (line 445) - compile fail ... ok
[INFO] [stdout] test src/statement.rs - statement::Statement::bind_parameter_name (line 1352) ... ok
[INFO] [stdout] test src/statement.rs - statement::Statement::column_count (line 1085) ... ok
[INFO] [stdout] test src/statement.rs - statement::Statement::is_read_only (line 1196) ... ok
[INFO] [stdout] test src/statement.rs - statement::Statement::column_type (line 1312) ... ok
[INFO] [stdout] test src/statement.rs - statement::Statement::reset (line 803) ... ok
[INFO] [stdout] test src/text.rs - text::Text (line 158) ... ok
[INFO] [stdout] test src/statement.rs - statement::Statement::column (line 1422) ... ok
[INFO] [stdout] test src/statement.rs - statement::Statement::columns (line 1224) ... ok
[INFO] [stdout] test src/statement.rs - statement::Statement::column_names (line 1270) ... ok
[INFO] [stdout] test src/statement.rs - statement::Statement::execute (line 639) ... ok
[INFO] [stdout] test src/statement.rs - statement::Statement::unsized_column (line 1476) ... ok
[INFO] [stdout] test src/statement.rs - statement::Statement::into_send (line 277) ... ok
[INFO] [stdout] test src/text.rs - text::Text (line 179) ... ok
[INFO] [stdout] test src/text.rs - text::Text (line 193) ... ok
[INFO] [stdout] test src/statement.rs - statement::Statement::row (line 1384) ... ok
[INFO] [stdout] test src/statement.rs - statement::Statement::next (line 474) ... ok
[INFO] [stdout] test src/statement.rs - statement::Statement::step (line 548) ... ok
[INFO] [stdout] test src/text.rs - text::Text (line 236) ... ok
[INFO] [stdout] test src/statement.rs - statement::Statement::step (line 579) ... ok
[INFO] [stdout] test src/text.rs - text::Text (line 376) ... ok
[INFO] [stdout] test src/text.rs - text::Text (line 255) ... ok
[INFO] [stdout] test src/statement.rs - statement::Statement::into_send (line 319) ... ok
[INFO] [stdout] test src/text.rs - text::Text (line 357) ... ok
[INFO] [stdout] test src/statement.rs - statement::Statement::iter (line 684) ... ok
[INFO] [stdout] test src/text.rs - text::Text (line 301) ... ok
[INFO] [stdout] test src/text.rs - text::Text (line 337) ... ok
[INFO] [stdout] test src/text.rs - text::Text::as_bytes (line 120) ... ok
[INFO] [stdout] test src/text.rs - text::Text (line 282) ... ok
[INFO] [stdout] test src/text.rs - text::Text::new (line 88) ... ok
[INFO] [stdout] test src/text.rs - text::Text::from_bytes (line 105) ... ok
[INFO] [stdout] test src/text.rs - text::Text (line 405) ... ok
[INFO] [stdout] test src/text.rs - text::Text::to_str (line 137) ... ok
[INFO] [stdout] test src/text.rs - text::Text (line 212) ... ok
[INFO] [stdout] test src/ty/not_null.rs - ty::not_null::Blob (line 223) ... ok
[INFO] [stdout] test src/ty/not_null.rs - ty::not_null::Float (line 156) ... ok
[INFO] [stdout] test src/text.rs - text::str (line 319) ... ok
[INFO] [stdout] test src/ty/not_null.rs - ty::not_null::Any (line 98) ... ok
[INFO] [stdout] test src/ty/not_null.rs - ty::not_null::Any (line 107) ... ok
[INFO] [stdout] test src/ty/not_null.rs - ty::not_null::Text (line 185) ... ok
[INFO] [stdout] test src/ty.rs - ty (line 12) ... ok
[INFO] [stdout] test src/ty/not_null.rs - ty::not_null::Integer (line 127) ... ok
[INFO] [stdout] test src/ty/not_null.rs - ty::not_null::Blob (line 214) ... ok
[INFO] [stdout] test src/ty/not_null.rs - ty::not_null::Text (line 194) ... ok
[INFO] [stdout] test src/ty/ty.rs - ty::ty::Float (line 363) ... ok
[INFO] [stdout] test src/text.rs - text::Text (line 45) ... ok
[INFO] [stdout] test src/ty/ty.rs - ty::ty::Nullable (line 667) - compile fail ... ok
[INFO] [stdout] test src/ty/not_null.rs - ty::not_null::Integer (line 136) ... ok
[INFO] [stdout] test src/ty/ty.rs - ty::ty::Any (line 76) ... ok
[INFO] [stdout] test src/ty/ty.rs - ty::ty::Nullable (line 658) ... ok
[INFO] [stdout] test src/ty/ty.rs - ty::ty::Any (line 131) ... ok
[INFO] [stdout] test src/ty/ty.rs - ty::ty::Float (line 327) ... ok
[INFO] [stdout] test src/ty/not_null.rs - ty::not_null::Float (line 165) ... ok
[INFO] [stdout] test src/ty/ty.rs - ty::ty::Null (line 190) ... ok
[INFO] [stdout] test src/ty/ty.rs - ty::ty::Blob (line 598) ... ok
[INFO] [stdout] test src/ty/ty.rs - ty::ty::Blob (line 537) ... ok
[INFO] [stdout] test src/ty/ty.rs - ty::ty::Nullable (line 677) ... ok
[INFO] [stdout] test src/ty/not_null.rs - ty::not_null::NotNull (line 58) ... ok
[INFO] [stdout] test src/ty/not_null.rs - ty::not_null::NotNull (line 25) ... ok
[INFO] [stdout] test src/ty/ty.rs - ty::ty::Integer (line 239) ... ok
[INFO] [stdout] test src/ty/ty.rs - ty::ty::Text (line 410) ... ok
[INFO] [stdout] test src/ty/ty.rs - ty::ty::Integer (line 276) ... ok
[INFO] [stdout] test src/value.rs - value::Value<'stmt>::as_blob (line 209) ... ok
[INFO] [stdout] test src/value.rs - value::Value<'stmt>::as_float (line 168) ... ok
[INFO] [stdout] test src/value.rs - value::Value<'stmt>::as_text (line 187) ... ok
[INFO] [stdout] test src/typed.rs - typed::BoundStatement (line 265) ... ok
[INFO] [stdout] test src/typed.rs - typed::TypedStatement<I,O>::bind (line 127) ... ok
[INFO] [stdout] test src/typed.rs - typed::TypedStatement (line 29) ... ok
[INFO] [stdout] test src/value.rs - value::Value (line 9) ... FAILED
[INFO] [stdout] test src/value.rs - value::Value<'_> (line 269) ... FAILED
[INFO] [stdout] test src/typed.rs - typed::BoundStatement<'_,I,O>::first (line 312) ... FAILED
[INFO] [stdout] test src/value.rs - value::Value<'stmt>::as_integer (line 149) ... FAILED
[INFO] [stdout] test src/value.rs - value::Value (line 31) ... FAILED
[INFO] [stdout] test src/value_type.rs - value_type::ValueType::FLOAT (line 89) ... FAILED
[INFO] [stdout] test src/ty/ty.rs - ty::ty::Text (line 471) ... FAILED
[INFO] [stdout] test src/value.rs - value::Value<'stmt>::float (line 93) ... FAILED
[INFO] [stdout] test src/typed.rs - typed::TypedStatement<I,()>::execute (line 75) ... FAILED
[INFO] [stdout] test src/typed.rs - typed::BoundStatement<'_,I,O>::reset (line 414) ... FAILED
[INFO] [stdout] test src/value.rs - value::Value<'stmt>::text (line 109) ... FAILED
[INFO] [stdout] test src/value_type.rs - value_type::ValueType (line 201) ... FAILED
[INFO] [stdout] test src/value.rs - value::Value<'stmt>::integer (line 76) ... FAILED
[INFO] [stdout] test src/value.rs - value::Value<'stmt>::column_type (line 228) ... FAILED
[INFO] [stdout] test src/value_type.rs - value_type::ValueType::BLOB (line 150) ... FAILED
[INFO] [stdout] test src/typed.rs - typed::BoundStatement<'_,I,O>::next (line 365) ... FAILED
[INFO] [stdout] test src/value_type.rs - value_type::ValueType::TEXT (line 120) ... FAILED
[INFO] [stdout] test src/version.rs - version::lib_version (line 12) ... FAILED
[INFO] [stdout] test src/version.rs - version::lib_version_number (line 34) ... FAILED
[INFO] [stdout] test src/value_type.rs - value_type::ValueType::NULL (line 175) ... FAILED
[INFO] [stdout] test src/value.rs - value::Value<'stmt>::blob (line 132) ... FAILED
[INFO] [stdout] test src/ty/ty.rs - ty::ty::Nullable<T> (line 719) ... FAILED
[INFO] [stdout] test src/value_type.rs - value_type::ValueType (line 19) ... FAILED
[INFO] [stdout] test src/value_type.rs - value_type::ValueType::INTEGER (line 59) ... FAILED
[INFO] [stdout] 
[INFO] [stdout] failures:
[INFO] [stdout] 
[INFO] [stdout] ---- src/value.rs - value::Value (line 9) stdout ----
[INFO] [stdout] rustc-LLVM ERROR: IO failure on output stream: No space left on device
[INFO] [stdout] Couldn't compile the test.
[INFO] [stdout] ---- src/value.rs - value::Value<'_> (line 269) stdout ----
[INFO] [stdout] error: linking with `cc` failed: exit status: 1
[INFO] [stdout]   |
[INFO] [stdout]   = note:  "cc" "-m64" "/tmp/rustdoctestex10BU/rustcJ8UfiE/symbols.o" "<2 object files omitted>" "-Wl,--as-needed" "-Wl,-Bstatic" "/opt/rustwide/target/release/build/sqll/561c8c0ce1374802/out/libsqll-561c8c0ce1374802.rlib" "/opt/rustwide/target/release/build/tokio/72a22c2d193cce8a/out/libtokio-72a22c2d193cce8a.rlib" "/opt/rustwide/target/release/build/signal-hook-registry/e4a9764ff21d3abc/out/libsignal_hook_registry-e4a9764ff21d3abc.rlib" "/opt/rustwide/target/release/build/errno/4f9c146176600aa7/out/liberrno-4f9c146176600aa7.rlib" "/opt/rustwide/target/release/build/socket2/fe5468fb79b8252d/out/libsocket2-fe5468fb79b8252d.rlib" "/opt/rustwide/target/release/build/bytes/4eeb723b82a97eeb/out/libbytes-4eeb723b82a97eeb.rlib" "/opt/rustwide/target/release/build/mio/8a7d37a8f4f4fa6c/out/libmio-8a7d37a8f4f4fa6c.rlib" "/opt/rustwide/target/release/build/parking_lot/f5b79379fa4e8695/out/libparking_lot-f5b79379fa4e8695.rlib" "/opt/rustwide/target/release/build/parking_lot_core/840cb122efae3205/out/libparking_lot_core-840cb122efae3205.rlib" "/opt/rustwide/target/release/build/libc/9127009e093ab63a/out/liblibc-9127009e093ab63a.rlib" "/opt/rustwide/target/release/build/cfg-if/6d8dca19095bb388/out/libcfg_if-6d8dca19095bb388.rlib" "/opt/rustwide/target/release/build/smallvec/b3db98ac3a44e96a/out/libsmallvec-b3db98ac3a44e96a.rlib" "/opt/rustwide/target/release/build/lock_api/0c6a3406bef68330/out/liblock_api-0c6a3406bef68330.rlib" "/opt/rustwide/target/release/build/scopeguard/5f9373ec660020b4/out/libscopeguard-5f9373ec660020b4.rlib" "/opt/rustwide/target/release/build/pin-project-lite/9a89bb36c0c56875/out/libpin_project_lite-9a89bb36c0c56875.rlib" "/opt/rustwide/target/release/build/sqll-sys/b8733c44fb6daa84/out/libsqll_sys-b8733c44fb6daa84.rlib" "<sysroot>/lib/rustlib/x86_64-unknown-linux-gnu/lib/{libstd-*,libpanic_unwind-*,libobject-*,libmemchr-*,libaddr2line-*,libgimli-*,libcfg_if-*,librustc_demangle-*,libstd_detect-*,libhashbrown-*,librustc_std_workspace_alloc-*,libminiz_oxide-*,libadler2-*,libunwind-*,liblibc-*,librustc_std_workspace_core-*,liballoc-*,libcore-*,libcompiler_builtins-*}.rlib" "-Wl,-Bdynamic" "-lsqlite3" "-lgcc_s" "-lutil" "-lrt" "-lpthread" "-lm" "-ldl" "-lc" "-L" "/tmp/rustdoctestex10BU/rustcJ8UfiE/raw-dylibs" "-B<sysroot>/lib/rustlib/x86_64-unknown-linux-gnu/bin/gcc-ld" "-fuse-ld=lld" "-Wl,--eh-frame-hdr" "-Wl,-z,noexecstack" "-L" "/opt/rustwide/target/release/build/alloca/cec18601c844afb3/out" "-L" "/usr/lib/x86_64-linux-gnu" "-L" "<sysroot>/lib/rustlib/x86_64-unknown-linux-gnu/lib" "-o" "/tmp/rustdoctestex10BU/rust_out" "-Wl,--gc-sections" "-pie" "-Wl,-z,relro,-z,now" "-nodefaultlibs"
[INFO] [stdout]   = note: some arguments are omitted. use `--verbose` to show all linker arguments
[INFO] [stdout]   = note: PLEASE submit a bug report to https://github.com/llvm/llvm-project/issues/ and include the crash backtrace and instructions to reproduce the bug.
[INFO] [stdout]           Stack dump:
[INFO] [stdout]           0.	Program arguments: /opt/rustwide/rustup-home/toolchains/1.100.0-beta.1-x86_64-unknown-linux-gnu/lib/rustlib/x86_64-unknown-linux-gnu/bin/rust-lld -flavor gnu -plugin /usr/libexec/gcc/x86_64-linux-gnu/15/liblto_plugin.so -plugin-opt=/usr/libexec/gcc/x86_64-linux-gnu/15/lto-wrapper -plugin-opt=-fresolution=/tmp/ccU9tRCb.res --build-id --eh-frame-hdr -m elf_x86_64 --hash-style=gnu --as-needed -dynamic-linker /lib64/ld-linux-x86-64.so.2 -pie -z now -z relro -o /tmp/rustdoctestex10BU/rust_out /usr/lib/gcc/x86_64-linux-gnu/15/../../../x86_64-linux-gnu/Scrt1.o /usr/lib/gcc/x86_64-linux-gnu/15/../../../x86_64-linux-gnu/crti.o /usr/lib/gcc/x86_64-linux-gnu/15/crtbeginS.o -L/tmp/rustdoctestex10BU/rustcJ8UfiE/raw-dylibs -L/opt/rustwide/target/release/build/alloca/cec18601c844afb3/out -L/usr/lib/x86_64-linux-gnu -L/opt/rustwide/rustup-home/toolchains/1.100.0-beta.1-x86_64-unknown-linux-gnu/lib/rustlib/x86_64-unknown-linux-gnu/lib -L/opt/rustwide/rustup-home/toolchains/1.100.0-beta.1-x86_64-unknown-linux-gnu/lib/rustlib/x86_64-unknown-linux-gnu/bin/gcc-ld -L/usr/lib/gcc/x86_64-linux-gnu/15 -L/usr/lib/gcc/x86_64-linux-gnu/15/../../../x86_64-linux-gnu -L/usr/lib/gcc/x86_64-linux-gnu/15/../../../../lib -L/lib/x86_64-linux-gnu -L/lib/../lib -L/usr/lib/x86_64-linux-gnu -L/usr/lib/../lib -L/usr/lib/gcc/x86_64-linux-gnu/15/../../.. -L/lib -L/usr/lib /tmp/rustdoctestex10BU/rustcJ8UfiE/symbols.o /tmp/rustdoctestex10BU/rust_out.rust_out.72a830746f8703f-cgu.0.rcgu.o /tmp/rustdoctestex10BU/rust_out.37ocgjjgp60u5unioiqts7248.rcgu.o --as-needed -Bstatic /opt/rustwide/target/release/build/sqll/561c8c0ce1374802/out/libsqll-561c8c0ce1374802.rlib /opt/rustwide/target/release/build/tokio/72a22c2d193cce8a/out/libtokio-72a22c2d193cce8a.rlib /opt/rustwide/target/release/build/signal-hook-registry/e4a9764ff21d3abc/out/libsignal_hook_registry-e4a9764ff21d3abc.rlib /opt/rustwide/target/release/build/errno/4f9c146176600aa7/out/liberrno-4f9c146176600aa7.rlib /opt/rustwide/target/release/build/socket2/fe5468fb79b8252d/out/libsocket2-fe5468fb79b8252d.rlib /opt/rustwide/target/release/build/bytes/4eeb723b82a97eeb/out/libbytes-4eeb723b82a97eeb.rlib /opt/rustwide/target/release/build/mio/8a7d37a8f4f4fa6c/out/libmio-8a7d37a8f4f4fa6c.rlib /opt/rustwide/target/release/build/parking_lot/f5b79379fa4e8695/out/libparking_lot-f5b79379fa4e8695.rlib /opt/rustwide/target/release/build/parking_lot_core/840cb122efae3205/out/libparking_lot_core-840cb122efae3205.rlib /opt/rustwide/target/release/build/libc/9127009e093ab63a/out/liblibc-9127009e093ab63a.rlib /opt/rustwide/target/release/build/cfg-if/6d8dca19095bb388/out/libcfg_if-6d8dca19095bb388.rlib /opt/rustwide/target/release/build/smallvec/b3db98ac3a44e96a/out/libsmallvec-b3db98ac3a44e96a.rlib /opt/rustwide/target/release/build/lock_api/0c6a3406bef68330/out/liblock_api-0c6a3406bef68330.rlib /opt/rustwide/target/release/build/scopeguard/5f9373ec660020b4/out/libscopeguard-5f9373ec660020b4.rlib /opt/rustwide/target/release/build/pin-project-lite/9a89bb36c0c56875/out/libpin_project_lite-9a89bb36c0c56875.rlib /opt/rustwide/target/release/build/sqll-sys/b8733c44fb6daa84/out/libsqll_sys-b8733c44fb6daa84.rlib /opt/rustwide/rustup-home/toolchains/1.100.0-beta.1-x86_64-unknown-linux-gnu/lib/rustlib/x86_64-unknown-linux-gnu/lib/libstd-16b761440147d7a9.rlib /opt/rustwide/rustup-home/toolchains/1.100.0-beta.1-x86_64-unknown-linux-gnu/lib/rustlib/x86_64-unknown-linux-gnu/lib/libpanic_unwind-06193b1eb78e7f06.rlib /opt/rustwide/rustup-home/toolchains/1.100.0-beta.1-x86_64-unknown-linux-gnu/lib/rustlib/x86_64-unknown-linux-gnu/lib/libobject-e847c3c685ea1cb1.rlib /opt/rustwide/rustup-home/toolchains/1.100.0-beta.1-x86_64-unknown-linux-gnu/lib/rustlib/x86_64-unknown-linux-gnu/lib/libmemchr-3eada83694fea8ee.rlib /opt/rustwide/rustup-home/toolchains/1.100.0-beta.1-x86_64-unknown-linux-gnu/lib/rustlib/x86_64-unknown-linux-gnu/lib/libaddr2line-e45b7837cfecba90.rlib /opt/rustwide/rustup-home/toolchains/1.100.0-beta.1-x86_64-unknown-linux-gnu/lib/rustlib/x86_64-unknown-linux-gnu/lib/libgimli-4c083445e4f1b309.rlib /opt/rustwide/rustup-home/toolchains/1.100.0-beta.1-x86_64-unknown-linux-gnu/lib/rustlib/x86_64-unknown-linux-gnu/lib/libcfg_if-83b7517739385aef.rlib /opt/rustwide/rustup-home/toolchains/1.100.0-beta.1-x86_64-unknown-linux-gnu/lib/rustlib/x86_64-unknown-linux-gnu/lib/librustc_demangle-70c3dd8012ec456b.rlib /opt/rustwide/rustup-home/toolchains/1.100.0-beta.1-x86_64-unknown-linux-gnu/lib/rustlib/x86_64-unknown-linux-gnu/lib/libstd_detect-5a706e869bd20e53.rlib /opt/rustwide/rustup-home/toolchains/1.100.0-beta.1-x86_64-unknown-linux-gnu/lib/rustlib/x86_64-unknown-linux-gnu/lib/libhashbrown-57b195bafffbb164.rlib /opt/rustwide/rustup-home/toolchains/1.100.0-beta.1-x86_64-unknown-linux-gnu/lib/rustlib/x86_64-unknown-linux-gnu/lib/librustc_std_workspace_alloc-ecb8ab6a3d396b3b.rlib /opt/rustwide/rustup-home/toolchains/1.100.0-beta.1-x86_64-unknown-linux-gnu/lib/rustlib/x86_64-unknown-linux-gnu/lib/libminiz_oxide-619f92c70a6b31a2.rlib /opt/rustwide/rustup-home/toolchains/1.100.0-beta.1-x86_64-unknown-linux-gnu/lib/rustlib/x86_64-unknown-linux-gnu/lib/libadler2-54a12e18b9961a36.rlib /opt/rustwide/rustup-home/toolchains/1.100.0-beta.1-x86_64-unknown-linux-gnu/lib/rustlib/x86_64-unknown-linux-gnu/lib/libunwind-9e74ebf3d9efcd73.rlib /opt/rustwide/rustup-home/toolchains/1.100.0-beta.1-x86_64-unknown-linux-gnu/lib/rustlib/x86_64-unknown-linux-gnu/lib/liblibc-8d9db5923411ba8f.rlib /opt/rustwide/rustup-home/toolchains/1.100.0-beta.1-x86_64-unknown-linux-gnu/lib/rustlib/x86_64-unknown-linux-gnu/lib/librustc_std_workspace_core-5eb61dc46587de36.rlib /opt/rustwide/rustup-home/toolchains/1.100.0-beta.1-x86_64-unknown-linux-gnu/lib/rustlib/x86_64-unknown-linux-gnu/lib/liballoc-94062a2d23e2d4dc.rlib /opt/rustwide/rustup-home/toolchains/1.100.0-beta.1-x86_64-unknown-linux-gnu/lib/rustlib/x86_64-unknown-linux-gnu/lib/libcore-70b5e1f701379435.rlib /opt/rustwide/rustup-home/toolchains/1.100.0-beta.1-x86_64-unknown-linux-gnu/lib/rustlib/x86_64-unknown-linux-gnu/lib/libcompiler_builtins-2158ad85e468cc48.rlib -Bdynamic -lsqlite3 -lgcc_s -lutil -lrt -lpthread -lm -ldl -lc --eh-frame-hdr -z noexecstack --gc-sections -z relro -z now /usr/lib/gcc/x86_64-linux-gnu/15/crtendS.o /usr/lib/gcc/x86_64-linux-gnu/15/../../../x86_64-linux-gnu/crtn.o
[INFO] [stdout]           LLVM ERROR: IO failure on output stream: No space left on device
[INFO] [stdout]           collect2: error: ld returned 1 exit status
[INFO] [stdout]           
[INFO] [stdout] 
[INFO] [stdout] error: aborting due to 1 previous error
[INFO] [stdout] 
[INFO] [stdout] Couldn't compile the test.
[INFO] [stdout] ---- src/typed.rs - typed::BoundStatement<'_,I,O>::first (line 312) stdout ----
[INFO] [stdout] rustc-LLVM ERROR: IO failure on output stream: No space left on device
[INFO] [stdout] Couldn't compile the test.
[INFO] [stdout] ---- src/value.rs - value::Value<'stmt>::as_integer (line 149) stdout ----
[INFO] [stdout] error: linking with `cc` failed: exit status: 1
[INFO] [stdout]   |
[INFO] [stdout]   = note:  "cc" "-m64" "/tmp/rustdoctestygPMyP/rustcYJsSlc/symbols.o" "<2 object files omitted>" "-Wl,--as-needed" "-Wl,-Bstatic" "/opt/rustwide/target/release/build/sqll/561c8c0ce1374802/out/libsqll-561c8c0ce1374802.rlib" "/opt/rustwide/target/release/build/tokio/72a22c2d193cce8a/out/libtokio-72a22c2d193cce8a.rlib" "/opt/rustwide/target/release/build/signal-hook-registry/e4a9764ff21d3abc/out/libsignal_hook_registry-e4a9764ff21d3abc.rlib" "/opt/rustwide/target/release/build/errno/4f9c146176600aa7/out/liberrno-4f9c146176600aa7.rlib" "/opt/rustwide/target/release/build/socket2/fe5468fb79b8252d/out/libsocket2-fe5468fb79b8252d.rlib" "/opt/rustwide/target/release/build/bytes/4eeb723b82a97eeb/out/libbytes-4eeb723b82a97eeb.rlib" "/opt/rustwide/target/release/build/mio/8a7d37a8f4f4fa6c/out/libmio-8a7d37a8f4f4fa6c.rlib" "/opt/rustwide/target/release/build/parking_lot/f5b79379fa4e8695/out/libparking_lot-f5b79379fa4e8695.rlib" "/opt/rustwide/target/release/build/parking_lot_core/840cb122efae3205/out/libparking_lot_core-840cb122efae3205.rlib" "/opt/rustwide/target/release/build/libc/9127009e093ab63a/out/liblibc-9127009e093ab63a.rlib" "/opt/rustwide/target/release/build/cfg-if/6d8dca19095bb388/out/libcfg_if-6d8dca19095bb388.rlib" "/opt/rustwide/target/release/build/smallvec/b3db98ac3a44e96a/out/libsmallvec-b3db98ac3a44e96a.rlib" "/opt/rustwide/target/release/build/lock_api/0c6a3406bef68330/out/liblock_api-0c6a3406bef68330.rlib" "/opt/rustwide/target/release/build/scopeguard/5f9373ec660020b4/out/libscopeguard-5f9373ec660020b4.rlib" "/opt/rustwide/target/release/build/pin-project-lite/9a89bb36c0c56875/out/libpin_project_lite-9a89bb36c0c56875.rlib" "/opt/rustwide/target/release/build/sqll-sys/b8733c44fb6daa84/out/libsqll_sys-b8733c44fb6daa84.rlib" "<sysroot>/lib/rustlib/x86_64-unknown-linux-gnu/lib/{libstd-*,libpanic_unwind-*,libobject-*,libmemchr-*,libaddr2line-*,libgimli-*,libcfg_if-*,librustc_demangle-*,libstd_detect-*,libhashbrown-*,librustc_std_workspace_alloc-*,libminiz_oxide-*,libadler2-*,libunwind-*,liblibc-*,librustc_std_workspace_core-*,liballoc-*,libcore-*,libcompiler_builtins-*}.rlib" "-Wl,-Bdynamic" "-lsqlite3" "-lgcc_s" "-lutil" "-lrt" "-lpthread" "-lm" "-ldl" "-lc" "-L" "/tmp/rustdoctestygPMyP/rustcYJsSlc/raw-dylibs" "-B<sysroot>/lib/rustlib/x86_64-unknown-linux-gnu/bin/gcc-ld" "-fuse-ld=lld" "-Wl,--eh-frame-hdr" "-Wl,-z,noexecstack" "-L" "/opt/rustwide/target/release/build/alloca/cec18601c844afb3/out" "-L" "/usr/lib/x86_64-linux-gnu" "-L" "<sysroot>/lib/rustlib/x86_64-unknown-linux-gnu/lib" "-o" "/tmp/rustdoctestygPMyP/rust_out" "-Wl,--gc-sections" "-pie" "-Wl,-z,relro,-z,now" "-nodefaultlibs"
[INFO] [stdout]   = note: some arguments are omitted. use `--verbose` to show all linker arguments
[INFO] [stdout]   = note: PLEASE submit a bug report to https://github.com/llvm/llvm-project/issues/ and include the crash backtrace and instructions to reproduce the bug.
[INFO] [stdout]           Stack dump:
[INFO] [stdout]           0.	Program arguments: /opt/rustwide/rustup-home/toolchains/1.100.0-beta.1-x86_64-unknown-linux-gnu/lib/rustlib/x86_64-unknown-linux-gnu/bin/rust-lld -flavor gnu -plugin /usr/libexec/gcc/x86_64-linux-gnu/15/liblto_plugin.so -plugin-opt=/usr/libexec/gcc/x86_64-linux-gnu/15/lto-wrapper -plugin-opt=-fresolution=/tmp/ccPhNpWP.res --build-id --eh-frame-hdr -m elf_x86_64 --hash-style=gnu --as-needed -dynamic-linker /lib64/ld-linux-x86-64.so.2 -pie -z now -z relro -o /tmp/rustdoctestygPMyP/rust_out /usr/lib/gcc/x86_64-linux-gnu/15/../../../x86_64-linux-gnu/Scrt1.o /usr/lib/gcc/x86_64-linux-gnu/15/../../../x86_64-linux-gnu/crti.o /usr/lib/gcc/x86_64-linux-gnu/15/crtbeginS.o -L/tmp/rustdoctestygPMyP/rustcYJsSlc/raw-dylibs -L/opt/rustwide/target/release/build/alloca/cec18601c844afb3/out -L/usr/lib/x86_64-linux-gnu -L/opt/rustwide/rustup-home/toolchains/1.100.0-beta.1-x86_64-unknown-linux-gnu/lib/rustlib/x86_64-unknown-linux-gnu/lib -L/opt/rustwide/rustup-home/toolchains/1.100.0-beta.1-x86_64-unknown-linux-gnu/lib/rustlib/x86_64-unknown-linux-gnu/bin/gcc-ld -L/usr/lib/gcc/x86_64-linux-gnu/15 -L/usr/lib/gcc/x86_64-linux-gnu/15/../../../x86_64-linux-gnu -L/usr/lib/gcc/x86_64-linux-gnu/15/../../../../lib -L/lib/x86_64-linux-gnu -L/lib/../lib -L/usr/lib/x86_64-linux-gnu -L/usr/lib/../lib -L/usr/lib/gcc/x86_64-linux-gnu/15/../../.. -L/lib -L/usr/lib /tmp/rustdoctestygPMyP/rustcYJsSlc/symbols.o /tmp/rustdoctestygPMyP/rust_out.rust_out.72a830746f8703f-cgu.0.rcgu.o /tmp/rustdoctestygPMyP/rust_out.37ocgjjgp60u5unioiqts7248.rcgu.o --as-needed -Bstatic /opt/rustwide/target/release/build/sqll/561c8c0ce1374802/out/libsqll-561c8c0ce1374802.rlib /opt/rustwide/target/release/build/tokio/72a22c2d193cce8a/out/libtokio-72a22c2d193cce8a.rlib /opt/rustwide/target/release/build/signal-hook-registry/e4a9764ff21d3abc/out/libsignal_hook_registry-e4a9764ff21d3abc.rlib /opt/rustwide/target/release/build/errno/4f9c146176600aa7/out/liberrno-4f9c146176600aa7.rlib /opt/rustwide/target/release/build/socket2/fe5468fb79b8252d/out/libsocket2-fe5468fb79b8252d.rlib /opt/rustwide/target/release/build/bytes/4eeb723b82a97eeb/out/libbytes-4eeb723b82a97eeb.rlib /opt/rustwide/target/release/build/mio/8a7d37a8f4f4fa6c/out/libmio-8a7d37a8f4f4fa6c.rlib /opt/rustwide/target/release/build/parking_lot/f5b79379fa4e8695/out/libparking_lot-f5b79379fa4e8695.rlib /opt/rustwide/target/release/build/parking_lot_core/840cb122efae3205/out/libparking_lot_core-840cb122efae3205.rlib /opt/rustwide/target/release/build/libc/9127009e093ab63a/out/liblibc-9127009e093ab63a.rlib /opt/rustwide/target/release/build/cfg-if/6d8dca19095bb388/out/libcfg_if-6d8dca19095bb388.rlib /opt/rustwide/target/release/build/smallvec/b3db98ac3a44e96a/out/libsmallvec-b3db98ac3a44e96a.rlib /opt/rustwide/target/release/build/lock_api/0c6a3406bef68330/out/liblock_api-0c6a3406bef68330.rlib /opt/rustwide/target/release/build/scopeguard/5f9373ec660020b4/out/libscopeguard-5f9373ec660020b4.rlib /opt/rustwide/target/release/build/pin-project-lite/9a89bb36c0c56875/out/libpin_project_lite-9a89bb36c0c56875.rlib /opt/rustwide/target/release/build/sqll-sys/b8733c44fb6daa84/out/libsqll_sys-b8733c44fb6daa84.rlib /opt/rustwide/rustup-home/toolchains/1.100.0-beta.1-x86_64-unknown-linux-gnu/lib/rustlib/x86_64-unknown-linux-gnu/lib/libstd-16b761440147d7a9.rlib /opt/rustwide/rustup-home/toolchains/1.100.0-beta.1-x86_64-unknown-linux-gnu/lib/rustlib/x86_64-unknown-linux-gnu/lib/libpanic_unwind-06193b1eb78e7f06.rlib /opt/rustwide/rustup-home/toolchains/1.100.0-beta.1-x86_64-unknown-linux-gnu/lib/rustlib/x86_64-unknown-linux-gnu/lib/libobject-e847c3c685ea1cb1.rlib /opt/rustwide/rustup-home/toolchains/1.100.0-beta.1-x86_64-unknown-linux-gnu/lib/rustlib/x86_64-unknown-linux-gnu/lib/libmemchr-3eada83694fea8ee.rlib /opt/rustwide/rustup-home/toolchains/1.100.0-beta.1-x86_64-unknown-linux-gnu/lib/rustlib/x86_64-unknown-linux-gnu/lib/libaddr2line-e45b7837cfecba90.rlib /opt/rustwide/rustup-home/toolchains/1.100.0-beta.1-x86_64-unknown-linux-gnu/lib/rustlib/x86_64-unknown-linux-gnu/lib/libgimli-4c083445e4f1b309.rlib /opt/rustwide/rustup-home/toolchains/1.100.0-beta.1-x86_64-unknown-linux-gnu/lib/rustlib/x86_64-unknown-linux-gnu/lib/libcfg_if-83b7517739385aef.rlib /opt/rustwide/rustup-home/toolchains/1.100.0-beta.1-x86_64-unknown-linux-gnu/lib/rustlib/x86_64-unknown-linux-gnu/lib/librustc_demangle-70c3dd8012ec456b.rlib /opt/rustwide/rustup-home/toolchains/1.100.0-beta.1-x86_64-unknown-linux-gnu/lib/rustlib/x86_64-unknown-linux-gnu/lib/libstd_detect-5a706e869bd20e53.rlib /opt/rustwide/rustup-home/toolchains/1.100.0-beta.1-x86_64-unknown-linux-gnu/lib/rustlib/x86_64-unknown-linux-gnu/lib/libhashbrown-57b195bafffbb164.rlib /opt/rustwide/rustup-home/toolchains/1.100.0-beta.1-x86_64-unknown-linux-gnu/lib/rustlib/x86_64-unknown-linux-gnu/lib/librustc_std_workspace_alloc-ecb8ab6a3d396b3b.rlib /opt/rustwide/rustup-home/toolchains/1.100.0-beta.1-x86_64-unknown-linux-gnu/lib/rustlib/x86_64-unknown-linux-gnu/lib/libminiz_oxide-619f92c70a6b31a2.rlib /opt/rustwide/rustup-home/toolchains/1.100.0-beta.1-x86_64-unknown-linux-gnu/lib/rustlib/x86_64-unknown-linux-gnu/lib/libadler2-54a12e18b9961a36.rlib /opt/rustwide/rustup-home/toolchains/1.100.0-beta.1-x86_64-unknown-linux-gnu/lib/rustlib/x86_64-unknown-linux-gnu/lib/libunwind-9e74ebf3d9efcd73.rlib /opt/rustwide/rustup-home/toolchains/1.100.0-beta.1-x86_64-unknown-linux-gnu/lib/rustlib/x86_64-unknown-linux-gnu/lib/liblibc-8d9db5923411ba8f.rlib /opt/rustwide/rustup-home/toolchains/1.100.0-beta.1-x86_64-unknown-linux-gnu/lib/rustlib/x86_64-unknown-linux-gnu/lib/librustc_std_workspace_core-5eb61dc46587de36.rlib /opt/rustwide/rustup-home/toolchains/1.100.0-beta.1-x86_64-unknown-linux-gnu/lib/rustlib/x86_64-unknown-linux-gnu/lib/liballoc-94062a2d23e2d4dc.rlib /opt/rustwide/rustup-home/toolchains/1.100.0-beta.1-x86_64-unknown-linux-gnu/lib/rustlib/x86_64-unknown-linux-gnu/lib/libcore-70b5e1f701379435.rlib /opt/rustwide/rustup-home/toolchains/1.100.0-beta.1-x86_64-unknown-linux-gnu/lib/rustlib/x86_64-unknown-linux-gnu/lib/libcompiler_builtins-2158ad85e468cc48.rlib -Bdynamic -lsqlite3 -lgcc_s -lutil -lrt -lpthread -lm -ldl -lc --eh-frame-hdr -z noexecstack --gc-sections -z relro -z now /usr/lib/gcc/x86_64-linux-gnu/15/crtendS.o /usr/lib/gcc/x86_64-linux-gnu/15/../../../x86_64-linux-gnu/crtn.o
[INFO] [stdout]           LLVM ERROR: IO failure on output stream: No space left on device
[INFO] [stdout]           collect2: error: ld returned 1 exit status
[INFO] [stdout]           
[INFO] [stdout] 
[INFO] [stdout] error: aborting due to 1 previous error
[INFO] [stdout] 
[INFO] [stdout] Couldn't compile the test.
[INFO] [stdout] ---- src/value.rs - value::Value (line 31) stdout ----
[INFO] [stdout] error: linking with `cc` failed: exit status: 1
[INFO] [stdout]   |
[INFO] [stdout]   = note:  "cc" "-m64" "/tmp/rustdoctestSgsURd/rustcO5KKvd/symbols.o" "<2 object files omitted>" "-Wl,--as-needed" "-Wl,-Bstatic" "/opt/rustwide/target/release/build/sqll/561c8c0ce1374802/out/libsqll-561c8c0ce1374802.rlib" "/opt/rustwide/target/release/build/tokio/72a22c2d193cce8a/out/libtokio-72a22c2d193cce8a.rlib" "/opt/rustwide/target/release/build/signal-hook-registry/e4a9764ff21d3abc/out/libsignal_hook_registry-e4a9764ff21d3abc.rlib" "/opt/rustwide/target/release/build/errno/4f9c146176600aa7/out/liberrno-4f9c146176600aa7.rlib" "/opt/rustwide/target/release/build/socket2/fe5468fb79b8252d/out/libsocket2-fe5468fb79b8252d.rlib" "/opt/rustwide/target/release/build/bytes/4eeb723b82a97eeb/out/libbytes-4eeb723b82a97eeb.rlib" "/opt/rustwide/target/release/build/mio/8a7d37a8f4f4fa6c/out/libmio-8a7d37a8f4f4fa6c.rlib" "/opt/rustwide/target/release/build/parking_lot/f5b79379fa4e8695/out/libparking_lot-f5b79379fa4e8695.rlib" "/opt/rustwide/target/release/build/parking_lot_core/840cb122efae3205/out/libparking_lot_core-840cb122efae3205.rlib" "/opt/rustwide/target/release/build/libc/9127009e093ab63a/out/liblibc-9127009e093ab63a.rlib" "/opt/rustwide/target/release/build/cfg-if/6d8dca19095bb388/out/libcfg_if-6d8dca19095bb388.rlib" "/opt/rustwide/target/release/build/smallvec/b3db98ac3a44e96a/out/libsmallvec-b3db98ac3a44e96a.rlib" "/opt/rustwide/target/release/build/lock_api/0c6a3406bef68330/out/liblock_api-0c6a3406bef68330.rlib" "/opt/rustwide/target/release/build/scopeguard/5f9373ec660020b4/out/libscopeguard-5f9373ec660020b4.rlib" "/opt/rustwide/target/release/build/pin-project-lite/9a89bb36c0c56875/out/libpin_project_lite-9a89bb36c0c56875.rlib" "/opt/rustwide/target/release/build/sqll-sys/b8733c44fb6daa84/out/libsqll_sys-b8733c44fb6daa84.rlib" "<sysroot>/lib/rustlib/x86_64-unknown-linux-gnu/lib/{libstd-*,libpanic_unwind-*,libobject-*,libmemchr-*,libaddr2line-*,libgimli-*,libcfg_if-*,librustc_demangle-*,libstd_detect-*,libhashbrown-*,librustc_std_workspace_alloc-*,libminiz_oxide-*,libadler2-*,libunwind-*,liblibc-*,librustc_std_workspace_core-*,liballoc-*,libcore-*,libcompiler_builtins-*}.rlib" "-Wl,-Bdynamic" "-lsqlite3" "-lgcc_s" "-lutil" "-lrt" "-lpthread" "-lm" "-ldl" "-lc" "-L" "/tmp/rustdoctestSgsURd/rustcO5KKvd/raw-dylibs" "-B<sysroot>/lib/rustlib/x86_64-unknown-linux-gnu/bin/gcc-ld" "-fuse-ld=lld" "-Wl,--eh-frame-hdr" "-Wl,-z,noexecstack" "-L" "/opt/rustwide/target/release/build/alloca/cec18601c844afb3/out" "-L" "/usr/lib/x86_64-linux-gnu" "-L" "<sysroot>/lib/rustlib/x86_64-unknown-linux-gnu/lib" "-o" "/tmp/rustdoctestSgsURd/rust_out" "-Wl,--gc-sections" "-pie" "-Wl,-z,relro,-z,now" "-nodefaultlibs"
[INFO] [stdout]   = note: some arguments are omitted. use `--verbose` to show all linker arguments
[INFO] [stdout]   = note: PLEASE submit a bug report to https://github.com/llvm/llvm-project/issues/ and include the crash backtrace and instructions to reproduce the bug.
[INFO] [stdout]           Stack dump:
[INFO] [stdout]           0.	Program arguments: /opt/rustwide/rustup-home/toolchains/1.100.0-beta.1-x86_64-unknown-linux-gnu/lib/rustlib/x86_64-unknown-linux-gnu/bin/rust-lld -flavor gnu -plugin /usr/libexec/gcc/x86_64-linux-gnu/15/liblto_plugin.so -plugin-opt=/usr/libexec/gcc/x86_64-linux-gnu/15/lto-wrapper -plugin-opt=-fresolution=/tmp/ccNLrRUI.res --build-id --eh-frame-hdr -m elf_x86_64 --hash-style=gnu --as-needed -dynamic-linker /lib64/ld-linux-x86-64.so.2 -pie -z now -z relro -o /tmp/rustdoctestSgsURd/rust_out /usr/lib/gcc/x86_64-linux-gnu/15/../../../x86_64-linux-gnu/Scrt1.o /usr/lib/gcc/x86_64-linux-gnu/15/../../../x86_64-linux-gnu/crti.o /usr/lib/gcc/x86_64-linux-gnu/15/crtbeginS.o -L/tmp/rustdoctestSgsURd/rustcO5KKvd/raw-dylibs -L/opt/rustwide/target/release/build/alloca/cec18601c844afb3/out -L/usr/lib/x86_64-linux-gnu -L/opt/rustwide/rustup-home/toolchains/1.100.0-beta.1-x86_64-unknown-linux-gnu/lib/rustlib/x86_64-unknown-linux-gnu/lib -L/opt/rustwide/rustup-home/toolchains/1.100.0-beta.1-x86_64-unknown-linux-gnu/lib/rustlib/x86_64-unknown-linux-gnu/bin/gcc-ld -L/usr/lib/gcc/x86_64-linux-gnu/15 -L/usr/lib/gcc/x86_64-linux-gnu/15/../../../x86_64-linux-gnu -L/usr/lib/gcc/x86_64-linux-gnu/15/../../../../lib -L/lib/x86_64-linux-gnu -L/lib/../lib -L/usr/lib/x86_64-linux-gnu -L/usr/lib/../lib -L/usr/lib/gcc/x86_64-linux-gnu/15/../../.. -L/lib -L/usr/lib /tmp/rustdoctestSgsURd/rustcO5KKvd/symbols.o /tmp/rustdoctestSgsURd/rust_out.rust_out.72a830746f8703f-cgu.0.rcgu.o /tmp/rustdoctestSgsURd/rust_out.37ocgjjgp60u5unioiqts7248.rcgu.o --as-needed -Bstatic /opt/rustwide/target/release/build/sqll/561c8c0ce1374802/out/libsqll-561c8c0ce1374802.rlib /opt/rustwide/target/release/build/tokio/72a22c2d193cce8a/out/libtokio-72a22c2d193cce8a.rlib /opt/rustwide/target/release/build/signal-hook-registry/e4a9764ff21d3abc/out/libsignal_hook_registry-e4a9764ff21d3abc.rlib /opt/rustwide/target/release/build/errno/4f9c146176600aa7/out/liberrno-4f9c146176600aa7.rlib /opt/rustwide/target/release/build/socket2/fe5468fb79b8252d/out/libsocket2-fe5468fb79b8252d.rlib /opt/rustwide/target/release/build/bytes/4eeb723b82a97eeb/out/libbytes-4eeb723b82a97eeb.rlib /opt/rustwide/target/release/build/mio/8a7d37a8f4f4fa6c/out/libmio-8a7d37a8f4f4fa6c.rlib /opt/rustwide/target/release/build/parking_lot/f5b79379fa4e8695/out/libparking_lot-f5b79379fa4e8695.rlib /opt/rustwide/target/release/build/parking_lot_core/840cb122efae3205/out/libparking_lot_core-840cb122efae3205.rlib /opt/rustwide/target/release/build/libc/9127009e093ab63a/out/liblibc-9127009e093ab63a.rlib /opt/rustwide/target/release/build/cfg-if/6d8dca19095bb388/out/libcfg_if-6d8dca19095bb388.rlib /opt/rustwide/target/release/build/smallvec/b3db98ac3a44e96a/out/libsmallvec-b3db98ac3a44e96a.rlib /opt/rustwide/target/release/build/lock_api/0c6a3406bef68330/out/liblock_api-0c6a3406bef68330.rlib /opt/rustwide/target/release/build/scopeguard/5f9373ec660020b4/out/libscopeguard-5f9373ec660020b4.rlib /opt/rustwide/target/release/build/pin-project-lite/9a89bb36c0c56875/out/libpin_project_lite-9a89bb36c0c56875.rlib /opt/rustwide/target/release/build/sqll-sys/b8733c44fb6daa84/out/libsqll_sys-b8733c44fb6daa84.rlib /opt/rustwide/rustup-home/toolchains/1.100.0-beta.1-x86_64-unknown-linux-gnu/lib/rustlib/x86_64-unknown-linux-gnu/lib/libstd-16b761440147d7a9.rlib /opt/rustwide/rustup-home/toolchains/1.100.0-beta.1-x86_64-unknown-linux-gnu/lib/rustlib/x86_64-unknown-linux-gnu/lib/libpanic_unwind-06193b1eb78e7f06.rlib /opt/rustwide/rustup-home/toolchains/1.100.0-beta.1-x86_64-unknown-linux-gnu/lib/rustlib/x86_64-unknown-linux-gnu/lib/libobject-e847c3c685ea1cb1.rlib /opt/rustwide/rustup-home/toolchains/1.100.0-beta.1-x86_64-unknown-linux-gnu/lib/rustlib/x86_64-unknown-linux-gnu/lib/libmemchr-3eada83694fea8ee.rlib /opt/rustwide/rustup-home/toolchains/1.100.0-beta.1-x86_64-unknown-linux-gnu/lib/rustlib/x86_64-unknown-linux-gnu/lib/libaddr2line-e45b7837cfecba90.rlib /opt/rustwide/rustup-home/toolchains/1.100.0-beta.1-x86_64-unknown-linux-gnu/lib/rustlib/x86_64-unknown-linux-gnu/lib/libgimli-4c083445e4f1b309.rlib /opt/rustwide/rustup-home/toolchains/1.100.0-beta.1-x86_64-unknown-linux-gnu/lib/rustlib/x86_64-unknown-linux-gnu/lib/libcfg_if-83b7517739385aef.rlib /opt/rustwide/rustup-home/toolchains/1.100.0-beta.1-x86_64-unknown-linux-gnu/lib/rustlib/x86_64-unknown-linux-gnu/lib/librustc_demangle-70c3dd8012ec456b.rlib /opt/rustwide/rustup-home/toolchains/1.100.0-beta.1-x86_64-unknown-linux-gnu/lib/rustlib/x86_64-unknown-linux-gnu/lib/libstd_detect-5a706e869bd20e53.rlib /opt/rustwide/rustup-home/toolchains/1.100.0-beta.1-x86_64-unknown-linux-gnu/lib/rustlib/x86_64-unknown-linux-gnu/lib/libhashbrown-57b195bafffbb164.rlib /opt/rustwide/rustup-home/toolchains/1.100.0-beta.1-x86_64-unknown-linux-gnu/lib/rustlib/x86_64-unknown-linux-gnu/lib/librustc_std_workspace_alloc-ecb8ab6a3d396b3b.rlib /opt/rustwide/rustup-home/toolchains/1.100.0-beta.1-x86_64-unknown-linux-gnu/lib/rustlib/x86_64-unknown-linux-gnu/lib/libminiz_oxide-619f92c70a6b31a2.rlib /opt/rustwide/rustup-home/toolchains/1.100.0-beta.1-x86_64-unknown-linux-gnu/lib/rustlib/x86_64-unknown-linux-gnu/lib/libadler2-54a12e18b9961a36.rlib /opt/rustwide/rustup-home/toolchains/1.100.0-beta.1-x86_64-unknown-linux-gnu/lib/rustlib/x86_64-unknown-linux-gnu/lib/libunwind-9e74ebf3d9efcd73.rlib /opt/rustwide/rustup-home/toolchains/1.100.0-beta.1-x86_64-unknown-linux-gnu/lib/rustlib/x86_64-unknown-linux-gnu/lib/liblibc-8d9db5923411ba8f.rlib /opt/rustwide/rustup-home/toolchains/1.100.0-beta.1-x86_64-unknown-linux-gnu/lib/rustlib/x86_64-unknown-linux-gnu/lib/librustc_std_workspace_core-5eb61dc46587de36.rlib /opt/rustwide/rustup-home/toolchains/1.100.0-beta.1-x86_64-unknown-linux-gnu/lib/rustlib/x86_64-unknown-linux-gnu/lib/liballoc-94062a2d23e2d4dc.rlib /opt/rustwide/rustup-home/toolchains/1.100.0-beta.1-x86_64-unknown-linux-gnu/lib/rustlib/x86_64-unknown-linux-gnu/lib/libcore-70b5e1f701379435.rlib /opt/rustwide/rustup-home/toolchains/1.100.0-beta.1-x86_64-unknown-linux-gnu/lib/rustlib/x86_64-unknown-linux-gnu/lib/libcompiler_builtins-2158ad85e468cc48.rlib -Bdynamic -lsqlite3 -lgcc_s -lutil -lrt -lpthread -lm -ldl -lc --eh-frame-hdr -z noexecstack --gc-sections -z relro -z now /usr/lib/gcc/x86_64-linux-gnu/15/crtendS.o /usr/lib/gcc/x86_64-linux-gnu/15/../../../x86_64-linux-gnu/crtn.o
[INFO] [stdout]           LLVM ERROR: IO failure on output stream: No space left on device
[INFO] [stdout]           collect2: error: ld returned 1 exit status
[INFO] [stdout]           
[INFO] [stdout] 
[INFO] [stdout] error: aborting due to 1 previous error
[INFO] [stdout] 
[INFO] [stdout] Couldn't compile the test.
[INFO] [stdout] ---- src/value_type.rs - value_type::ValueType::FLOAT (line 89) stdout ----
[INFO] [stdout] error: couldn't create a temp dir: No space left on device (os error 28) at path "/tmp/rustdoctestN32qvr/rmetaBw0bpw"
[INFO] [stdout] 
[INFO] [stdout] error: aborting due to 1 previous error
[INFO] [stdout] 
[INFO] [stdout] Couldn't compile the test.
[INFO] [stdout] ---- src/ty/ty.rs - ty::ty::Text (line 471) stdout ----
[INFO] [stdout] rustc-LLVM ERROR: IO failure on output stream: No space left on device
[INFO] [stdout] Couldn't compile the test.
[INFO] [stdout] ---- src/value.rs - value::Value<'stmt>::float (line 93) stdout ----
[INFO] [stdout] error: linking with `cc` failed: exit status: 1
[INFO] [stdout]   |
[INFO] [stdout]   = note:  "cc" "-m64" "/tmp/rustdoctestiKSxV3/rustccgmGIO/symbols.o" "<2 object files omitted>" "-Wl,--as-needed" "-Wl,-Bstatic" "/opt/rustwide/target/release/build/sqll/561c8c0ce1374802/out/libsqll-561c8c0ce1374802.rlib" "/opt/rustwide/target/release/build/tokio/72a22c2d193cce8a/out/libtokio-72a22c2d193cce8a.rlib" "/opt/rustwide/target/release/build/signal-hook-registry/e4a9764ff21d3abc/out/libsignal_hook_registry-e4a9764ff21d3abc.rlib" "/opt/rustwide/target/release/build/errno/4f9c146176600aa7/out/liberrno-4f9c146176600aa7.rlib" "/opt/rustwide/target/release/build/socket2/fe5468fb79b8252d/out/libsocket2-fe5468fb79b8252d.rlib" "/opt/rustwide/target/release/build/bytes/4eeb723b82a97eeb/out/libbytes-4eeb723b82a97eeb.rlib" "/opt/rustwide/target/release/build/mio/8a7d37a8f4f4fa6c/out/libmio-8a7d37a8f4f4fa6c.rlib" "/opt/rustwide/target/release/build/parking_lot/f5b79379fa4e8695/out/libparking_lot-f5b79379fa4e8695.rlib" "/opt/rustwide/target/release/build/parking_lot_core/840cb122efae3205/out/libparking_lot_core-840cb122efae3205.rlib" "/opt/rustwide/target/release/build/libc/9127009e093ab63a/out/liblibc-9127009e093ab63a.rlib" "/opt/rustwide/target/release/build/cfg-if/6d8dca19095bb388/out/libcfg_if-6d8dca19095bb388.rlib" "/opt/rustwide/target/release/build/smallvec/b3db98ac3a44e96a/out/libsmallvec-b3db98ac3a44e96a.rlib" "/opt/rustwide/target/release/build/lock_api/0c6a3406bef68330/out/liblock_api-0c6a3406bef68330.rlib" "/opt/rustwide/target/release/build/scopeguard/5f9373ec660020b4/out/libscopeguard-5f9373ec660020b4.rlib" "/opt/rustwide/target/release/build/pin-project-lite/9a89bb36c0c56875/out/libpin_project_lite-9a89bb36c0c56875.rlib" "/opt/rustwide/target/release/build/sqll-sys/b8733c44fb6daa84/out/libsqll_sys-b8733c44fb6daa84.rlib" "<sysroot>/lib/rustlib/x86_64-unknown-linux-gnu/lib/{libstd-*,libpanic_unwind-*,libobject-*,libmemchr-*,libaddr2line-*,libgimli-*,libcfg_if-*,librustc_demangle-*,libstd_detect-*,libhashbrown-*,librustc_std_workspace_alloc-*,libminiz_oxide-*,libadler2-*,libunwind-*,liblibc-*,librustc_std_workspace_core-*,liballoc-*,libcore-*,libcompiler_builtins-*}.rlib" "-Wl,-Bdynamic" "-lsqlite3" "-lgcc_s" "-lutil" "-lrt" "-lpthread" "-lm" "-ldl" "-lc" "-L" "/tmp/rustdoctestiKSxV3/rustccgmGIO/raw-dylibs" "-B<sysroot>/lib/rustlib/x86_64-unknown-linux-gnu/bin/gcc-ld" "-fuse-ld=lld" "-Wl,--eh-frame-hdr" "-Wl,-z,noexecstack" "-L" "/opt/rustwide/target/release/build/alloca/cec18601c844afb3/out" "-L" "/usr/lib/x86_64-linux-gnu" "-L" "<sysroot>/lib/rustlib/x86_64-unknown-linux-gnu/lib" "-o" "/tmp/rustdoctestiKSxV3/rust_out" "-Wl,--gc-sections" "-pie" "-Wl,-z,relro,-z,now" "-nodefaultlibs"
[INFO] [stdout]   = note: some arguments are omitted. use `--verbose` to show all linker arguments
[INFO] [stdout]   = note: PLEASE submit a bug report to https://github.com/llvm/llvm-project/issues/ and include the crash backtrace and instructions to reproduce the bug.
[INFO] [stdout]           Stack dump:
[INFO] [stdout]           0.	Program arguments: /opt/rustwide/rustup-home/toolchains/1.100.0-beta.1-x86_64-unknown-linux-gnu/lib/rustlib/x86_64-unknown-linux-gnu/bin/rust-lld -flavor gnu -plugin /usr/libexec/gcc/x86_64-linux-gnu/15/liblto_plugin.so -plugin-opt=/usr/libexec/gcc/x86_64-linux-gnu/15/lto-wrapper -plugin-opt=-fresolution=/tmp/cc7V89HT.res --build-id --eh-frame-hdr -m elf_x86_64 --hash-style=gnu --as-needed -dynamic-linker /lib64/ld-linux-x86-64.so.2 -pie -z now -z relro -o /tmp/rustdoctestiKSxV3/rust_out /usr/lib/gcc/x86_64-linux-gnu/15/../../../x86_64-linux-gnu/Scrt1.o /usr/lib/gcc/x86_64-linux-gnu/15/../../../x86_64-linux-gnu/crti.o /usr/lib/gcc/x86_64-linux-gnu/15/crtbeginS.o -L/tmp/rustdoctestiKSxV3/rustccgmGIO/raw-dylibs -L/opt/rustwide/target/release/build/alloca/cec18601c844afb3/out -L/usr/lib/x86_64-linux-gnu -L/opt/rustwide/rustup-home/toolchains/1.100.0-beta.1-x86_64-unknown-linux-gnu/lib/rustlib/x86_64-unknown-linux-gnu/lib -L/opt/rustwide/rustup-home/toolchains/1.100.0-beta.1-x86_64-unknown-linux-gnu/lib/rustlib/x86_64-unknown-linux-gnu/bin/gcc-ld -L/usr/lib/gcc/x86_64-linux-gnu/15 -L/usr/lib/gcc/x86_64-linux-gnu/15/../../../x86_64-linux-gnu -L/usr/lib/gcc/x86_64-linux-gnu/15/../../../../lib -L/lib/x86_64-linux-gnu -L/lib/../lib -L/usr/lib/x86_64-linux-gnu -L/usr/lib/../lib -L/usr/lib/gcc/x86_64-linux-gnu/15/../../.. -L/lib -L/usr/lib /tmp/rustdoctestiKSxV3/rustccgmGIO/symbols.o /tmp/rustdoctestiKSxV3/rust_out.rust_out.72a830746f8703f-cgu.0.rcgu.o /tmp/rustdoctestiKSxV3/rust_out.37ocgjjgp60u5unioiqts7248.rcgu.o --as-needed -Bstatic /opt/rustwide/target/release/build/sqll/561c8c0ce1374802/out/libsqll-561c8c0ce1374802.rlib /opt/rustwide/target/release/build/tokio/72a22c2d193cce8a/out/libtokio-72a22c2d193cce8a.rlib /opt/rustwide/target/release/build/signal-hook-registry/e4a9764ff21d3abc/out/libsignal_hook_registry-e4a9764ff21d3abc.rlib /opt/rustwide/target/release/build/errno/4f9c146176600aa7/out/liberrno-4f9c146176600aa7.rlib /opt/rustwide/target/release/build/socket2/fe5468fb79b8252d/out/libsocket2-fe5468fb79b8252d.rlib /opt/rustwide/target/release/build/bytes/4eeb723b82a97eeb/out/libbytes-4eeb723b82a97eeb.rlib /opt/rustwide/target/release/build/mio/8a7d37a8f4f4fa6c/out/libmio-8a7d37a8f4f4fa6c.rlib /opt/rustwide/target/release/build/parking_lot/f5b79379fa4e8695/out/libparking_lot-f5b79379fa4e8695.rlib /opt/rustwide/target/release/build/parking_lot_core/840cb122efae3205/out/libparking_lot_core-840cb122efae3205.rlib /opt/rustwide/target/release/build/libc/9127009e093ab63a/out/liblibc-9127009e093ab63a.rlib /opt/rustwide/target/release/build/cfg-if/6d8dca19095bb388/out/libcfg_if-6d8dca19095bb388.rlib /opt/rustwide/target/release/build/smallvec/b3db98ac3a44e96a/out/libsmallvec-b3db98ac3a44e96a.rlib /opt/rustwide/target/release/build/lock_api/0c6a3406bef68330/out/liblock_api-0c6a3406bef68330.rlib /opt/rustwide/target/release/build/scopeguard/5f9373ec660020b4/out/libscopeguard-5f9373ec660020b4.rlib /opt/rustwide/target/release/build/pin-project-lite/9a89bb36c0c56875/out/libpin_project_lite-9a89bb36c0c56875.rlib /opt/rustwide/target/release/build/sqll-sys/b8733c44fb6daa84/out/libsqll_sys-b8733c44fb6daa84.rlib /opt/rustwide/rustup-home/toolchains/1.100.0-beta.1-x86_64-unknown-linux-gnu/lib/rustlib/x86_64-unknown-linux-gnu/lib/libstd-16b761440147d7a9.rlib /opt/rustwide/rustup-home/toolchains/1.100.0-beta.1-x86_64-unknown-linux-gnu/lib/rustlib/x86_64-unknown-linux-gnu/lib/libpanic_unwind-06193b1eb78e7f06.rlib /opt/rustwide/rustup-home/toolchains/1.100.0-beta.1-x86_64-unknown-linux-gnu/lib/rustlib/x86_64-unknown-linux-gnu/lib/libobject-e847c3c685ea1cb1.rlib /opt/rustwide/rustup-home/toolchains/1.100.0-beta.1-x86_64-unknown-linux-gnu/lib/rustlib/x86_64-unknown-linux-gnu/lib/libmemchr-3eada83694fea8ee.rlib /opt/rustwide/rustup-home/toolchains/1.100.0-beta.1-x86_64-unknown-linux-gnu/lib/rustlib/x86_64-unknown-linux-gnu/lib/libaddr2line-e45b7837cfecba90.rlib /opt/rustwide/rustup-home/toolchains/1.100.0-beta.1-x86_64-unknown-linux-gnu/lib/rustlib/x86_64-unknown-linux-gnu/lib/libgimli-4c083445e4f1b309.rlib /opt/rustwide/rustup-home/toolchains/1.100.0-beta.1-x86_64-unknown-linux-gnu/lib/rustlib/x86_64-unknown-linux-gnu/lib/libcfg_if-83b7517739385aef.rlib /opt/rustwide/rustup-home/toolchains/1.100.0-beta.1-x86_64-unknown-linux-gnu/lib/rustlib/x86_64-unknown-linux-gnu/lib/librustc_demangle-70c3dd8012ec456b.rlib /opt/rustwide/rustup-home/toolchains/1.100.0-beta.1-x86_64-unknown-linux-gnu/lib/rustlib/x86_64-unknown-linux-gnu/lib/libstd_detect-5a706e869bd20e53.rlib /opt/rustwide/rustup-home/toolchains/1.100.0-beta.1-x86_64-unknown-linux-gnu/lib/rustlib/x86_64-unknown-linux-gnu/lib/libhashbrown-57b195bafffbb164.rlib /opt/rustwide/rustup-home/toolchains/1.100.0-beta.1-x86_64-unknown-linux-gnu/lib/rustlib/x86_64-unknown-linux-gnu/lib/librustc_std_workspace_alloc-ecb8ab6a3d396b3b.rlib /opt/rustwide/rustup-home/toolchains/1.100.0-beta.1-x86_64-unknown-linux-gnu/lib/rustlib/x86_64-unknown-linux-gnu/lib/libminiz_oxide-619f92c70a6b31a2.rlib /opt/rustwide/rustup-home/toolchains/1.100.0-beta.1-x86_64-unknown-linux-gnu/lib/rustlib/x86_64-unknown-linux-gnu/lib/libadler2-54a12e18b9961a36.rlib /opt/rustwide/rustup-home/toolchains/1.100.0-beta.1-x86_64-unknown-linux-gnu/lib/rustlib/x86_64-unknown-linux-gnu/lib/libunwind-9e74ebf3d9efcd73.rlib /opt/rustwide/rustup-home/toolchains/1.100.0-beta.1-x86_64-unknown-linux-gnu/lib/rustlib/x86_64-unknown-linux-gnu/lib/liblibc-8d9db5923411ba8f.rlib /opt/rustwide/rustup-home/toolchains/1.100.0-beta.1-x86_64-unknown-linux-gnu/lib/rustlib/x86_64-unknown-linux-gnu/lib/librustc_std_workspace_core-5eb61dc46587de36.rlib /opt/rustwide/rustup-home/toolchains/1.100.0-beta.1-x86_64-unknown-linux-gnu/lib/rustlib/x86_64-unknown-linux-gnu/lib/liballoc-94062a2d23e2d4dc.rlib /opt/rustwide/rustup-home/toolchains/1.100.0-beta.1-x86_64-unknown-linux-gnu/lib/rustlib/x86_64-unknown-linux-gnu/lib/libcore-70b5e1f701379435.rlib /opt/rustwide/rustup-home/toolchains/1.100.0-beta.1-x86_64-unknown-linux-gnu/lib/rustlib/x86_64-unknown-linux-gnu/lib/libcompiler_builtins-2158ad85e468cc48.rlib -Bdynamic -lsqlite3 -lgcc_s -lutil -lrt -lpthread -lm -ldl -lc --eh-frame-hdr -z noexecstack --gc-sections -z relro -z now /usr/lib/gcc/x86_64-linux-gnu/15/crtendS.o /usr/lib/gcc/x86_64-linux-gnu/15/../../../x86_64-linux-gnu/crtn.o
[INFO] [stdout]           LLVM ERROR: IO failure on output stream: No space left on device
[INFO] [stdout]           collect2: error: ld returned 1 exit status
[INFO] [stdout]           
[INFO] [stdout] 
[INFO] [stdout] error: aborting due to 1 previous error
[INFO] [stdout] 
[INFO] [stdout] Couldn't compile the test.
[INFO] [stdout] ---- src/typed.rs - typed::TypedStatement<I,()>::execute (line 75) stdout ----
[INFO] [stdout] rustc-LLVM ERROR: IO failure on output stream: No space left on device
[INFO] [stdout] Couldn't compile the test.
[INFO] [stdout] ---- src/typed.rs - typed::BoundStatement<'_,I,O>::reset (line 414) stdout ----
[INFO] [stdout] rustc-LLVM ERROR: IO failure on output stream: No space left on device
[INFO] [stdout] Couldn't compile the test.
[INFO] [stdout] ---- src/value.rs - value::Value<'stmt>::text (line 109) stdout ----
[INFO] [stdout] error: couldn't create a temp dir: No space left on device (os error 28) at path "/tmp/rustdoctestM2f5I1/rmetawqnzR5"
[INFO] [stdout] 
[INFO] [stdout] error: aborting due to 1 previous error
[INFO] [stdout] 
[INFO] [stdout] Couldn't compile the test.
[INFO] [stdout] ---- src/value_type.rs - value_type::ValueType (line 201) stdout ----
[INFO] [stdout] error: couldn't create a temp dir: No space left on device (os error 28) at path "/tmp/rustdoctest9Bw0w0/rmetaWTFrI2"
[INFO] [stdout] 
[INFO] [stdout] error: aborting due to 1 previous error
[INFO] [stdout] 
[INFO] [stdout] Couldn't compile the test.
[INFO] [stdout] ---- src/value.rs - value::Value<'stmt>::integer (line 76) stdout ----
[INFO] [stdout] error: couldn't create a temp dir: No space left on device (os error 28) at path "/tmp/rustdoctestfp7af0/rmetaPk3xu3"
[INFO] [stdout] 
[INFO] [stdout] error: aborting due to 1 previous error
[INFO] [stdout] 
[INFO] [stdout] Couldn't compile the test.
[INFO] [stdout] ---- src/value.rs - value::Value<'stmt>::column_type (line 228) stdout ----
[INFO] [stdout] error: linking with `cc` failed: exit status: 1
[INFO] [stdout]   |
[INFO] [stdout]   = note:  "cc" "-m64" "/tmp/rustdoctestojRSVa/rustcaw0gRs/symbols.o" "<2 object files omitted>" "-Wl,--as-needed" "-Wl,-Bstatic" "/opt/rustwide/target/release/build/sqll/561c8c0ce1374802/out/libsqll-561c8c0ce1374802.rlib" "/opt/rustwide/target/release/build/tokio/72a22c2d193cce8a/out/libtokio-72a22c2d193cce8a.rlib" "/opt/rustwide/target/release/build/signal-hook-registry/e4a9764ff21d3abc/out/libsignal_hook_registry-e4a9764ff21d3abc.rlib" "/opt/rustwide/target/release/build/errno/4f9c146176600aa7/out/liberrno-4f9c146176600aa7.rlib" "/opt/rustwide/target/release/build/socket2/fe5468fb79b8252d/out/libsocket2-fe5468fb79b8252d.rlib" "/opt/rustwide/target/release/build/bytes/4eeb723b82a97eeb/out/libbytes-4eeb723b82a97eeb.rlib" "/opt/rustwide/target/release/build/mio/8a7d37a8f4f4fa6c/out/libmio-8a7d37a8f4f4fa6c.rlib" "/opt/rustwide/target/release/build/parking_lot/f5b79379fa4e8695/out/libparking_lot-f5b79379fa4e8695.rlib" "/opt/rustwide/target/release/build/parking_lot_core/840cb122efae3205/out/libparking_lot_core-840cb122efae3205.rlib" "/opt/rustwide/target/release/build/libc/9127009e093ab63a/out/liblibc-9127009e093ab63a.rlib" "/opt/rustwide/target/release/build/cfg-if/6d8dca19095bb388/out/libcfg_if-6d8dca19095bb388.rlib" "/opt/rustwide/target/release/build/smallvec/b3db98ac3a44e96a/out/libsmallvec-b3db98ac3a44e96a.rlib" "/opt/rustwide/target/release/build/lock_api/0c6a3406bef68330/out/liblock_api-0c6a3406bef68330.rlib" "/opt/rustwide/target/release/build/scopeguard/5f9373ec660020b4/out/libscopeguard-5f9373ec660020b4.rlib" "/opt/rustwide/target/release/build/pin-project-lite/9a89bb36c0c56875/out/libpin_project_lite-9a89bb36c0c56875.rlib" "/opt/rustwide/target/release/build/sqll-sys/b8733c44fb6daa84/out/libsqll_sys-b8733c44fb6daa84.rlib" "<sysroot>/lib/rustlib/x86_64-unknown-linux-gnu/lib/{libstd-*,libpanic_unwind-*,libobject-*,libmemchr-*,libaddr2line-*,libgimli-*,libcfg_if-*,librustc_demangle-*,libstd_detect-*,libhashbrown-*,librustc_std_workspace_alloc-*,libminiz_oxide-*,libadler2-*,libunwind-*,liblibc-*,librustc_std_workspace_core-*,liballoc-*,libcore-*,libcompiler_builtins-*}.rlib" "-Wl,-Bdynamic" "-lsqlite3" "-lgcc_s" "-lutil" "-lrt" "-lpthread" "-lm" "-ldl" "-lc" "-L" "/tmp/rustdoctestojRSVa/rustcaw0gRs/raw-dylibs" "-B<sysroot>/lib/rustlib/x86_64-unknown-linux-gnu/bin/gcc-ld" "-fuse-ld=lld" "-Wl,--eh-frame-hdr" "-Wl,-z,noexecstack" "-L" "/opt/rustwide/target/release/build/alloca/cec18601c844afb3/out" "-L" "/usr/lib/x86_64-linux-gnu" "-L" "<sysroot>/lib/rustlib/x86_64-unknown-linux-gnu/lib" "-o" "/tmp/rustdoctestojRSVa/rust_out" "-Wl,--gc-sections" "-pie" "-Wl,-z,relro,-z,now" "-nodefaultlibs"
[INFO] [stdout]   = note: some arguments are omitted. use `--verbose` to show all linker arguments
[INFO] [stdout]   = note: PLEASE submit a bug report to https://github.com/llvm/llvm-project/issues/ and include the crash backtrace and instructions to reproduce the bug.
[INFO] [stdout]           Stack dump:
[INFO] [stdout]           0.	Program arguments: /opt/rustwide/rustup-home/toolchains/1.100.0-beta.1-x86_64-unknown-linux-gnu/lib/rustlib/x86_64-unknown-linux-gnu/bin/rust-lld -flavor gnu -plugin /usr/libexec/gcc/x86_64-linux-gnu/15/liblto_plugin.so -plugin-opt=/usr/libexec/gcc/x86_64-linux-gnu/15/lto-wrapper -plugin-opt=-fresolution=/tmp/ccCM86jJ.res --build-id --eh-frame-hdr -m elf_x86_64 --hash-style=gnu --as-needed -dynamic-linker /lib64/ld-linux-x86-64.so.2 -pie -z now -z relro -o /tmp/rustdoctestojRSVa/rust_out /usr/lib/gcc/x86_64-linux-gnu/15/../../../x86_64-linux-gnu/Scrt1.o /usr/lib/gcc/x86_64-linux-gnu/15/../../../x86_64-linux-gnu/crti.o /usr/lib/gcc/x86_64-linux-gnu/15/crtbeginS.o -L/tmp/rustdoctestojRSVa/rustcaw0gRs/raw-dylibs -L/opt/rustwide/target/release/build/alloca/cec18601c844afb3/out -L/usr/lib/x86_64-linux-gnu -L/opt/rustwide/rustup-home/toolchains/1.100.0-beta.1-x86_64-unknown-linux-gnu/lib/rustlib/x86_64-unknown-linux-gnu/lib -L/opt/rustwide/rustup-home/toolchains/1.100.0-beta.1-x86_64-unknown-linux-gnu/lib/rustlib/x86_64-unknown-linux-gnu/bin/gcc-ld -L/usr/lib/gcc/x86_64-linux-gnu/15 -L/usr/lib/gcc/x86_64-linux-gnu/15/../../../x86_64-linux-gnu -L/usr/lib/gcc/x86_64-linux-gnu/15/../../../../lib -L/lib/x86_64-linux-gnu -L/lib/../lib -L/usr/lib/x86_64-linux-gnu -L/usr/lib/../lib -L/usr/lib/gcc/x86_64-linux-gnu/15/../../.. -L/lib -L/usr/lib /tmp/rustdoctestojRSVa/rustcaw0gRs/symbols.o /tmp/rustdoctestojRSVa/rust_out.rust_out.72a830746f8703f-cgu.0.rcgu.o /tmp/rustdoctestojRSVa/rust_out.37ocgjjgp60u5unioiqts7248.rcgu.o --as-needed -Bstatic /opt/rustwide/target/release/build/sqll/561c8c0ce1374802/out/libsqll-561c8c0ce1374802.rlib /opt/rustwide/target/release/build/tokio/72a22c2d193cce8a/out/libtokio-72a22c2d193cce8a.rlib /opt/rustwide/target/release/build/signal-hook-registry/e4a9764ff21d3abc/out/libsignal_hook_registry-e4a9764ff21d3abc.rlib /opt/rustwide/target/release/build/errno/4f9c146176600aa7/out/liberrno-4f9c146176600aa7.rlib /opt/rustwide/target/release/build/socket2/fe5468fb79b8252d/out/libsocket2-fe5468fb79b8252d.rlib /opt/rustwide/target/release/build/bytes/4eeb723b82a97eeb/out/libbytes-4eeb723b82a97eeb.rlib /opt/rustwide/target/release/build/mio/8a7d37a8f4f4fa6c/out/libmio-8a7d37a8f4f4fa6c.rlib /opt/rustwide/target/release/build/parking_lot/f5b79379fa4e8695/out/libparking_lot-f5b79379fa4e8695.rlib /opt/rustwide/target/release/build/parking_lot_core/840cb122efae3205/out/libparking_lot_core-840cb122efae3205.rlib /opt/rustwide/target/release/build/libc/9127009e093ab63a/out/liblibc-9127009e093ab63a.rlib /opt/rustwide/target/release/build/cfg-if/6d8dca19095bb388/out/libcfg_if-6d8dca19095bb388.rlib /opt/rustwide/target/release/build/smallvec/b3db98ac3a44e96a/out/libsmallvec-b3db98ac3a44e96a.rlib /opt/rustwide/target/release/build/lock_api/0c6a3406bef68330/out/liblock_api-0c6a3406bef68330.rlib /opt/rustwide/target/release/build/scopeguard/5f9373ec660020b4/out/libscopeguard-5f9373ec660020b4.rlib /opt/rustwide/target/release/build/pin-project-lite/9a89bb36c0c56875/out/libpin_project_lite-9a89bb36c0c56875.rlib /opt/rustwide/target/release/build/sqll-sys/b8733c44fb6daa84/out/libsqll_sys-b8733c44fb6daa84.rlib /opt/rustwide/rustup-home/toolchains/1.100.0-beta.1-x86_64-unknown-linux-gnu/lib/rustlib/x86_64-unknown-linux-gnu/lib/libstd-16b761440147d7a9.rlib /opt/rustwide/rustup-home/toolchains/1.100.0-beta.1-x86_64-unknown-linux-gnu/lib/rustlib/x86_64-unknown-linux-gnu/lib/libpanic_unwind-06193b1eb78e7f06.rlib /opt/rustwide/rustup-home/toolchains/1.100.0-beta.1-x86_64-unknown-linux-gnu/lib/rustlib/x86_64-unknown-linux-gnu/lib/libobject-e847c3c685ea1cb1.rlib /opt/rustwide/rustup-home/toolchains/1.100.0-beta.1-x86_64-unknown-linux-gnu/lib/rustlib/x86_64-unknown-linux-gnu/lib/libmemchr-3eada83694fea8ee.rlib /opt/rustwide/rustup-home/toolchains/1.100.0-beta.1-x86_64-unknown-linux-gnu/lib/rustlib/x86_64-unknown-linux-gnu/lib/libaddr2line-e45b7837cfecba90.rlib /opt/rustwide/rustup-home/toolchains/1.100.0-beta.1-x86_64-unknown-linux-gnu/lib/rustlib/x86_64-unknown-linux-gnu/lib/libgimli-4c083445e4f1b309.rlib /opt/rustwide/rustup-home/toolchains/1.100.0-beta.1-x86_64-unknown-linux-gnu/lib/rustlib/x86_64-unknown-linux-gnu/lib/libcfg_if-83b7517739385aef.rlib /opt/rustwide/rustup-home/toolchains/1.100.0-beta.1-x86_64-unknown-linux-gnu/lib/rustlib/x86_64-unknown-linux-gnu/lib/librustc_demangle-70c3dd8012ec456b.rlib /opt/rustwide/rustup-home/toolchains/1.100.0-beta.1-x86_64-unknown-linux-gnu/lib/rustlib/x86_64-unknown-linux-gnu/lib/libstd_detect-5a706e869bd20e53.rlib /opt/rustwide/rustup-home/toolchains/1.100.0-beta.1-x86_64-unknown-linux-gnu/lib/rustlib/x86_64-unknown-linux-gnu/lib/libhashbrown-57b195bafffbb164.rlib /opt/rustwide/rustup-home/toolchains/1.100.0-beta.1-x86_64-unknown-linux-gnu/lib/rustlib/x86_64-unknown-linux-gnu/lib/librustc_std_workspace_alloc-ecb8ab6a3d396b3b.rlib /opt/rustwide/rustup-home/toolchains/1.100.0-beta.1-x86_64-unknown-linux-gnu/lib/rustlib/x86_64-unknown-linux-gnu/lib/libminiz_oxide-619f92c70a6b31a2.rlib /opt/rustwide/rustup-home/toolchains/1.100.0-beta.1-x86_64-unknown-linux-gnu/lib/rustlib/x86_64-unknown-linux-gnu/lib/libadler2-54a12e18b9961a36.rlib /opt/rustwide/rustup-home/toolchains/1.100.0-beta.1-x86_64-unknown-linux-gnu/lib/rustlib/x86_64-unknown-linux-gnu/lib/libunwind-9e74ebf3d9efcd73.rlib /opt/rustwide/rustup-home/toolchains/1.100.0-beta.1-x86_64-unknown-linux-gnu/lib/rustlib/x86_64-unknown-linux-gnu/lib/liblibc-8d9db5923411ba8f.rlib /opt/rustwide/rustup-home/toolchains/1.100.0-beta.1-x86_64-unknown-linux-gnu/lib/rustlib/x86_64-unknown-linux-gnu/lib/librustc_std_workspace_core-5eb61dc46587de36.rlib /opt/rustwide/rustup-home/toolchains/1.100.0-beta.1-x86_64-unknown-linux-gnu/lib/rustlib/x86_64-unknown-linux-gnu/lib/liballoc-94062a2d23e2d4dc.rlib /opt/rustwide/rustup-home/toolchains/1.100.0-beta.1-x86_64-unknown-linux-gnu/lib/rustlib/x86_64-unknown-linux-gnu/lib/libcore-70b5e1f701379435.rlib /opt/rustwide/rustup-home/toolchains/1.100.0-beta.1-x86_64-unknown-linux-gnu/lib/rustlib/x86_64-unknown-linux-gnu/lib/libcompiler_builtins-2158ad85e468cc48.rlib -Bdynamic -lsqlite3 -lgcc_s -lutil -lrt -lpthread -lm -ldl -lc --eh-frame-hdr -z noexecstack --gc-sections -z relro -z now /usr/lib/gcc/x86_64-linux-gnu/15/crtendS.o /usr/lib/gcc/x86_64-linux-gnu/15/../../../x86_64-linux-gnu/crtn.o
[INFO] [stdout]           LLVM ERROR: IO failure on output stream: No space left on device
[INFO] [stdout]           collect2: error: ld returned 1 exit status
[INFO] [stdout]           
[INFO] [stdout] 
[INFO] [stdout] error: aborting due to 1 previous error
[INFO] [stdout] 
[INFO] [stdout] Couldn't compile the test.
[INFO] [stdout] ---- src/value_type.rs - value_type::ValueType::BLOB (line 150) stdout ----
[INFO] [stdout] error: couldn't create a temp dir: No space left on device (os error 28) at path "/tmp/rustdoctestx7AGQz/rmetaf32rjd"
[INFO] [stdout] 
[INFO] [stdout] error: aborting due to 1 previous error
[INFO] [stdout] 
[INFO] [stdout] Couldn't compile the test.
[INFO] [stdout] ---- src/typed.rs - typed::BoundStatement<'_,I,O>::next (line 365) stdout ----
[INFO] [stdout] rustc-LLVM ERROR: IO failure on output stream: No space left on device
[INFO] [stdout] Couldn't compile the test.
[INFO] [stdout] ---- src/value_type.rs - value_type::ValueType::TEXT (line 120) stdout ----
[INFO] [stdout] error: couldn't create a temp dir: No space left on device (os error 28) at path "/tmp/rustdoctestZy65Wu/rmetaod14qo"
[INFO] [stdout] 
[INFO] [stdout] error: aborting due to 1 previous error
[INFO] [stdout] 
[INFO] [stdout] Couldn't compile the test.
[INFO] [stdout] ---- src/version.rs - version::lib_version (line 12) stdout ----
[INFO] [stdout] error: couldn't create a temp dir: No space left on device (os error 28) at path "/tmp/rustdoctestPKUIXZ/rmetaGAqE1l"
[INFO] [stdout] 
[INFO] [stdout] error: aborting due to 1 previous error
[INFO] [stdout] 
[INFO] [stdout] Couldn't compile the test.
[INFO] [stdout] ---- src/version.rs - version::lib_version_number (line 34) stdout ----
[INFO] [stdout] error: couldn't create a temp dir: No space left on device (os error 28) at path "/tmp/rustdoctestMoyh9s/rmeta9bQ36U"
[INFO] [stdout] 
[INFO] [stdout] error: aborting due to 1 previous error
[INFO] [stdout] 
[INFO] [stdout] Couldn't compile the test.
[INFO] [stdout] ---- src/value_type.rs - value_type::ValueType::NULL (line 175) stdout ----
[INFO] [stdout] error: couldn't create a temp dir: No space left on device (os error 28) at path "/tmp/rustdoctestq8bREN/rmetaqBJyMB"
[INFO] [stdout] 
[INFO] [stdout] error: aborting due to 1 previous error
[INFO] [stdout] 
[INFO] [stdout] Couldn't compile the test.
[INFO] [stdout] ---- src/value.rs - value::Value<'stmt>::blob (line 132) stdout ----
[INFO] [stdout] error: linking with `cc` failed: exit status: 1
[INFO] [stdout]   |
[INFO] [stdout]   = note:  "cc" "-m64" "/tmp/rustdoctestS2KwLf/rustcr1TgU1/symbols.o" "<2 object files omitted>" "-Wl,--as-needed" "-Wl,-Bstatic" "/opt/rustwide/target/release/build/sqll/561c8c0ce1374802/out/libsqll-561c8c0ce1374802.rlib" "/opt/rustwide/target/release/build/tokio/72a22c2d193cce8a/out/libtokio-72a22c2d193cce8a.rlib" "/opt/rustwide/target/release/build/signal-hook-registry/e4a9764ff21d3abc/out/libsignal_hook_registry-e4a9764ff21d3abc.rlib" "/opt/rustwide/target/release/build/errno/4f9c146176600aa7/out/liberrno-4f9c146176600aa7.rlib" "/opt/rustwide/target/release/build/socket2/fe5468fb79b8252d/out/libsocket2-fe5468fb79b8252d.rlib" "/opt/rustwide/target/release/build/bytes/4eeb723b82a97eeb/out/libbytes-4eeb723b82a97eeb.rlib" "/opt/rustwide/target/release/build/mio/8a7d37a8f4f4fa6c/out/libmio-8a7d37a8f4f4fa6c.rlib" "/opt/rustwide/target/release/build/parking_lot/f5b79379fa4e8695/out/libparking_lot-f5b79379fa4e8695.rlib" "/opt/rustwide/target/release/build/parking_lot_core/840cb122efae3205/out/libparking_lot_core-840cb122efae3205.rlib" "/opt/rustwide/target/release/build/libc/9127009e093ab63a/out/liblibc-9127009e093ab63a.rlib" "/opt/rustwide/target/release/build/cfg-if/6d8dca19095bb388/out/libcfg_if-6d8dca19095bb388.rlib" "/opt/rustwide/target/release/build/smallvec/b3db98ac3a44e96a/out/libsmallvec-b3db98ac3a44e96a.rlib" "/opt/rustwide/target/release/build/lock_api/0c6a3406bef68330/out/liblock_api-0c6a3406bef68330.rlib" "/opt/rustwide/target/release/build/scopeguard/5f9373ec660020b4/out/libscopeguard-5f9373ec660020b4.rlib" "/opt/rustwide/target/release/build/pin-project-lite/9a89bb36c0c56875/out/libpin_project_lite-9a89bb36c0c56875.rlib" "/opt/rustwide/target/release/build/sqll-sys/b8733c44fb6daa84/out/libsqll_sys-b8733c44fb6daa84.rlib" "<sysroot>/lib/rustlib/x86_64-unknown-linux-gnu/lib/{libstd-*,libpanic_unwind-*,libobject-*,libmemchr-*,libaddr2line-*,libgimli-*,libcfg_if-*,librustc_demangle-*,libstd_detect-*,libhashbrown-*,librustc_std_workspace_alloc-*,libminiz_oxide-*,libadler2-*,libunwind-*,liblibc-*,librustc_std_workspace_core-*,liballoc-*,libcore-*,libcompiler_builtins-*}.rlib" "-Wl,-Bdynamic" "-lsqlite3" "-lgcc_s" "-lutil" "-lrt" "-lpthread" "-lm" "-ldl" "-lc" "-L" "/tmp/rustdoctestS2KwLf/rustcr1TgU1/raw-dylibs" "-B<sysroot>/lib/rustlib/x86_64-unknown-linux-gnu/bin/gcc-ld" "-fuse-ld=lld" "-Wl,--eh-frame-hdr" "-Wl,-z,noexecstack" "-L" "/opt/rustwide/target/release/build/alloca/cec18601c844afb3/out" "-L" "/usr/lib/x86_64-linux-gnu" "-L" "<sysroot>/lib/rustlib/x86_64-unknown-linux-gnu/lib" "-o" "/tmp/rustdoctestS2KwLf/rust_out" "-Wl,--gc-sections" "-pie" "-Wl,-z,relro,-z,now" "-nodefaultlibs"
[INFO] [stdout]   = note: some arguments are omitted. use `--verbose` to show all linker arguments
[INFO] [stdout]   = note: PLEASE submit a bug report to https://github.com/llvm/llvm-project/issues/ and include the crash backtrace and instructions to reproduce the bug.
[INFO] [stdout]           Stack dump:
[INFO] [stdout]           0.	Program arguments: /opt/rustwide/rustup-home/toolchains/1.100.0-beta.1-x86_64-unknown-linux-gnu/lib/rustlib/x86_64-unknown-linux-gnu/bin/rust-lld -flavor gnu -plugin /usr/libexec/gcc/x86_64-linux-gnu/15/liblto_plugin.so -plugin-opt=/usr/libexec/gcc/x86_64-linux-gnu/15/lto-wrapper -plugin-opt=-fresolution=/tmp/ccqeghm9.res --build-id --eh-frame-hdr -m elf_x86_64 --hash-style=gnu --as-needed -dynamic-linker /lib64/ld-linux-x86-64.so.2 -pie -z now -z relro -o /tmp/rustdoctestS2KwLf/rust_out /usr/lib/gcc/x86_64-linux-gnu/15/../../../x86_64-linux-gnu/Scrt1.o /usr/lib/gcc/x86_64-linux-gnu/15/../../../x86_64-linux-gnu/crti.o /usr/lib/gcc/x86_64-linux-gnu/15/crtbeginS.o -L/tmp/rustdoctestS2KwLf/rustcr1TgU1/raw-dylibs -L/opt/rustwide/target/release/build/alloca/cec18601c844afb3/out -L/usr/lib/x86_64-linux-gnu -L/opt/rustwide/rustup-home/toolchains/1.100.0-beta.1-x86_64-unknown-linux-gnu/lib/rustlib/x86_64-unknown-linux-gnu/lib -L/opt/rustwide/rustup-home/toolchains/1.100.0-beta.1-x86_64-unknown-linux-gnu/lib/rustlib/x86_64-unknown-linux-gnu/bin/gcc-ld -L/usr/lib/gcc/x86_64-linux-gnu/15 -L/usr/lib/gcc/x86_64-linux-gnu/15/../../../x86_64-linux-gnu -L/usr/lib/gcc/x86_64-linux-gnu/15/../../../../lib -L/lib/x86_64-linux-gnu -L/lib/../lib -L/usr/lib/x86_64-linux-gnu -L/usr/lib/../lib -L/usr/lib/gcc/x86_64-linux-gnu/15/../../.. -L/lib -L/usr/lib /tmp/rustdoctestS2KwLf/rustcr1TgU1/symbols.o /tmp/rustdoctestS2KwLf/rust_out.rust_out.72a830746f8703f-cgu.0.rcgu.o /tmp/rustdoctestS2KwLf/rust_out.37ocgjjgp60u5unioiqts7248.rcgu.o --as-needed -Bstatic /opt/rustwide/target/release/build/sqll/561c8c0ce1374802/out/libsqll-561c8c0ce1374802.rlib /opt/rustwide/target/release/build/tokio/72a22c2d193cce8a/out/libtokio-72a22c2d193cce8a.rlib /opt/rustwide/target/release/build/signal-hook-registry/e4a9764ff21d3abc/out/libsignal_hook_registry-e4a9764ff21d3abc.rlib /opt/rustwide/target/release/build/errno/4f9c146176600aa7/out/liberrno-4f9c146176600aa7.rlib /opt/rustwide/target/release/build/socket2/fe5468fb79b8252d/out/libsocket2-fe5468fb79b8252d.rlib /opt/rustwide/target/release/build/bytes/4eeb723b82a97eeb/out/libbytes-4eeb723b82a97eeb.rlib /opt/rustwide/target/release/build/mio/8a7d37a8f4f4fa6c/out/libmio-8a7d37a8f4f4fa6c.rlib /opt/rustwide/target/release/build/parking_lot/f5b79379fa4e8695/out/libparking_lot-f5b79379fa4e8695.rlib /opt/rustwide/target/release/build/parking_lot_core/840cb122efae3205/out/libparking_lot_core-840cb122efae3205.rlib /opt/rustwide/target/release/build/libc/9127009e093ab63a/out/liblibc-9127009e093ab63a.rlib /opt/rustwide/target/release/build/cfg-if/6d8dca19095bb388/out/libcfg_if-6d8dca19095bb388.rlib /opt/rustwide/target/release/build/smallvec/b3db98ac3a44e96a/out/libsmallvec-b3db98ac3a44e96a.rlib /opt/rustwide/target/release/build/lock_api/0c6a3406bef68330/out/liblock_api-0c6a3406bef68330.rlib /opt/rustwide/target/release/build/scopeguard/5f9373ec660020b4/out/libscopeguard-5f9373ec660020b4.rlib /opt/rustwide/target/release/build/pin-project-lite/9a89bb36c0c56875/out/libpin_project_lite-9a89bb36c0c56875.rlib /opt/rustwide/target/release/build/sqll-sys/b8733c44fb6daa84/out/libsqll_sys-b8733c44fb6daa84.rlib /opt/rustwide/rustup-home/toolchains/1.100.0-beta.1-x86_64-unknown-linux-gnu/lib/rustlib/x86_64-unknown-linux-gnu/lib/libstd-16b761440147d7a9.rlib /opt/rustwide/rustup-home/toolchains/1.100.0-beta.1-x86_64-unknown-linux-gnu/lib/rustlib/x86_64-unknown-linux-gnu/lib/libpanic_unwind-06193b1eb78e7f06.rlib /opt/rustwide/rustup-home/toolchains/1.100.0-beta.1-x86_64-unknown-linux-gnu/lib/rustlib/x86_64-unknown-linux-gnu/lib/libobject-e847c3c685ea1cb1.rlib /opt/rustwide/rustup-home/toolchains/1.100.0-beta.1-x86_64-unknown-linux-gnu/lib/rustlib/x86_64-unknown-linux-gnu/lib/libmemchr-3eada83694fea8ee.rlib /opt/rustwide/rustup-home/toolchains/1.100.0-beta.1-x86_64-unknown-linux-gnu/lib/rustlib/x86_64-unknown-linux-gnu/lib/libaddr2line-e45b7837cfecba90.rlib /opt/rustwide/rustup-home/toolchains/1.100.0-beta.1-x86_64-unknown-linux-gnu/lib/rustlib/x86_64-unknown-linux-gnu/lib/libgimli-4c083445e4f1b309.rlib /opt/rustwide/rustup-home/toolchains/1.100.0-beta.1-x86_64-unknown-linux-gnu/lib/rustlib/x86_64-unknown-linux-gnu/lib/libcfg_if-83b7517739385aef.rlib /opt/rustwide/rustup-home/toolchains/1.100.0-beta.1-x86_64-unknown-linux-gnu/lib/rustlib/x86_64-unknown-linux-gnu/lib/librustc_demangle-70c3dd8012ec456b.rlib /opt/rustwide/rustup-home/toolchains/1.100.0-beta.1-x86_64-unknown-linux-gnu/lib/rustlib/x86_64-unknown-linux-gnu/lib/libstd_detect-5a706e869bd20e53.rlib /opt/rustwide/rustup-home/toolchains/1.100.0-beta.1-x86_64-unknown-linux-gnu/lib/rustlib/x86_64-unknown-linux-gnu/lib/libhashbrown-57b195bafffbb164.rlib /opt/rustwide/rustup-home/toolchains/1.100.0-beta.1-x86_64-unknown-linux-gnu/lib/rustlib/x86_64-unknown-linux-gnu/lib/librustc_std_workspace_alloc-ecb8ab6a3d396b3b.rlib /opt/rustwide/rustup-home/toolchains/1.100.0-beta.1-x86_64-unknown-linux-gnu/lib/rustlib/x86_64-unknown-linux-gnu/lib/libminiz_oxide-619f92c70a6b31a2.rlib /opt/rustwide/rustup-home/toolchains/1.100.0-beta.1-x86_64-unknown-linux-gnu/lib/rustlib/x86_64-unknown-linux-gnu/lib/libadler2-54a12e18b9961a36.rlib /opt/rustwide/rustup-home/toolchains/1.100.0-beta.1-x86_64-unknown-linux-gnu/lib/rustlib/x86_64-unknown-linux-gnu/lib/libunwind-9e74ebf3d9efcd73.rlib /opt/rustwide/rustup-home/toolchains/1.100.0-beta.1-x86_64-unknown-linux-gnu/lib/rustlib/x86_64-unknown-linux-gnu/lib/liblibc-8d9db5923411ba8f.rlib /opt/rustwide/rustup-home/toolchains/1.100.0-beta.1-x86_64-unknown-linux-gnu/lib/rustlib/x86_64-unknown-linux-gnu/lib/librustc_std_workspace_core-5eb61dc46587de36.rlib /opt/rustwide/rustup-home/toolchains/1.100.0-beta.1-x86_64-unknown-linux-gnu/lib/rustlib/x86_64-unknown-linux-gnu/lib/liballoc-94062a2d23e2d4dc.rlib /opt/rustwide/rustup-home/toolchains/1.100.0-beta.1-x86_64-unknown-linux-gnu/lib/rustlib/x86_64-unknown-linux-gnu/lib/libcore-70b5e1f701379435.rlib /opt/rustwide/rustup-home/toolchains/1.100.0-beta.1-x86_64-unknown-linux-gnu/lib/rustlib/x86_64-unknown-linux-gnu/lib/libcompiler_builtins-2158ad85e468cc48.rlib -Bdynamic -lsqlite3 -lgcc_s -lutil -lrt -lpthread -lm -ldl -lc --eh-frame-hdr -z noexecstack --gc-sections -z relro -z now /usr/lib/gcc/x86_64-linux-gnu/15/crtendS.o /usr/lib/gcc/x86_64-linux-gnu/15/../../../x86_64-linux-gnu/crtn.o
[INFO] [stdout]           LLVM ERROR: IO failure on output stream: No space left on device
[INFO] [stdout]           collect2: error: ld returned 1 exit status
[INFO] [stdout]           
[INFO] [stdout] 
[INFO] [stdout] error: aborting due to 1 previous error
[INFO] [stdout] 
[INFO] [stdout] Couldn't compile the test.
[INFO] [stdout] ---- src/ty/ty.rs - ty::ty::Nullable<T> (line 719) stdout ----
[INFO] [stdout] error: linking with `cc` failed: exit status: 1
[INFO] [stdout]   |
[INFO] [stdout]   = note:  "cc" "-m64" "/tmp/rustdoctestE6ujDa/rustc8v40BI/symbols.o" "<2 object files omitted>" "-Wl,--as-needed" "-Wl,-Bstatic" "/opt/rustwide/target/release/build/sqll/561c8c0ce1374802/out/libsqll-561c8c0ce1374802.rlib" "/opt/rustwide/target/release/build/tokio/72a22c2d193cce8a/out/libtokio-72a22c2d193cce8a.rlib" "/opt/rustwide/target/release/build/signal-hook-registry/e4a9764ff21d3abc/out/libsignal_hook_registry-e4a9764ff21d3abc.rlib" "/opt/rustwide/target/release/build/errno/4f9c146176600aa7/out/liberrno-4f9c146176600aa7.rlib" "/opt/rustwide/target/release/build/socket2/fe5468fb79b8252d/out/libsocket2-fe5468fb79b8252d.rlib" "/opt/rustwide/target/release/build/bytes/4eeb723b82a97eeb/out/libbytes-4eeb723b82a97eeb.rlib" "/opt/rustwide/target/release/build/mio/8a7d37a8f4f4fa6c/out/libmio-8a7d37a8f4f4fa6c.rlib" "/opt/rustwide/target/release/build/parking_lot/f5b79379fa4e8695/out/libparking_lot-f5b79379fa4e8695.rlib" "/opt/rustwide/target/release/build/parking_lot_core/840cb122efae3205/out/libparking_lot_core-840cb122efae3205.rlib" "/opt/rustwide/target/release/build/libc/9127009e093ab63a/out/liblibc-9127009e093ab63a.rlib" "/opt/rustwide/target/release/build/cfg-if/6d8dca19095bb388/out/libcfg_if-6d8dca19095bb388.rlib" "/opt/rustwide/target/release/build/smallvec/b3db98ac3a44e96a/out/libsmallvec-b3db98ac3a44e96a.rlib" "/opt/rustwide/target/release/build/lock_api/0c6a3406bef68330/out/liblock_api-0c6a3406bef68330.rlib" "/opt/rustwide/target/release/build/scopeguard/5f9373ec660020b4/out/libscopeguard-5f9373ec660020b4.rlib" "/opt/rustwide/target/release/build/pin-project-lite/9a89bb36c0c56875/out/libpin_project_lite-9a89bb36c0c56875.rlib" "/opt/rustwide/target/release/build/sqll-sys/b8733c44fb6daa84/out/libsqll_sys-b8733c44fb6daa84.rlib" "<sysroot>/lib/rustlib/x86_64-unknown-linux-gnu/lib/{libstd-*,libpanic_unwind-*,libobject-*,libmemchr-*,libaddr2line-*,libgimli-*,libcfg_if-*,librustc_demangle-*,libstd_detect-*,libhashbrown-*,librustc_std_workspace_alloc-*,libminiz_oxide-*,libadler2-*,libunwind-*,liblibc-*,librustc_std_workspace_core-*,liballoc-*,libcore-*,libcompiler_builtins-*}.rlib" "-Wl,-Bdynamic" "-lsqlite3" "-lgcc_s" "-lutil" "-lrt" "-lpthread" "-lm" "-ldl" "-lc" "-L" "/tmp/rustdoctestE6ujDa/rustc8v40BI/raw-dylibs" "-B<sysroot>/lib/rustlib/x86_64-unknown-linux-gnu/bin/gcc-ld" "-fuse-ld=lld" "-Wl,--eh-frame-hdr" "-Wl,-z,noexecstack" "-L" "/opt/rustwide/target/release/build/alloca/cec18601c844afb3/out" "-L" "/usr/lib/x86_64-linux-gnu" "-L" "<sysroot>/lib/rustlib/x86_64-unknown-linux-gnu/lib" "-o" "/tmp/rustdoctestE6ujDa/rust_out" "-Wl,--gc-sections" "-pie" "-Wl,-z,relro,-z,now" "-nodefaultlibs"
[INFO] [stdout]   = note: some arguments are omitted. use `--verbose` to show all linker arguments
[INFO] [stdout]   = note: collect2: fatal error: ld terminated with signal 7 [Bus error], core dumped
[INFO] [stdout]           compilation terminated.
[INFO] [stdout]           
[INFO] [stdout] 
[INFO] [stdout] error: aborting due to 1 previous error
[INFO] [stdout] 
[INFO] [stdout] Couldn't compile the test.
[INFO] [stdout] ---- src/value_type.rs - value_type::ValueType (line 19) stdout ----
[INFO] [stdout] error: couldn't create a temp dir: No space left on device (os error 28) at path "/tmp/rustdoctest7Pmqvb/rmetaYlNzpT"
[INFO] [stdout] 
[INFO] [stdout] error: aborting due to 1 previous error
[INFO] [stdout] 
[INFO] [stdout] Couldn't compile the test.
[INFO] [stdout] ---- src/value_type.rs - value_type::ValueType::INTEGER (line 59) stdout ----
[INFO] [stdout] error: couldn't create a temp dir: No space left on device (os error 28) at path "/tmp/rustdoctestQ50As0/rmetakehSrF"
[INFO] [stdout] 
[INFO] [stdout] error: aborting due to 1 previous error
[INFO] [stdout] 
[INFO] [stdout] Couldn't compile the test.
[INFO] [stdout] 
[INFO] [stdout] failures:
[INFO] [stdout]     src/ty/ty.rs - ty::ty::Nullable<T> (line 719)
[INFO] [stdout]     src/ty/ty.rs - ty::ty::Text (line 471)
[INFO] [stdout]     src/typed.rs - typed::BoundStatement<'_,I,O>::first (line 312)
[INFO] [stdout]     src/typed.rs - typed::BoundStatement<'_,I,O>::next (line 365)
[INFO] [stdout]     src/typed.rs - typed::BoundStatement<'_,I,O>::reset (line 414)
[INFO] [stdout]     src/typed.rs - typed::TypedStatement<I,()>::execute (line 75)
[INFO] [stdout]     src/value.rs - value::Value (line 31)
[INFO] [stdout]     src/value.rs - value::Value (line 9)
[INFO] [stdout]     src/value.rs - value::Value<'_> (line 269)
[INFO] [stdout]     src/value.rs - value::Value<'stmt>::as_integer (line 149)
[INFO] [stdout]     src/value.rs - value::Value<'stmt>::blob (line 132)
[INFO] [stdout]     src/value.rs - value::Value<'stmt>::column_type (line 228)
[INFO] [stdout]     src/value.rs - value::Value<'stmt>::float (line 93)
[INFO] [stdout]     src/value.rs - value::Value<'stmt>::integer (line 76)
[INFO] [stdout]     src/value.rs - value::Value<'stmt>::text (line 109)
[INFO] [stdout]     src/value_type.rs - value_type::ValueType (line 19)
[INFO] [stdout]     src/value_type.rs - value_type::ValueType (line 201)
[INFO] [stdout]     src/value_type.rs - value_type::ValueType::BLOB (line 150)
[INFO] [stdout]     src/value_type.rs - value_type::ValueType::FLOAT (line 89)
[INFO] [stdout]     src/value_type.rs - value_type::ValueType::INTEGER (line 59)
[INFO] [stdout]     src/value_type.rs - value_type::ValueType::NULL (line 175)
[INFO] [stdout]     src/value_type.rs - value_type::ValueType::TEXT (line 120)
[INFO] [stdout]     src/version.rs - version::lib_version (line 12)
[INFO] [stdout]     src/version.rs - version::lib_version_number (line 34)
[INFO] [stdout] 
[INFO] [stdout] test result: FAILED. 341 passed; 24 failed; 0 ignored; 0 measured; 0 filtered out; finished in 22.96s
[INFO] [stdout] 
[INFO] [stdout] all doctests ran in 23.56s; merged doctests compilation took 0.56s
[INFO] [stderr] error: doctest failed, to rerun pass `--doc`
[INFO] running `Command { std: "docker" "inspect" "e088a99af5da81021cd4d8e04a45e7166a72cfc8f2d87aa642fc38bb12dee290", kill_on_drop: false }`
[INFO] running `Command { std: "docker" "rm" "-f" "e088a99af5da81021cd4d8e04a45e7166a72cfc8f2d87aa642fc38bb12dee290", kill_on_drop: false }`
[INFO] [stdout] e088a99af5da81021cd4d8e04a45e7166a72cfc8f2d87aa642fc38bb12dee290
