[INFO] fetching crate sppg 0.3.0...
[INFO] testing sppg-0.3.0 against 1.100.0-beta.1+cargoflags=--release for beta-release-1.100-2
[INFO] extracting crate sppg 0.3.0 into /workspace/builds/worker-5-tc2/source
[INFO] started tweaking crates.io crate sppg 0.3.0
[INFO] finished tweaking crates.io crate sppg 0.3.0
[INFO] tweaked toml for crates.io crate sppg 0.3.0 written to /workspace/builds/worker-5-tc2/source/Cargo.toml
[INFO] validating manifest of crates.io crate sppg 0.3.0 on toolchain 1.100.0-beta.1
[INFO] running `Command { std: CARGO_HOME="/workspace/cargo-home" RUSTUP_HOME="/workspace/rustup-home" "/workspace/cargo-home/bin/cargo" "+1.100.0-beta.1" "metadata" "--manifest-path" "Cargo.toml" "--no-deps", kill_on_drop: false }`
[INFO] crate crates.io crate sppg 0.3.0 already has a lockfile, it will not be regenerated
[INFO] running `Command { std: CARGO_HOME="/workspace/cargo-home" RUSTUP_HOME="/workspace/rustup-home" "/workspace/cargo-home/bin/cargo" "+1.100.0-beta.1" "fetch" "--manifest-path" "Cargo.toml", kill_on_drop: false }`
[INFO] running `Command { std: "docker" "create" "-v" "/var/lib/crater-agent-workspace/builds/worker-5-tc2/source:/opt/rustwide/workdir:ro,Z" "-v" "/var/lib/crater-agent-workspace/builds/worker-5-tc2/target:/opt/rustwide/target:rw,Z" "-v" "/var/lib/crater-agent-workspace/cargo-home:/opt/rustwide/cargo-home:ro,Z" "-v" "/var/lib/crater-agent-workspace/rustup-home:/opt/rustwide/rustup-home:ro,Z" "-m" "1610612736" "--network" "none" "ghcr.io/rust-lang/crates-build-env/linux@sha256:77db811e55d90add9212f6832c23229e3de5f1c1f9905e8cb07319ea15df73ac" "sleep" "infinity", kill_on_drop: false }`
[INFO] [stdout] 5535a04ba301410ca0d63c9d9fa875a37a2eafb02161a093a1526f4df26836a3
[INFO] running `Command { std: "docker" "start" "5535a04ba301410ca0d63c9d9fa875a37a2eafb02161a093a1526f4df26836a3", kill_on_drop: false }`
[INFO] running `Command { std: "docker" "inspect" "5535a04ba301410ca0d63c9d9fa875a37a2eafb02161a093a1526f4df26836a3", kill_on_drop: false }`
[INFO] running `Command { std: "docker" "exec" "-e" "SOURCE_DIR=/opt/rustwide/workdir" "-e" "CARGO_HOME=/opt/rustwide/cargo-home" "-e" "RUSTUP_HOME=/opt/rustwide/rustup-home" "-e" "CARGO_TARGET_DIR=/opt/rustwide/target" "-w" "/opt/rustwide/workdir" "--user" "0:0" "5535a04ba301410ca0d63c9d9fa875a37a2eafb02161a093a1526f4df26836a3" "/opt/rustwide/cargo-home/bin/cargo" "+1.100.0-beta.1" "metadata" "--no-deps" "--format-version=1", kill_on_drop: false }`
[INFO] running `Command { std: "docker" "inspect" "5535a04ba301410ca0d63c9d9fa875a37a2eafb02161a093a1526f4df26836a3", kill_on_drop: false }`
[INFO] running `Command { std: "docker" "exec" "-e" "SOURCE_DIR=/opt/rustwide/workdir" "-e" "CARGO_HOME=/opt/rustwide/cargo-home" "-e" "RUSTUP_HOME=/opt/rustwide/rustup-home" "-e" "CARGO_TARGET_DIR=/opt/rustwide/target" "-e" "CARGO_INCREMENTAL=0" "-e" "RUST_BACKTRACE=full" "-e" "RUSTFLAGS=--cap-lints=warn" "-e" "RUSTDOCFLAGS=--cap-lints=warn" "-w" "/opt/rustwide/workdir" "--user" "0:0" "5535a04ba301410ca0d63c9d9fa875a37a2eafb02161a093a1526f4df26836a3" "/opt/rustwide/cargo-home/bin/cargo" "+1.100.0-beta.1" "build" "--frozen" "--message-format=json" "--release", kill_on_drop: false }`
[INFO] [stderr]    Compiling rustix v0.38.4
[INFO] [stderr]    Compiling libc v0.2.147
[INFO] [stderr]    Compiling proc-macro2 v1.0.66
[INFO] [stderr]    Compiling bitflags v2.3.3
[INFO] [stderr]    Compiling linux-raw-sys v0.4.3
[INFO] [stderr]    Compiling anstyle v1.0.1
[INFO] [stderr]    Compiling clap_lex v0.5.0
[INFO] [stderr]    Compiling anstyle-parse v0.2.1
[INFO] [stderr]    Compiling once_cell v1.18.0
[INFO] [stderr]    Compiling itertools v0.11.0
[INFO] [stderr]    Compiling quote v1.0.32
[INFO] [stderr]    Compiling getrandom v0.2.10
[INFO] [stderr]    Compiling syn v2.0.27
[INFO] [stderr]    Compiling rand_core v0.6.4
[INFO] [stderr]    Compiling rand_chacha v0.3.1
[INFO] [stderr]    Compiling is-terminal v0.4.9
[INFO] [stderr]    Compiling anstream v0.3.2
[INFO] [stderr]    Compiling clap_builder v4.3.19
[INFO] [stderr]    Compiling rand v0.8.5
[INFO] [stderr]    Compiling clap_derive v4.3.12
[INFO] [stderr]    Compiling clap v4.3.19
[INFO] [stderr]    Compiling sppg v0.3.0 (/opt/rustwide/workdir)
[INFO] [stderr]     Finished `release` profile [optimized] target(s) in 17.86s
[INFO] running `Command { std: "docker" "inspect" "5535a04ba301410ca0d63c9d9fa875a37a2eafb02161a093a1526f4df26836a3", kill_on_drop: false }`
[INFO] running `Command { std: "docker" "exec" "-e" "SOURCE_DIR=/opt/rustwide/workdir" "-e" "CARGO_HOME=/opt/rustwide/cargo-home" "-e" "RUSTUP_HOME=/opt/rustwide/rustup-home" "-e" "CARGO_TARGET_DIR=/opt/rustwide/target" "-e" "CARGO_INCREMENTAL=0" "-e" "RUST_BACKTRACE=full" "-e" "RUSTFLAGS=--cap-lints=warn" "-e" "RUSTDOCFLAGS=--cap-lints=warn" "-w" "/opt/rustwide/workdir" "--user" "0:0" "5535a04ba301410ca0d63c9d9fa875a37a2eafb02161a093a1526f4df26836a3" "/opt/rustwide/cargo-home/bin/cargo" "+1.100.0-beta.1" "test" "--frozen" "--no-run" "--message-format=json" "--release", kill_on_drop: false }`
[INFO] [stderr]    Compiling sppg v0.3.0 (/opt/rustwide/workdir)
[INFO] [stderr]     Finished `release` profile [optimized] target(s) in 2.22s
[INFO] running `Command { std: "docker" "inspect" "5535a04ba301410ca0d63c9d9fa875a37a2eafb02161a093a1526f4df26836a3", kill_on_drop: false }`
[INFO] running `Command { std: "docker" "exec" "-e" "SOURCE_DIR=/opt/rustwide/workdir" "-e" "CARGO_HOME=/opt/rustwide/cargo-home" "-e" "RUSTUP_HOME=/opt/rustwide/rustup-home" "-e" "CARGO_TARGET_DIR=/opt/rustwide/target" "-e" "CARGO_INCREMENTAL=0" "-e" "RUST_BACKTRACE=full" "-e" "RUSTFLAGS=--cap-lints=warn" "-e" "RUSTDOCFLAGS=--cap-lints=warn" "-w" "/opt/rustwide/workdir" "--user" "0:0" "5535a04ba301410ca0d63c9d9fa875a37a2eafb02161a093a1526f4df26836a3" "/opt/rustwide/cargo-home/bin/cargo" "+1.100.0-beta.1" "test" "--frozen" "--release", kill_on_drop: false }`
[INFO] [stderr]     Finished `release` profile [optimized] target(s) in 0.06s
[INFO] [stderr]      Running unittests src/lib.rs (/opt/rustwide/target/release/build/sppg/787c3124f5f48486/out/sppg-787c3124f5f48486)
[INFO] [stdout] 
[INFO] [stdout] running 24 tests
[INFO] [stdout] test cli::test::verify_cli_arg_n_defaults_to_6 ... ok
[INFO] [stdout] test cli::test::verify_cli_arg_n_zero_is_error ... ok
[INFO] [stdout] test cli::test::verify_cli_arg_c_is_true01 ... ok
[INFO] [stdout] test cli::test::verify_cli_arg_e_defaults_to_false ... ok
[INFO] [stdout] test cli::test::verify_cli_arg_n_negative_is_error ... ok
[INFO] [stdout] test passphrase::test::short_with_quality ... ok
[INFO] [stdout] test cli::test::verify_cli_arg_w_zero_is_error ... ok
[INFO] [stdout] test cli::test::verify_cli_arg_q_is_true01 ... ok
[INFO] [stdout] test passphrase::test::default_impl ... ok
[INFO] [stdout] test passphrase::test::test_is_insecure18 ... ok
[INFO] [stdout] test passphrase::test::test_is_insecure_i18n ... ok
[INFO] [stdout] test passphrase::test::test_is_insecure_words3 ... ok
[INFO] [stdout] test cli::test::verify_cli_arg_c_is_true02 ... ok
[INFO] [stdout] test passphrase::test::test_is_insecure19 ... ok
[INFO] [stdout] test cli::test::verify_cli ... ok
[INFO] [stdout] test cli::test::verify_cli_arg_q_is_true02 ... ok
[INFO] [stdout] test cli::test::verify_cli_arg_s_is_true01 ... ok
[INFO] [stdout] test cli::test::verify_cli_arg_s_is_true02 ... ok
[INFO] [stdout] test cli::test::verify_cli_arg_w_defaults_to_5 ... ok
[INFO] [stdout] test cli::test::verify_cli_display_help ... ok
[INFO] [stdout] test cli::test::verify_cli_arg_separator_is_true01 ... ok
[INFO] [stdout] test cli::test::verify_cli_arg_e_is_true ... ok
[INFO] [stdout] test cli::test::verify_cli_arg_q_implies_c_s ... ok
[INFO] [stderr]      Running unittests src/main.rs (/opt/rustwide/target/release/build/sppg/7c88df6ee4cbf0e0/out/sppg-7c88df6ee4cbf0e0)
[INFO] [stdout] test cli::test::verify_cli_arg_separator_is_true02 ... ok
[INFO] [stdout] 
[INFO] [stdout] test result: ok. 24 passed; 0 failed; 0 ignored; 0 measured; 0 filtered out; finished in 0.03s
[INFO] [stdout] 
[INFO] [stderr]      Running tests/main.rs (/opt/rustwide/target/release/build/sppg/47ad9e5af98743b8/out/main-47ad9e5af98743b8)
[INFO] [stdout] 
[INFO] [stdout] running 0 tests
[INFO] [stdout] 
[INFO] [stdout] test result: ok. 0 passed; 0 failed; 0 ignored; 0 measured; 0 filtered out; finished in 0.00s
[INFO] [stdout] 
[INFO] [stdout] 
[INFO] [stdout] running 16 tests
[INFO] [stdout] test printed_correctly ... ok
[INFO] [stdout] test choose_wordlist_eff ... ok
[INFO] [stdout] test default_iterations_and_word_count ... ok
[INFO] [stdout] test iterations_and_word_count ... ok
[INFO] [stdout] test lookup_number_retrieves_word ... ok
[INFO] [stdout] test special_char_in_first_word ... ok
[INFO] [stdout] test no_insecure_passphrases ... ok
[INFO] [stdout] test capital_in_first_word ... ok
[INFO] [stdout] test default_separator_char_is_space ... ok
[INFO] [stdout] test choose_wordlist_default ... ok
[INFO] [stdout] test correct_digits ... ok
[INFO] [stdout] test quality_for_short_phrases ... ok
[INFO] [stdout] test special_char_handling ... ok
[INFO] [stdout] test separator_char_in_output ... ok
[INFO] [stdout] test capital_char_handling ... ok
[INFO] [stdout] test special_char_in_first_character ... FAILED
[INFO] [stdout] 
[INFO] [stdout] failures:
[INFO] [stdout] 
[INFO] [stdout] ---- special_char_in_first_character stdout ----
[INFO] [stdout] 
[INFO] [stdout] thread 'special_char_in_first_character' (644) panicked at tests/main.rs:235:5:
[INFO] [stdout] the first character in a word is a special char
[INFO] [stdout] stack backtrace:
[INFO] [stdout]    0:     0x64ca2a9a5071 - <<std[617be2ca0a6fd877]::sys::backtrace::BacktraceLock>::print::DisplayBacktrace as core[a373ad73a504971]::fmt::Display>::fmt
[INFO] [stdout]    1:     0x64ca2a9bac5a - core[a373ad73a504971]::fmt::write
[INFO] [stdout]    2:     0x64ca2a9a9f1c - <alloc[2e1b2a31b91974c5]::vec::Vec<u8> as core[a373ad73a504971]::io::write::Write>::write_fmt
[INFO] [stdout]    3:     0x64ca2a981106 - std[617be2ca0a6fd877]::panicking::default_hook::{closure#0}
[INFO] [stdout]    4:     0x64ca2a99d509 - std[617be2ca0a6fd877]::panicking::default_hook
[INFO] [stdout]    5:     0x64ca2a8d87b0 - test[aada8e7e76ba119b]::test_main_inner::{closure#0}
[INFO] [stdout]    6:     0x64ca2a99d6c2 - std[617be2ca0a6fd877]::panicking::panic_with_hook
[INFO] [stdout]    7:     0x64ca2a9811e4 - std[617be2ca0a6fd877]::panicking::panic_handler::{closure#0}
[INFO] [stdout]    8:     0x64ca2a979e99 - std[617be2ca0a6fd877]::sys::backtrace::__rust_end_short_backtrace::<std[617be2ca0a6fd877]::panicking::panic_handler::{closure#0}, !>
[INFO] [stdout]    9:     0x64ca2a981dbd - __rustc[ea4f61d10b84890b]::rust_begin_unwind
[INFO] [stdout]   10:     0x64ca2a9bb38c - core[a373ad73a504971]::panicking::panic_fmt
[INFO] [stdout]   11:     0x64ca2a8cb70d - <main[e7869dee89b4a2b2]::special_char_in_first_character::{closure#0} as core[a373ad73a504971]::ops::function::FnOnce<()>>::call_once
[INFO] [stdout]   12:     0x64ca2a8cbbfb - test[aada8e7e76ba119b]::__rust_begin_short_backtrace::<core[a373ad73a504971]::result::Result<(), alloc[2e1b2a31b91974c5]::string::String>, fn() -> core[a373ad73a504971]::result::Result<(), alloc[2e1b2a31b91974c5]::string::String>>
[INFO] [stdout]   13:     0x64ca2a8d8dd5 - test[aada8e7e76ba119b]::run_test::{closure#0}
[INFO] [stdout]   14:     0x64ca2a8d26c4 - std[617be2ca0a6fd877]::sys::backtrace::__rust_begin_short_backtrace::<test[aada8e7e76ba119b]::run_test::{closure#1}, ()>
[INFO] [stdout]   15:     0x64ca2a8dbe62 - <std[617be2ca0a6fd877]::thread::lifecycle::spawn_unchecked<test[aada8e7e76ba119b]::run_test::{closure#1}, ()>::{closure#1} as core[a373ad73a504971]::ops::function::FnOnce<()>>::call_once::{shim:vtable#0}
[INFO] [stdout]   16:     0x64ca2a9a489f - <std[617be2ca0a6fd877]::sys::thread::unix::Thread>::new::thread_start
[INFO] [stdout]   17:     0x7b86227d1dfa - <unknown>
[INFO] [stdout]   18:     0x7b86228653d4 - clone
[INFO] [stdout]   19:                0x0 - <unknown>
[INFO] [stdout] 
[INFO] [stdout] 
[INFO] [stdout] failures:
[INFO] [stdout]     special_char_in_first_character
[INFO] [stdout] 
[INFO] [stdout] test result: FAILED. 15 passed; 1 failed; 0 ignored; 0 measured; 0 filtered out; finished in 0.02s
[INFO] [stdout] 
[INFO] [stderr] error: test failed, to rerun pass `--test main`
[INFO] running `Command { std: "docker" "inspect" "5535a04ba301410ca0d63c9d9fa875a37a2eafb02161a093a1526f4df26836a3", kill_on_drop: false }`
[INFO] running `Command { std: "docker" "rm" "-f" "5535a04ba301410ca0d63c9d9fa875a37a2eafb02161a093a1526f4df26836a3", kill_on_drop: false }`
[INFO] [stdout] 5535a04ba301410ca0d63c9d9fa875a37a2eafb02161a093a1526f4df26836a3
