[INFO] fetching crate snipgrep 0.1.0...
[INFO] testing snipgrep-0.1.0 against 1.100.0-beta.1+cargoflags=--release for beta-release-1.100-2
[INFO] extracting crate snipgrep 0.1.0 into /workspace/builds/worker-6-tc2/source
[INFO] started tweaking crates.io crate snipgrep 0.1.0
[INFO] finished tweaking crates.io crate snipgrep 0.1.0
[INFO] tweaked toml for crates.io crate snipgrep 0.1.0 written to /workspace/builds/worker-6-tc2/source/Cargo.toml
[INFO] validating manifest of crates.io crate snipgrep 0.1.0 on toolchain 1.100.0-beta.1
[INFO] running `Command { std: CARGO_HOME="/workspace/cargo-home" RUSTUP_HOME="/workspace/rustup-home" "/workspace/cargo-home/bin/cargo" "+1.100.0-beta.1" "metadata" "--manifest-path" "Cargo.toml" "--no-deps", kill_on_drop: false }`
[INFO] crate crates.io crate snipgrep 0.1.0 already has a lockfile, it will not be regenerated
[INFO] running `Command { std: CARGO_HOME="/workspace/cargo-home" RUSTUP_HOME="/workspace/rustup-home" "/workspace/cargo-home/bin/cargo" "+1.100.0-beta.1" "fetch" "--manifest-path" "Cargo.toml", kill_on_drop: false }`
[INFO] [stderr] warning: `package.homepage` is redundant with `package.repository`
[INFO] [stderr]   --> Cargo.toml:77:12
[INFO] [stderr]    |
[INFO] [stderr] 77 | homepage = "https://github.com/kaplanelad/snipgrep"
[INFO] [stderr]    |            ^^^^^^^^^^^^^^^^^^^^^^^^^^^^^^^^^^^^^^^^
[INFO] [stderr] ...
[INFO] [stderr] 81 | repository = "https://github.com/kaplanelad/snipgrep"
[INFO] [stderr]    |              ----------------------------------------
[INFO] [stderr]    |
[INFO] [stderr]    = note: `cargo::redundant_homepage` is set to `warn` by default
[INFO] [stderr] help: consider removing `package.homepage`
[INFO] [stderr] warning: `snipgrep` (manifest) generated 1 warning
[INFO] running `Command { std: "docker" "create" "-v" "/var/lib/crater-agent-workspace/builds/worker-6-tc2/source:/opt/rustwide/workdir:ro,Z" "-v" "/var/lib/crater-agent-workspace/builds/worker-6-tc2/target:/opt/rustwide/target:rw,Z" "-v" "/var/lib/crater-agent-workspace/cargo-home:/opt/rustwide/cargo-home:ro,Z" "-v" "/var/lib/crater-agent-workspace/rustup-home:/opt/rustwide/rustup-home:ro,Z" "-m" "1610612736" "--network" "none" "ghcr.io/rust-lang/crates-build-env/linux@sha256:77db811e55d90add9212f6832c23229e3de5f1c1f9905e8cb07319ea15df73ac" "sleep" "infinity", kill_on_drop: false }`
[INFO] [stdout] 2716ea9ce9ff8516cf96d035663fca44c1f647b585ec927a93831b7cb4c43593
[INFO] running `Command { std: "docker" "start" "2716ea9ce9ff8516cf96d035663fca44c1f647b585ec927a93831b7cb4c43593", kill_on_drop: false }`
[INFO] running `Command { std: "docker" "inspect" "2716ea9ce9ff8516cf96d035663fca44c1f647b585ec927a93831b7cb4c43593", kill_on_drop: false }`
[INFO] running `Command { std: "docker" "exec" "-e" "SOURCE_DIR=/opt/rustwide/workdir" "-e" "CARGO_HOME=/opt/rustwide/cargo-home" "-e" "RUSTUP_HOME=/opt/rustwide/rustup-home" "-e" "CARGO_TARGET_DIR=/opt/rustwide/target" "-w" "/opt/rustwide/workdir" "--user" "0:0" "2716ea9ce9ff8516cf96d035663fca44c1f647b585ec927a93831b7cb4c43593" "/opt/rustwide/cargo-home/bin/cargo" "+1.100.0-beta.1" "metadata" "--no-deps" "--format-version=1", kill_on_drop: false }`
[INFO] running `Command { std: "docker" "inspect" "2716ea9ce9ff8516cf96d035663fca44c1f647b585ec927a93831b7cb4c43593", kill_on_drop: false }`
[INFO] running `Command { std: "docker" "exec" "-e" "SOURCE_DIR=/opt/rustwide/workdir" "-e" "CARGO_HOME=/opt/rustwide/cargo-home" "-e" "RUSTUP_HOME=/opt/rustwide/rustup-home" "-e" "CARGO_TARGET_DIR=/opt/rustwide/target" "-e" "CARGO_INCREMENTAL=0" "-e" "RUST_BACKTRACE=full" "-e" "RUSTFLAGS=--cap-lints=warn" "-e" "RUSTDOCFLAGS=--cap-lints=warn" "-w" "/opt/rustwide/workdir" "--user" "0:0" "2716ea9ce9ff8516cf96d035663fca44c1f647b585ec927a93831b7cb4c43593" "/opt/rustwide/cargo-home/bin/cargo" "+1.100.0-beta.1" "build" "--frozen" "--message-format=json" "--release", kill_on_drop: false }`
[INFO] [stderr] warning: `package.homepage` is redundant with `package.repository`
[INFO] [stderr]   --> Cargo.toml:77:12
[INFO] [stderr]    |
[INFO] [stderr] 77 | homepage = "https://github.com/kaplanelad/snipgrep"
[INFO] [stderr]    |            ^^^^^^^^^^^^^^^^^^^^^^^^^^^^^^^^^^^^^^^^
[INFO] [stderr] ...
[INFO] [stderr] 81 | repository = "https://github.com/kaplanelad/snipgrep"
[INFO] [stderr]    |              ----------------------------------------
[INFO] [stderr]    |
[INFO] [stderr]    = note: `cargo::redundant_homepage` is set to `warn` by default
[INFO] [stderr] help: consider removing `package.homepage`
[INFO] [stderr] warning: `snipgrep` (manifest) generated 1 warning
[INFO] [stderr]    Compiling proc-macro2 v1.0.79
[INFO] [stderr]    Compiling libc v0.2.153
[INFO] [stderr]    Compiling siphasher v0.3.11
[INFO] [stderr]    Compiling ppv-lite86 v0.2.17
[INFO] [stderr]    Compiling syn v1.0.109
[INFO] [stderr]    Compiling thiserror v1.0.61
[INFO] [stderr]    Compiling smallvec v1.13.1
[INFO] [stderr]    Compiling memchr v2.7.1
[INFO] [stderr]    Compiling serde v1.0.202
[INFO] [stderr]    Compiling log v0.4.21
[INFO] [stderr]    Compiling lock_api v0.4.11
[INFO] [stderr]    Compiling crossbeam-utils v0.8.19
[INFO] [stderr]    Compiling parking_lot_core v0.9.9
[INFO] [stderr]    Compiling regex-syntax v0.8.2
[INFO] [stderr]    Compiling mac v0.1.1
[INFO] [stderr]    Compiling precomputed-hash v0.1.1
[INFO] [stderr]    Compiling futf v0.1.5
[INFO] [stderr]    Compiling phf_shared v0.10.0
[INFO] [stderr]    Compiling phf_shared v0.11.2
[INFO] [stderr]    Compiling itoa v1.0.10
[INFO] [stderr]    Compiling ucd-trie v0.1.6
[INFO] [stderr]    Compiling dtoa v1.0.9
[INFO] [stderr]    Compiling tendril v0.4.3
[INFO] [stderr]    Compiling anstyle-parse v0.2.3
[INFO] [stderr]    Compiling ahash v0.8.11
[INFO] [stderr]    Compiling dtoa-short v0.3.4
[INFO] [stderr]    Compiling tracing-core v0.1.32
[INFO] [stderr]    Compiling rayon-core v1.12.1
[INFO] [stderr]    Compiling anstyle v1.0.6
[INFO] [stderr]    Compiling colorchoice v1.0.0
[INFO] [stderr]    Compiling phf v0.10.1
[INFO] [stderr]    Compiling stable_deref_trait v1.2.0
[INFO] [stderr]    Compiling anstyle-query v1.0.2
[INFO] [stderr]    Compiling servo_arc v0.3.0
[INFO] [stderr]    Compiling strsim v0.11.0
[INFO] [stderr]    Compiling quote v1.0.35
[INFO] [stderr]    Compiling bitflags v2.4.2
[INFO] [stderr]    Compiling clap_lex v0.7.0
[INFO] [stderr]    Compiling aho-corasick v1.1.2
[INFO] [stderr]    Compiling bstr v1.9.1
[INFO] [stderr]    Compiling zerocopy v0.7.32
[INFO] [stderr]    Compiling bytecount v0.6.7
[INFO] [stderr]    Compiling syn v2.0.52
[INFO] [stderr]    Compiling proc-macro-error-attr v1.0.4
[INFO] [stderr]    Compiling anstream v0.6.13
[INFO] [stderr]    Compiling hashbrown v0.14.3
[INFO] [stderr]    Compiling tracing-log v0.2.0
[INFO] [stderr]    Compiling papergrid v0.11.0
[INFO] [stderr]    Compiling crossbeam-epoch v0.9.18
[INFO] [stderr]    Compiling sharded-slab v0.1.7
[INFO] [stderr]    Compiling clap_builder v4.5.2
[INFO] [stderr]    Compiling crossbeam-deque v0.8.5
[INFO] [stderr]    Compiling getopts v0.2.21
[INFO] [stderr]    Compiling indexmap v2.2.5
[INFO] [stderr]    Compiling thread_local v1.1.8
[INFO] [stderr]    Compiling either v1.10.0
[INFO] [stderr]    Compiling ryu v1.0.17
[INFO] [stderr]    Compiling ego-tree v0.6.2
[INFO] [stderr]    Compiling getrandom v0.2.12
[INFO] [stderr]    Compiling console v0.15.8
[INFO] [stderr]    Compiling parking_lot v0.12.1
[INFO] [stderr]    Compiling rayon v1.10.0
[INFO] [stderr]    Compiling rand_core v0.6.4
[INFO] [stderr]    Compiling rand_chacha v0.3.1
[INFO] [stderr]    Compiling regex-automata v0.4.6
[INFO] [stderr]    Compiling rand v0.8.5
[INFO] [stderr]    Compiling phf_generator v0.10.0
[INFO] [stderr]    Compiling phf_codegen v0.10.0
[INFO] [stderr]    Compiling string_cache_codegen v0.5.2
[INFO] [stderr]    Compiling phf_generator v0.11.2
[INFO] [stderr]    Compiling selectors v0.25.0
[INFO] [stderr]    Compiling markup5ever v0.11.0
[INFO] [stderr]    Compiling regex v1.10.3
[INFO] [stderr]    Compiling globset v0.4.14
[INFO] [stderr]    Compiling ignore v0.4.22
[INFO] [stderr]    Compiling proc-macro-error v1.0.4
[INFO] [stderr]    Compiling thiserror-impl v1.0.61
[INFO] [stderr]    Compiling serde_derive v1.0.202
[INFO] [stderr]    Compiling phf_macros v0.11.2
[INFO] [stderr]    Compiling cssparser-macros v0.6.1
[INFO] [stderr]    Compiling tracing-attributes v0.1.27
[INFO] [stderr]    Compiling clap_derive v4.5.0
[INFO] [stderr]    Compiling phf v0.11.2
[INFO] [stderr]    Compiling cssparser v0.31.2
[INFO] [stderr]    Compiling html5ever v0.26.0
[INFO] [stderr]    Compiling pest v2.7.10
[INFO] [stderr]    Compiling derive_more v0.99.17
[INFO] [stderr]    Compiling tabled_derive v0.7.0
[INFO] [stderr]    Compiling tracing v0.1.40
[INFO] [stderr]    Compiling tracing-subscriber v0.3.18
[INFO] [stderr]    Compiling tabled v0.15.0
[INFO] [stderr]    Compiling clap v4.5.2
[INFO] [stderr]    Compiling pest_meta v2.7.10
[INFO] [stderr]    Compiling pest_generator v2.7.10
[INFO] [stderr]    Compiling pest_derive v2.7.10
[INFO] [stderr]    Compiling string_cache v0.8.7
[INFO] [stderr]    Compiling serde_yaml v0.9.34+deprecated
[INFO] [stderr]    Compiling serde_regex v1.1.0
[INFO] [stderr]    Compiling scraper v0.19.0
[INFO] [stderr]    Compiling snipgrep v0.1.0 (/opt/rustwide/workdir)
[INFO] [stderr]     Finished `release` profile [optimized] target(s) in 1m 25s
[INFO] running `Command { std: "docker" "inspect" "2716ea9ce9ff8516cf96d035663fca44c1f647b585ec927a93831b7cb4c43593", kill_on_drop: false }`
[INFO] running `Command { std: "docker" "exec" "-e" "SOURCE_DIR=/opt/rustwide/workdir" "-e" "CARGO_HOME=/opt/rustwide/cargo-home" "-e" "RUSTUP_HOME=/opt/rustwide/rustup-home" "-e" "CARGO_TARGET_DIR=/opt/rustwide/target" "-e" "CARGO_INCREMENTAL=0" "-e" "RUST_BACKTRACE=full" "-e" "RUSTFLAGS=--cap-lints=warn" "-e" "RUSTDOCFLAGS=--cap-lints=warn" "-w" "/opt/rustwide/workdir" "--user" "0:0" "2716ea9ce9ff8516cf96d035663fca44c1f647b585ec927a93831b7cb4c43593" "/opt/rustwide/cargo-home/bin/cargo" "+1.100.0-beta.1" "test" "--frozen" "--no-run" "--message-format=json" "--release", kill_on_drop: false }`
[INFO] [stderr] warning: `package.homepage` is redundant with `package.repository`
[INFO] [stderr]   --> Cargo.toml:77:12
[INFO] [stderr]    |
[INFO] [stderr] 77 | homepage = "https://github.com/kaplanelad/snipgrep"
[INFO] [stderr]    |            ^^^^^^^^^^^^^^^^^^^^^^^^^^^^^^^^^^^^^^^^
[INFO] [stderr] ...
[INFO] [stderr] 81 | repository = "https://github.com/kaplanelad/snipgrep"
[INFO] [stderr]    |              ----------------------------------------
[INFO] [stderr]    |
[INFO] [stderr]    = note: `cargo::redundant_homepage` is set to `warn` by default
[INFO] [stderr] help: consider removing `package.homepage`
[INFO] [stderr] warning: `snipgrep` (manifest) generated 1 warning
[INFO] [stderr]    Compiling rustix v0.38.31
[INFO] [stderr]    Compiling linux-raw-sys v0.4.13
[INFO] [stderr]    Compiling rand_core v0.6.4
[INFO] [stderr]    Compiling ppv-lite86 v0.2.17
[INFO] [stderr]    Compiling similar v2.4.0
[INFO] [stderr]    Compiling snapbox-macros v0.3.8
[INFO] [stderr]    Compiling content_inspector v0.2.4
[INFO] [stderr]    Compiling serde_spanned v0.6.5
[INFO] [stderr]    Compiling toml_datetime v0.6.5
[INFO] [stderr]    Compiling filetime v0.2.23
[INFO] [stderr]    Compiling os_pipe v1.1.5
[INFO] [stderr]    Compiling wait-timeout v0.2.0
[INFO] [stderr]    Compiling dunce v1.0.4
[INFO] [stderr]    Compiling winnow v0.6.5
[INFO] [stderr]    Compiling humantime-serde v1.1.1
[INFO] [stderr]    Compiling shlex v1.3.0
[INFO] [stderr]    Compiling rand_chacha v0.3.1
[INFO] [stderr]    Compiling rand v0.8.5
[INFO] [stderr]    Compiling insta v1.36.1
[INFO] [stderr]    Compiling tree-fs v0.1.0
[INFO] [stderr]    Compiling toml_edit v0.22.7
[INFO] [stderr]    Compiling tempfile v3.10.1
[INFO] [stderr]    Compiling snapbox v0.5.8
[INFO] [stderr]    Compiling trycmd v0.15.0
[INFO] [stderr]    Compiling snipgrep v0.1.0 (/opt/rustwide/workdir)
[INFO] [stderr]     Finished `release` profile [optimized] target(s) in 31.93s
[INFO] running `Command { std: "docker" "inspect" "2716ea9ce9ff8516cf96d035663fca44c1f647b585ec927a93831b7cb4c43593", kill_on_drop: false }`
[INFO] running `Command { std: "docker" "exec" "-e" "SOURCE_DIR=/opt/rustwide/workdir" "-e" "CARGO_HOME=/opt/rustwide/cargo-home" "-e" "RUSTUP_HOME=/opt/rustwide/rustup-home" "-e" "CARGO_TARGET_DIR=/opt/rustwide/target" "-e" "CARGO_INCREMENTAL=0" "-e" "RUST_BACKTRACE=full" "-e" "RUSTFLAGS=--cap-lints=warn" "-e" "RUSTDOCFLAGS=--cap-lints=warn" "-w" "/opt/rustwide/workdir" "--user" "0:0" "2716ea9ce9ff8516cf96d035663fca44c1f647b585ec927a93831b7cb4c43593" "/opt/rustwide/cargo-home/bin/cargo" "+1.100.0-beta.1" "test" "--frozen" "--release", kill_on_drop: false }`
[INFO] [stderr] warning: `package.homepage` is redundant with `package.repository`
[INFO] [stderr]   --> Cargo.toml:77:12
[INFO] [stderr]    |
[INFO] [stderr] 77 | homepage = "https://github.com/kaplanelad/snipgrep"
[INFO] [stderr]    |            ^^^^^^^^^^^^^^^^^^^^^^^^^^^^^^^^^^^^^^^^
[INFO] [stderr] ...
[INFO] [stderr] 81 | repository = "https://github.com/kaplanelad/snipgrep"
[INFO] [stderr]    |              ----------------------------------------
[INFO] [stderr]    |
[INFO] [stderr]    = note: `cargo::redundant_homepage` is set to `warn` by default
[INFO] [stderr] help: consider removing `package.homepage`
[INFO] [stderr] warning: `snipgrep` (manifest) generated 1 warning
[INFO] [stderr]     Finished `release` profile [optimized] target(s) in 0.21s
[INFO] [stderr]      Running unittests src/lib.rs (/opt/rustwide/target/release/build/snipgrep/f9aeaefea64d0df9/out/snipgrep-f9aeaefea64d0df9)
[INFO] [stderr]      Running unittests src/bin/snipgrep.rs (/opt/rustwide/target/release/build/snipgrep/364070cd8e6ee9f0/out/snipgrep-364070cd8e6ee9f0)
[INFO] [stdout] 
[INFO] [stdout] running 0 tests
[INFO] [stdout] 
[INFO] [stdout] test result: ok. 0 passed; 0 failed; 0 ignored; 0 measured; 0 filtered out; finished in 0.00s
[INFO] [stdout] 
[INFO] [stdout] 
[INFO] [stdout] running 0 tests
[INFO] [stdout] 
[INFO] [stdout] test result: ok. 0 passed; 0 failed; 0 ignored; 0 measured; 0 filtered out; finished in 0.00s
[INFO] [stdout] 
[INFO] [stderr]      Running tests/cli_tests.rs (/opt/rustwide/target/release/build/snipgrep/b373ff26dec9838c/out/cli_tests-b373ff26dec9838c)
[INFO] [stdout] 
[INFO] [stdout] running 1 test
[INFO] [stderr] [2mTesting[0m tests/cmd/run-with-db-file.trycmd:2 ... [33mignored[0m
[INFO] [stderr] [2mTesting[0m tests/cmd/run-with-db-file.trycmd:teardown ... [31mfailed[0m
[INFO] [stderr] Failed: [31mFiles left in unexpected state
[INFO] [stderr] [0m
[INFO] [stderr] tests/cmd/run-with-db-file.out: is [32mgood[0m
[INFO] [stderr] 
[INFO] [stderr] [31m---- expected: tests/cmd/run-with-db-file.out/README.md[0m
[INFO] [stderr] [32m++++ actual:   /tmp/.tmpufOOGM/README.md[0m
[INFO] [stderr] [2m   1[0m [2m   1[0m [2m|[0m [2m# Snipgrep
[INFO] [stderr] [0m[2m   2[0m [2m   2[0m [2m|[0m [2m
[INFO] [stderr] [0m[2m   3[0m [2m   3[0m [2m|[0m [2m## Usage example
[INFO] [stderr] [0m[2m   4[0m [2m   4[0m [2m|[0m [2m```rust
[INFO] [stderr] [0m[2m   5[0m [2m   5[0m [2m|[0m [2m<!-- <snipgrep id="rust-print" inject > -->
[INFO] [stderr] [0m          [2m⋮[0m
[INFO] [stderr] [2m  11[0m [2m  11[0m [2m|[0m [2m```
[INFO] [stderr] [0m[2m  12[0m [2m  12[0m [2m|[0m [2m
[INFO] [stderr] [0m[2m  13[0m [2m  13[0m [2m|[0m [2m## Create DB
[INFO] [stderr] [0m[2m  14[0m [2m  14[0m [2m|[0m [2m<!-- <snipgrep id="create-db" inject > -->
[INFO] [stderr] [0m[2m  15[0m [2m  15[0m [2m|[0m [2m
[INFO] [stderr] [0m[2m  16[0m      [31m-[0m [31m  ```sh
[INFO] [stderr] [0m[2m  17[0m      [31m-[0m [31m    snipgrep create-db
[INFO] [stderr] [0m[2m  18[0m      [31m-[0m [31m  ```
[INFO] [stderr] [0m[2m  19[0m [2m  16[0m [2m|[0m [2m<!-- </snipgrep> -->
[INFO] [stderr] [0m[2m  20[0m [2m  17[0m [2m|[0m [2m
[INFO] [stderr] [0m[2m  21[0m [2m  18[0m [2m|[0m [2m
[INFO] [stderr] [0m[2m  22[0m [2m  19[0m [2m|[0m [2m- Take all code snippet. this code contains a inner snippets. we expected that the tags, will be dropped
[INFO] [stderr] [0m[2m  23[0m [2m  20[0m [2m|[0m [2m```rust
[INFO] [stderr] [0m[2m  24[0m [2m  21[0m [2m|[0m [2m<!-- <snipgrep id="add-function-with-description" inject > -->
[INFO] [stderr] [0m[2m  25[0m [2m  22[0m [2m|[0m [2m
[INFO] [stderr] [0m[2m  26[0m      [31m-[0m [31m/// Adds two integers and returns the result.
[INFO] [stderr] [0m[2m  27[0m      [31m-[0m [31m///
[INFO] [stderr] [0m[2m  28[0m      [31m-[0m [31m/// # Arguments
[INFO] [stderr] [0m[2m  29[0m      [31m-[0m [31m///
[INFO] [stderr] [0m[2m  30[0m      [31m-[0m [31m/// * `a` - An integer to be added.
[INFO] [stderr] [0m[2m  31[0m      [31m-[0m [31m/// * `b` - Another integer to be added.
[INFO] [stderr] [0m[2m  32[0m      [31m-[0m [31m///
[INFO] [stderr] [0m[2m  33[0m      [31m-[0m [31m/// # Returns
[INFO] [stderr] [0m[2m  34[0m      [31m-[0m [31m///
[INFO] [stderr] [0m[2m  35[0m      [31m-[0m [31m/// An integer that is the sum of `a` and `b`.
[INFO] [stderr] [0m[2m  36[0m      [31m-[0m [31m///
[INFO] [stderr] [0m[2m  37[0m      [31m-[0m [31m/// # Examples
[INFO] [stderr] [0m[2m  38[0m      [31m-[0m [31m/// ```rust
[INFO] [stderr] [0m[2m  39[0m      [31m-[0m [31m/// let result = add(3, 5);
[INFO] [stderr] [0m[2m  40[0m      [31m-[0m [31m/// assert_eq!(result, 8);
[INFO] [stderr] [0m[2m  41[0m      [31m-[0m [31m/// ```
[INFO] [stderr] [0m[2m  42[0m      [31m-[0m [31mfn add(a: i32, b: i32) -> i32 {
[INFO] [stderr] [0m[2m  43[0m      [31m-[0m [31m    a + b
[INFO] [stderr] [0m[2m  44[0m      [31m-[0m [31m}
[INFO] [stderr] [0m[2m  45[0m [2m  23[0m [2m|[0m [2m<!-- </snipgrep> -->
[INFO] [stderr] [0m[2m  46[0m [2m  24[0m [2m|[0m [2m```
[INFO] [stderr] [0m[2m  47[0m [2m  25[0m [2m|[0m [2m
[INFO] [stderr] [0m[2m  48[0m [2m  26[0m [2m|[0m [2m- the `add-function-example` tag contains `strip_prefix="///"`, the results of inject snippet should be without the `///` 
[INFO] [stderr] [0m[2m  49[0m [2m  27[0m [2m|[0m [2m<!-- <snipgrep id="add-function-example" inject strip_prefix="///"> -->
[INFO] [stderr] [0m[2m  50[0m [2m  28[0m [2m|[0m [2m
[INFO] [stderr] [0m[2m  51[0m      [31m-[0m [31m ```rust
[INFO] [stderr] [0m[2m  52[0m      [31m-[0m [31m let result = add(3, 5);
[INFO] [stderr] [0m[2m  53[0m      [31m-[0m [31m assert_eq!(result, 8);
[INFO] [stderr] [0m[2m  54[0m      [31m-[0m [31m ```
[INFO] [stderr] [0m[2m  55[0m [2m  29[0m [2m|[0m [2m<!-- </snipgrep> -->[0m[2m∅[0m
[INFO] [stderr] tests/cmd/run-with-db-file.out/snipgrep.yml: is [32mgood[0m
[INFO] [stderr] [2mTesting[0m tests/cmd/run-table-reporter.trycmd:2 ... [33mignored[0m
[INFO] [stderr] [2mTesting[0m tests/cmd/run-table-reporter.trycmd:teardown ... [31mfailed[0m
[INFO] [stderr] Failed: [31mFiles left in unexpected state
[INFO] [stderr] [0m
[INFO] [stderr] tests/cmd/run-table-reporter.out: is [32mgood[0m
[INFO] [stderr] tests/cmd/run-table-reporter.out/examples: is [32mgood[0m
[INFO] [stderr] tests/cmd/run-table-reporter.out/examples/examples.md: is [32mgood[0m
[INFO] [stderr] 
[INFO] [stderr] [31m---- expected: tests/cmd/run-table-reporter.out/README.md[0m
[INFO] [stderr] [32m++++ actual:   /tmp/.tmpTIer8F/README.md[0m
[INFO] [stderr] [2m   1[0m [2m   1[0m [2m|[0m [2m# Snipgrep
[INFO] [stderr] [0m[2m   2[0m [2m   2[0m [2m|[0m [2m
[INFO] [stderr] [0m[2m   3[0m [2m   3[0m [2m|[0m [2m## Usage example
[INFO] [stderr] [0m[2m   4[0m [2m   4[0m [2m|[0m [2m```rust
[INFO] [stderr] [0m[2m   5[0m [2m   5[0m [2m|[0m [2m<!-- <snipgrep id="rust-print" inject > -->
[INFO] [stderr] [0m[2m   6[0m [2m   6[0m [2m|[0m [2m
[INFO] [stderr] [0m[2m   7[0m      [31m-[0m [31mfn main() {
[INFO] [stderr] [0m[2m   8[0m      [31m-[0m [31m    println!("Welcome to snipgrep")
[INFO] [stderr] [0m[2m   9[0m      [31m-[0m [31m}
[INFO] [stderr] [0m     [2m   7[0m [32m+[0m [32m
[INFO] [stderr] [0m[2m  10[0m [2m   8[0m [2m|[0m [2m<!-- </snipgrep> -->
[INFO] [stderr] [0m[2m  11[0m [2m   9[0m [2m|[0m [2m```
[INFO] [stderr] [0m[2m  12[0m [2m  10[0m [2m|[0m [2m
[INFO] [stderr] [0m[2m  13[0m [2m  11[0m [2m|[0m [2m## Create DB
[INFO] [stderr] [0m[2m  14[0m [2m  12[0m [2m|[0m [2m<!-- <snipgrep id="create-db" inject > -->
[INFO] [stderr] [0m          [2m⋮[0m
[INFO] [stderr] [2m  53[0m [2m  51[0m [2m|[0m [2m assert_eq!(result, 8);
[INFO] [stderr] [0m[2m  54[0m [2m  52[0m [2m|[0m [2m ```
[INFO] [stderr] [0m[2m  55[0m [2m  53[0m [2m|[0m [2m<!-- </snipgrep> -->
[INFO] [stderr] [0m[2m  56[0m [2m  54[0m [2m|[0m [2m
[INFO] [stderr] [0m[2m  57[0m [2m  55[0m [2m|[0m [2m
[INFO] [stderr] [0m     [2m  56[0m [32m+[0m [32m<!-- <snipgrep id="find-me" inject > -->
[INFO] [stderr] [0m     [2m  57[0m [32m+[0m [32m
[INFO] [stderr] [0m     [2m  58[0m [32m+[0m [32m<!-- </snipgrep> -->
[INFO] [stderr] [0mtests/cmd/run-table-reporter.out/main.rs: is [32mgood[0m
[INFO] [stderr] [2mTesting[0m tests/cmd/main.trycmd:2 ... [33mignored[0m
[INFO] [stderr] [2mTesting[0m tests/cmd/main.trycmd:24 ... [33mignored[0m
[INFO] [stderr] [2mTesting[0m tests/cmd/main.trycmd:45 ... [33mignored[0m
[INFO] [stderr] [2mTesting[0m tests/cmd/main.trycmd:61 ... [33mignored[0m
[INFO] [stderr] [2mTesting[0m tests/cmd/create_db_from_specific_path.trycmd:2 ... [33mignored[0m
[INFO] [stderr] [2mTesting[0m tests/cmd/create_db_from_specific_path.trycmd:teardown ... [31mfailed[0m
[INFO] [stderr] Failed: [31mFiles left in unexpected state
[INFO] [stderr] [0m
[INFO] [stderr] tests/cmd/create_db_from_specific_path.out: is [32mgood[0m
[INFO] [stderr] tests/cmd/create_db_from_specific_path.out/examples: is [32mgood[0m
[INFO] [stderr] tests/cmd/create_db_from_specific_path.out/examples/snipgrep.yml: Expected [32mfile[0m, was [31mmissing[0m
[INFO] [stderr] [2mTesting[0m tests/cmd/create_db.trycmd:2 ... [33mignored[0m
[INFO] [stderr] [2mTesting[0m tests/cmd/create_db.trycmd:teardown ... [31mfailed[0m
[INFO] [stderr] Failed: [31mFiles left in unexpected state
[INFO] [stderr] [0m
[INFO] [stderr] tests/cmd/create_db.out: is [32mgood[0m
[INFO] [stderr] tests/cmd/create_db.out/snipgrep.yml: Expected [32mfile[0m, was [31mmissing[0m
[INFO] [stderr] [2mTesting[0m tests/cmd/run.trycmd:2 ... [33mignored[0m
[INFO] [stderr] [2mTesting[0m tests/cmd/run.trycmd:teardown ... [31mfailed[0m
[INFO] [stderr] Failed: [31mFiles left in unexpected state
[INFO] [stderr] [0m
[INFO] [stderr] tests/cmd/run.out: is [32mgood[0m
[INFO] [stderr] tests/cmd/run.out/examples: is [32mgood[0m
[INFO] [stderr] tests/cmd/run.out/examples/examples.md: is [32mgood[0m
[INFO] [stderr] 
[INFO] [stderr] [31m---- expected: tests/cmd/run.out/README.md[0m
[INFO] [stderr] [32m++++ actual:   /tmp/.tmpr4RNoa/README.md[0m
[INFO] [stderr] [2m   1[0m [2m   1[0m [2m|[0m [2m# Snipgrep
[INFO] [stderr] [0m[2m   2[0m [2m   2[0m [2m|[0m [2m
[INFO] [stderr] [0m[2m   3[0m [2m   3[0m [2m|[0m [2m## Usage example
[INFO] [stderr] [0m[2m   4[0m [2m   4[0m [2m|[0m [2m```rust
[INFO] [stderr] [0m[2m   5[0m [2m   5[0m [2m|[0m [2m<!-- <snipgrep id="rust-print" inject > -->
[INFO] [stderr] [0m[2m   6[0m [2m   6[0m [2m|[0m [2m
[INFO] [stderr] [0m[2m   7[0m      [31m-[0m [31mfn main() {
[INFO] [stderr] [0m[2m   8[0m      [31m-[0m [31m    println!("Welcome to snipgrep")
[INFO] [stderr] [0m[2m   9[0m      [31m-[0m [31m}
[INFO] [stderr] [0m[2m  10[0m [2m   7[0m [2m|[0m [2m<!-- </snipgrep> -->
[INFO] [stderr] [0m[2m  11[0m [2m   8[0m [2m|[0m [2m```
[INFO] [stderr] [0m[2m  12[0m [2m   9[0m [2m|[0m [2m
[INFO] [stderr] [0m[2m  13[0m [2m  10[0m [2m|[0m [2m## Create DB
[INFO] [stderr] [0m[2m  14[0m [2m  11[0m [2m|[0m [2m<!-- <snipgrep id="create-db" inject > -->
[INFO] [stderr] [0m          [2m⋮[0m
[INFO] [stderr] [2m  21[0m [2m  18[0m [2m|[0m [2m
[INFO] [stderr] [0m[2m  22[0m [2m  19[0m [2m|[0m [2m- Take all code snippet. this code contains a inner snippets. we expected that the tags, will be dropped
[INFO] [stderr] [0m[2m  23[0m [2m  20[0m [2m|[0m [2m```rust
[INFO] [stderr] [0m[2m  24[0m [2m  21[0m [2m|[0m [2m<!-- <snipgrep id="add-function-with-description" inject > -->
[INFO] [stderr] [0m[2m  25[0m [2m  22[0m [2m|[0m [2m
[INFO] [stderr] [0m[2m  26[0m      [31m-[0m [31m/// Adds two integers and returns the result.
[INFO] [stderr] [0m[2m  27[0m      [31m-[0m [31m///
[INFO] [stderr] [0m[2m  28[0m      [31m-[0m [31m/// # Arguments
[INFO] [stderr] [0m[2m  29[0m      [31m-[0m [31m///
[INFO] [stderr] [0m[2m  30[0m      [31m-[0m [31m/// * `a` - An integer to be added.
[INFO] [stderr] [0m[2m  31[0m      [31m-[0m [31m/// * `b` - Another integer to be added.
[INFO] [stderr] [0m[2m  32[0m      [31m-[0m [31m///
[INFO] [stderr] [0m[2m  33[0m      [31m-[0m [31m/// # Returns
[INFO] [stderr] [0m[2m  34[0m      [31m-[0m [31m///
[INFO] [stderr] [0m[2m  35[0m      [31m-[0m [31m/// An integer that is the sum of `a` and `b`.
[INFO] [stderr] [0m[2m  36[0m      [31m-[0m [31m///
[INFO] [stderr] [0m[2m  37[0m      [31m-[0m [31m/// # Examples
[INFO] [stderr] [0m[2m  38[0m      [31m-[0m [31m/// ```rust
[INFO] [stderr] [0m[2m  39[0m      [31m-[0m [31m/// let result = add(3, 5);
[INFO] [stderr] [0m[2m  40[0m      [31m-[0m [31m/// assert_eq!(result, 8);
[INFO] [stderr] [0m[2m  41[0m      [31m-[0m [31m/// ```
[INFO] [stderr] [0m[2m  42[0m      [31m-[0m [31mfn add(a: i32, b: i32) -> i32 {
[INFO] [stderr] [0m[2m  43[0m      [31m-[0m [31m    a + b
[INFO] [stderr] [0m[2m  44[0m      [31m-[0m [31m}
[INFO] [stderr] [0m[2m  45[0m [2m  23[0m [2m|[0m [2m<!-- </snipgrep> -->
[INFO] [stderr] [0m[2m  46[0m [2m  24[0m [2m|[0m [2m```
[INFO] [stderr] [0m[2m  47[0m [2m  25[0m [2m|[0m [2m
[INFO] [stderr] [0m[2m  48[0m [2m  26[0m [2m|[0m [2m- the `add-function-example` tag contains `strip_prefix="///"`, the results of inject snippet should be without the `///` 
[INFO] [stderr] [0m[2m  49[0m [2m  27[0m [2m|[0m [2m<!-- <snipgrep id="add-function-example" inject strip_prefix="///"> -->
[INFO] [stderr] [0m[2m  50[0m [2m  28[0m [2m|[0m [2m
[INFO] [stderr] [0m[2m  51[0m      [31m-[0m [31m ```rust
[INFO] [stderr] [0m[2m  52[0m      [31m-[0m [31m let result = add(3, 5);
[INFO] [stderr] [0m[2m  53[0m      [31m-[0m [31m assert_eq!(result, 8);
[INFO] [stderr] [0m[2m  54[0m      [31m-[0m [31m ```
[INFO] [stderr] [0m[2m  55[0m [2m  29[0m [2m|[0m [2m<!-- </snipgrep> -->
[INFO] [stderr] [0m[2m  56[0m [2m  30[0m [2m|[0m [2m
[INFO] [stderr] [0m     [2m  31[0m [32m+[0m [32m<!-- <snipgrep id="find-me" inject > -->
[INFO] [stderr] [0m     [2m  32[0m [32m+[0m [32m
[INFO] [stderr] [0m     [2m  33[0m [32m+[0m [32m<!-- </snipgrep> -->
[INFO] [stderr] [0mtests/cmd/run.out/main.rs: is [32mgood[0m
[INFO] [stderr] [2mUpdate snapshots with `TRYCMD=overwrite`[0m
[INFO] [stderr] [2mDebug output with `TRYCMD=dump`[0m
[INFO] [stdout] test cli_tests ... FAILED
[INFO] [stdout] 
[INFO] [stdout] failures:
[INFO] [stdout] 
[INFO] [stdout] ---- cli_tests stdout ----
[INFO] [stdout] 
[INFO] [stdout] thread 'cli_tests' (2672) panicked at /opt/rustwide/cargo-home/registry/src/index.crates.io-1949cf8c6b5b557f/trycmd-0.15.0/src/runner.rs:104:17:
[INFO] [stdout] 5 of 6 tests failed
[INFO] [stdout] stack backtrace:
[INFO] [stdout]    0:     0x604f755b9301 - <<std[617be2ca0a6fd877]::sys::backtrace::BacktraceLock>::print::DisplayBacktrace as core[a373ad73a504971]::fmt::Display>::fmt
[INFO] [stdout]    1:     0x604f755ced1a - core[a373ad73a504971]::fmt::write
[INFO] [stdout]    2:     0x604f755bdadc - <alloc[2e1b2a31b91974c5]::vec::Vec<u8> as core[a373ad73a504971]::io::write::Write>::write_fmt
[INFO] [stdout]    3:     0x604f75590886 - std[617be2ca0a6fd877]::panicking::default_hook::{closure#0}
[INFO] [stdout]    4:     0x604f755af4c9 - std[617be2ca0a6fd877]::panicking::default_hook
[INFO] [stdout]    5:     0x604f75548050 - test[aada8e7e76ba119b]::test_main_inner::{closure#0}
[INFO] [stdout]    6:     0x604f755af7f2 - std[617be2ca0a6fd877]::panicking::panic_with_hook
[INFO] [stdout]    7:     0x604f75590932 - std[617be2ca0a6fd877]::panicking::panic_handler::{closure#0}
[INFO] [stdout]    8:     0x604f75589269 - std[617be2ca0a6fd877]::sys::backtrace::__rust_end_short_backtrace::<std[617be2ca0a6fd877]::panicking::panic_handler::{closure#0}, !>
[INFO] [stdout]    9:     0x604f7559162d - __rustc[ea4f61d10b84890b]::rust_begin_unwind
[INFO] [stdout]   10:     0x604f755cf47c - core[a373ad73a504971]::panicking::panic_fmt
[INFO] [stdout]   11:     0x604f7548b12d - <trycmd[aa2df81dc92c0f05]::runner::Runner>::run
[INFO] [stdout]   12:     0x604f75466cff - <trycmd[aa2df81dc92c0f05]::cases::TestCases>::run
[INFO] [stdout]   13:     0x604f75464a5d - core[a373ad73a504971]::ptr::drop_glue::<trycmd[aa2df81dc92c0f05]::cases::TestCases>
[INFO] [stdout]   14:     0x604f75464b62 - <cli_tests[aff9fbf4a06bbc18]::cli_tests::{closure#0} as core[a373ad73a504971]::ops::function::FnOnce<()>>::call_once
[INFO] [stdout]   15:     0x604f7553b49b - test[aada8e7e76ba119b]::__rust_begin_short_backtrace::<core[a373ad73a504971]::result::Result<(), alloc[2e1b2a31b91974c5]::string::String>, fn() -> core[a373ad73a504971]::result::Result<(), alloc[2e1b2a31b91974c5]::string::String>>
[INFO] [stdout]   16:     0x604f75548675 - test[aada8e7e76ba119b]::run_test::{closure#0}
[INFO] [stdout]   17:     0x604f75541f64 - std[617be2ca0a6fd877]::sys::backtrace::__rust_begin_short_backtrace::<test[aada8e7e76ba119b]::run_test::{closure#1}, ()>
[INFO] [stdout]   18:     0x604f7554b702 - <std[617be2ca0a6fd877]::thread::lifecycle::spawn_unchecked<test[aada8e7e76ba119b]::run_test::{closure#1}, ()>::{closure#1} as core[a373ad73a504971]::ops::function::FnOnce<()>>::call_once::{shim:vtable#0}
[INFO] [stdout]   19:     0x604f755b823f - <std[617be2ca0a6fd877]::sys::thread::unix::Thread>::new::thread_start
[INFO] [stdout]   20:     0x7a846ea1fdfa - <unknown>
[INFO] [stdout]   21:     0x7a846eab33d4 - clone
[INFO] [stdout]   22:                0x0 - <unknown>
[INFO] [stdout] 
[INFO] [stdout] 
[INFO] [stdout] failures:
[INFO] [stdout]     cli_tests
[INFO] [stdout] 
[INFO] [stdout] test result: FAILED. 0 passed; 1 failed; 0 ignored; 0 measured; 0 filtered out; finished in 0.04s
[INFO] [stdout] 
[INFO] [stderr] error: test failed, to rerun pass `--test cli_tests`
[INFO] running `Command { std: "docker" "inspect" "2716ea9ce9ff8516cf96d035663fca44c1f647b585ec927a93831b7cb4c43593", kill_on_drop: false }`
[INFO] running `Command { std: "docker" "rm" "-f" "2716ea9ce9ff8516cf96d035663fca44c1f647b585ec927a93831b7cb4c43593", kill_on_drop: false }`
[INFO] [stdout] 2716ea9ce9ff8516cf96d035663fca44c1f647b585ec927a93831b7cb4c43593
