[INFO] fetching crate serde_json_lodash 0.4.0...
[INFO] testing serde_json_lodash-0.4.0 against 1.100.0-beta.1+cargoflags=--release for beta-release-1.100-2
[INFO] extracting crate serde_json_lodash 0.4.0 into /workspace/builds/worker-6-tc2/source
[INFO] removed /workspace/builds/worker-6-tc2/source/.cargo/config.toml
[INFO] started tweaking crates.io crate serde_json_lodash 0.4.0
[INFO] finished tweaking crates.io crate serde_json_lodash 0.4.0
[INFO] tweaked toml for crates.io crate serde_json_lodash 0.4.0 written to /workspace/builds/worker-6-tc2/source/Cargo.toml
[INFO] validating manifest of crates.io crate serde_json_lodash 0.4.0 on toolchain 1.100.0-beta.1
[INFO] running `Command { std: CARGO_HOME="/workspace/cargo-home" RUSTUP_HOME="/workspace/rustup-home" "/workspace/cargo-home/bin/cargo" "+1.100.0-beta.1" "metadata" "--manifest-path" "Cargo.toml" "--no-deps", kill_on_drop: false }`
[INFO] crate crates.io crate serde_json_lodash 0.4.0 already has a lockfile, it will not be regenerated
[INFO] running `Command { std: CARGO_HOME="/workspace/cargo-home" RUSTUP_HOME="/workspace/rustup-home" "/workspace/cargo-home/bin/cargo" "+1.100.0-beta.1" "fetch" "--manifest-path" "Cargo.toml", kill_on_drop: false }`
[INFO] [stderr] warning: `package.homepage` is redundant with `package.repository`
[INFO] [stderr]   --> Cargo.toml:42:12
[INFO] [stderr]    |
[INFO] [stderr] 42 | homepage = "https://github.com/up9cloud/serde_json_lodash"
[INFO] [stderr]    |            ^^^^^^^^^^^^^^^^^^^^^^^^^^^^^^^^^^^^^^^^^^^^^^^
[INFO] [stderr] ...
[INFO] [stderr] 47 | repository = "https://github.com/up9cloud/serde_json_lodash"
[INFO] [stderr]    |              -----------------------------------------------
[INFO] [stderr]    |
[INFO] [stderr]    = note: `cargo::redundant_homepage` is set to `warn` by default
[INFO] [stderr] help: consider removing `package.homepage`
[INFO] [stderr] warning: `serde_json_lodash` (manifest) generated 1 warning
[INFO] running `Command { std: "docker" "create" "-v" "/var/lib/crater-agent-workspace/builds/worker-6-tc2/source:/opt/rustwide/workdir:ro,Z" "-v" "/var/lib/crater-agent-workspace/builds/worker-6-tc2/target:/opt/rustwide/target:rw,Z" "-v" "/var/lib/crater-agent-workspace/cargo-home:/opt/rustwide/cargo-home:ro,Z" "-v" "/var/lib/crater-agent-workspace/rustup-home:/opt/rustwide/rustup-home:ro,Z" "-m" "1610612736" "--network" "none" "ghcr.io/rust-lang/crates-build-env/linux@sha256:77db811e55d90add9212f6832c23229e3de5f1c1f9905e8cb07319ea15df73ac" "sleep" "infinity", kill_on_drop: false }`
[INFO] [stdout] 8b2ef9a05e69d2fb74e0131c4fc1e992835bfb62fb7bcf1927fbb05335027db8
[INFO] running `Command { std: "docker" "start" "8b2ef9a05e69d2fb74e0131c4fc1e992835bfb62fb7bcf1927fbb05335027db8", kill_on_drop: false }`
[INFO] running `Command { std: "docker" "inspect" "8b2ef9a05e69d2fb74e0131c4fc1e992835bfb62fb7bcf1927fbb05335027db8", kill_on_drop: false }`
[INFO] running `Command { std: "docker" "exec" "-e" "SOURCE_DIR=/opt/rustwide/workdir" "-e" "CARGO_HOME=/opt/rustwide/cargo-home" "-e" "RUSTUP_HOME=/opt/rustwide/rustup-home" "-e" "CARGO_TARGET_DIR=/opt/rustwide/target" "-w" "/opt/rustwide/workdir" "--user" "0:0" "8b2ef9a05e69d2fb74e0131c4fc1e992835bfb62fb7bcf1927fbb05335027db8" "/opt/rustwide/cargo-home/bin/cargo" "+1.100.0-beta.1" "metadata" "--no-deps" "--format-version=1", kill_on_drop: false }`
[INFO] running `Command { std: "docker" "inspect" "8b2ef9a05e69d2fb74e0131c4fc1e992835bfb62fb7bcf1927fbb05335027db8", kill_on_drop: false }`
[INFO] running `Command { std: "docker" "exec" "-e" "SOURCE_DIR=/opt/rustwide/workdir" "-e" "CARGO_HOME=/opt/rustwide/cargo-home" "-e" "RUSTUP_HOME=/opt/rustwide/rustup-home" "-e" "CARGO_TARGET_DIR=/opt/rustwide/target" "-e" "CARGO_INCREMENTAL=0" "-e" "RUST_BACKTRACE=full" "-e" "RUSTFLAGS=--cap-lints=warn" "-e" "RUSTDOCFLAGS=--cap-lints=warn" "-w" "/opt/rustwide/workdir" "--user" "0:0" "8b2ef9a05e69d2fb74e0131c4fc1e992835bfb62fb7bcf1927fbb05335027db8" "/opt/rustwide/cargo-home/bin/cargo" "+1.100.0-beta.1" "build" "--frozen" "--message-format=json" "--release", kill_on_drop: false }`
[INFO] [stderr] warning: `package.homepage` is redundant with `package.repository`
[INFO] [stderr]   --> Cargo.toml:42:12
[INFO] [stderr]    |
[INFO] [stderr] 42 | homepage = "https://github.com/up9cloud/serde_json_lodash"
[INFO] [stderr]    |            ^^^^^^^^^^^^^^^^^^^^^^^^^^^^^^^^^^^^^^^^^^^^^^^
[INFO] [stderr] ...
[INFO] [stderr] 47 | repository = "https://github.com/up9cloud/serde_json_lodash"
[INFO] [stderr]    |              -----------------------------------------------
[INFO] [stderr]    |
[INFO] [stderr]    = note: `cargo::redundant_homepage` is set to `warn` by default
[INFO] [stderr] help: consider removing `package.homepage`
[INFO] [stderr] warning: `serde_json_lodash` (manifest) generated 1 warning
[INFO] [stderr]    Compiling serde_core v1.0.228
[INFO] [stderr]    Compiling serde_json v1.0.150
[INFO] [stderr]    Compiling serde_json_lodash v0.4.0 (/opt/rustwide/workdir)
[INFO] [stderr]     Finished `release` profile [optimized] target(s) in 9.50s
[INFO] running `Command { std: "docker" "inspect" "8b2ef9a05e69d2fb74e0131c4fc1e992835bfb62fb7bcf1927fbb05335027db8", kill_on_drop: false }`
[INFO] running `Command { std: "docker" "exec" "-e" "SOURCE_DIR=/opt/rustwide/workdir" "-e" "CARGO_HOME=/opt/rustwide/cargo-home" "-e" "RUSTUP_HOME=/opt/rustwide/rustup-home" "-e" "CARGO_TARGET_DIR=/opt/rustwide/target" "-e" "CARGO_INCREMENTAL=0" "-e" "RUST_BACKTRACE=full" "-e" "RUSTFLAGS=--cap-lints=warn" "-e" "RUSTDOCFLAGS=--cap-lints=warn" "-w" "/opt/rustwide/workdir" "--user" "0:0" "8b2ef9a05e69d2fb74e0131c4fc1e992835bfb62fb7bcf1927fbb05335027db8" "/opt/rustwide/cargo-home/bin/cargo" "+1.100.0-beta.1" "test" "--frozen" "--no-run" "--message-format=json" "--release", kill_on_drop: false }`
[INFO] [stderr] warning: `package.homepage` is redundant with `package.repository`
[INFO] [stderr]   --> Cargo.toml:42:12
[INFO] [stderr]    |
[INFO] [stderr] 42 | homepage = "https://github.com/up9cloud/serde_json_lodash"
[INFO] [stderr]    |            ^^^^^^^^^^^^^^^^^^^^^^^^^^^^^^^^^^^^^^^^^^^^^^^
[INFO] [stderr] ...
[INFO] [stderr] 47 | repository = "https://github.com/up9cloud/serde_json_lodash"
[INFO] [stderr]    |              -----------------------------------------------
[INFO] [stderr]    |
[INFO] [stderr]    = note: `cargo::redundant_homepage` is set to `warn` by default
[INFO] [stderr] help: consider removing `package.homepage`
[INFO] [stderr] warning: `serde_json_lodash` (manifest) generated 1 warning
[INFO] [stderr]    Compiling serde_core v1.0.228
[INFO] [stderr]    Compiling proc-macro2 v1.0.106
[INFO] [stderr]    Compiling serde v1.0.228
[INFO] [stderr]    Compiling quote v1.0.46
[INFO] [stderr]    Compiling libc v0.2.186
[INFO] [stderr]    Compiling unicode-width v0.1.14
[INFO] [stderr]    Compiling regex-syntax v0.8.11
[INFO] [stderr]    Compiling csv-core v0.1.13
[INFO] [stderr]    Compiling half v1.8.3
[INFO] [stderr]    Compiling bitflags v1.3.2
[INFO] [stderr]    Compiling criterion-plot v0.4.5
[INFO] [stderr]    Compiling plotters v0.3.7
[INFO] [stderr]    Compiling textwrap v0.11.0
[INFO] [stderr]    Compiling clap v2.34.0
[INFO] [stderr]    Compiling atty v0.2.14
[INFO] [stderr]    Compiling syn v2.0.118
[INFO] [stderr]    Compiling regex-automata v0.4.14
[INFO] [stderr]    Compiling serde_json v1.0.150
[INFO] [stderr]    Compiling csv v1.4.0
[INFO] [stderr]    Compiling serde_derive v1.0.228
[INFO] [stderr]    Compiling regex v1.12.4
[INFO] [stderr]    Compiling serde_cbor v0.11.2
[INFO] [stderr]    Compiling tinytemplate v1.2.1
[INFO] [stderr]    Compiling serde_json_lodash v0.4.0 (/opt/rustwide/workdir)
[INFO] [stderr]    Compiling criterion v0.3.6
[INFO] [stderr]     Finished `release` profile [optimized] target(s) in 48.56s
[INFO] running `Command { std: "docker" "inspect" "8b2ef9a05e69d2fb74e0131c4fc1e992835bfb62fb7bcf1927fbb05335027db8", kill_on_drop: false }`
[INFO] running `Command { std: "docker" "exec" "-e" "SOURCE_DIR=/opt/rustwide/workdir" "-e" "CARGO_HOME=/opt/rustwide/cargo-home" "-e" "RUSTUP_HOME=/opt/rustwide/rustup-home" "-e" "CARGO_TARGET_DIR=/opt/rustwide/target" "-e" "CARGO_INCREMENTAL=0" "-e" "RUST_BACKTRACE=full" "-e" "RUSTFLAGS=--cap-lints=warn" "-e" "RUSTDOCFLAGS=--cap-lints=warn" "-w" "/opt/rustwide/workdir" "--user" "0:0" "8b2ef9a05e69d2fb74e0131c4fc1e992835bfb62fb7bcf1927fbb05335027db8" "/opt/rustwide/cargo-home/bin/cargo" "+1.100.0-beta.1" "test" "--frozen" "--release", kill_on_drop: false }`
[INFO] [stderr] warning: `package.homepage` is redundant with `package.repository`
[INFO] [stderr]   --> Cargo.toml:42:12
[INFO] [stderr]    |
[INFO] [stderr] 42 | homepage = "https://github.com/up9cloud/serde_json_lodash"
[INFO] [stderr]    |            ^^^^^^^^^^^^^^^^^^^^^^^^^^^^^^^^^^^^^^^^^^^^^^^
[INFO] [stderr] ...
[INFO] [stderr] 47 | repository = "https://github.com/up9cloud/serde_json_lodash"
[INFO] [stderr]    |              -----------------------------------------------
[INFO] [stderr]    |
[INFO] [stderr]    = note: `cargo::redundant_homepage` is set to `warn` by default
[INFO] [stderr] help: consider removing `package.homepage`
[INFO] [stderr] warning: `serde_json_lodash` (manifest) generated 1 warning
[INFO] [stderr]     Finished `release` profile [optimized] target(s) in 0.12s
[INFO] [stderr]      Running unittests src/lib.rs (/opt/rustwide/target/release/build/serde_json_lodash/4f5662a8a2e61376/out/serde_json_lodash-4f5662a8a2e61376)
[INFO] [stderr]    Doc-tests serde_json_lodash
[INFO] [stdout] 
[INFO] [stdout] running 0 tests
[INFO] [stdout] 
[INFO] [stdout] test result: ok. 0 passed; 0 failed; 0 ignored; 0 measured; 0 filtered out; finished in 0.00s
[INFO] [stdout] 
[INFO] [stdout] 
[INFO] [stdout] running 912 tests
[INFO] [stdout] test src/array/compact.rs - array::compact::compact (line 9) ... ok
[INFO] [stdout] test src/array/compact.rs - array::compact::compact (line 50) ... ok
[INFO] [stdout] test src/array/difference.rs - array::difference::difference (line 12) ... ok
[INFO] [stdout] test src/array/compact.rs - array::compact::compact (line 61) ... ok
[INFO] [stdout] test src/array/difference.rs - array::difference::difference (line 63) ... ok
[INFO] [stdout] test src/array/difference_by.rs - array::difference_by::difference_by (line 12) ... ok
[INFO] [stdout] test src/array/concat.rs - array::concat::concat (line 61) ... ok
[INFO] [stdout] test src/array/chunk.rs - array::chunk::chunk (line 66) ... ok
[INFO] [stdout] test src/array/concat.rs - array::concat::concat (line 44) ... ok
[INFO] [stdout] test src/array/concat.rs - array::concat::concat (line 9) ... ok
[INFO] [stdout] test src/array/drop.rs - array::drop::drop (line 37) ... ok
[INFO] [stdout] test src/array/chunk.rs - array::chunk::chunk (line 51) ... ok
[INFO] [stdout] test src/array/difference_with.rs - array::difference_with::difference_with (line 9) ... ok
[INFO] [stdout] test src/array/drop_right.rs - array::drop_right::drop_right (line 38) ... ok
[INFO] [stdout] test src/array/difference_with.rs - array::difference_with::difference_with (line 53) ... ok
[INFO] [stdout] test src/array/chunk.rs - array::chunk::chunk (line 9) ... ok
[INFO] [stdout] test src/array/drop.rs - array::drop::drop (line 9) ... ok
[INFO] [stdout] test src/array/difference_by.rs - array::difference_by::difference_by (line 42) ... ok
[INFO] [stdout] test src/array/difference_by.rs - array::difference_by::difference_by (line 53) ... ok
[INFO] [stdout] test src/array/drop.rs - array::drop::drop (line 60) ... ok
[INFO] [stdout] test src/array/difference.rs - array::difference::difference (line 74) ... ok
[INFO] [stdout] test src/array/drop_right_while.rs - array::drop_right_while::drop_right_while (line 38) ... ok
[INFO] [stdout] test src/array/drop_right.rs - array::drop_right::drop_right (line 9) ... ok
[INFO] [stdout] test src/array/difference_with.rs - array::difference_with::difference_with (line 42) ... ok
[INFO] [stdout] test src/array/drop_while.rs - array::drop_while::drop_while (line 29) ... ok
[INFO] [stdout] test src/array/find_index.rs - array::find_index::find_index (line 11) ... ok
[INFO] [stdout] test src/array/drop_right_while.rs - array::drop_right_while::drop_right_while (line 9) ... ok
[INFO] [stdout] test src/array/drop_right.rs - array::drop_right::drop_right (line 61) ... ok
[INFO] [stdout] test src/array/drop_while.rs - array::drop_while::drop_while (line 40) ... ok
[INFO] [stdout] test src/array/fill.rs - array::fill::fill (line 11) ... ok
[INFO] [stdout] test src/array/fill.rs - array::fill::fill (line 60) ... ok
[INFO] [stdout] test src/array/drop_right_while.rs - array::drop_right_while::drop_right_while (line 49) ... ok
[INFO] [stdout] test src/array/find_last_index.rs - array::find_last_index::find_last_index (line 30) ... ok
[INFO] [stdout] test src/array/drop_while.rs - array::drop_while::drop_while (line 9) ... ok
[INFO] [stdout] test src/array/fill.rs - array::fill::fill (line 39) ... ok
[INFO] [stdout] test src/array/find_index.rs - array::find_index::find_index_x (line 116) ... ok
[INFO] [stdout] test src/array/find_index.rs - array::find_index::find_index_x (line 144) ... ok
[INFO] [stdout] test src/array/find_index.rs - array::find_index::find_index (line 26) ... ok
[INFO] [stdout] test src/array/find_last_index.rs - array::find_last_index::find_last_index_x (line 161) ... ok
[INFO] [stdout] test src/array/find_last_index.rs - array::find_last_index::find_last_index_x (line 126) ... ok
[INFO] [stdout] test src/array/flatten_deep.rs - array::flatten_deep::flatten_deep (line 34) ... ok
[INFO] [stdout] test src/array/flatten.rs - array::flatten::flatten (line 66) ... ok
[INFO] [stdout] test src/array/find_last_index.rs - array::find_last_index::find_last_index (line 11) ... ok
[INFO] [stdout] test src/array/find_last_index.rs - array::find_last_index::find_last_index (line 55) ... ok
[INFO] [stdout] test src/array/flatten_deep.rs - array::flatten_deep::flatten_deep (line 77) ... ok
[INFO] [stdout] test src/array/head.rs - array::head::head (line 41) ... ok
[INFO] [stdout] test src/array/flatten_depth.rs - array::flatten_depth::flatten_depth (line 69) ... ok
[INFO] [stdout] test src/array/head.rs - array::head::head (line 56) ... ok
[INFO] [stdout] test src/array/flatten.rs - array::flatten::flatten (line 34) ... ok
[INFO] [stdout] test src/array/find_index.rs - array::find_index::find_index (line 51) ... ok
[INFO] [stdout] test src/array/from_pairs.rs - array::from_pairs::from_pairs (line 76) ... ok
[INFO] [stdout] test src/array/flatten_deep.rs - array::flatten_deep::flatten_deep (line 66) ... ok
[INFO] [stdout] test src/array/flatten_depth.rs - array::flatten_depth::flatten_depth (line 37) ... ok
[INFO] [stdout] test src/array/index_of.rs - array::index_of::index_of_x (line 93) ... ok
[INFO] [stdout] test src/array/index_of.rs - array::index_of::index_of (line 27) ... ok
[INFO] [stdout] test src/array/from_pairs.rs - array::from_pairs::from_pairs (line 54) ... ok
[INFO] [stdout] test src/array/flatten_depth.rs - array::flatten_depth::flatten_depth (line 85) ... ok
[INFO] [stdout] test src/array/flatten.rs - array::flatten::flatten (line 77) ... ok
[INFO] [stdout] test src/array/head.rs - array::head::head (line 9) ... ok
[INFO] [stdout] test src/array/intersection.rs - array::intersection::intersection_x (line 129) ... ok
[INFO] [stdout] test src/array/initial.rs - array::initial::initial (line 9) ... ok
[INFO] [stdout] test src/array/intersection.rs - array::intersection::intersection (line 17) ... ok
[INFO] [stdout] test src/array/from_pairs.rs - array::from_pairs::from_pairs (line 87) ... ok
[INFO] [stdout] test src/array/initial.rs - array::initial::initial (line 44) ... ok
[INFO] [stdout] test src/array/index_of.rs - array::index_of::index_of (line 12) ... ok
[INFO] [stdout] test src/array/intersection.rs - array::intersection::intersection_x (line 89) ... ok
[INFO] [stdout] test src/array/index_of.rs - array::index_of::index_of_x (line 126) ... ok
[INFO] [stdout] test src/array/intersection.rs - array::intersection::intersection (line 32) ... ok
[INFO] [stdout] test src/array/intersection.rs - array::intersection::intersection (line 43) ... ok
[INFO] [stdout] test src/array/intersection.rs - array::intersection::intersection_x (line 140) ... ok
[INFO] [stdout] test src/array/join.rs - array::join::join_x (line 107) ... ok
[INFO] [stdout] test src/array/intersection_by.rs - array::intersection_by::intersection_by (line 12) ... ok
[INFO] [stdout] test src/array/join.rs - array::join::join_x (line 118) ... ok
[INFO] [stdout] test src/array/intersection_with.rs - array::intersection_with::intersection_with (line 55) ... ok
[INFO] [stdout] test src/array/last.rs - array::last::last (line 41) ... ok
[INFO] [stdout] test src/array/join.rs - array::join::join (line 35) ... ok
[INFO] [stdout] test src/array/intersection_with.rs - array::intersection_with::intersection_with (line 44) ... ok
[INFO] [stdout] test src/array/last_index_of.rs - array::last_index_of::last_index_of (line 27) ... ok
[INFO] [stdout] test src/array/join.rs - array::join::join (line 24) ... ok
[INFO] [stdout] test src/array/intersection_with.rs - array::intersection_with::intersection_with (line 9) ... ok
[INFO] [stdout] test src/array/join.rs - array::join::join (line 9) ... ok
[INFO] [stdout] test src/array/join.rs - array::join::join_x (line 71) ... ok
[INFO] [stdout] test src/array/index_of.rs - array::index_of::index_of (line 36) ... ok
[INFO] [stdout] test src/array/intersection_by.rs - array::intersection_by::intersection_by (line 46) ... ok
[INFO] [stdout] test src/array/intersection_by.rs - array::intersection_by::intersection_by (line 57) ... ok
[INFO] [stdout] test src/array/last.rs - array::last::last (line 52) ... ok
[INFO] [stdout] test src/array/last_index_of.rs - array::last_index_of::last_index_of_x (line 130) ... ok
[INFO] [stdout] test src/array/last_index_of.rs - array::last_index_of::last_index_of (line 12) ... ok
[INFO] [stdout] test src/array/last.rs - array::last::last (line 9) ... ok
[INFO] [stdout] test src/array/initial.rs - array::initial::initial (line 55) ... ok
[INFO] [stdout] test src/array/nth.rs - array::nth::nth (line 9) ... ok
[INFO] [stdout] test src/array/pull.rs - array::pull::pull (line 44) ... ok
[INFO] [stdout] test src/array/nth.rs - array::nth::nth (line 70) ... ok
[INFO] [stdout] test src/array/nth.rs - array::nth::nth (line 86) ... ok
[INFO] [stdout] test src/array/pull.rs - array::pull::pull (line 10) ... ok
[INFO] [stdout] test src/array/pull_at.rs - array::pull_at::pull_at (line 52) ... ok
[INFO] [stdout] test src/array/last_index_of.rs - array::last_index_of::last_index_of_x (line 97) ... ok
[INFO] [stdout] test src/array/pull.rs - array::pull::pull (line 57) ... ok
[INFO] [stdout] test src/array/pull_all_with.rs - array::pull_all_with::pull_all_with (line 66) ... ok
[INFO] [stdout] test src/array/last_index_of.rs - array::last_index_of::last_index_of (line 36) ... ok
[INFO] [stdout] test src/array/pull_at.rs - array::pull_at::pull_at (line 69) ... ok
[INFO] [stdout] test src/array/pull_all_with.rs - array::pull_all_with::pull_all_with (line 9) ... ok
[INFO] [stdout] test src/array/pull_all.rs - array::pull_all::pull_all (line 52) ... ok
[INFO] [stdout] test src/array/pull_all.rs - array::pull_all::pull_all (line 12) ... ok
[INFO] [stdout] test src/array/pull_all_by.rs - array::pull_all_by::pull_all_by (line 52) ... ok
[INFO] [stdout] test src/array/pull_at.rs - array::pull_at::pull_at (line 9) ... ok
[INFO] [stdout] test src/array/pull_all_by.rs - array::pull_all_by::pull_all_by (line 12) ... ok
[INFO] [stdout] test src/array/reverse.rs - array::reverse::reverse (line 38) ... ok
[INFO] [stdout] test src/array/pull_all_by.rs - array::pull_all_by::pull_all_by (line 69) ... ok
[INFO] [stdout] test src/array/remove.rs - array::remove::remove (line 9) ... ok
[INFO] [stdout] test src/array/sorted_index.rs - array::sorted_index::sorted_index (line 42) ... ok
[INFO] [stdout] test src/array/slice.rs - array::slice::slice (line 9) ... ok
[INFO] [stdout] test src/array/pull_all_with.rs - array::pull_all_with::pull_all_with (line 54) ... ok
[INFO] [stdout] test src/array/reverse.rs - array::reverse::reverse (line 30) ... ok
[INFO] [stdout] test src/array/remove.rs - array::remove::remove (line 54) ... ok
[INFO] [stdout] test src/array/pull_all.rs - array::pull_all::pull_all (line 65) ... ok
[INFO] [stdout] test src/array/reverse.rs - array::reverse::reverse (line 9) ... ok
[INFO] [stdout] test src/array/sorted_index.rs - array::sorted_index::sorted_index (line 57) ... ok
[INFO] [stdout] test src/array/slice.rs - array::slice::slice (line 46) ... ok
[INFO] [stdout] test src/array/sorted_index.rs - array::sorted_index::sorted_index_x (line 101) ... ok
[INFO] [stdout] test src/array/sorted_index_by.rs - array::sorted_index_by::sorted_index_by (line 11) ... ok
[INFO] [stdout] test src/array/sorted_index.rs - array::sorted_index::sorted_index_x (line 116) ... ok
[INFO] [stdout] test src/array/sorted_index_of.rs - array::sorted_index_of::sorted_index_of (line 12) ... ok
[INFO] [stdout] test src/array/sorted_index_of.rs - array::sorted_index_of::sorted_index_of_x (line 72) ... ok
[INFO] [stdout] test src/array/sorted_index_by.rs - array::sorted_index_by::sorted_index_by_x (line 108) ... ok
[INFO] [stdout] test src/array/sorted_index_by.rs - array::sorted_index_by::sorted_index_by (line 26) ... ok
[INFO] [stdout] test src/array/sorted_index_of.rs - array::sorted_index_of::sorted_index_of (line 35) ... ok
[INFO] [stdout] test src/array/remove.rs - array::remove::remove (line 43) ... ok
[INFO] [stdout] test src/array/sorted_index.rs - array::sorted_index::sorted_index (line 65) ... ok
[INFO] [stdout] test src/array/sorted_index_by.rs - array::sorted_index_by::sorted_index_by_x (line 93) ... ok
[INFO] [stdout] test src/array/sorted_index_of.rs - array::sorted_index_of::sorted_index_of (line 27) ... ok
[INFO] [stdout] test src/array/slice.rs - array::slice::slice (line 54) ... ok
[INFO] [stdout] test src/array/sorted_last_index.rs - array::sorted_last_index::sorted_last_index (line 34) ... ok
[INFO] [stdout] test src/array/sorted_last_index.rs - array::sorted_last_index::sorted_last_index (line 11) ... ok
[INFO] [stdout] test src/array/sorted_last_index.rs - array::sorted_last_index::sorted_last_index (line 26) ... ok
[INFO] [stdout] test src/array/sorted_last_index.rs - array::sorted_last_index::sorted_last_index_x (line 69) ... ok
[INFO] [stdout] test src/array/sorted_last_index_of.rs - array::sorted_last_index_of::sorted_last_index_of (line 35) ... ok
[INFO] [stdout] test src/array/sorted_last_index_by.rs - array::sorted_last_index_by::sorted_last_index_by_x (line 116) ... ok
[INFO] [stdout] test src/array/sorted_last_index_of.rs - array::sorted_last_index_of::sorted_last_index_of_x (line 92) ... ok
[INFO] [stdout] test src/array/sorted_last_index_of.rs - array::sorted_last_index_of::sorted_last_index_of (line 12) ... ok
[INFO] [stdout] test src/array/sorted_last_index_by.rs - array::sorted_last_index_by::sorted_last_index_by_x (line 97) ... ok
[INFO] [stdout] test src/array/sorted_uniq.rs - array::sorted_uniq::sorted_uniq (line 11) ... ok
[INFO] [stdout] test src/array/sorted_uniq.rs - array::sorted_uniq::sorted_uniq (line 29) ... ok
[INFO] [stdout] test src/array/sorted_last_index.rs - array::sorted_last_index::sorted_last_index_x (line 84) ... ok
[INFO] [stdout] test src/array/sorted_index_of.rs - array::sorted_index_of::sorted_index_of_x (line 94) ... ok
[INFO] [stdout] test src/array/sorted_last_index_by.rs - array::sorted_last_index_by::sorted_last_index_by (line 11) ... ok
[INFO] [stdout] test src/array/sorted_last_index_by.rs - array::sorted_last_index_by::sorted_last_index_by (line 30) ... ok
[INFO] [stdout] test src/array/sorted_index_by.rs - array::sorted_index_by::sorted_index_by (line 35) ... ok
[INFO] [stdout] test src/array/sorted_last_index_by.rs - array::sorted_last_index_by::sorted_last_index_by (line 39) ... ok
[INFO] [stdout] test src/array/sorted_last_index_of.rs - array::sorted_last_index_of::sorted_last_index_of (line 27) ... ok
[INFO] [stdout] test src/array/sorted_uniq.rs - array::sorted_uniq::sorted_uniq (line 37) ... ok
[INFO] [stdout] test src/array/sorted_uniq_by.rs - array::sorted_uniq_by::sorted_uniq_by (line 11) ... ok
[INFO] [stdout] test src/array/sorted_uniq_by.rs - array::sorted_uniq_by::sorted_uniq_by (line 42) ... ok
[INFO] [stdout] test src/array/tail.rs - array::tail::tail (line 40) ... ok
[INFO] [stdout] test src/array/sorted_uniq_by.rs - array::sorted_uniq_by::sorted_uniq_by (line 31) ... ok
[INFO] [stdout] test src/array/tail.rs - array::tail::tail (line 9) ... ok
[INFO] [stdout] test src/array/sorted_last_index_of.rs - array::sorted_last_index_of::sorted_last_index_of_x (line 70) ... ok
[INFO] [stdout] test src/array/take_right.rs - array::take_right::take_right (line 30) ... ok
[INFO] [stdout] test src/array/take.rs - array::take::take (line 9) ... ok
[INFO] [stdout] test src/array/tail.rs - array::tail::tail (line 32) ... ok
[INFO] [stdout] test src/array/union.rs - array::union::union (line 33) ... ok
[INFO] [stdout] test src/array/take.rs - array::take::take (line 30) ... ok
[INFO] [stdout] test src/array/take_while.rs - array::take_while::take_while (line 29) ... ok
[INFO] [stdout] test src/array/union.rs - array::union::union (line 41) ... ok
[INFO] [stdout] test src/array/take_right.rs - array::take_right::take_right (line 41) ... ok
[INFO] [stdout] test src/array/union_by.rs - array::union_by::union_by (line 35) ... ok
[INFO] [stdout] test src/array/take.rs - array::take::take (line 41) ... ok
[INFO] [stdout] test src/array/union.rs - array::union::union (line 11) ... ok
[INFO] [stdout] test src/array/take_right_while.rs - array::take_right_while::take_right_while (line 39) ... ok
[INFO] [stdout] test src/array/take_right_while.rs - array::take_right_while::take_right_while (line 9) ... ok
[INFO] [stdout] test src/array/take_right.rs - array::take_right::take_right (line 9) ... ok
[INFO] [stdout] test src/array/union_with.rs - array::union_with::union_with (line 54) ... ok
[INFO] [stdout] test src/array/union_with.rs - array::union_with::union_with (line 43) ... ok
[INFO] [stdout] test src/array/take_while.rs - array::take_while::take_while (line 9) ... ok
[INFO] [stdout] test src/array/uniq_by.rs - array::uniq_by::uniq_by (line 11) ... ok
[INFO] [stdout] test src/array/union_with.rs - array::union_with::union_with (line 9) ... ok
[INFO] [stdout] test src/array/union_by.rs - array::union_by::union_by (line 46) ... ok
[INFO] [stdout] test src/array/union_by.rs - array::union_by::union_by (line 11) ... ok
[INFO] [stdout] test src/array/take_right_while.rs - array::take_right_while::take_right_while (line 50) ... ok
[INFO] [stdout] test src/array/uniq.rs - array::uniq::uniq (line 29) ... ok
[INFO] [stdout] test src/array/uniq_with.rs - array::uniq_with::uniq_with (line 48) ... ok
[INFO] [stdout] test src/array/uniq.rs - array::uniq::uniq (line 11) ... ok
[INFO] [stdout] test src/array/uniq.rs - array::uniq::uniq (line 37) ... ok
[INFO] [stdout] test src/array/uniq_with.rs - array::uniq_with::uniq_with (line 37) ... ok
[INFO] [stdout] test src/array/unzip_with.rs - array::unzip_with::unzip_with (line 45) ... ok
[INFO] [stdout] test src/array/take_while.rs - array::take_while::take_while (line 40) ... ok
[INFO] [stdout] test src/array/uniq_by.rs - array::uniq_by::uniq_by (line 42) ... ok
[INFO] [stdout] test src/array/unzip_with.rs - array::unzip_with::unzip_with (line 9) ... ok
[INFO] [stdout] test src/array/unzip.rs - array::unzip::unzip (line 11) ... ok
[INFO] [stdout] test src/array/uniq_by.rs - array::uniq_by::uniq_by (line 31) ... ok
[INFO] [stdout] test src/array/unzip.rs - array::unzip::unzip (line 42) ... ok
[INFO] [stdout] test src/array/uniq_with.rs - array::uniq_with::uniq_with (line 9) ... ok
[INFO] [stdout] test src/array/unzip.rs - array::unzip::unzip (line 31) ... ok
[INFO] [stdout] test src/array/unzip_with.rs - array::unzip_with::unzip_with (line 56) ... ok
[INFO] [stdout] test src/array/without.rs - array::without::without (line 44) ... ok
[INFO] [stdout] test src/array/xor.rs - array::xor::xor (line 12) ... ok
[INFO] [stdout] test src/array/without.rs - array::without::without (line 55) ... ok
[INFO] [stdout] test src/array/xor.rs - array::xor::xor (line 52) ... ok
[INFO] [stdout] test src/array/xor_with.rs - array::xor_with::xor_with (line 56) ... ok
[INFO] [stdout] test src/array/without.rs - array::without::without (line 12) ... ok
[INFO] [stdout] test src/array/zip.rs - array::zip::zip (line 49) ... ok
[INFO] [stdout] test src/array/xor_with.rs - array::xor_with::xor_with (line 9) ... ok
[INFO] [stdout] test src/array/xor_by.rs - array::xor_by::xor_by (line 64) ... ok
[INFO] [stdout] test src/array/xor_with.rs - array::xor_with::xor_with (line 45) ... ok
[INFO] [stdout] test src/array/xor.rs - array::xor::xor (line 60) ... ok
[INFO] [stdout] test src/array/xor_by.rs - array::xor_by::xor_by (line 12) ... ok
[INFO] [stdout] test src/array/zip.rs - array::zip::zip (line 34) ... ok
[INFO] [stdout] test src/array/zip.rs - array::zip::zip (line 60) ... ok
[INFO] [stdout] test src/array/zip_object.rs - array::zip_object::zip_object (line 11) ... ok
[INFO] [stdout] test src/array/zip_object_deep.rs - array::zip_object_deep::zip_object_deep (line 40) ... ok
[INFO] [stdout] test src/array/zip_object_deep.rs - array::zip_object_deep::zip_object_deep (line 11) ... ok
[INFO] [stdout] test src/array/xor_by.rs - array::xor_by::xor_by (line 53) ... ok
[INFO] [stdout] test src/array/zip_object.rs - array::zip_object::zip_object (line 40) ... ok
[INFO] [stdout] test src/array/zip_object.rs - array::zip_object::zip_object (line 51) ... ok
[INFO] [stdout] test src/array/zip_with.rs - array::zip_with::zip_with (line 43) ... ok
[INFO] [stdout] test src/collection/each.rs - collection::each::each (line 9) ... ok
[INFO] [stdout] test src/array/zip_object_deep.rs - array::zip_object_deep::zip_object_deep (line 51) ... ok
[INFO] [stdout] test src/collection/count_by.rs - collection::count_by::count_by (line 47) ... ok
[INFO] [stdout] test src/collection/count_by.rs - collection::count_by::count_by (line 13) ... ok
[INFO] [stdout] test src/array/zip_with.rs - array::zip_with::zip_with (line 9) ... ok
[INFO] [stdout] test src/collection/each.rs - collection::each::each (line 53) ... ok
[INFO] [stdout] test src/collection/each.rs - collection::each::each (line 62) ... ok
[INFO] [stdout] test src/collection/each_right.rs - collection::each_right::each_right (line 51) ... ok
[INFO] [stdout] test src/array/zip_with.rs - array::zip_with::zip_with (line 54) ... ok
[INFO] [stdout] test src/collection/every.rs - collection::every::every (line 11) ... ok
[INFO] [stdout] test src/collection/each_right.rs - collection::each_right::each_right (line 60) ... ok
[INFO] [stdout] test src/collection/count_by.rs - collection::count_by::count_by (line 36) ... ok
[INFO] [stdout] test src/collection/each_right.rs - collection::each_right::each_right (line 9) ... ok
[INFO] [stdout] test src/collection/every.rs - collection::every::every_x (line 100) ... ok
[INFO] [stdout] test src/collection/every.rs - collection::every::every (line 26) ... ok
[INFO] [stdout] test src/collection/filter.rs - collection::filter::filter (line 11) ... ok
[INFO] [stdout] test src/collection/find.rs - collection::find::find (line 11) ... ok
[INFO] [stdout] test src/collection/find_last.rs - collection::find_last::find_last (line 11) ... ok
[INFO] [stdout] test src/collection/every.rs - collection::every::every_x (line 115) ... ok
[INFO] [stdout] test src/collection/filter.rs - collection::filter::filter (line 31) ... ok
[INFO] [stdout] test src/collection/find_last.rs - collection::find_last::find_last (line 32) ... ok
[INFO] [stdout] test src/collection/flat_map.rs - collection::flat_map::flat_map (line 46) ... ok
[INFO] [stdout] test src/collection/find.rs - collection::find::find (line 62) ... ok
[INFO] [stdout] test src/collection/filter.rs - collection::filter::filter (line 61) ... ok
[INFO] [stdout] test src/collection/find.rs - collection::find::find (line 31) ... ok
[INFO] [stdout] test src/collection/every.rs - collection::every::every (line 45) ... ok
[INFO] [stdout] test src/collection/flat_map_deep.rs - collection::flat_map_deep::flat_map_deep (line 43) ... ok
[INFO] [stdout] test src/collection/flat_map.rs - collection::flat_map::flat_map (line 35) ... ok
[INFO] [stdout] test src/collection/flat_map_deep.rs - collection::flat_map_deep::flat_map_deep (line 22) ... ok
[INFO] [stdout] test src/collection/group_by.rs - collection::group_by::group_by (line 13) ... ok
[INFO] [stdout] test src/collection/flat_map_depth.rs - collection::flat_map_depth::flat_map_depth (line 22) ... ok
[INFO] [stdout] test src/collection/find_last.rs - collection::find_last::find_last (line 43) ... ok
[INFO] [stdout] test src/collection/group_by.rs - collection::group_by::group_by (line 39) ... ok
[INFO] [stdout] test src/collection/flat_map_depth.rs - collection::flat_map_depth::flat_map_depth (line 60) ... ok
[INFO] [stdout] test src/collection/flat_map_deep.rs - collection::flat_map_deep::flat_map_deep (line 54) ... ok
[INFO] [stdout] test src/collection/key_by.rs - collection::key_by::key_by (line 13) ... ok
[INFO] [stdout] test src/collection/includes.rs - collection::includes::includes_x (line 127) ... ok
[INFO] [stdout] test src/collection/includes.rs - collection::includes::includes (line 12) ... ok
[INFO] [stdout] test src/collection/includes.rs - collection::includes::includes (line 27) ... ok
[INFO] [stdout] test src/collection/includes.rs - collection::includes::includes_x (line 88) ... ok
[INFO] [stdout] test src/collection/includes.rs - collection::includes::includes (line 38) ... ok
[INFO] [stdout] test src/collection/flat_map.rs - collection::flat_map::flat_map (line 11) ... ok
[INFO] [stdout] test src/collection/key_by.rs - collection::key_by::key_by (line 35) ... ok
[INFO] [stdout] test src/collection/flat_map_depth.rs - collection::flat_map_depth::flat_map_depth (line 49) ... ok
[INFO] [stdout] test src/collection/key_by.rs - collection::key_by::key_by (line 53) ... ok
[INFO] [stdout] test src/collection/map.rs - collection::map::map (line 28) ... ok
[INFO] [stdout] test src/collection/group_by.rs - collection::group_by::group_by (line 50) ... ok
[INFO] [stdout] test src/collection/map.rs - collection::map::map (line 11) ... ok
[INFO] [stdout] test src/collection/reduce.rs - collection::reduce::reduce (line 35) ... ok
[INFO] [stdout] test src/collection/order_by.rs - collection::order_by::order_by (line 15) ... ok
[INFO] [stdout] test src/collection/partition.rs - collection::partition::partition (line 31) ... ok
[INFO] [stdout] test src/collection/partition.rs - collection::partition::partition (line 11) ... ok
[INFO] [stdout] test src/collection/reduce.rs - collection::reduce::reduce (line 46) ... ok
[INFO] [stdout] test src/collection/order_by.rs - collection::order_by::order_by (line 60) ... ok
[INFO] [stdout] test src/collection/reject.rs - collection::reject::reject (line 11) ... ok
[INFO] [stdout] test src/collection/reduce_right.rs - collection::reduce_right::reduce_right (line 50) ... ok
[INFO] [stdout] test src/collection/reduce.rs - collection::reduce::reduce (line 11) ... ok
[INFO] [stdout] test src/collection/reduce_right.rs - collection::reduce_right::reduce_right (line 11) ... ok
[INFO] [stdout] test src/collection/reduce_right.rs - collection::reduce_right::reduce_right (line 35) ... ok
[INFO] [stdout] test src/collection/sample_size.rs - collection::sample_size::sample_size (line 41) ... ok
[INFO] [stdout] test src/collection/reject.rs - collection::reject::reject (line 63) ... ok
[INFO] [stdout] test src/collection/shuffle.rs - collection::shuffle::shuffle (line 38) ... ok
[INFO] [stdout] test src/collection/partition.rs - collection::partition::partition (line 74) ... ok
[INFO] [stdout] test src/collection/shuffle.rs - collection::shuffle::shuffle (line 23) ... ok
[INFO] [stdout] test src/collection/sample.rs - collection::sample::sample (line 35) ... ok
[INFO] [stdout] test src/collection/sample_size.rs - collection::sample_size::sample_size (line 13) ... ok
[INFO] [stdout] test src/collection/size.rs - collection::size::size (line 24) ... ok
[INFO] [stdout] test src/collection/sample_size.rs - collection::sample_size::sample_size (line 32) ... ok
[INFO] [stdout] test src/collection/sample.rs - collection::sample::sample (line 44) ... ok
[INFO] [stdout] test src/collection/shuffle.rs - collection::shuffle::shuffle (line 47) ... ok
[INFO] [stdout] test src/collection/sample.rs - collection::sample::sample (line 13) ... ok
[INFO] [stdout] test src/collection/order_by.rs - collection::order_by::order_by (line 42) ... ok
[INFO] [stdout] test src/collection/map.rs - collection::map::map (line 49) ... ok
[INFO] [stdout] test src/collection/size.rs - collection::size::size (line 9) ... ok
[INFO] [stdout] test src/collection/size.rs - collection::size::size_x (line 65) ... ok
[INFO] [stdout] test src/collection/size.rs - collection::size::size (line 34) ... ok
[INFO] [stdout] test src/collection/reject.rs - collection::reject::reject (line 33) ... ok
[INFO] [stdout] test src/date/now.rs - date::now::now (line 9) ... ok
[INFO] [stdout] test src/collection/some.rs - collection::some::some_x (line 100) ... ok
[INFO] [stdout] test src/date/now.rs - date::now::now (line 40) ... ok
[INFO] [stdout] test src/collection/some.rs - collection::some::some (line 11) ... ok
[INFO] [stdout] test src/collection/size.rs - collection::size::size_x (line 85) ... ok
[INFO] [stdout] test src/lang/cast_array.rs - lang::cast_array::cast_array (line 39) ... ok
[INFO] [stdout] test src/collection/some.rs - collection::some::some (line 26) ... ok
[INFO] [stdout] test src/date/now.rs - date::now::now (line 31) ... ok
[INFO] [stdout] test src/lang/cast_array.rs - lang::cast_array::cast_array (line 9) ... ok
[INFO] [stdout] test src/lang/clone.rs - lang::clone::clone (line 27) ... ok
[INFO] [stdout] test src/collection/sort_by.rs - collection::sort_by::sort_by (line 40) ... ok
[INFO] [stdout] test src/collection/some.rs - collection::some::some_x (line 115) ... ok
[INFO] [stdout] test src/lang/clone.rs - lang::clone::clone (line 37) ... ok
[INFO] [stdout] test src/lang/clone.rs - lang::clone::clone (line 9) ... ok
[INFO] [stdout] test src/lang/clone_with.rs - lang::clone_with::clone_with (line 29) ... ok
[INFO] [stdout] test src/lang/cast_array.rs - lang::cast_array::cast_array (line 27) ... ok
[INFO] [stdout] test src/lang/clone_deep_with.rs - lang::clone_deep_with::clone_deep_with (line 57) ... ok
[INFO] [stdout] test src/lang/clone_deep.rs - lang::clone_deep::clone_deep (line 24) ... ok
[INFO] [stdout] test src/collection/sort_by.rs - collection::sort_by::sort_by (line 15) ... ok
[INFO] [stdout] test src/lang/clone_deep.rs - lang::clone_deep::clone_deep (line 34) ... ok
[INFO] [stdout] test src/lang/clone_deep_with.rs - lang::clone_deep_with::clone_deep_with (line 42) ... ok
[INFO] [stdout] test src/lang/clone_with.rs - lang::clone_with::clone_with (line 9) ... ok
[INFO] [stdout] test src/collection/some.rs - collection::some::some (line 45) ... ok
[INFO] [stdout] test src/lang/clone_deep_with.rs - lang::clone_deep_with::clone_deep_with (line 24) ... ok
[INFO] [stdout] test src/lang/conforms_to.rs - lang::conforms_to::conforms_to (line 16) ... ok
[INFO] [stdout] test src/lang/clone_with.rs - lang::clone_with::clone_with (line 42) ... ok
[INFO] [stdout] test src/collection/sort_by.rs - collection::sort_by::sort_by (line 68) ... ok
[INFO] [stdout] test src/lang/conforms_to.rs - lang::conforms_to::conforms_to (line 31) ... ok
[INFO] [stdout] test src/lang/eq.rs - lang::eq::eq (line 25) ... ok
[INFO] [stdout] test src/lang/eq.rs - lang::eq::eq (line 36) ... ok
[INFO] [stdout] test src/lang/eq.rs - lang::eq::eq (line 10) ... ok
[INFO] [stdout] test src/lang/conforms_to.rs - lang::conforms_to::conforms_to_x (line 110) ... ok
[INFO] [stdout] test src/lang/conforms_to.rs - lang::conforms_to::conforms_to_x (line 85) ... ok
[INFO] [stdout] test src/lang/gt.rs - lang::gt::gt (line 26) ... ok
[INFO] [stdout] test src/lang/eq.rs - lang::eq::eq_x (line 91) ... ok
[INFO] [stdout] test src/lang/gt.rs - lang::gt::gt (line 11) ... ok
[INFO] [stdout] test src/lang/conforms_to.rs - lang::conforms_to::conforms_to (line 42) ... ok
[INFO] [stdout] test src/lang/clone_deep.rs - lang::clone_deep::clone_deep (line 9) ... ok
[INFO] [stdout] test src/lang/gte.rs - lang::gte::gte (line 11) ... ok
[INFO] [stdout] test src/lang/eq.rs - lang::eq::eq_x (line 76) ... ok
[INFO] [stdout] test src/lang/gt.rs - lang::gt::gt_x (line 75) ... ok
[INFO] [stdout] test src/lang/gte.rs - lang::gte::gte (line 26) ... ok
[INFO] [stdout] test src/lang/is_array.rs - lang::is_array::is_array (line 9) ... ok
[INFO] [stdout] test src/lang/is_arguments.rs - lang::is_arguments::is_arguments_x (line 61) ... ok
[INFO] [stdout] test src/lang/gt.rs - lang::gt::gt_x (line 90) ... ok
[INFO] [stdout] test src/lang/is_arguments.rs - lang::is_arguments::is_arguments_x (line 76) ... ok
[INFO] [stdout] test src/lang/is_arguments.rs - lang::is_arguments::is_arguments (line 9) ... ok
[INFO] [stdout] test src/lang/gt.rs - lang::gt::gt (line 41) ... ok
[INFO] [stdout] test src/lang/gte.rs - lang::gte::gte_x (line 73) ... ok
[INFO] [stdout] test src/lang/gte.rs - lang::gte::gte_x (line 91) ... ok
[INFO] [stdout] test src/lang/is_arguments.rs - lang::is_arguments::is_arguments (line 35) ... ok
[INFO] [stdout] test src/lang/is_array_buffer.rs - lang::is_array_buffer::is_array_buffer (line 9) ... ok
[INFO] [stdout] test src/lang/gte.rs - lang::gte::gte (line 39) ... ok
[INFO] [stdout] test src/lang/is_array.rs - lang::is_array::is_array_x (line 74) ... ok
[INFO] [stdout] test src/lang/is_array_buffer.rs - lang::is_array_buffer::is_array_buffer_x (line 61) ... ok
[INFO] [stdout] test src/lang/is_array.rs - lang::is_array::is_array_x (line 59) ... ok
[INFO] [stdout] test src/lang/is_arguments.rs - lang::is_arguments::is_arguments (line 24) ... ok
[INFO] [stdout] test src/lang/is_array.rs - lang::is_array::is_array (line 24) ... ok
[INFO] [stdout] test src/lang/is_array_like.rs - lang::is_array_like::is_array_like (line 24) ... ok
[INFO] [stdout] test src/lang/is_array_buffer.rs - lang::is_array_buffer::is_array_buffer_x (line 76) ... ok
[INFO] [stdout] test src/lang/is_array_buffer.rs - lang::is_array_buffer::is_array_buffer (line 35) ... ok
[INFO] [stdout] test src/lang/is_array_buffer.rs - lang::is_array_buffer::is_array_buffer (line 24) ... ok
[INFO] [stdout] test src/lang/is_array_like.rs - lang::is_array_like::is_array_like_x (line 64) ... ok
[INFO] [stdout] test src/lang/is_array_like_object.rs - lang::is_array_like_object::is_array_like_object_x (line 80) ... ok
[INFO] [stdout] test src/lang/is_array_like.rs - lang::is_array_like::is_array_like_x (line 79) ... ok
[INFO] [stdout] test src/lang/is_array_like_object.rs - lang::is_array_like_object::is_array_like_object (line 24) ... ok
[INFO] [stdout] test src/lang/is_array_like_object.rs - lang::is_array_like_object::is_array_like_object_x (line 65) ... ok
[INFO] [stdout] test src/lang/is_boolean.rs - lang::is_boolean::is_boolean (line 33) ... ok
[INFO] [stdout] test src/lang/is_array_like.rs - lang::is_array_like::is_array_like (line 34) ... ok
[INFO] [stdout] test src/lang/is_boolean.rs - lang::is_boolean::is_boolean (line 24) ... ok
[INFO] [stdout] test src/lang/is_boolean.rs - lang::is_boolean::is_boolean (line 9) ... ok
[INFO] [stdout] test src/lang/is_array.rs - lang::is_array::is_array (line 33) ... ok
[INFO] [stdout] test src/lang/is_boolean.rs - lang::is_boolean::is_boolean_x (line 78) ... ok
[INFO] [stdout] test src/lang/is_array_like_object.rs - lang::is_array_like_object::is_array_like_object (line 9) ... ok
[INFO] [stdout] test src/lang/is_array_like_object.rs - lang::is_array_like_object::is_array_like_object (line 35) ... ok
[INFO] [stdout] test src/lang/is_array_like.rs - lang::is_array_like::is_array_like (line 9) ... ok
[INFO] [stdout] test src/lang/is_buffer.rs - lang::is_buffer::is_buffer (line 9) ... ok
[INFO] [stdout] test src/lang/is_boolean.rs - lang::is_boolean::is_boolean_x (line 63) ... ok
[INFO] [stdout] test src/lang/is_buffer.rs - lang::is_buffer::is_buffer_x (line 76) ... ok
[INFO] [stdout] test src/lang/is_date.rs - lang::is_date::is_date_x (line 61) ... ok
[INFO] [stdout] test src/lang/is_buffer.rs - lang::is_buffer::is_buffer_x (line 61) ... ok
[INFO] [stdout] test src/lang/is_buffer.rs - lang::is_buffer::is_buffer (line 24) ... ok
[INFO] [stdout] test src/lang/is_date.rs - lang::is_date::is_date (line 9) ... ok
[INFO] [stdout] test src/lang/is_element.rs - lang::is_element::is_element_x (line 59) ... ok
[INFO] [stdout] test src/lang/is_date.rs - lang::is_date::is_date_x (line 76) ... ok
[INFO] [stdout] test src/lang/is_date.rs - lang::is_date::is_date (line 35) ... ok
[INFO] [stdout] test src/lang/is_element.rs - lang::is_element::is_element (line 24) ... ok
[INFO] [stdout] test src/lang/is_element.rs - lang::is_element::is_element_x (line 74) ... ok
[INFO] [stdout] test src/lang/is_date.rs - lang::is_date::is_date (line 24) ... ok
[INFO] [stdout] test src/lang/is_empty.rs - lang::is_empty::is_empty_x (line 90) ... ok
[INFO] [stdout] test src/lang/is_empty.rs - lang::is_empty::is_empty_x (line 70) ... ok
[INFO] [stdout] test src/lang/is_buffer.rs - lang::is_buffer::is_buffer (line 35) ... ok
[INFO] [stdout] test src/lang/is_empty.rs - lang::is_empty::is_empty (line 9) ... ok
[INFO] [stdout] test src/lang/is_empty.rs - lang::is_empty::is_empty (line 36) ... ok
[INFO] [stdout] test src/lang/is_element.rs - lang::is_element::is_element (line 9) ... ok
[INFO] [stdout] test src/lang/is_equal.rs - lang::is_equal::is_equal (line 10) ... ok
[INFO] [stdout] test src/lang/is_empty.rs - lang::is_empty::is_empty (line 24) ... ok
[INFO] [stdout] test src/lang/is_element.rs - lang::is_element::is_element (line 33) ... ok
[INFO] [stdout] test src/lang/is_equal.rs - lang::is_equal::is_equal_x (line 91) ... ok
[INFO] [stdout] test src/lang/is_equal_with.rs - lang::is_equal_with::is_equal_with_x (line 110) ... ok
[INFO] [stdout] test src/lang/is_error.rs - lang::is_error::is_error (line 24) ... ok
[INFO] [stdout] test src/lang/is_error.rs - lang::is_error::is_error (line 33) ... ok
[INFO] [stdout] test src/lang/is_finite.rs - lang::is_finite::is_finite (line 9) ... ok
[INFO] [stdout] test src/lang/is_equal_with.rs - lang::is_equal_with::is_equal_with (line 46) ... ok
[INFO] [stdout] test src/lang/is_error.rs - lang::is_error::is_error_x (line 74) ... ok
[INFO] [stdout] test src/lang/is_equal.rs - lang::is_equal::is_equal (line 33) ... ok
[INFO] [stdout] test src/lang/is_equal.rs - lang::is_equal::is_equal_x (line 76) ... ok
[INFO] [stdout] test src/lang/is_finite.rs - lang::is_finite::is_finite (line 35) ... ok
[INFO] [stdout] test src/lang/is_finite.rs - lang::is_finite::is_finite (line 24) ... ok
[INFO] [stdout] test src/lang/is_equal.rs - lang::is_equal::is_equal (line 25) ... ok
[INFO] [stdout] test src/lang/is_equal_with.rs - lang::is_equal_with::is_equal_with (line 29) ... ok
[INFO] [stdout] test src/lang/is_equal_with.rs - lang::is_equal_with::is_equal_with (line 10) ... ok
[INFO] [stdout] test src/lang/is_error.rs - lang::is_error::is_error_x (line 59) ... ok
[INFO] [stdout] test src/lang/is_error.rs - lang::is_error::is_error (line 9) ... ok
[INFO] [stdout] test src/lang/is_equal_with.rs - lang::is_equal_with::is_equal_with_x (line 88) ... ok
[INFO] [stdout] test src/lang/is_finite.rs - lang::is_finite::is_finite_x (line 65) ... ok
[INFO] [stdout] test src/lang/is_function.rs - lang::is_function::is_function_x (line 59) ... ok
[INFO] [stdout] test src/lang/is_function.rs - lang::is_function::is_function_x (line 74) ... ok
[INFO] [stdout] test src/lang/is_finite.rs - lang::is_finite::is_finite_x (line 80) ... ok
[INFO] [stdout] test src/lang/is_integer.rs - lang::is_integer::is_integer (line 9) ... ok
[INFO] [stdout] test src/lang/is_integer.rs - lang::is_integer::is_integer (line 24) ... ok
[INFO] [stdout] test src/lang/is_function.rs - lang::is_function::is_function (line 33) ... ok
[INFO] [stdout] test src/lang/is_length.rs - lang::is_length::is_length_x (line 67) ... ok
[INFO] [stdout] test src/lang/is_function.rs - lang::is_function::is_function (line 9) ... ok
[INFO] [stdout] test src/lang/is_integer.rs - lang::is_integer::is_integer_x (line 88) ... ok
[INFO] [stdout] test src/lang/is_integer.rs - lang::is_integer::is_integer (line 35) ... ok
[INFO] [stdout] test src/lang/is_length.rs - lang::is_length::is_length (line 24) ... ok
[INFO] [stdout] test src/lang/is_integer.rs - lang::is_integer::is_integer_x (line 68) ... ok
[INFO] [stdout] test src/lang/is_length.rs - lang::is_length::is_length (line 9) ... ok
[INFO] [stdout] test src/lang/is_length.rs - lang::is_length::is_length (line 35) ... ok
[INFO] [stdout] test src/lang/is_map.rs - lang::is_map::is_map (line 9) ... ok
[INFO] [stdout] test src/lang/is_function.rs - lang::is_function::is_function (line 24) ... ok
[INFO] [stdout] test src/lang/is_map.rs - lang::is_map::is_map_x (line 76) ... ok
[INFO] [stdout] test src/lang/is_map.rs - lang::is_map::is_map (line 35) ... ok
[INFO] [stdout] test src/lang/is_match_with.rs - lang::is_match_with::is_match_with_x (line 120) ... ok
[INFO] [stdout] test src/lang/is_match.rs - lang::is_match::is_match (line 11) ... ok
[INFO] [stdout] test src/lang/is_match_with.rs - lang::is_match_with::is_match_with (line 47) ... ok
[INFO] [stdout] test src/lang/is_map.rs - lang::is_map::is_map_x (line 61) ... ok
[INFO] [stdout] test src/lang/is_map.rs - lang::is_map::is_map (line 24) ... ok
[INFO] [stdout] test src/lang/is_length.rs - lang::is_length::is_length_x (line 88) ... ok
[INFO] [stdout] test src/lang/is_match.rs - lang::is_match::is_match_x (line 90) ... ok
[INFO] [stdout] test src/lang/is_nan.rs - lang::is_nan::is_nan (line 24) ... ok
[INFO] [stdout] test src/lang/is_nan.rs - lang::is_nan::is_nan_x (line 76) ... ok
[INFO] [stdout] test src/lang/is_match.rs - lang::is_match::is_match_x (line 75) ... ok
[INFO] [stdout] test src/lang/is_match.rs - lang::is_match::is_match (line 35) ... ok
[INFO] [stdout] test src/lang/is_nan.rs - lang::is_nan::is_nan (line 9) ... ok
[INFO] [stdout] test src/lang/is_match_with.rs - lang::is_match_with::is_match_with (line 11) ... ok
[INFO] [stdout] test src/lang/is_match.rs - lang::is_match::is_match (line 26) ... ok
[INFO] [stdout] test src/lang/is_native.rs - lang::is_native::is_native (line 24) ... ok
[INFO] [stdout] test src/lang/is_nan.rs - lang::is_nan::is_nan_x (line 61) ... ok
[INFO] [stdout] test src/lang/is_native.rs - lang::is_native::is_native (line 9) ... ok
[INFO] [stdout] test src/lang/is_match_with.rs - lang::is_match_with::is_match_with (line 30) ... ok
[INFO] [stdout] test src/lang/is_nil.rs - lang::is_nil::is_nil (line 24) ... ok
[INFO] [stdout] test src/lang/is_native.rs - lang::is_native::is_native_x (line 59) ... ok
[INFO] [stdout] test src/lang/is_match_with.rs - lang::is_match_with::is_match_with_x (line 86) ... ok
[INFO] [stdout] test src/lang/is_nan.rs - lang::is_nan::is_nan (line 35) ... ok
[INFO] [stdout] test src/lang/is_nil.rs - lang::is_nil::is_nil (line 9) ... ok
[INFO] [stdout] test src/lang/is_native.rs - lang::is_native::is_native_x (line 74) ... ok
[INFO] [stdout] test src/lang/is_nil.rs - lang::is_nil::is_nil_x (line 80) ... ok
[INFO] [stdout] test src/lang/is_null.rs - lang::is_null::is_null (line 24) ... ok
[INFO] [stdout] test src/lang/is_native.rs - lang::is_native::is_native (line 33) ... ok
[INFO] [stdout] test src/lang/is_nil.rs - lang::is_nil::is_nil_x (line 65) ... ok
[INFO] [stdout] test src/lang/is_null.rs - lang::is_null::is_null_x (line 79) ... ok
[INFO] [stdout] test src/lang/is_null.rs - lang::is_null::is_null (line 33) ... ok
[INFO] [stdout] test src/lang/is_null.rs - lang::is_null::is_null_x (line 64) ... ok
[INFO] [stdout] test src/lang/is_number.rs - lang::is_number::is_number_x (line 65) ... ok
[INFO] [stdout] test src/lang/is_number.rs - lang::is_number::is_number_x (line 80) ... ok
[INFO] [stdout] test src/lang/is_number.rs - lang::is_number::is_number (line 9) ... ok
[INFO] [stdout] test src/lang/is_null.rs - lang::is_null::is_null (line 9) ... ok
[INFO] [stdout] test src/lang/is_number.rs - lang::is_number::is_number (line 24) ... ok
[INFO] [stdout] test src/lang/is_object_like.rs - lang::is_object_like::is_object_like (line 24) ... ok
[INFO] [stdout] test src/lang/is_object.rs - lang::is_object::is_object (line 9) ... ok
[INFO] [stdout] test src/lang/is_object.rs - lang::is_object::is_object (line 24) ... ok
[INFO] [stdout] test src/lang/is_object.rs - lang::is_object::is_object_x (line 81) ... ok
[INFO] [stdout] test src/lang/is_object_like.rs - lang::is_object_like::is_object_like_x (line 81) ... ok
[INFO] [stdout] test src/lang/is_object.rs - lang::is_object::is_object_x (line 66) ... ok
[INFO] [stdout] test src/lang/is_plain_object.rs - lang::is_plain_object::is_plain_object (line 9) ... ok
[INFO] [stdout] test src/lang/is_nil.rs - lang::is_nil::is_nil (line 34) ... ok
[INFO] [stdout] test src/lang/is_object_like.rs - lang::is_object_like::is_object_like (line 9) ... ok
[INFO] [stdout] test src/lang/is_plain_object.rs - lang::is_plain_object::is_plain_object_x (line 66) ... ok
[INFO] [stdout] test src/lang/is_object.rs - lang::is_object::is_object (line 35) ... ok
[INFO] [stdout] test src/lang/is_plain_object.rs - lang::is_plain_object::is_plain_object (line 35) ... ok
[INFO] [stdout] test src/lang/is_number.rs - lang::is_number::is_number (line 35) ... ok
[INFO] [stdout] test src/lang/is_object_like.rs - lang::is_object_like::is_object_like_x (line 66) ... ok
[INFO] [stdout] test src/lang/is_plain_object.rs - lang::is_plain_object::is_plain_object_x (line 81) ... ok
[INFO] [stdout] test src/lang/is_reg_exp.rs - lang::is_reg_exp::is_reg_exp (line 24) ... ok
[INFO] [stdout] test src/lang/is_plain_object.rs - lang::is_plain_object::is_plain_object (line 24) ... ok
[INFO] [stdout] test src/lang/is_reg_exp.rs - lang::is_reg_exp::is_reg_exp (line 35) ... ok
[INFO] [stdout] test src/lang/is_object_like.rs - lang::is_object_like::is_object_like (line 35) ... ok
[INFO] [stdout] test src/lang/is_reg_exp.rs - lang::is_reg_exp::is_reg_exp_x (line 61) ... ok
[INFO] [stdout] test src/lang/is_reg_exp.rs - lang::is_reg_exp::is_reg_exp_x (line 76) ... ok
[INFO] [stdout] test src/lang/is_reg_exp.rs - lang::is_reg_exp::is_reg_exp (line 9) ... ok
[INFO] [stdout] test src/lang/is_safe_integer.rs - lang::is_safe_integer::is_safe_integer (line 24) ... ok
[INFO] [stdout] test src/lang/is_string.rs - lang::is_string::is_string (line 24) ... ok
[INFO] [stdout] test src/lang/is_set.rs - lang::is_set::is_set_x (line 76) ... ok
[INFO] [stdout] test src/lang/is_string.rs - lang::is_string::is_string_x (line 79) ... ok
[INFO] [stdout] test src/lang/is_set.rs - lang::is_set::is_set (line 9) ... ok
[INFO] [stdout] test src/lang/is_set.rs - lang::is_set::is_set (line 24) ... ok
[INFO] [stdout] test src/lang/is_safe_integer.rs - lang::is_safe_integer::is_safe_integer_x (line 89) ... ok
[INFO] [stdout] test src/lang/is_safe_integer.rs - lang::is_safe_integer::is_safe_integer (line 9) ... ok
[INFO] [stdout] test src/lang/is_symbol.rs - lang::is_symbol::is_symbol (line 24) ... ok
[INFO] [stdout] test src/lang/is_string.rs - lang::is_string::is_string_x (line 64) ... ok
[INFO] [stdout] test src/lang/is_string.rs - lang::is_string::is_string (line 9) ... ok
[INFO] [stdout] test src/lang/is_set.rs - lang::is_set::is_set (line 35) ... ok
[INFO] [stdout] test src/lang/is_string.rs - lang::is_string::is_string (line 33) ... ok
[INFO] [stdout] test src/lang/is_safe_integer.rs - lang::is_safe_integer::is_safe_integer (line 35) ... ok
[INFO] [stdout] test src/lang/is_safe_integer.rs - lang::is_safe_integer::is_safe_integer_x (line 66) ... ok
[INFO] [stdout] test src/lang/is_set.rs - lang::is_set::is_set_x (line 61) ... ok
[INFO] [stdout] test src/lang/is_undefined.rs - lang::is_undefined::is_undefined_x (line 63) ... ok
[INFO] [stdout] test src/lang/is_symbol.rs - lang::is_symbol::is_symbol_x (line 74) ... ok
[INFO] [stdout] test src/lang/is_undefined.rs - lang::is_undefined::is_undefined (line 9) ... ok
[INFO] [stdout] test src/lang/is_symbol.rs - lang::is_symbol::is_symbol (line 9) ... ok
[INFO] [stdout] test src/lang/is_symbol.rs - lang::is_symbol::is_symbol_x (line 59) ... ok
[INFO] [stdout] test src/lang/is_weak_map.rs - lang::is_weak_map::is_weak_map (line 24) ... ok
[INFO] [stdout] test src/lang/is_typed_array.rs - lang::is_typed_array::is_typed_array_x (line 76) ... ok
[INFO] [stdout] test src/lang/is_typed_array.rs - lang::is_typed_array::is_typed_array (line 9) ... ok
[INFO] [stdout] test src/lang/is_typed_array.rs - lang::is_typed_array::is_typed_array_x (line 61) ... ok
[INFO] [stdout] test src/lang/is_weak_map.rs - lang::is_weak_map::is_weak_map_x (line 59) ... ok
[INFO] [stdout] test src/lang/is_undefined.rs - lang::is_undefined::is_undefined_x (line 78) ... ok
[INFO] [stdout] test src/lang/is_symbol.rs - lang::is_symbol::is_symbol (line 33) ... ok
[INFO] [stdout] test src/lang/is_weak_map.rs - lang::is_weak_map::is_weak_map (line 33) ... ok
[INFO] [stdout] test src/lang/is_undefined.rs - lang::is_undefined::is_undefined (line 33) ... ok
[INFO] [stdout] test src/lang/is_typed_array.rs - lang::is_typed_array::is_typed_array (line 24) ... ok
[INFO] [stdout] test src/lang/is_undefined.rs - lang::is_undefined::is_undefined (line 24) ... ok
[INFO] [stdout] test src/lang/is_typed_array.rs - lang::is_typed_array::is_typed_array (line 35) ... ok
[INFO] [stdout] test src/lang/is_weak_map.rs - lang::is_weak_map::is_weak_map (line 9) ... ok
[INFO] [stdout] test src/lang/is_weak_map.rs - lang::is_weak_map::is_weak_map_x (line 74) ... ok
[INFO] [stdout] test src/lang/is_weak_set.rs - lang::is_weak_set::is_weak_set_x (line 59) ... ok
[INFO] [stdout] test src/lang/is_weak_set.rs - lang::is_weak_set::is_weak_set (line 24) ... ok
[INFO] [stdout] test src/lang/is_weak_set.rs - lang::is_weak_set::is_weak_set (line 9) ... ok
[INFO] [stdout] test src/lang/lt.rs - lang::lt::lt (line 26) ... ok
[INFO] [stdout] test src/lang/is_weak_set.rs - lang::is_weak_set::is_weak_set_x (line 74) ... ok
[INFO] [stdout] test src/lang/lt.rs - lang::lt::lt_x (line 88) ... ok
[INFO] [stdout] test src/lang/lte.rs - lang::lte::lte (line 26) ... ok
[INFO] [stdout] test src/lang/lte.rs - lang::lte::lte_x (line 91) ... ok
[INFO] [stdout] test src/lang/lte.rs - lang::lte::lte (line 39) ... ok
[INFO] [stdout] test src/lang/is_weak_set.rs - lang::is_weak_set::is_weak_set (line 33) ... ok
[INFO] [stdout] test src/lang/lt.rs - lang::lt::lt_x (line 73) ... ok
[INFO] [stdout] test src/lang/lte.rs - lang::lte::lte (line 11) ... ok
[INFO] [stdout] test src/lang/to_finite.rs - lang::to_finite::to_finite (line 11) ... ok
[INFO] [stdout] test src/lang/lt.rs - lang::lt::lt (line 11) ... ok
[INFO] [stdout] test src/lang/to_integer.rs - lang::to_integer::to_integer (line 24) ... ok
[INFO] [stdout] test src/lang/lte.rs - lang::lte::lte_x (line 73) ... ok
[INFO] [stdout] test src/lang/lt.rs - lang::lt::lt (line 39) ... ok
[INFO] [stdout] test src/lang/to_array.rs - lang::to_array::to_array (line 9) ... ok
[INFO] [stdout] test src/lang/to_finite.rs - lang::to_finite::to_finite_x (line 80) ... ok
[INFO] [stdout] test src/lang/to_finite.rs - lang::to_finite::to_finite (line 36) ... ok
[INFO] [stdout] test src/lang/to_finite.rs - lang::to_finite::to_finite (line 26) ... ok
[INFO] [stdout] test src/lang/to_array.rs - lang::to_array::to_array (line 40) ... ok
[INFO] [stdout] test src/lang/to_integer.rs - lang::to_integer::to_integer (line 9) ... ok
[INFO] [stdout] test src/lang/to_integer.rs - lang::to_integer::to_integer_x (line 60) ... ok
[INFO] [stdout] test src/lang/to_finite.rs - lang::to_finite::to_finite_x (line 62) ... ok
[INFO] [stdout] test src/lang/to_length.rs - lang::to_length::to_length (line 24) ... ok
[INFO] [stdout] test src/lang/to_integer.rs - lang::to_integer::to_integer (line 34) ... ok
[INFO] [stdout] test src/lang/to_array.rs - lang::to_array::to_array (line 29) ... ok
[INFO] [stdout] test src/lang/to_length.rs - lang::to_length::to_length_x (line 60) ... ok
[INFO] [stdout] test src/lang/to_length.rs - lang::to_length::to_length (line 34) ... ok
[INFO] [stdout] test src/lang/to_safe_integer.rs - lang::to_safe_integer::to_safe_integer_x (line 119) ... ok
[INFO] [stdout] test src/lang/to_length.rs - lang::to_length::to_length_x (line 75) ... ok
[INFO] [stdout] test src/lang/to_number.rs - lang::to_number::to_number (line 11) ... ok
[INFO] [stdout] test src/lang/to_integer.rs - lang::to_integer::to_integer_x (line 75) ... ok
[INFO] [stdout] test src/lang/to_safe_integer.rs - lang::to_safe_integer::to_safe_integer_x (line 72) ... ok
[INFO] [stdout] test src/lang/to_number.rs - lang::to_number::to_number (line 32) ... ok
[INFO] [stdout] test src/lang/to_plain_object.rs - lang::to_plain_object::to_plain_object (line 41) ... ok
[INFO] [stdout] test src/lang/to_safe_integer.rs - lang::to_safe_integer::to_safe_integer (line 9) ... ok
[INFO] [stdout] test src/lang/to_safe_integer.rs - lang::to_safe_integer::to_safe_integer (line 48) ... ok
[INFO] [stdout] test src/lang/to_length.rs - lang::to_length::to_length (line 9) ... ok
[INFO] [stdout] test src/lang/to_string.rs - lang::to_string::to_string_x (line 102) ... ok
[INFO] [stdout] test src/lang/to_string.rs - lang::to_string::to_string_x (line 131) ... ok
[INFO] [stdout] test src/lang/to_safe_integer.rs - lang::to_safe_integer::to_safe_integer (line 24) ... ok
[INFO] [stdout] test src/lang/to_string.rs - lang::to_string::to_string (line 51) ... ok
[INFO] [stdout] test src/lang/to_string.rs - lang::to_string::to_string (line 35) ... ok
[INFO] [stdout] test src/lang/to_string.rs - lang::to_string::to_string (line 71) ... ok
[INFO] [stdout] test src/lang/to_plain_object.rs - lang::to_plain_object::to_plain_object (line 9) ... ok
[INFO] [stdout] test src/lang/to_number.rs - lang::to_number::to_number (line 42) ... ok
[INFO] [stdout] test src/lang/to_plain_object.rs - lang::to_plain_object::to_plain_object (line 52) ... ok
[INFO] [stdout] test src/lang/to_string.rs - lang::to_string::to_string_x (line 150) ... ok
[INFO] [stdout] test src/lang/to_safe_integer.rs - lang::to_safe_integer::to_safe_integer_x (line 143) ... ok
[INFO] [stdout] test src/math/ceil.rs - math::ceil::ceil (line 55) ... ok
[INFO] [stdout] test src/math/divide.rs - math::divide::divide (line 35) ... ok
[INFO] [stdout] test src/math/ceil.rs - math::ceil::ceil (line 76) ... ok
[INFO] [stdout] test src/math/add.rs - math::add::add (line 73) ... ok
[INFO] [stdout] test src/math/add.rs - math::add::add (line 202) ... ok
[INFO] [stdout] test src/math/max.rs - math::max::max (line 11) ... ok
[INFO] [stdout] test src/math/add.rs - math::add::add (line 191) ... ok
[INFO] [stdout] test src/math/floor.rs - math::floor::floor (line 58) ... ok
[INFO] [stdout] test src/math/divide.rs - math::divide::divide (line 46) ... ok
[INFO] [stdout] test src/math/divide.rs - math::divide::divide (line 11) ... ok
[INFO] [stdout] test src/math/floor.rs - math::floor::floor (line 21) ... ok
[INFO] [stdout] test src/math/floor.rs - math::floor::floor (line 39) ... ok
[INFO] [stdout] test src/math/max_by.rs - math::max_by::max_by (line 54) ... ok
[INFO] [stdout] test src/math/max.rs - math::max::max (line 50) ... ok
[INFO] [stdout] test src/math/max.rs - math::max::max (line 59) ... ok
[INFO] [stdout] test src/math/mean.rs - math::mean::mean (line 58) ... ok
[INFO] [stdout] test src/math/mean_by.rs - math::mean_by::mean_by (line 11) ... ok
[INFO] [stdout] test src/math/mean.rs - math::mean::mean (line 50) ... ok
[INFO] [stdout] test src/lib.rs - (line 7) ... ok
[INFO] [stdout] test src/math/mean.rs - math::mean::mean (line 30) ... ok
[INFO] [stdout] test src/math/ceil.rs - math::ceil::ceil (line 97) ... ok
[INFO] [stdout] test src/math/max_by.rs - math::max_by::max_by (line 42) ... ok
[INFO] [stdout] test src/math/multiply.rs - math::multiply::multiply (line 35) ... ok
[INFO] [stdout] test src/math/min.rs - math::min::min (line 50) ... ok
[INFO] [stdout] test src/math/mean_by.rs - math::mean_by::mean_by (line 31) ... ok
[INFO] [stdout] test src/math/min.rs - math::min::min (line 59) ... ok
[INFO] [stdout] test src/math/max_by.rs - math::max_by::max_by (line 11) ... ok
[INFO] [stdout] test src/math/min.rs - math::min::min (line 11) ... ok
[INFO] [stdout] test src/math/min_by.rs - math::min_by::min_by (line 11) ... ok
[INFO] [stdout] test src/math/multiply.rs - math::multiply::multiply (line 46) ... ok
[INFO] [stdout] test src/math/multiply.rs - math::multiply::multiply (line 11) ... ok
[INFO] [stdout] test src/math/round.rs - math::round::round (line 21) ... ok
[INFO] [stdout] test src/math/subtract.rs - math::subtract::subtract (line 11) ... ok
[INFO] [stdout] test src/math/min_by.rs - math::min_by::min_by (line 54) ... ok
[INFO] [stdout] test src/math/round.rs - math::round::round (line 39) ... ok
[INFO] [stdout] test src/math/mean_by.rs - math::mean_by::mean_by (line 43) ... ok
[INFO] [stdout] test src/math/subtract.rs - math::subtract::subtract (line 35) ... ok
[INFO] [stdout] test src/math/round.rs - math::round::round (line 58) ... ok
[INFO] [stdout] test src/math/sum.rs - math::sum::sum (line 22) ... ok
[INFO] [stdout] test src/number/clamp.rs - number::clamp::clamp (line 38) ... ok
[INFO] [stdout] test src/math/sum_by.rs - math::sum_by::sum_by (line 11) ... ok
[INFO] [stdout] test src/number/in_range.rs - number::in_range::in_range_x (line 101) ... ok
[INFO] [stdout] test src/math/sum.rs - math::sum::sum (line 48) ... ok
[INFO] [stdout] test src/math/subtract.rs - math::subtract::subtract (line 46) ... ok
[INFO] [stdout] test src/number/clamp.rs - number::clamp::clamp (line 11) ... ok
[INFO] [stdout] test src/number/clamp.rs - number::clamp::clamp (line 47) ... ok
[INFO] [stdout] test src/number/in_range.rs - number::in_range::in_range (line 11) ... ok
[INFO] [stdout] test src/math/min_by.rs - math::min_by::min_by (line 42) ... ok
[INFO] [stdout] test src/math/sum_by.rs - math::sum_by::sum_by (line 31) ... ok
[INFO] [stdout] test src/number/in_range.rs - number::in_range::in_range (line 40) ... ok
[INFO] [stdout] test src/number/random.rs - number::random::random (line 11) ... ok
[INFO] [stdout] test src/number/in_range.rs - number::in_range::in_range (line 26) ... ok
[INFO] [stdout] test src/math/sum.rs - math::sum::sum (line 40) ... ok
[INFO] [stdout] test src/number/in_range.rs - number::in_range::in_range_x (line 77) ... ok
[INFO] [stdout] test src/number/random.rs - number::random::random (line 61) ... ok
[INFO] [stdout] test src/math/sum_by.rs - math::sum_by::sum_by (line 43) ... ok
[INFO] [stdout] test src/number/random.rs - number::random::random (line 50) ... ok
[INFO] [stdout] test src/object/assign.rs - object::assign::assign (line 36) ... ok
[INFO] [stdout] test src/object/assign.rs - object::assign::assign (line 47) ... ok
[INFO] [stdout] test src/object/at.rs - object::at::at (line 43) ... ok
[INFO] [stdout] test src/object/assign_with.rs - object::assign_with::assign_with (line 58) ... ok
[INFO] [stdout] test src/object/defaults.rs - object::defaults::defaults (line 9) ... ok
[INFO] [stdout] test src/object/defaults_deep.rs - object::defaults_deep::defaults_deep (line 31) ... ok
[INFO] [stdout] test src/object/at.rs - object::at::at (line 12) ... ok
[INFO] [stdout] test src/object/assign_with.rs - object::assign_with::assign_with (line 9) ... ok
[INFO] [stdout] test src/object/assign.rs - object::assign::assign (line 9) ... ok
[INFO] [stdout] test src/object/defaults.rs - object::defaults::defaults (line 54) ... ok
[INFO] [stdout] test src/object/at.rs - object::at::at (line 55) ... ok
[INFO] [stdout] test src/object/assign_with.rs - object::assign_with::assign_with (line 42) ... ok
[INFO] [stdout] test src/object/find_last_key.rs - object::find_last_key::find_last_key (line 33) ... ok
[INFO] [stdout] test src/object/defaults_deep.rs - object::defaults_deep::defaults_deep (line 57) ... ok
[INFO] [stdout] test src/object/defaults_deep.rs - object::defaults_deep::defaults_deep (line 46) ... ok
[INFO] [stdout] test src/object/find_key.rs - object::find_key::find_key (line 33) ... ok
[INFO] [stdout] test src/object/defaults.rs - object::defaults::defaults (line 43) ... ok
[INFO] [stdout] test src/object/find_key.rs - object::find_key::find_key (line 9) ... ok
[INFO] [stdout] test src/object/for_own.rs - object::for_own::for_own (line 34) ... ok
[INFO] [stdout] test src/object/find_last_key.rs - object::find_last_key::find_last_key (line 49) ... ok
[INFO] [stdout] test src/object/find_last_key.rs - object::find_last_key::find_last_key (line 9) ... ok
[INFO] [stdout] test src/object/functions.rs - object::functions::functions (line 35) ... ok
[INFO] [stdout] test src/object/for_own_right.rs - object::for_own_right::for_own_right (line 33) ... ok
[INFO] [stdout] test src/object/for_own.rs - object::for_own::for_own (line 44) ... ok
[INFO] [stdout] test src/object/find_key.rs - object::find_key::find_key (line 48) ... ok
[INFO] [stdout] test src/object/for_own_right.rs - object::for_own_right::for_own_right (line 9) ... ok
[INFO] [stdout] test src/object/functions.rs - object::functions::functions (line 26) ... ok
[INFO] [stdout] test src/object/get.rs - object::get::get (line 11) ... ok
[INFO] [stdout] test src/object/has.rs - object::has::has (line 36) ... ok
[INFO] [stdout] test src/object/invert.rs - object::invert::invert (line 11) ... ok
[INFO] [stdout] test src/object/get.rs - object::get::get (line 77) ... ok
[INFO] [stdout] test src/object/for_own_right.rs - object::for_own_right::for_own_right (line 41) ... ok
[INFO] [stdout] test src/object/for_own.rs - object::for_own::for_own (line 9) ... ok
[INFO] [stdout] test src/object/functions.rs - object::functions::functions (line 9) ... ok
[INFO] [stdout] test src/object/has.rs - object::has::has (line 26) ... ok
[INFO] [stdout] test src/object/invert.rs - object::invert::invert (line 51) ... ok
[INFO] [stdout] test src/object/has.rs - object::has::has (line 11) ... ok
[INFO] [stdout] test src/object/keys.rs - object::keys::keys (line 35) ... ok
[INFO] [stdout] test src/object/has.rs - object::has::has_x (line 98) ... ok
[INFO] [stdout] test src/object/keys.rs - object::keys::keys (line 44) ... ok
[INFO] [stdout] test src/object/invert_by.rs - object::invert_by::invert_by (line 46) ... ok
[INFO] [stdout] test src/object/map_keys.rs - object::map_keys::map_keys (line 11) ... ok
[INFO] [stdout] test src/object/has.rs - object::has::has_x (line 65) ... ok
[INFO] [stdout] test src/object/keys.rs - object::keys::keys (line 9) ... ok
[INFO] [stdout] test src/object/get.rs - object::get::get (line 54) ... ok
[INFO] [stdout] test src/object/map_keys.rs - object::map_keys::map_keys (line 38) ... ok
[INFO] [stdout] test src/object/map_keys.rs - object::map_keys::map_keys (line 50) ... ok
[INFO] [stdout] test src/object/invert_by.rs - object::invert_by::invert_by (line 58) ... ok
[INFO] [stdout] test src/object/invert.rs - object::invert::invert (line 42) ... ok
[INFO] [stdout] test src/object/merge.rs - object::merge::merge (line 128) ... ok
[INFO] [stdout] test src/object/merge_with.rs - object::merge_with::merge_with (line 47) ... ok
[INFO] [stdout] test src/object/omit.rs - object::omit::omit (line 38) ... ok
[INFO] [stdout] test src/object/map_values.rs - object::map_values::map_values (line 51) ... ok
[INFO] [stdout] test src/object/merge.rs - object::merge::merge (line 79) ... ok
[INFO] [stdout] test src/object/invert_by.rs - object::invert_by::invert_by (line 11) ... ok
[INFO] [stdout] test src/object/omit.rs - object::omit::omit (line 11) ... ok
[INFO] [stdout] test src/object/merge_with.rs - object::merge_with::merge_with (line 69) ... ok
[INFO] [stdout] test src/object/omit_by.rs - object::omit_by::omit_by (line 35) ... ok
[INFO] [stdout] test src/object/merge.rs - object::merge::merge (line 108) ... ok
[INFO] [stdout] test src/object/omit_by.rs - object::omit_by::omit_by (line 47) ... ok
[INFO] [stdout] test src/object/pick.rs - object::pick::pick (line 49) ... ok
[INFO] [stdout] test src/object/pick_by.rs - object::pick_by::pick_by (line 9) ... ok
[INFO] [stdout] test src/object/pick.rs - object::pick::pick (line 37) ... ok
[INFO] [stdout] test src/object/omit_by.rs - object::omit_by::omit_by (line 9) ... ok
[INFO] [stdout] test src/object/omit.rs - object::omit::omit (line 50) ... ok
[INFO] [stdout] test src/object/pick_by.rs - object::pick_by::pick_by (line 46) ... ok
[INFO] [stdout] test src/object/map_values.rs - object::map_values::map_values (line 9) ... ok
[INFO] [stdout] test src/object/result.rs - object::result::result (line 11) ... ok
[INFO] [stdout] test src/object/pick.rs - object::pick::pick (line 11) ... ok
[INFO] [stdout] test src/object/result.rs - object::result::result (line 33) ... ok
[INFO] [stdout] test src/object/map_values.rs - object::map_values::map_values (line 36) ... ok
[INFO] [stdout] test src/object/merge_with.rs - object::merge_with::merge_with (line 11) ... ok
[INFO] [stdout] test src/object/result.rs - object::result::result (line 43) ... ok
[INFO] [stdout] test src/object/set.rs - object::set::set (line 139) ... ok
[INFO] [stdout] test src/object/pick_by.rs - object::pick_by::pick_by (line 34) ... ok
[INFO] [stdout] test src/object/unset.rs - object::unset::unset (line 60) ... ok
[INFO] [stdout] test src/object/transform.rs - object::transform::transform (line 9) ... ok
[INFO] [stdout] test src/object/to_pairs.rs - object::to_pairs::to_pairs (line 9) ... ok
[INFO] [stdout] test src/object/set.rs - object::set::set (line 13) ... ok
[INFO] [stdout] test src/object/transform.rs - object::transform::transform (line 54) ... ok
[INFO] [stdout] test src/object/transform.rs - object::transform::transform (line 68) ... ok
[INFO] [stdout] test src/object/to_pairs.rs - object::to_pairs::to_pairs (line 50) ... ok
[INFO] [stdout] test src/object/unset.rs - object::unset::unset (line 11) ... ok
[INFO] [stdout] test src/object/to_pairs.rs - object::to_pairs::to_pairs (line 39) ... ok
[INFO] [stdout] test src/string/camel_case.rs - string::camel_case::camel_case (line 59) ... ok
[INFO] [stdout] test src/object/set.rs - object::set::set (line 116) ... ok
[INFO] [stdout] test src/object/values.rs - object::values::values (line 38) ... ok
[INFO] [stdout] test src/object/unset.rs - object::unset::unset (line 72) ... ok
[INFO] [stdout] test src/object/values.rs - object::values::values (line 9) ... ok
[INFO] [stdout] test src/object/update.rs - object::update::update (line 47) ... ok
[INFO] [stdout] test src/object/update.rs - object::update::update (line 12) ... ok
[INFO] [stdout] test src/string/capitalize.rs - string::capitalize::capitalize (line 56) ... FAILED
[INFO] [stdout] test src/string/capitalize.rs - string::capitalize::capitalize_x (line 139) ... FAILED
[INFO] [stdout] test src/string/deburr.rs - string::deburr::deburr (line 97) ... FAILED
[INFO] [stdout] test src/string/camel_case.rs - string::camel_case::camel_case (line 24) ... ok
[INFO] [stdout] test src/object/update.rs - object::update::update (line 35) ... FAILED
[INFO] [stdout] test src/object/values.rs - object::values::values (line 29) ... FAILED
[INFO] [stdout] test src/string/camel_case.rs - string::camel_case::camel_case (line 40) ... ok
[INFO] [stdout] test src/string/ends_with.rs - string::ends_with::ends_with (line 17) ... FAILED
[INFO] [stdout] test src/string/deburr.rs - string::deburr::deburr (line 108) ... FAILED
[INFO] [stdout] test src/string/capitalize.rs - string::capitalize::capitalize (line 27) ... FAILED
[INFO] [stdout] test src/string/capitalize.rs - string::capitalize::capitalize (line 45) ... FAILED
[INFO] [stdout] test src/string/camel_case.rs - string::camel_case::camel_case_x (line 86) ... FAILED
[INFO] [stdout] test src/string/escape.rs - string::escape::escape (line 41) ... FAILED
[INFO] [stdout] test src/string/capitalize.rs - string::capitalize::capitalize_x (line 91) ... FAILED
[INFO] [stdout] test src/string/escape.rs - string::escape::escape (line 25) ... FAILED
[INFO] [stdout] test src/string/deburr.rs - string::deburr::deburr (line 81) ... FAILED
[INFO] [stdout] test src/string/deburr.rs - string::deburr::deburr_x (line 135) ... FAILED
[INFO] [stdout] test src/string/deburr.rs - string::deburr::deburr_x (line 151) ... FAILED
[INFO] [stdout] test src/string/escape_reg_exp.rs - string::escape_reg_exp::escape_reg_exp_x (line 93) ... FAILED
[INFO] [stdout] test src/string/ends_with.rs - string::ends_with::ends_with_x (line 103) ... FAILED
[INFO] [stdout] test src/string/escape_reg_exp.rs - string::escape_reg_exp::escape_reg_exp_x (line 77) ... FAILED
[INFO] [stdout] test src/string/lower_case.rs - string::lower_case::lower_case (line 20) ... FAILED
[INFO] [stdout] test src/string/escape_reg_exp.rs - string::escape_reg_exp::escape_reg_exp (line 40) ... FAILED
[INFO] [stdout] test src/string/kebab_case.rs - string::kebab_case::kebab_case (line 36) ... FAILED
[INFO] [stdout] test src/string/escape.rs - string::escape::escape_x (line 78) ... FAILED
[INFO] [stdout] test src/string/kebab_case.rs - string::kebab_case::kebab_case_x (line 80) ... FAILED
[INFO] [stdout] test src/string/escape_reg_exp.rs - string::escape_reg_exp::escape_reg_exp (line 51) ... FAILED
[INFO] [stdout] test src/string/camel_case.rs - string::camel_case::camel_case_x (line 102) ... FAILED
[INFO] [stdout] test src/string/ends_with.rs - string::ends_with::ends_with (line 33) ... FAILED
[INFO] [stdout] test src/string/kebab_case.rs - string::kebab_case::kebab_case (line 20) ... FAILED
[INFO] [stdout] test src/string/ends_with.rs - string::ends_with::ends_with (line 43) ... FAILED
[INFO] [stdout] test src/string/lower_case.rs - string::lower_case::lower_case (line 36) ... FAILED
[INFO] [stdout] test src/string/kebab_case.rs - string::kebab_case::kebab_case_x (line 96) ... FAILED
[INFO] [stdout] test src/string/kebab_case.rs - string::kebab_case::kebab_case (line 55) ... FAILED
[INFO] [stdout] test src/string/pad.rs - string::pad::pad (line 27) ... FAILED
[INFO] [stdout] test src/string/lower_first.rs - string::lower_first::lower_first (line 22) ... FAILED
[INFO] [stdout] test src/string/ends_with.rs - string::ends_with::ends_with_x (line 83) ... FAILED
[INFO] [stdout] test src/string/lower_case.rs - string::lower_case::lower_case_x (line 96) ... FAILED
[INFO] [stdout] test src/string/lower_case.rs - string::lower_case::lower_case (line 55) ... FAILED
[INFO] [stdout] test src/string/pad.rs - string::pad::pad (line 62) ... FAILED
[INFO] [stdout] test src/string/lower_first.rs - string::lower_first::lower_first (line 53) ... FAILED
[INFO] [stdout] test src/string/pad.rs - string::pad::pad (line 43) ... FAILED
[INFO] [stdout] test src/string/pad.rs - string::pad::pad_x (line 95) ... FAILED
[INFO] [stdout] test src/string/lower_first.rs - string::lower_first::lower_first_x (line 94) ... FAILED
[INFO] [stdout] test src/string/lower_first.rs - string::lower_first::lower_first_x (line 78) ... FAILED
[INFO] [stdout] test src/string/lower_first.rs - string::lower_first::lower_first (line 38) ... FAILED
[INFO] [stdout] test src/string/pad_end.rs - string::pad_end::pad_end (line 57) ... FAILED
[INFO] [stdout] test src/string/escape.rs - string::escape::escape_x (line 94) ... FAILED
[INFO] [stdout] test src/string/escape_reg_exp.rs - string::escape_reg_exp::escape_reg_exp (line 24) ... FAILED
[INFO] [stdout] test src/string/pad_end.rs - string::pad_end::pad_end_x (line 105) ... FAILED
[INFO] [stdout] test src/string/pad_end.rs - string::pad_end::pad_end (line 22) ... FAILED
[INFO] [stdout] test src/string/pad_start.rs - string::pad_start::pad_start (line 22) ... FAILED
[INFO] [stdout] test src/string/parse_int.rs - string::parse_int::parse_int (line 46) ... FAILED
[INFO] [stdout] test src/string/escape.rs - string::escape::escape (line 52) ... FAILED
[INFO] [stdout] test src/string/pad_start.rs - string::pad_start::pad_start (line 57) ... FAILED
[INFO] [stdout] test src/string/lower_case.rs - string::lower_case::lower_case_x (line 80) ... FAILED
[INFO] [stdout] test src/string/parse_int.rs - string::parse_int::parse_int (line 77) ... FAILED
[INFO] [stdout] test src/string/pad_end.rs - string::pad_end::pad_end_x (line 89) ... FAILED
[INFO] [stdout] test src/string/pad_start.rs - string::pad_start::pad_start_x (line 105) ... FAILED
[INFO] [stdout] test src/string/pad_start.rs - string::pad_start::pad_start_x (line 89) ... FAILED
[INFO] [stdout] test src/string/repeat.rs - string::repeat::repeat (line 14) ... FAILED
[INFO] [stdout] test src/string/pad_start.rs - string::pad_start::pad_start (line 38) ... FAILED
[INFO] [stdout] test src/string/pad.rs - string::pad::pad_x (line 111) ... FAILED
[INFO] [stdout] test src/string/repeat.rs - string::repeat::repeat (line 49) ... FAILED
[INFO] [stdout] test src/string/repeat.rs - string::repeat::repeat_x (line 78) ... FAILED
[INFO] [stdout] test src/string/parse_int.rs - string::parse_int::parse_int (line 66) ... FAILED
[INFO] [stdout] test src/string/replace.rs - string::replace::replace_x (line 101) ... FAILED
[INFO] [stdout] test src/string/repeat.rs - string::repeat::repeat_x (line 94) ... FAILED
[INFO] [stdout] test src/string/repeat.rs - string::repeat::repeat (line 30) ... FAILED
[INFO] [stdout] test src/string/replace.rs - string::replace::replace (line 14) ... FAILED
[INFO] [stdout] test src/string/snake_case.rs - string::snake_case::snake_case (line 20) ... FAILED
[INFO] [stdout] test src/string/snake_case.rs - string::snake_case::snake_case_x (line 80) ... FAILED
[INFO] [stdout] test src/string/replace.rs - string::replace::replace (line 37) ... FAILED
[INFO] [stdout] test src/string/replace.rs - string::replace::replace_x (line 81) ... FAILED
[INFO] [stdout] test src/string/pad_end.rs - string::pad_end::pad_end (line 38) ... FAILED
[INFO] [stdout] test src/string/snake_case.rs - string::snake_case::snake_case (line 55) ... FAILED
[INFO] [stdout] test src/string/split.rs - string::split::split (line 49) ... FAILED
[INFO] [stdout] test src/string/snake_case.rs - string::snake_case::snake_case_x (line 96) ... FAILED
[INFO] [stdout] test src/string/split.rs - string::split::split (line 22) ... FAILED
[INFO] [stdout] test src/string/split.rs - string::split::split (line 38) ... FAILED
[INFO] [stdout] test src/string/start_case.rs - string::start_case::start_case (line 36) ... FAILED
[INFO] [stdout] test src/string/snake_case.rs - string::snake_case::snake_case (line 36) ... FAILED
[INFO] [stdout] test src/string/start_case.rs - string::start_case::start_case (line 55) ... FAILED
[INFO] [stdout] test src/string/starts_with.rs - string::starts_with::starts_with_x (line 81) ... FAILED
[INFO] [stdout] test src/string/start_case.rs - string::start_case::start_case (line 20) ... FAILED
[INFO] [stdout] test src/string/start_case.rs - string::start_case::start_case_x (line 96) ... FAILED
[INFO] [stdout] test src/string/to_lower.rs - string::to_lower::to_lower_x (line 121) ... FAILED
[INFO] [stdout] test src/string/starts_with.rs - string::starts_with::starts_with (line 15) ... FAILED
[INFO] [stdout] test src/string/starts_with.rs - string::starts_with::starts_with_x (line 101) ... FAILED
[INFO] [stdout] test src/string/starts_with.rs - string::starts_with::starts_with (line 31) ... FAILED
[INFO] [stdout] test src/string/start_case.rs - string::start_case::start_case_x (line 80) ... FAILED
[INFO] [stdout] test src/string/to_lower.rs - string::to_lower::to_lower (line 32) ... FAILED
[INFO] [stdout] test src/string/replace.rs - string::replace::replace (line 48) ... FAILED
[INFO] [stdout] test src/string/starts_with.rs - string::starts_with::starts_with (line 41) ... FAILED
[INFO] [stdout] test src/string/to_lower.rs - string::to_lower::to_lower (line 16) ... FAILED
[INFO] [stdout] test src/string/to_upper.rs - string::to_upper::to_upper (line 14) ... FAILED
[INFO] [stdout] test src/string/to_lower.rs - string::to_lower::to_lower (line 51) ... FAILED
[INFO] [stdout] test src/string/to_lower.rs - string::to_lower::to_lower_x (line 82) ... FAILED
[INFO] [stdout] test src/string/trim.rs - string::trim::trim (line 17) ... FAILED
[INFO] [stdout] test src/string/trim.rs - string::trim::trim (line 48) ... FAILED
[INFO] [stdout] test src/string/trim.rs - string::trim::trim_x (line 77) ... FAILED
[INFO] [stdout] test src/string/to_upper.rs - string::to_upper::to_upper (line 30) ... FAILED
[INFO] [stdout] test src/string/to_upper.rs - string::to_upper::to_upper_x (line 75) ... FAILED
[INFO] [stdout] test src/string/to_upper.rs - string::to_upper::to_upper_x (line 91) ... FAILED
[INFO] [stdout] test src/string/to_upper.rs - string::to_upper::to_upper (line 49) ... FAILED
[INFO] [stdout] test src/string/trim_end.rs - string::trim_end::trim_end (line 48) ... FAILED
[INFO] [stdout] test src/string/trim.rs - string::trim::trim_x (line 93) ... FAILED
[INFO] [stdout] test src/string/trim_end.rs - string::trim_end::trim_end_x (line 92) ... FAILED
[INFO] [stdout] test src/string/trim_start.rs - string::trim_start::trim_start_x (line 76) ... FAILED
[INFO] [stdout] test src/string/trim_end.rs - string::trim_end::trim_end (line 33) ... FAILED
[INFO] [stdout] test src/string/trim_start.rs - string::trim_start::trim_start_x (line 92) ... FAILED
[INFO] [stdout] test src/string/trim.rs - string::trim::trim (line 33) ... FAILED
[INFO] [stdout] test src/string/trim_end.rs - string::trim_end::trim_end_x (line 76) ... FAILED
[INFO] [stdout] test src/string/truncate.rs - string::truncate::truncate_x (line 95) ... FAILED
[INFO] [stdout] test src/string/truncate.rs - string::truncate::truncate (line 66) ... FAILED
[INFO] [stdout] test src/string/trim_end.rs - string::trim_end::trim_end (line 17) ... FAILED
[INFO] [stdout] test src/string/unescape.rs - string::unescape::unescape_x (line 71) ... FAILED
[INFO] [stdout] test src/string/truncate.rs - string::truncate::truncate (line 47) ... FAILED
[INFO] [stdout] test src/string/upper_case.rs - string::upper_case::upper_case (line 55) ... FAILED
[INFO] [stdout] test src/string/truncate.rs - string::truncate::truncate_x (line 111) ... FAILED
[INFO] [stdout] test src/string/upper_case.rs - string::upper_case::upper_case_x (line 96) ... FAILED
[INFO] [stdout] test src/string/upper_case.rs - string::upper_case::upper_case (line 20) ... FAILED
[INFO] [stdout] test src/string/unescape.rs - string::unescape::unescape (line 34) ... FAILED
[INFO] [stdout] test src/string/upper_case.rs - string::upper_case::upper_case (line 36) ... FAILED
[INFO] [stdout] test src/string/unescape.rs - string::unescape::unescape_x (line 87) ... FAILED
[INFO] [stdout] test src/string/trim_start.rs - string::trim_start::trim_start (line 48) ... FAILED
[INFO] [stdout] test src/string/upper_first.rs - string::upper_first::upper_first (line 32) ... FAILED
[INFO] [stdout] test src/string/words.rs - string::words::words (line 35) ... FAILED
[INFO] [stdout] test src/string/upper_first.rs - string::upper_first::upper_first_x (line 88) ... FAILED
[INFO] [stdout] test src/string/upper_first.rs - string::upper_first::upper_first_x (line 72) ... FAILED
[INFO] [stdout] test src/string/trim_start.rs - string::trim_start::trim_start (line 33) ... FAILED
[INFO] [stdout] test src/string/trim_start.rs - string::trim_start::trim_start (line 17) ... FAILED
[INFO] [stdout] test src/string/words.rs - string::words::words (line 46) ... FAILED
[INFO] [stdout] test src/string/words.rs - string::words::words (line 16) ... FAILED
[INFO] [stdout] test src/util/default_to.rs - util::default_to::default_to (line 31) ... FAILED
[INFO] [stdout] test src/string/upper_case.rs - string::upper_case::upper_case_x (line 80) ... FAILED
[INFO] [stdout] test src/string/unescape.rs - string::unescape::unescape (line 45) ... FAILED
[INFO] [stdout] test src/string/truncate.rs - string::truncate::truncate (line 28) ... FAILED
[INFO] [stdout] test src/string/unescape.rs - string::unescape::unescape (line 18) ... FAILED
[INFO] [stdout] test src/string/upper_first.rs - string::upper_first::upper_first (line 47) ... FAILED
[INFO] [stdout] test src/string/upper_first.rs - string::upper_first::upper_first (line 16) ... FAILED
[INFO] [stdout] test src/util/matches.rs - util::matches::matches (line 33) ... FAILED
[INFO] [stdout] test src/util/iteratee.rs - util::iteratee::iteratee (line 63) ... FAILED
[INFO] [stdout] test src/util/iteratee.rs - util::iteratee::iteratee (line 11) ... FAILED
[INFO] [stdout] test src/util/matches_property.rs - util::matches_property::matches_property (line 12) ... FAILED
[INFO] [stdout] test src/util/default_to.rs - util::default_to::default_to (line 40) ... FAILED
[INFO] [stdout] test src/util/identity.rs - util::identity::identity (line 9) ... FAILED
[INFO] [stdout] test src/util/noop.rs - util::noop::noop (line 26) ... FAILED
[INFO] [stdout] test src/util/matches.rs - util::matches::matches (line 48) ... FAILED
[INFO] [stdout] test src/util/default_to.rs - util::default_to::default_to (line 9) ... FAILED
[INFO] [stdout] test src/util/identity.rs - util::identity::identity (line 32) ... FAILED
[INFO] [stdout] test src/util/matches_property.rs - util::matches_property::matches_property (line 35) ... FAILED
[INFO] [stdout] test src/util/matches.rs - util::matches::matches (line 11) ... FAILED
[INFO] [stdout] test src/util/matches_property.rs - util::matches_property::matches_property (line 50) ... FAILED
[INFO] [stdout] test src/util/iteratee.rs - util::iteratee::iteratee (line 37) ... FAILED
[INFO] [stdout] test src/util/range.rs - util::range::range (line 117) ... FAILED
[INFO] [stdout] test src/util/range_right.rs - util::range_right::range_right_x (line 116) ... FAILED
[INFO] [stdout] test src/util/noop.rs - util::noop::noop (line 34) ... FAILED
[INFO] [stdout] test src/util/identity.rs - util::identity::identity (line 24) ... FAILED
[INFO] [stdout] test src/util/range_right.rs - util::range_right::range_right (line 81) ... FAILED
[INFO] [stdout] test src/util/property.rs - util::property::property (line 46) ... FAILED
[INFO] [stdout] test src/util/range_right.rs - util::range_right::range_right_x (line 133) ... FAILED
[INFO] [stdout] test src/util/range.rs - util::range::range_x (line 152) ... FAILED
[INFO] [stdout] test src/util/noop.rs - util::noop::noop (line 9) ... FAILED
[INFO] [stdout] test src/util/range_right.rs - util::range_right::range_right (line 28) ... FAILED
[INFO] [stdout] test src/util/range.rs - util::range::range_x (line 169) ... FAILED
[INFO] [stdout] test src/util/stub_array.rs - util::stub_array::stub_array (line 24) ... FAILED
[INFO] [stdout] test src/util/range.rs - util::range::range (line 82) ... FAILED
[INFO] [stdout] test src/util/stub_false.rs - util::stub_false::stub_false (line 24) ... FAILED
[INFO] [stdout] test src/util/stub_array.rs - util::stub_array::stub_array (line 32) ... FAILED
[INFO] [stdout] test src/util/stub_object.rs - util::stub_object::stub_object (line 9) ... FAILED
[INFO] [stdout] test src/util/property.rs - util::property::property (line 11) ... FAILED
[INFO] [stdout] test src/util/stub_object.rs - util::stub_object::stub_object (line 24) ... FAILED
[INFO] [stdout] test src/util/stub_false.rs - util::stub_false::stub_false (line 9) ... FAILED
[INFO] [stdout] test src/util/stub_object.rs - util::stub_object::stub_object (line 32) ... FAILED
[INFO] [stdout] test src/util/stub_true.rs - util::stub_true::stub_true (line 9) ... FAILED
[INFO] [stdout] test src/util/stub_array.rs - util::stub_array::stub_array (line 9) ... FAILED
[INFO] [stdout] test src/util/range.rs - util::range::range (line 65) ... FAILED
[INFO] [stdout] test src/util/property.rs - util::property::property (line 30) ... FAILED
[INFO] [stdout] test src/util/stub_true.rs - util::stub_true::stub_true (line 32) ... FAILED
[INFO] [stdout] test src/util/stub_string.rs - util::stub_string::stub_string (line 32) ... FAILED
[INFO] [stdout] test src/util/to_path.rs - util::to_path::to_path (line 115) ... FAILED
[INFO] [stdout] test src/util/range_right.rs - util::range_right::range_right (line 46) ... FAILED
[INFO] [stdout] test src/util/times.rs - util::times::times (line 20) ... FAILED
[INFO] [stdout] test src/util/stub_string.rs - util::stub_string::stub_string (line 24) ... FAILED
[INFO] [stdout] test src/util/stub_false.rs - util::stub_false::stub_false (line 32) ... FAILED
[INFO] [stdout] test src/util/to_path.rs - util::to_path::to_path_x (line 219) ... FAILED
[INFO] [stdout] test src/util/to_path.rs - util::to_path::to_path (line 138) ... FAILED
[INFO] [stdout] test src/util/stub_string.rs - util::stub_string::stub_string (line 9) ... FAILED
[INFO] [stdout] test src/util/stub_true.rs - util::stub_true::stub_true (line 24) ... FAILED
[INFO] [stdout] test src/util/to_path.rs - util::to_path::to_path (line 153) ... FAILED
[INFO] [stdout] test src/util/to_path.rs - util::to_path::to_path_x (line 198) ... FAILED
[INFO] [stdout] test src/util/times.rs - util::times::times (line 36) ... FAILED
[INFO] [stdout] test src/util/times.rs - util::times::times (line 51) ... FAILED
[INFO] [stdout] 
[INFO] [stdout] failures:
[INFO] [stdout] 
[INFO] [stdout] ---- src/string/capitalize.rs - string::capitalize::capitalize (line 56) stdout ----
[INFO] [stdout] rustc-LLVM ERROR: IO failure on output stream: No space left on device
[INFO] [stdout] Couldn't compile the test.
[INFO] [stdout] ---- src/string/capitalize.rs - string::capitalize::capitalize_x (line 139) stdout ----
[INFO] [stdout] error: couldn't create a temp dir: No space left on device (os error 28) at path "/tmp/rustdoctestMcYTRN/rmetacZxUPZ"
[INFO] [stdout] 
[INFO] [stdout] error: aborting due to 1 previous error
[INFO] [stdout] 
[INFO] [stdout] Couldn't compile the test.
[INFO] [stdout] ---- src/string/deburr.rs - string::deburr::deburr (line 97) stdout ----
[INFO] [stdout] error: couldn't create a temp dir: No space left on device (os error 28) at path "/tmp/rustdoctestyjBWDI/rmeta79cNb2"
[INFO] [stdout] 
[INFO] [stdout] error: aborting due to 1 previous error
[INFO] [stdout] 
[INFO] [stdout] Couldn't compile the test.
[INFO] [stdout] ---- src/object/update.rs - object::update::update (line 35) stdout ----
[INFO] [stdout] rustc-LLVM ERROR: IO failure on output stream: No space left on device
[INFO] [stdout] Couldn't compile the test.
[INFO] [stdout] ---- src/object/values.rs - object::values::values (line 29) stdout ----
[INFO] [stdout] rustc-LLVM ERROR: IO failure on output stream: No space left on device
[INFO] [stdout] Couldn't compile the test.
[INFO] [stdout] ---- src/string/ends_with.rs - string::ends_with::ends_with (line 17) stdout ----
[INFO] [stdout] error: couldn't create a temp dir: No space left on device (os error 28) at path "/tmp/rustdoctestz39xYA/rmetaPTQ8w1"
[INFO] [stdout] 
[INFO] [stdout] error: aborting due to 1 previous error
[INFO] [stdout] 
[INFO] [stdout] Couldn't compile the test.
[INFO] [stdout] ---- src/string/deburr.rs - string::deburr::deburr (line 108) stdout ----
[INFO] [stdout] rustc-LLVM ERROR: IO failure on output stream: No space left on device
[INFO] [stdout] Couldn't compile the test.
[INFO] [stdout] ---- src/string/capitalize.rs - string::capitalize::capitalize (line 27) stdout ----
[INFO] [stdout] rustc-LLVM ERROR: IO failure on output stream: No space left on device
[INFO] [stdout] Couldn't compile the test.
[INFO] [stdout] ---- src/string/capitalize.rs - string::capitalize::capitalize (line 45) stdout ----
[INFO] [stdout] rustc-LLVM ERROR: IO failure on output stream: No space left on device
[INFO] [stdout] Couldn't compile the test.
[INFO] [stdout] ---- src/string/camel_case.rs - string::camel_case::camel_case_x (line 86) stdout ----
[INFO] [stdout] rustc-LLVM ERROR: IO failure on output stream: No space left on device
[INFO] [stdout] Couldn't compile the test.
[INFO] [stdout] ---- src/string/escape.rs - string::escape::escape (line 41) stdout ----
[INFO] [stdout] error: couldn't create a temp dir: No space left on device (os error 28) at path "/tmp/rustdoctestFz1L41/rmetaeOsDh4"
[INFO] [stdout] 
[INFO] [stdout] error: aborting due to 1 previous error
[INFO] [stdout] 
[INFO] [stdout] Couldn't compile the test.
[INFO] [stdout] ---- src/string/capitalize.rs - string::capitalize::capitalize_x (line 91) stdout ----
[INFO] [stdout] rustc-LLVM ERROR: IO failure on output stream: No space left on device
[INFO] [stdout] Couldn't compile the test.
[INFO] [stdout] ---- src/string/escape.rs - string::escape::escape (line 25) stdout ----
[INFO] [stdout] error: couldn't create a temp dir: No space left on device (os error 28) at path "/tmp/rustdoctesttiwkjG/rmetahrFdqD"
[INFO] [stdout] 
[INFO] [stdout] error: aborting due to 1 previous error
[INFO] [stdout] 
[INFO] [stdout] Couldn't compile the test.
[INFO] [stdout] ---- src/string/deburr.rs - string::deburr::deburr (line 81) stdout ----
[INFO] [stdout] error: couldn't create a temp dir: No space left on device (os error 28) at path "/tmp/rustdoctestme23Vx/rmetalpS7XK"
[INFO] [stdout] 
[INFO] [stdout] error: aborting due to 1 previous error
[INFO] [stdout] 
[INFO] [stdout] Couldn't compile the test.
[INFO] [stdout] ---- src/string/deburr.rs - string::deburr::deburr_x (line 135) stdout ----
[INFO] [stdout] error: couldn't create a temp dir: No space left on device (os error 28) at path "/tmp/rustdoctestSpMjQk/rmetaEBwLp7"
[INFO] [stdout] 
[INFO] [stdout] error: aborting due to 1 previous error
[INFO] [stdout] 
[INFO] [stdout] Couldn't compile the test.
[INFO] [stdout] ---- src/string/deburr.rs - string::deburr::deburr_x (line 151) stdout ----
[INFO] [stdout] error: couldn't create a temp dir: No space left on device (os error 28) at path "/tmp/rustdoctestdvTbCP/rmetai1jqgM"
[INFO] [stdout] 
[INFO] [stdout] error: aborting due to 1 previous error
[INFO] [stdout] 
[INFO] [stdout] Couldn't compile the test.
[INFO] [stdout] ---- src/string/escape_reg_exp.rs - string::escape_reg_exp::escape_reg_exp_x (line 93) stdout ----
[INFO] [stdout] error: couldn't create a temp dir: No space left on device (os error 28) at path "/tmp/rustdoctest6TB5nQ/rmetadfVOdv"
[INFO] [stdout] 
[INFO] [stdout] error: aborting due to 1 previous error
[INFO] [stdout] 
[INFO] [stdout] Couldn't compile the test.
[INFO] [stdout] ---- src/string/ends_with.rs - string::ends_with::ends_with_x (line 103) stdout ----
[INFO] [stdout] error: couldn't create a temp dir: No space left on device (os error 28) at path "/tmp/rustdoctestAbTPb6/rmetaA3bz4v"
[INFO] [stdout] 
[INFO] [stdout] error: aborting due to 1 previous error
[INFO] [stdout] 
[INFO] [stdout] Couldn't compile the test.
[INFO] [stdout] ---- src/string/escape_reg_exp.rs - string::escape_reg_exp::escape_reg_exp_x (line 77) stdout ----
[INFO] [stdout] error: couldn't create a temp dir: No space left on device (os error 28) at path "/tmp/rustdoctestW4SahO/rmetafeZDpC"
[INFO] [stdout] 
[INFO] [stdout] error: aborting due to 1 previous error
[INFO] [stdout] 
[INFO] [stdout] Couldn't compile the test.
[INFO] [stdout] ---- src/string/lower_case.rs - string::lower_case::lower_case (line 20) stdout ----
[INFO] [stdout] error: couldn't create a temp dir: No space left on device (os error 28) at path "/tmp/rustdoctest2Qq4l8/rmetanNQoYo"
[INFO] [stdout] 
[INFO] [stdout] error: aborting due to 1 previous error
[INFO] [stdout] 
[INFO] [stdout] Couldn't compile the test.
[INFO] [stdout] ---- src/string/escape_reg_exp.rs - string::escape_reg_exp::escape_reg_exp (line 40) stdout ----
[INFO] [stdout] error: couldn't create a temp dir: No space left on device (os error 28) at path "/tmp/rustdoctestTK1RzQ/rmetamzWwz3"
[INFO] [stdout] 
[INFO] [stdout] error: aborting due to 1 previous error
[INFO] [stdout] 
[INFO] [stdout] Couldn't compile the test.
[INFO] [stdout] ---- src/string/kebab_case.rs - string::kebab_case::kebab_case (line 36) stdout ----
[INFO] [stdout] error: couldn't create a temp dir: No space left on device (os error 28) at path "/tmp/rustdoctestswL4Cu/rmetaHAgH76"
[INFO] [stdout] 
[INFO] [stdout] error: aborting due to 1 previous error
[INFO] [stdout] 
[INFO] [stdout] Couldn't compile the test.
[INFO] [stdout] ---- src/string/escape.rs - string::escape::escape_x (line 78) stdout ----
[INFO] [stdout] error: couldn't create a temp dir: No space left on device (os error 28) at path "/tmp/rustdoctestBGrqjf/rmeta09x0GG"
[INFO] [stdout] 
[INFO] [stdout] error: aborting due to 1 previous error
[INFO] [stdout] 
[INFO] [stdout] Couldn't compile the test.
[INFO] [stdout] ---- src/string/kebab_case.rs - string::kebab_case::kebab_case_x (line 80) stdout ----
[INFO] [stdout] error: couldn't create a temp dir: No space left on device (os error 28) at path "/tmp/rustdoctestQaNdz9/rmetadAFcVI"
[INFO] [stdout] 
[INFO] [stdout] error: aborting due to 1 previous error
[INFO] [stdout] 
[INFO] [stdout] Couldn't compile the test.
[INFO] [stdout] ---- src/string/escape_reg_exp.rs - string::escape_reg_exp::escape_reg_exp (line 51) stdout ----
[INFO] [stdout] error: couldn't create a temp dir: No space left on device (os error 28) at path "/tmp/rustdoctestMcEj3c/rmetasEdN9E"
[INFO] [stdout] 
[INFO] [stdout] error: aborting due to 1 previous error
[INFO] [stdout] 
[INFO] [stdout] Couldn't compile the test.
[INFO] [stdout] ---- src/string/camel_case.rs - string::camel_case::camel_case_x (line 102) stdout ----
[INFO] [stdout] error: linking with `cc` failed: exit status: 1
[INFO] [stdout]   |
[INFO] [stdout]   = note:  "cc" "-m64" "/tmp/rustdoctestZlN0WW/rustcohQzCx/symbols.o" "<2 object files omitted>" "-Wl,--as-needed" "-Wl,-Bstatic" "/opt/rustwide/target/release/build/serde_json_lodash/e605ea2e61826cd0/out/libserde_json_lodash-e605ea2e61826cd0.rlib" "/opt/rustwide/target/release/build/serde_json/0f0d821a843da381/out/libserde_json-0f0d821a843da381.rlib" "/opt/rustwide/target/release/build/memchr/b09fcc675b44dbcc/out/libmemchr-b09fcc675b44dbcc.rlib" "/opt/rustwide/target/release/build/itoa/1e9e3b22820c4a15/out/libitoa-1e9e3b22820c4a15.rlib" "/opt/rustwide/target/release/build/zmij/3fd0fbc0da54c581/out/libzmij-3fd0fbc0da54c581.rlib" "/opt/rustwide/target/release/build/serde_core/308f19e2c1b04c4a/out/libserde_core-308f19e2c1b04c4a.rlib" "<sysroot>/lib/rustlib/x86_64-unknown-linux-gnu/lib/{libstd-*,libpanic_unwind-*,libobject-*,libmemchr-*,libaddr2line-*,libgimli-*,libcfg_if-*,librustc_demangle-*,libstd_detect-*,libhashbrown-*,librustc_std_workspace_alloc-*,libminiz_oxide-*,libadler2-*,libunwind-*,liblibc-*,librustc_std_workspace_core-*,liballoc-*,libcore-*,libcompiler_builtins-*}.rlib" "-Wl,-Bdynamic" "-lgcc_s" "-lutil" "-lrt" "-lpthread" "-lm" "-ldl" "-lc" "-L" "/tmp/rustdoctestZlN0WW/rustcohQzCx/raw-dylibs" "-B<sysroot>/lib/rustlib/x86_64-unknown-linux-gnu/bin/gcc-ld" "-fuse-ld=lld" "-Wl,--eh-frame-hdr" "-Wl,-z,noexecstack" "-L" "<sysroot>/lib/rustlib/x86_64-unknown-linux-gnu/lib" "-o" "/tmp/rustdoctestZlN0WW/rust_out" "-Wl,--gc-sections" "-pie" "-Wl,-z,relro,-z,now" "-nodefaultlibs"
[INFO] [stdout]   = note: some arguments are omitted. use `--verbose` to show all linker arguments
[INFO] [stdout]   = note: PLEASE submit a bug report to https://github.com/llvm/llvm-project/issues/ and include the crash backtrace and instructions to reproduce the bug.
[INFO] [stdout]           collect2: fatal error: ld terminated with signal 7 [Bus error], core dumped
[INFO] [stdout]           compilation terminated.
[INFO] [stdout]           
[INFO] [stdout] 
[INFO] [stdout] error: aborting due to 1 previous error
[INFO] [stdout] 
[INFO] [stdout] Couldn't compile the test.
[INFO] [stdout] ---- src/string/ends_with.rs - string::ends_with::ends_with (line 33) stdout ----
[INFO] [stdout] error: couldn't create a temp dir: No space left on device (os error 28) at path "/tmp/rustdoctestjyif4G/rmetaWfsIjS"
[INFO] [stdout] 
[INFO] [stdout] error: aborting due to 1 previous error
[INFO] [stdout] 
[INFO] [stdout] Couldn't compile the test.
[INFO] [stdout] ---- src/string/kebab_case.rs - string::kebab_case::kebab_case (line 20) stdout ----
[INFO] [stdout] error: couldn't create a temp dir: No space left on device (os error 28) at path "/tmp/rustdoctesty1zKoh/rmetaPkZSsI"
[INFO] [stdout] 
[INFO] [stdout] error: aborting due to 1 previous error
[INFO] [stdout] 
[INFO] [stdout] Couldn't compile the test.
[INFO] [stdout] ---- src/string/ends_with.rs - string::ends_with::ends_with (line 43) stdout ----
[INFO] [stdout] error: couldn't create a temp dir: No space left on device (os error 28) at path "/tmp/rustdoctestbQWtYj/rmetays2Pwh"
[INFO] [stdout] 
[INFO] [stdout] error: aborting due to 1 previous error
[INFO] [stdout] 
[INFO] [stdout] Couldn't compile the test.
[INFO] [stdout] ---- src/string/lower_case.rs - string::lower_case::lower_case (line 36) stdout ----
[INFO] [stdout] error: couldn't create a temp dir: No space left on device (os error 28) at path "/tmp/rustdoctest7h5KiJ/rmetalofT8v"
[INFO] [stdout] 
[INFO] [stdout] error: aborting due to 1 previous error
[INFO] [stdout] 
[INFO] [stdout] Couldn't compile the test.
[INFO] [stdout] ---- src/string/kebab_case.rs - string::kebab_case::kebab_case_x (line 96) stdout ----
[INFO] [stdout] error: couldn't create a temp dir: No space left on device (os error 28) at path "/tmp/rustdoctestjI4Vwq/rmetahYZU30"
[INFO] [stdout] 
[INFO] [stdout] error: aborting due to 1 previous error
[INFO] [stdout] 
[INFO] [stdout] Couldn't compile the test.
[INFO] [stdout] ---- src/string/kebab_case.rs - string::kebab_case::kebab_case (line 55) stdout ----
[INFO] [stdout] error: couldn't create a temp dir: No space left on device (os error 28) at path "/tmp/rustdoctest20guer/rmetaRAH3H7"
[INFO] [stdout] 
[INFO] [stdout] error: aborting due to 1 previous error
[INFO] [stdout] 
[INFO] [stdout] Couldn't compile the test.
[INFO] [stdout] ---- src/string/pad.rs - string::pad::pad (line 27) stdout ----
[INFO] [stdout] error: couldn't create a temp dir: No space left on device (os error 28) at path "/tmp/rustdoctest0sWH3y/rmetaKOw4eB"
[INFO] [stdout] 
[INFO] [stdout] error: aborting due to 1 previous error
[INFO] [stdout] 
[INFO] [stdout] Couldn't compile the test.
[INFO] [stdout] ---- src/string/lower_first.rs - string::lower_first::lower_first (line 22) stdout ----
[INFO] [stdout] error: couldn't create a temp dir: No space left on device (os error 28) at path "/tmp/rustdoctestDkYo13/rmetaAirYFD"
[INFO] [stdout] 
[INFO] [stdout] error: aborting due to 1 previous error
[INFO] [stdout] 
[INFO] [stdout] Couldn't compile the test.
[INFO] [stdout] ---- src/string/ends_with.rs - string::ends_with::ends_with_x (line 83) stdout ----
[INFO] [stdout] error: couldn't create a temp dir: No space left on device (os error 28) at path "/tmp/rustdoctest2q3qzU/rmeta1HAWN8"
[INFO] [stdout] 
[INFO] [stdout] error: aborting due to 1 previous error
[INFO] [stdout] 
[INFO] [stdout] Couldn't compile the test.
[INFO] [stdout] ---- src/string/lower_case.rs - string::lower_case::lower_case_x (line 96) stdout ----
[INFO] [stdout] error: couldn't create a temp dir: No space left on device (os error 28) at path "/tmp/rustdoctestvZrhbi/rmetavSL4Km"
[INFO] [stdout] 
[INFO] [stdout] error: aborting due to 1 previous error
[INFO] [stdout] 
[INFO] [stdout] Couldn't compile the test.
[INFO] [stdout] ---- src/string/lower_case.rs - string::lower_case::lower_case (line 55) stdout ----
[INFO] [stdout] error: couldn't create a temp dir: No space left on device (os error 28) at path "/tmp/rustdoctestzCtxSZ/rmetawpb3fc"
[INFO] [stdout] 
[INFO] [stdout] error: aborting due to 1 previous error
[INFO] [stdout] 
[INFO] [stdout] Couldn't compile the test.
[INFO] [stdout] ---- src/string/pad.rs - string::pad::pad (line 62) stdout ----
[INFO] [stdout] error: couldn't create a temp dir: No space left on device (os error 28) at path "/tmp/rustdoctest9LAbfY/rmetaJxCWzO"
[INFO] [stdout] 
[INFO] [stdout] error: aborting due to 1 previous error
[INFO] [stdout] 
[INFO] [stdout] Couldn't compile the test.
[INFO] [stdout] ---- src/string/lower_first.rs - string::lower_first::lower_first (line 53) stdout ----
[INFO] [stdout] error: couldn't create a temp dir: No space left on device (os error 28) at path "/tmp/rustdoctestzcnpLe/rmeta4uZgzz"
[INFO] [stdout] 
[INFO] [stdout] error: aborting due to 1 previous error
[INFO] [stdout] 
[INFO] [stdout] Couldn't compile the test.
[INFO] [stdout] ---- src/string/pad.rs - string::pad::pad (line 43) stdout ----
[INFO] [stdout] error: couldn't create a temp dir: No space left on device (os error 28) at path "/tmp/rustdoctestH7GYS9/rmetajD7yp2"
[INFO] [stdout] 
[INFO] [stdout] error: aborting due to 1 previous error
[INFO] [stdout] 
[INFO] [stdout] Couldn't compile the test.
[INFO] [stdout] ---- src/string/pad.rs - string::pad::pad_x (line 95) stdout ----
[INFO] [stdout] error: couldn't create a temp dir: No space left on device (os error 28) at path "/tmp/rustdoctest4NWRA5/rmetaKGIZWp"
[INFO] [stdout] 
[INFO] [stdout] error: aborting due to 1 previous error
[INFO] [stdout] 
[INFO] [stdout] Couldn't compile the test.
[INFO] [stdout] ---- src/string/lower_first.rs - string::lower_first::lower_first_x (line 94) stdout ----
[INFO] [stdout] error: couldn't create a temp dir: No space left on device (os error 28) at path "/tmp/rustdoctestllNM7F/rmetaMVTa1T"
[INFO] [stdout] 
[INFO] [stdout] error: aborting due to 1 previous error
[INFO] [stdout] 
[INFO] [stdout] Couldn't compile the test.
[INFO] [stdout] ---- src/string/lower_first.rs - string::lower_first::lower_first_x (line 78) stdout ----
[INFO] [stdout] error: couldn't create a temp dir: No space left on device (os error 28) at path "/tmp/rustdoctestS3fWhe/rmetay2w53T"
[INFO] [stdout] 
[INFO] [stdout] error: aborting due to 1 previous error
[INFO] [stdout] 
[INFO] [stdout] Couldn't compile the test.
[INFO] [stdout] ---- src/string/lower_first.rs - string::lower_first::lower_first (line 38) stdout ----
[INFO] [stdout] error: couldn't create a temp dir: No space left on device (os error 28) at path "/tmp/rustdoctestRkJkdc/rmetaMP3mfU"
[INFO] [stdout] 
[INFO] [stdout] error: aborting due to 1 previous error
[INFO] [stdout] 
[INFO] [stdout] Couldn't compile the test.
[INFO] [stdout] ---- src/string/pad_end.rs - string::pad_end::pad_end (line 57) stdout ----
[INFO] [stdout] error: couldn't create a temp dir: No space left on device (os error 28) at path "/tmp/rustdoctestW0qfiy/rmetaIRgJpT"
[INFO] [stdout] 
[INFO] [stdout] error: aborting due to 1 previous error
[INFO] [stdout] 
[INFO] [stdout] Couldn't compile the test.
[INFO] [stdout] ---- src/string/escape.rs - string::escape::escape_x (line 94) stdout ----
[INFO] [stdout] error: couldn't create a temp dir: No space left on device (os error 28) at path "/tmp/rustdoctestUPkQSp/rmetaAYq3rC"
[INFO] [stdout] 
[INFO] [stdout] error: aborting due to 1 previous error
[INFO] [stdout] 
[INFO] [stdout] Couldn't compile the test.
[INFO] [stdout] ---- src/string/escape_reg_exp.rs - string::escape_reg_exp::escape_reg_exp (line 24) stdout ----
[INFO] [stdout] error: couldn't create a temp dir: No space left on device (os error 28) at path "/tmp/rustdoctest6hNZ7v/rmetaRzUmKT"
[INFO] [stdout] 
[INFO] [stdout] error: aborting due to 1 previous error
[INFO] [stdout] 
[INFO] [stdout] Couldn't compile the test.
[INFO] [stdout] ---- src/string/pad_end.rs - string::pad_end::pad_end_x (line 105) stdout ----
[INFO] [stdout] error: couldn't create a temp dir: No space left on device (os error 28) at path "/tmp/rustdoctestOFGrch/rmetatMWbig"
[INFO] [stdout] 
[INFO] [stdout] error: aborting due to 1 previous error
[INFO] [stdout] 
[INFO] [stdout] Couldn't compile the test.
[INFO] [stdout] ---- src/string/pad_end.rs - string::pad_end::pad_end (line 22) stdout ----
[INFO] [stdout] error: couldn't create a temp dir: No space left on device (os error 28) at path "/tmp/rustdoctestuKtKUY/rmetaxcqci9"
[INFO] [stdout] 
[INFO] [stdout] error: aborting due to 1 previous error
[INFO] [stdout] 
[INFO] [stdout] Couldn't compile the test.
[INFO] [stdout] ---- src/string/pad_start.rs - string::pad_start::pad_start (line 22) stdout ----
[INFO] [stdout] error: couldn't create a temp dir: No space left on device (os error 28) at path "/tmp/rustdoctestxo2uFl/rmetad8AQBv"
[INFO] [stdout] 
[INFO] [stdout] error: aborting due to 1 previous error
[INFO] [stdout] 
[INFO] [stdout] Couldn't compile the test.
[INFO] [stdout] ---- src/string/parse_int.rs - string::parse_int::parse_int (line 46) stdout ----
[INFO] [stdout] error: couldn't create a temp dir: No space left on device (os error 28) at path "/tmp/rustdoctest4J8Ceo/rmetaflj5O5"
[INFO] [stdout] 
[INFO] [stdout] error: aborting due to 1 previous error
[INFO] [stdout] 
[INFO] [stdout] Couldn't compile the test.
[INFO] [stdout] ---- src/string/escape.rs - string::escape::escape (line 52) stdout ----
[INFO] [stdout] error: couldn't create a temp dir: No space left on device (os error 28) at path "/tmp/rustdoctestvSd70n/rmetaTZreeN"
[INFO] [stdout] 
[INFO] [stdout] error: aborting due to 1 previous error
[INFO] [stdout] 
[INFO] [stdout] Couldn't compile the test.
[INFO] [stdout] ---- src/string/pad_start.rs - string::pad_start::pad_start (line 57) stdout ----
[INFO] [stdout] error: couldn't create a temp dir: No space left on device (os error 28) at path "/tmp/rustdoctestAONv1f/rmetaMCE0BJ"
[INFO] [stdout] 
[INFO] [stdout] error: aborting due to 1 previous error
[INFO] [stdout] 
[INFO] [stdout] Couldn't compile the test.
[INFO] [stdout] ---- src/string/lower_case.rs - string::lower_case::lower_case_x (line 80) stdout ----
[INFO] [stdout] error: couldn't create a temp dir: No space left on device (os error 28) at path "/tmp/rustdoctest5EjvfP/rmetaewQxDG"
[INFO] [stdout] 
[INFO] [stdout] error: aborting due to 1 previous error
[INFO] [stdout] 
[INFO] [stdout] Couldn't compile the test.
[INFO] [stdout] ---- src/string/parse_int.rs - string::parse_int::parse_int (line 77) stdout ----
[INFO] [stdout] error: couldn't create a temp dir: No space left on device (os error 28) at path "/tmp/rustdoctestEOzHEd/rmeta5t6nBD"
[INFO] [stdout] 
[INFO] [stdout] error: aborting due to 1 previous error
[INFO] [stdout] 
[INFO] [stdout] Couldn't compile the test.
[INFO] [stdout] ---- src/string/pad_end.rs - string::pad_end::pad_end_x (line 89) stdout ----
[INFO] [stdout] error: couldn't create a temp dir: No space left on device (os error 28) at path "/tmp/rustdoctestISNkJR/rmetaswrjVQ"
[INFO] [stdout] 
[INFO] [stdout] error: aborting due to 1 previous error
[INFO] [stdout] 
[INFO] [stdout] Couldn't compile the test.
[INFO] [stdout] ---- src/string/pad_start.rs - string::pad_start::pad_start_x (line 105) stdout ----
[INFO] [stdout] error: couldn't create a temp dir: No space left on device (os error 28) at path "/tmp/rustdoctestW0QtOA/rmetaddBcLk"
[INFO] [stdout] 
[INFO] [stdout] error: aborting due to 1 previous error
[INFO] [stdout] 
[INFO] [stdout] Couldn't compile the test.
[INFO] [stdout] ---- src/string/pad_start.rs - string::pad_start::pad_start_x (line 89) stdout ----
[INFO] [stdout] error: couldn't create a temp dir: No space left on device (os error 28) at path "/tmp/rustdoctestvIE1Lh/rmetadVabts"
[INFO] [stdout] 
[INFO] [stdout] error: aborting due to 1 previous error
[INFO] [stdout] 
[INFO] [stdout] Couldn't compile the test.
[INFO] [stdout] ---- src/string/repeat.rs - string::repeat::repeat (line 14) stdout ----
[INFO] [stdout] error: couldn't create a temp dir: No space left on device (os error 28) at path "/tmp/rustdoctestoT12LT/rmetaEkMbmK"
[INFO] [stdout] 
[INFO] [stdout] error: aborting due to 1 previous error
[INFO] [stdout] 
[INFO] [stdout] Couldn't compile the test.
[INFO] [stdout] ---- src/string/pad_start.rs - string::pad_start::pad_start (line 38) stdout ----
[INFO] [stdout] error: couldn't create a temp dir: No space left on device (os error 28) at path "/tmp/rustdoctestzWJzZv/rmetaRN6F4f"
[INFO] [stdout] 
[INFO] [stdout] error: aborting due to 1 previous error
[INFO] [stdout] 
[INFO] [stdout] Couldn't compile the test.
[INFO] [stdout] ---- src/string/pad.rs - string::pad::pad_x (line 111) stdout ----
[INFO] [stdout] error: couldn't create a temp dir: No space left on device (os error 28) at path "/tmp/rustdoctestmUtYyH/rmetauuPdaT"
[INFO] [stdout] 
[INFO] [stdout] error: aborting due to 1 previous error
[INFO] [stdout] 
[INFO] [stdout] Couldn't compile the test.
[INFO] [stdout] ---- src/string/repeat.rs - string::repeat::repeat (line 49) stdout ----
[INFO] [stdout] error: couldn't create a temp dir: No space left on device (os error 28) at path "/tmp/rustdoctest6X86ph/rmetaLiVWLu"
[INFO] [stdout] 
[INFO] [stdout] error: aborting due to 1 previous error
[INFO] [stdout] 
[INFO] [stdout] Couldn't compile the test.
[INFO] [stdout] ---- src/string/repeat.rs - string::repeat::repeat_x (line 78) stdout ----
[INFO] [stdout] error: couldn't create a temp dir: No space left on device (os error 28) at path "/tmp/rustdoctest2ZqVKb/rmetaet1exN"
[INFO] [stdout] 
[INFO] [stdout] error: aborting due to 1 previous error
[INFO] [stdout] 
[INFO] [stdout] Couldn't compile the test.
[INFO] [stdout] ---- src/string/parse_int.rs - string::parse_int::parse_int (line 66) stdout ----
[INFO] [stdout] error: couldn't create a temp dir: No space left on device (os error 28) at path "/tmp/rustdoctestnAcTC2/rmeta741lmD"
[INFO] [stdout] 
[INFO] [stdout] error: aborting due to 1 previous error
[INFO] [stdout] 
[INFO] [stdout] Couldn't compile the test.
[INFO] [stdout] ---- src/string/replace.rs - string::replace::replace_x (line 101) stdout ----
[INFO] [stdout] error: couldn't create a temp dir: No space left on device (os error 28) at path "/tmp/rustdoctest6W1vgT/rmetaxSyfsz"
[INFO] [stdout] 
[INFO] [stdout] error: aborting due to 1 previous error
[INFO] [stdout] 
[INFO] [stdout] Couldn't compile the test.
[INFO] [stdout] ---- src/string/repeat.rs - string::repeat::repeat_x (line 94) stdout ----
[INFO] [stdout] error: couldn't create a temp dir: No space left on device (os error 28) at path "/tmp/rustdoctestE9zxoK/rmetaFbyr0K"
[INFO] [stdout] 
[INFO] [stdout] error: aborting due to 1 previous error
[INFO] [stdout] 
[INFO] [stdout] Couldn't compile the test.
[INFO] [stdout] ---- src/string/repeat.rs - string::repeat::repeat (line 30) stdout ----
[INFO] [stdout] error: couldn't create a temp dir: No space left on device (os error 28) at path "/tmp/rustdoctestuiHXst/rmetaKuXupl"
[INFO] [stdout] 
[INFO] [stdout] error: aborting due to 1 previous error
[INFO] [stdout] 
[INFO] [stdout] Couldn't compile the test.
[INFO] [stdout] ---- src/string/replace.rs - string::replace::replace (line 14) stdout ----
[INFO] [stdout] error: couldn't create a temp dir: No space left on device (os error 28) at path "/tmp/rustdoctestKYRY5p/rmetad3g8MW"
[INFO] [stdout] 
[INFO] [stdout] error: aborting due to 1 previous error
[INFO] [stdout] 
[INFO] [stdout] Couldn't compile the test.
[INFO] [stdout] ---- src/string/snake_case.rs - string::snake_case::snake_case (line 20) stdout ----
[INFO] [stdout] error: couldn't create a temp dir: No space left on device (os error 28) at path "/tmp/rustdoctestYow4Lj/rmetaTxgvPB"
[INFO] [stdout] 
[INFO] [stdout] error: aborting due to 1 previous error
[INFO] [stdout] 
[INFO] [stdout] Couldn't compile the test.
[INFO] [stdout] ---- src/string/snake_case.rs - string::snake_case::snake_case_x (line 80) stdout ----
[INFO] [stdout] error: couldn't create a temp dir: No space left on device (os error 28) at path "/tmp/rustdoctestzJ21yO/rmetaxGonqH"
[INFO] [stdout] 
[INFO] [stdout] error: aborting due to 1 previous error
[INFO] [stdout] 
[INFO] [stdout] Couldn't compile the test.
[INFO] [stdout] ---- src/string/replace.rs - string::replace::replace (line 37) stdout ----
[INFO] [stdout] error: couldn't create a temp dir: No space left on device (os error 28) at path "/tmp/rustdoctestq8RZOd/rmetaAxQ5rQ"
[INFO] [stdout] 
[INFO] [stdout] error: aborting due to 1 previous error
[INFO] [stdout] 
[INFO] [stdout] Couldn't compile the test.
[INFO] [stdout] ---- src/string/replace.rs - string::replace::replace_x (line 81) stdout ----
[INFO] [stdout] error: couldn't create a temp dir: No space left on device (os error 28) at path "/tmp/rustdoctesta85BdN/rmetarHo4f4"
[INFO] [stdout] 
[INFO] [stdout] error: aborting due to 1 previous error
[INFO] [stdout] 
[INFO] [stdout] Couldn't compile the test.
[INFO] [stdout] ---- src/string/pad_end.rs - string::pad_end::pad_end (line 38) stdout ----
[INFO] [stdout] error: couldn't create a temp dir: No space left on device (os error 28) at path "/tmp/rustdoctestJgJEzC/rmetaHb9DL8"
[INFO] [stdout] 
[INFO] [stdout] error: aborting due to 1 previous error
[INFO] [stdout] 
[INFO] [stdout] Couldn't compile the test.
[INFO] [stdout] ---- src/string/snake_case.rs - string::snake_case::snake_case (line 55) stdout ----
[INFO] [stdout] error: couldn't create a temp dir: No space left on device (os error 28) at path "/tmp/rustdoctestYfpGhu/rmetaTcOJde"
[INFO] [stdout] 
[INFO] [stdout] error: aborting due to 1 previous error
[INFO] [stdout] 
[INFO] [stdout] Couldn't compile the test.
[INFO] [stdout] ---- src/string/split.rs - string::split::split (line 49) stdout ----
[INFO] [stdout] error: couldn't create a temp dir: No space left on device (os error 28) at path "/tmp/rustdoctestHUeXzL/rmetaT8cioK"
[INFO] [stdout] 
[INFO] [stdout] error: aborting due to 1 previous error
[INFO] [stdout] 
[INFO] [stdout] Couldn't compile the test.
[INFO] [stdout] ---- src/string/snake_case.rs - string::snake_case::snake_case_x (line 96) stdout ----
[INFO] [stdout] error: couldn't create a temp dir: No space left on device (os error 28) at path "/tmp/rustdoctestDITh57/rmeta6S5hqr"
[INFO] [stdout] 
[INFO] [stdout] error: aborting due to 1 previous error
[INFO] [stdout] 
[INFO] [stdout] Couldn't compile the test.
[INFO] [stdout] ---- src/string/split.rs - string::split::split (line 22) stdout ----
[INFO] [stdout] error: couldn't create a temp dir: No space left on device (os error 28) at path "/tmp/rustdoctestRhcZSZ/rmetaAQbEz0"
[INFO] [stdout] 
[INFO] [stdout] error: aborting due to 1 previous error
[INFO] [stdout] 
[INFO] [stdout] Couldn't compile the test.
[INFO] [stdout] ---- src/string/split.rs - string::split::split (line 38) stdout ----
[INFO] [stdout] error: couldn't create a temp dir: No space left on device (os error 28) at path "/tmp/rustdoctestNaXfcj/rmetak25uv5"
[INFO] [stdout] 
[INFO] [stdout] error: aborting due to 1 previous error
[INFO] [stdout] 
[INFO] [stdout] Couldn't compile the test.
[INFO] [stdout] ---- src/string/start_case.rs - string::start_case::start_case (line 36) stdout ----
[INFO] [stdout] error: couldn't create a temp dir: No space left on device (os error 28) at path "/tmp/rustdoctestslyXYA/rmeta9lpWMD"
[INFO] [stdout] 
[INFO] [stdout] error: aborting due to 1 previous error
[INFO] [stdout] 
[INFO] [stdout] Couldn't compile the test.
[INFO] [stdout] ---- src/string/snake_case.rs - string::snake_case::snake_case (line 36) stdout ----
[INFO] [stdout] error: couldn't create a temp dir: No space left on device (os error 28) at path "/tmp/rustdoctestTyduq0/rmetaLhAHoI"
[INFO] [stdout] 
[INFO] [stdout] error: aborting due to 1 previous error
[INFO] [stdout] 
[INFO] [stdout] Couldn't compile the test.
[INFO] [stdout] ---- src/string/start_case.rs - string::start_case::start_case (line 55) stdout ----
[INFO] [stdout] error: couldn't create a temp dir: No space left on device (os error 28) at path "/tmp/rustdoctestuikUbq/rmetaTPt2yL"
[INFO] [stdout] 
[INFO] [stdout] error: aborting due to 1 previous error
[INFO] [stdout] 
[INFO] [stdout] Couldn't compile the test.
[INFO] [stdout] ---- src/string/starts_with.rs - string::starts_with::starts_with_x (line 81) stdout ----
[INFO] [stdout] error: couldn't create a temp dir: No space left on device (os error 28) at path "/tmp/rustdoctestASON0c/rmeta5tQj4I"
[INFO] [stdout] 
[INFO] [stdout] error: aborting due to 1 previous error
[INFO] [stdout] 
[INFO] [stdout] Couldn't compile the test.
[INFO] [stdout] ---- src/string/start_case.rs - string::start_case::start_case (line 20) stdout ----
[INFO] [stdout] error: couldn't create a temp dir: No space left on device (os error 28) at path "/tmp/rustdoctest6HP2Fc/rmetaq6M1LQ"
[INFO] [stdout] 
[INFO] [stdout] error: aborting due to 1 previous error
[INFO] [stdout] 
[INFO] [stdout] Couldn't compile the test.
[INFO] [stdout] ---- src/string/start_case.rs - string::start_case::start_case_x (line 96) stdout ----
[INFO] [stdout] error: couldn't create a temp dir: No space left on device (os error 28) at path "/tmp/rustdoctestlxoOOq/rmetaLpMxgG"
[INFO] [stdout] 
[INFO] [stdout] error: aborting due to 1 previous error
[INFO] [stdout] 
[INFO] [stdout] Couldn't compile the test.
[INFO] [stdout] ---- src/string/to_lower.rs - string::to_lower::to_lower_x (line 121) stdout ----
[INFO] [stdout] error: couldn't create a temp dir: No space left on device (os error 28) at path "/tmp/rustdoctest2LxYNN/rmetaclNaZc"
[INFO] [stdout] 
[INFO] [stdout] error: aborting due to 1 previous error
[INFO] [stdout] 
[INFO] [stdout] Couldn't compile the test.
[INFO] [stdout] ---- src/string/starts_with.rs - string::starts_with::starts_with (line 15) stdout ----
[INFO] [stdout] error: couldn't create a temp dir: No space left on device (os error 28) at path "/tmp/rustdoctest4E11kM/rmetatcTzdX"
[INFO] [stdout] 
[INFO] [stdout] error: aborting due to 1 previous error
[INFO] [stdout] 
[INFO] [stdout] Couldn't compile the test.
[INFO] [stdout] ---- src/string/starts_with.rs - string::starts_with::starts_with_x (line 101) stdout ----
[INFO] [stdout] error: couldn't create a temp dir: No space left on device (os error 28) at path "/tmp/rustdoctestKuCXDx/rmetaOj02la"
[INFO] [stdout] 
[INFO] [stdout] error: aborting due to 1 previous error
[INFO] [stdout] 
[INFO] [stdout] Couldn't compile the test.
[INFO] [stdout] ---- src/string/starts_with.rs - string::starts_with::starts_with (line 31) stdout ----
[INFO] [stdout] error: couldn't create a temp dir: No space left on device (os error 28) at path "/tmp/rustdoctestO1fGDc/rmetazfya8a"
[INFO] [stdout] 
[INFO] [stdout] error: aborting due to 1 previous error
[INFO] [stdout] 
[INFO] [stdout] Couldn't compile the test.
[INFO] [stdout] ---- src/string/start_case.rs - string::start_case::start_case_x (line 80) stdout ----
[INFO] [stdout] error: couldn't create a temp dir: No space left on device (os error 28) at path "/tmp/rustdoctestkvsXRu/rmetamkf5PL"
[INFO] [stdout] 
[INFO] [stdout] error: aborting due to 1 previous error
[INFO] [stdout] 
[INFO] [stdout] Couldn't compile the test.
[INFO] [stdout] ---- src/string/to_lower.rs - string::to_lower::to_lower (line 32) stdout ----
[INFO] [stdout] error: couldn't create a temp dir: No space left on device (os error 28) at path "/tmp/rustdoctestdvuau3/rmetawvEMxU"
[INFO] [stdout] 
[INFO] [stdout] error: aborting due to 1 previous error
[INFO] [stdout] 
[INFO] [stdout] Couldn't compile the test.
[INFO] [stdout] ---- src/string/replace.rs - string::replace::replace (line 48) stdout ----
[INFO] [stdout] error: couldn't create a temp dir: No space left on device (os error 28) at path "/tmp/rustdoctestHSRSZp/rmetaiuZyMj"
[INFO] [stdout] 
[INFO] [stdout] error: aborting due to 1 previous error
[INFO] [stdout] 
[INFO] [stdout] Couldn't compile the test.
[INFO] [stdout] ---- src/string/starts_with.rs - string::starts_with::starts_with (line 41) stdout ----
[INFO] [stdout] error: couldn't create a temp dir: No space left on device (os error 28) at path "/tmp/rustdoctestznuzTA/rmetaDW5BFg"
[INFO] [stdout] 
[INFO] [stdout] error: aborting due to 1 previous error
[INFO] [stdout] 
[INFO] [stdout] Couldn't compile the test.
[INFO] [stdout] ---- src/string/to_lower.rs - string::to_lower::to_lower (line 16) stdout ----
[INFO] [stdout] error: couldn't create a temp dir: No space left on device (os error 28) at path "/tmp/rustdoctestLqR96k/rmeta4yRbHy"
[INFO] [stdout] 
[INFO] [stdout] error: aborting due to 1 previous error
[INFO] [stdout] 
[INFO] [stdout] Couldn't compile the test.
[INFO] [stdout] ---- src/string/to_upper.rs - string::to_upper::to_upper (line 14) stdout ----
[INFO] [stdout] error: couldn't create a temp dir: No space left on device (os error 28) at path "/tmp/rustdoctestMLAJLK/rmeta5MMZmU"
[INFO] [stdout] 
[INFO] [stdout] error: aborting due to 1 previous error
[INFO] [stdout] 
[INFO] [stdout] Couldn't compile the test.
[INFO] [stdout] ---- src/string/to_lower.rs - string::to_lower::to_lower (line 51) stdout ----
[INFO] [stdout] error: couldn't create a temp dir: No space left on device (os error 28) at path "/tmp/rustdoctestsiaxQB/rmetaAYvem4"
[INFO] [stdout] 
[INFO] [stdout] error: aborting due to 1 previous error
[INFO] [stdout] 
[INFO] [stdout] Couldn't compile the test.
[INFO] [stdout] ---- src/string/to_lower.rs - string::to_lower::to_lower_x (line 82) stdout ----
[INFO] [stdout] error: couldn't create a temp dir: No space left on device (os error 28) at path "/tmp/rustdoctest1LX6nF/rmetaYvQsGp"
[INFO] [stdout] 
[INFO] [stdout] error: aborting due to 1 previous error
[INFO] [stdout] 
[INFO] [stdout] Couldn't compile the test.
[INFO] [stdout] ---- src/string/trim.rs - string::trim::trim (line 17) stdout ----
[INFO] [stdout] error: couldn't create a temp dir: No space left on device (os error 28) at path "/tmp/rustdoctestMjgMhU/rmeta9z8DxZ"
[INFO] [stdout] 
[INFO] [stdout] error: aborting due to 1 previous error
[INFO] [stdout] 
[INFO] [stdout] Couldn't compile the test.
[INFO] [stdout] ---- src/string/trim.rs - string::trim::trim (line 48) stdout ----
[INFO] [stdout] error: couldn't create a temp dir: No space left on device (os error 28) at path "/tmp/rustdoctestHaIbdH/rmetaYRLOBt"
[INFO] [stdout] 
[INFO] [stdout] error: aborting due to 1 previous error
[INFO] [stdout] 
[INFO] [stdout] Couldn't compile the test.
[INFO] [stdout] ---- src/string/trim.rs - string::trim::trim_x (line 77) stdout ----
[INFO] [stdout] error: couldn't create a temp dir: No space left on device (os error 28) at path "/tmp/rustdoctestiYG6QO/rmetaT1xUVi"
[INFO] [stdout] 
[INFO] [stdout] error: aborting due to 1 previous error
[INFO] [stdout] 
[INFO] [stdout] Couldn't compile the test.
[INFO] [stdout] ---- src/string/to_upper.rs - string::to_upper::to_upper (line 30) stdout ----
[INFO] [stdout] error: couldn't create a temp dir: No space left on device (os error 28) at path "/tmp/rustdoctestlkLTVI/rmetaUZPMwe"
[INFO] [stdout] 
[INFO] [stdout] error: aborting due to 1 previous error
[INFO] [stdout] 
[INFO] [stdout] Couldn't compile the test.
[INFO] [stdout] ---- src/string/to_upper.rs - string::to_upper::to_upper_x (line 75) stdout ----
[INFO] [stdout] error: couldn't create a temp dir: No space left on device (os error 28) at path "/tmp/rustdoctest3vMGI6/rmetaIfDuCZ"
[INFO] [stdout] 
[INFO] [stdout] error: aborting due to 1 previous error
[INFO] [stdout] 
[INFO] [stdout] Couldn't compile the test.
[INFO] [stdout] ---- src/string/to_upper.rs - string::to_upper::to_upper_x (line 91) stdout ----
[INFO] [stdout] error: couldn't create a temp dir: No space left on device (os error 28) at path "/tmp/rustdoctestppZbxu/rmetajUnnGO"
[INFO] [stdout] 
[INFO] [stdout] error: aborting due to 1 previous error
[INFO] [stdout] 
[INFO] [stdout] Couldn't compile the test.
[INFO] [stdout] ---- src/string/to_upper.rs - string::to_upper::to_upper (line 49) stdout ----
[INFO] [stdout] error: couldn't create a temp dir: No space left on device (os error 28) at path "/tmp/rustdoctestsYH7E8/rmeta1i6TCZ"
[INFO] [stdout] 
[INFO] [stdout] error: aborting due to 1 previous error
[INFO] [stdout] 
[INFO] [stdout] Couldn't compile the test.
[INFO] [stdout] ---- src/string/trim_end.rs - string::trim_end::trim_end (line 48) stdout ----
[INFO] [stdout] error: couldn't create a temp dir: No space left on device (os error 28) at path "/tmp/rustdoctestbOQr2N/rmetaewMX8H"
[INFO] [stdout] 
[INFO] [stdout] error: aborting due to 1 previous error
[INFO] [stdout] 
[INFO] [stdout] Couldn't compile the test.
[INFO] [stdout] ---- src/string/trim.rs - string::trim::trim_x (line 93) stdout ----
[INFO] [stdout] error: couldn't create a temp dir: No space left on device (os error 28) at path "/tmp/rustdoctesthsfili/rmetaxj00S1"
[INFO] [stdout] 
[INFO] [stdout] error: aborting due to 1 previous error
[INFO] [stdout] 
[INFO] [stdout] Couldn't compile the test.
[INFO] [stdout] ---- src/string/trim_end.rs - string::trim_end::trim_end_x (line 92) stdout ----
[INFO] [stdout] error: couldn't create a temp dir: No space left on device (os error 28) at path "/tmp/rustdoctestUscg9s/rmetaUbrgVm"
[INFO] [stdout] 
[INFO] [stdout] error: aborting due to 1 previous error
[INFO] [stdout] 
[INFO] [stdout] Couldn't compile the test.
[INFO] [stdout] ---- src/string/trim_start.rs - string::trim_start::trim_start_x (line 76) stdout ----
[INFO] [stdout] error: couldn't create a temp dir: No space left on device (os error 28) at path "/tmp/rustdoctest06INHz/rmetaEtcsRP"
[INFO] [stdout] 
[INFO] [stdout] error: aborting due to 1 previous error
[INFO] [stdout] 
[INFO] [stdout] Couldn't compile the test.
[INFO] [stdout] ---- src/string/trim_end.rs - string::trim_end::trim_end (line 33) stdout ----
[INFO] [stdout] error: couldn't create a temp dir: No space left on device (os error 28) at path "/tmp/rustdoctestZfFEAt/rmetaphBLtM"
[INFO] [stdout] 
[INFO] [stdout] error: aborting due to 1 previous error
[INFO] [stdout] 
[INFO] [stdout] Couldn't compile the test.
[INFO] [stdout] ---- src/string/trim_start.rs - string::trim_start::trim_start_x (line 92) stdout ----
[INFO] [stdout] error: couldn't create a temp dir: No space left on device (os error 28) at path "/tmp/rustdoctestYLBAxL/rmetamcAxec"
[INFO] [stdout] 
[INFO] [stdout] error: aborting due to 1 previous error
[INFO] [stdout] 
[INFO] [stdout] Couldn't compile the test.
[INFO] [stdout] ---- src/string/trim.rs - string::trim::trim (line 33) stdout ----
[INFO] [stdout] error: couldn't create a temp dir: No space left on device (os error 28) at path "/tmp/rustdoctestjaGPO8/rmetaIVBWWa"
[INFO] [stdout] 
[INFO] [stdout] error: aborting due to 1 previous error
[INFO] [stdout] 
[INFO] [stdout] Couldn't compile the test.
[INFO] [stdout] ---- src/string/trim_end.rs - string::trim_end::trim_end_x (line 76) stdout ----
[INFO] [stdout] error: couldn't create a temp dir: No space left on device (os error 28) at path "/tmp/rustdoctestK9E8bh/rmetaz2Tfft"
[INFO] [stdout] 
[INFO] [stdout] error: aborting due to 1 previous error
[INFO] [stdout] 
[INFO] [stdout] Couldn't compile the test.
[INFO] [stdout] ---- src/string/truncate.rs - string::truncate::truncate_x (line 95) stdout ----
[INFO] [stdout] error: couldn't create a temp dir: No space left on device (os error 28) at path "/tmp/rustdoctestXlXv0Y/rmetawMONY3"
[INFO] [stdout] 
[INFO] [stdout] error: aborting due to 1 previous error
[INFO] [stdout] 
[INFO] [stdout] Couldn't compile the test.
[INFO] [stdout] ---- src/string/truncate.rs - string::truncate::truncate (line 66) stdout ----
[INFO] [stdout] error: couldn't create a temp dir: No space left on device (os error 28) at path "/tmp/rustdoctestCTsGfK/rmetaKfR3IC"
[INFO] [stdout] 
[INFO] [stdout] error: aborting due to 1 previous error
[INFO] [stdout] 
[INFO] [stdout] Couldn't compile the test.
[INFO] [stdout] ---- src/string/trim_end.rs - string::trim_end::trim_end (line 17) stdout ----
[INFO] [stdout] error: couldn't create a temp dir: No space left on device (os error 28) at path "/tmp/rustdoctesttO0yZM/rmetaASaGCi"
[INFO] [stdout] 
[INFO] [stdout] error: aborting due to 1 previous error
[INFO] [stdout] 
[INFO] [stdout] Couldn't compile the test.
[INFO] [stdout] ---- src/string/unescape.rs - string::unescape::unescape_x (line 71) stdout ----
[INFO] [stdout] error: couldn't create a temp dir: No space left on device (os error 28) at path "/tmp/rustdoctestGYskpW/rmetaRo4Nm0"
[INFO] [stdout] 
[INFO] [stdout] error: aborting due to 1 previous error
[INFO] [stdout] 
[INFO] [stdout] Couldn't compile the test.
[INFO] [stdout] ---- src/string/truncate.rs - string::truncate::truncate (line 47) stdout ----
[INFO] [stdout] error: couldn't create a temp dir: No space left on device (os error 28) at path "/tmp/rustdoctestbx5ivE/rmetaXYxxun"
[INFO] [stdout] 
[INFO] [stdout] error: aborting due to 1 previous error
[INFO] [stdout] 
[INFO] [stdout] Couldn't compile the test.
[INFO] [stdout] ---- src/string/upper_case.rs - string::upper_case::upper_case (line 55) stdout ----
[INFO] [stdout] error: couldn't create a temp dir: No space left on device (os error 28) at path "/tmp/rustdoctestcvS8aB/rmeta0uNzPT"
[INFO] [stdout] 
[INFO] [stdout] error: aborting due to 1 previous error
[INFO] [stdout] 
[INFO] [stdout] Couldn't compile the test.
[INFO] [stdout] ---- src/string/truncate.rs - string::truncate::truncate_x (line 111) stdout ----
[INFO] [stdout] error: couldn't create a temp dir: No space left on device (os error 28) at path "/tmp/rustdoctesto0eaU3/rmetaT2s84r"
[INFO] [stdout] 
[INFO] [stdout] error: aborting due to 1 previous error
[INFO] [stdout] 
[INFO] [stdout] Couldn't compile the test.
[INFO] [stdout] ---- src/string/upper_case.rs - string::upper_case::upper_case_x (line 96) stdout ----
[INFO] [stdout] error: couldn't create a temp dir: No space left on device (os error 28) at path "/tmp/rustdoctestqBTTC1/rmetaRYHFur"
[INFO] [stdout] 
[INFO] [stdout] error: aborting due to 1 previous error
[INFO] [stdout] 
[INFO] [stdout] Couldn't compile the test.
[INFO] [stdout] ---- src/string/upper_case.rs - string::upper_case::upper_case (line 20) stdout ----
[INFO] [stdout] error: couldn't create a temp dir: No space left on device (os error 28) at path "/tmp/rustdoctestow3AM5/rmetaJpqNQh"
[INFO] [stdout] 
[INFO] [stdout] error: aborting due to 1 previous error
[INFO] [stdout] 
[INFO] [stdout] Couldn't compile the test.
[INFO] [stdout] ---- src/string/unescape.rs - string::unescape::unescape (line 34) stdout ----
[INFO] [stdout] error: couldn't create a temp dir: No space left on device (os error 28) at path "/tmp/rustdoctestFLOQlz/rmetaGheBw9"
[INFO] [stdout] 
[INFO] [stdout] error: aborting due to 1 previous error
[INFO] [stdout] 
[INFO] [stdout] Couldn't compile the test.
[INFO] [stdout] ---- src/string/upper_case.rs - string::upper_case::upper_case (line 36) stdout ----
[INFO] [stdout] error: couldn't create a temp dir: No space left on device (os error 28) at path "/tmp/rustdoctestNckoJ6/rmetacv1n75"
[INFO] [stdout] 
[INFO] [stdout] error: aborting due to 1 previous error
[INFO] [stdout] 
[INFO] [stdout] Couldn't compile the test.
[INFO] [stdout] ---- src/string/unescape.rs - string::unescape::unescape_x (line 87) stdout ----
[INFO] [stdout] error: couldn't create a temp dir: No space left on device (os error 28) at path "/tmp/rustdoctestE6wyIm/rmetaXN4X2J"
[INFO] [stdout] 
[INFO] [stdout] error: aborting due to 1 previous error
[INFO] [stdout] 
[INFO] [stdout] Couldn't compile the test.
[INFO] [stdout] ---- src/string/trim_start.rs - string::trim_start::trim_start (line 48) stdout ----
[INFO] [stdout] error: couldn't create a temp dir: No space left on device (os error 28) at path "/tmp/rustdoctestpI36Ep/rmeta5iabZZ"
[INFO] [stdout] 
[INFO] [stdout] error: aborting due to 1 previous error
[INFO] [stdout] 
[INFO] [stdout] Couldn't compile the test.
[INFO] [stdout] ---- src/string/upper_first.rs - string::upper_first::upper_first (line 32) stdout ----
[INFO] [stdout] error: couldn't create a temp dir: No space left on device (os error 28) at path "/tmp/rustdoctestarDyfd/rmetaeaDTjK"
[INFO] [stdout] 
[INFO] [stdout] error: aborting due to 1 previous error
[INFO] [stdout] 
[INFO] [stdout] Couldn't compile the test.
[INFO] [stdout] ---- src/string/words.rs - string::words::words (line 35) stdout ----
[INFO] [stdout] error: couldn't create a temp dir: No space left on device (os error 28) at path "/tmp/rustdoctestwUMcEx/rmetaEWkyt3"
[INFO] [stdout] 
[INFO] [stdout] error: aborting due to 1 previous error
[INFO] [stdout] 
[INFO] [stdout] Couldn't compile the test.
[INFO] [stdout] ---- src/string/upper_first.rs - string::upper_first::upper_first_x (line 88) stdout ----
[INFO] [stdout] error: couldn't create a temp dir: No space left on device (os error 28) at path "/tmp/rustdoctestJPqjQX/rmetagRFqYR"
[INFO] [stdout] 
[INFO] [stdout] error: aborting due to 1 previous error
[INFO] [stdout] 
[INFO] [stdout] Couldn't compile the test.
[INFO] [stdout] ---- src/string/upper_first.rs - string::upper_first::upper_first_x (line 72) stdout ----
[INFO] [stdout] error: couldn't create a temp dir: No space left on device (os error 28) at path "/tmp/rustdoctesthkmFkI/rmetaku5Bza"
[INFO] [stdout] 
[INFO] [stdout] error: aborting due to 1 previous error
[INFO] [stdout] 
[INFO] [stdout] Couldn't compile the test.
[INFO] [stdout] ---- src/string/trim_start.rs - string::trim_start::trim_start (line 33) stdout ----
[INFO] [stdout] error: couldn't create a temp dir: No space left on device (os error 28) at path "/tmp/rustdoctestVpe8gl/rmetayd41xG"
[INFO] [stdout] 
[INFO] [stdout] error: aborting due to 1 previous error
[INFO] [stdout] 
[INFO] [stdout] Couldn't compile the test.
[INFO] [stdout] ---- src/string/trim_start.rs - string::trim_start::trim_start (line 17) stdout ----
[INFO] [stdout] error: couldn't create a temp dir: No space left on device (os error 28) at path "/tmp/rustdoctestNafw8s/rmetaYjIFYJ"
[INFO] [stdout] 
[INFO] [stdout] error: aborting due to 1 previous error
[INFO] [stdout] 
[INFO] [stdout] Couldn't compile the test.
[INFO] [stdout] ---- src/string/words.rs - string::words::words (line 46) stdout ----
[INFO] [stdout] error: couldn't create a temp dir: No space left on device (os error 28) at path "/tmp/rustdoctest4SPBdw/rmetaszgkSX"
[INFO] [stdout] 
[INFO] [stdout] error: aborting due to 1 previous error
[INFO] [stdout] 
[INFO] [stdout] Couldn't compile the test.
[INFO] [stdout] ---- src/string/words.rs - string::words::words (line 16) stdout ----
[INFO] [stdout] error: couldn't create a temp dir: No space left on device (os error 28) at path "/tmp/rustdoctestGkjuZt/rmetaqyMfiK"
[INFO] [stdout] 
[INFO] [stdout] error: aborting due to 1 previous error
[INFO] [stdout] 
[INFO] [stdout] Couldn't compile the test.
[INFO] [stdout] ---- src/util/default_to.rs - util::default_to::default_to (line 31) stdout ----
[INFO] [stdout] error: couldn't create a temp dir: No space left on device (os error 28) at path "/tmp/rustdoctestys69J4/rmetadTmv4S"
[INFO] [stdout] 
[INFO] [stdout] error: aborting due to 1 previous error
[INFO] [stdout] 
[INFO] [stdout] Couldn't compile the test.
[INFO] [stdout] ---- src/string/upper_case.rs - string::upper_case::upper_case_x (line 80) stdout ----
[INFO] [stdout] error: couldn't create a temp dir: No space left on device (os error 28) at path "/tmp/rustdoctesta3SJrb/rmetaRKkKvh"
[INFO] [stdout] 
[INFO] [stdout] error: aborting due to 1 previous error
[INFO] [stdout] 
[INFO] [stdout] Couldn't compile the test.
[INFO] [stdout] ---- src/string/unescape.rs - string::unescape::unescape (line 45) stdout ----
[INFO] [stdout] error: couldn't create a temp dir: No space left on device (os error 28) at path "/tmp/rustdoctestVsYcQb/rmetazgRLf9"
[INFO] [stdout] 
[INFO] [stdout] error: aborting due to 1 previous error
[INFO] [stdout] 
[INFO] [stdout] Couldn't compile the test.
[INFO] [stdout] ---- src/string/truncate.rs - string::truncate::truncate (line 28) stdout ----
[INFO] [stdout] error: couldn't create a temp dir: No space left on device (os error 28) at path "/tmp/rustdoctestyc946c/rmetacs8AOi"
[INFO] [stdout] 
[INFO] [stdout] error: aborting due to 1 previous error
[INFO] [stdout] 
[INFO] [stdout] Couldn't compile the test.
[INFO] [stdout] ---- src/string/unescape.rs - string::unescape::unescape (line 18) stdout ----
[INFO] [stdout] error: couldn't create a temp dir: No space left on device (os error 28) at path "/tmp/rustdoctestaLxfrU/rmetaxxCQxC"
[INFO] [stdout] 
[INFO] [stdout] error: aborting due to 1 previous error
[INFO] [stdout] 
[INFO] [stdout] Couldn't compile the test.
[INFO] [stdout] ---- src/string/upper_first.rs - string::upper_first::upper_first (line 47) stdout ----
[INFO] [stdout] error: couldn't create a temp dir: No space left on device (os error 28) at path "/tmp/rustdoctestcfrrvF/rmetaTtyyyS"
[INFO] [stdout] 
[INFO] [stdout] error: aborting due to 1 previous error
[INFO] [stdout] 
[INFO] [stdout] Couldn't compile the test.
[INFO] [stdout] ---- src/string/upper_first.rs - string::upper_first::upper_first (line 16) stdout ----
[INFO] [stdout] error: couldn't create a temp dir: No space left on device (os error 28) at path "/tmp/rustdoctestvpqPDm/rmetaWVhW7k"
[INFO] [stdout] 
[INFO] [stdout] error: aborting due to 1 previous error
[INFO] [stdout] 
[INFO] [stdout] Couldn't compile the test.
[INFO] [stdout] ---- src/util/matches.rs - util::matches::matches (line 33) stdout ----
[INFO] [stdout] error: couldn't create a temp dir: No space left on device (os error 28) at path "/tmp/rustdoctestSvcL1D/rmetaDnWhFT"
[INFO] [stdout] 
[INFO] [stdout] error: aborting due to 1 previous error
[INFO] [stdout] 
[INFO] [stdout] Couldn't compile the test.
[INFO] [stdout] ---- src/util/iteratee.rs - util::iteratee::iteratee (line 63) stdout ----
[INFO] [stdout] error: couldn't create a temp dir: No space left on device (os error 28) at path "/tmp/rustdoctestsnIslO/rmetag8jFId"
[INFO] [stdout] 
[INFO] [stdout] error: aborting due to 1 previous error
[INFO] [stdout] 
[INFO] [stdout] Couldn't compile the test.
[INFO] [stdout] ---- src/util/iteratee.rs - util::iteratee::iteratee (line 11) stdout ----
[INFO] [stdout] error: couldn't create a temp dir: No space left on device (os error 28) at path "/tmp/rustdoctestUji3rV/rmetajlDAWU"
[INFO] [stdout] 
[INFO] [stdout] error: aborting due to 1 previous error
[INFO] [stdout] 
[INFO] [stdout] Couldn't compile the test.
[INFO] [stdout] ---- src/util/matches_property.rs - util::matches_property::matches_property (line 12) stdout ----
[INFO] [stdout] error: couldn't create a temp dir: No space left on device (os error 28) at path "/tmp/rustdoctestHw9mJv/rmetaLUg6IQ"
[INFO] [stdout] 
[INFO] [stdout] error: aborting due to 1 previous error
[INFO] [stdout] 
[INFO] [stdout] Couldn't compile the test.
[INFO] [stdout] ---- src/util/default_to.rs - util::default_to::default_to (line 40) stdout ----
[INFO] [stdout] error: couldn't create a temp dir: No space left on device (os error 28) at path "/tmp/rustdoctest3HmdLL/rmetafKW0Cp"
[INFO] [stdout] 
[INFO] [stdout] error: aborting due to 1 previous error
[INFO] [stdout] 
[INFO] [stdout] Couldn't compile the test.
[INFO] [stdout] ---- src/util/identity.rs - util::identity::identity (line 9) stdout ----
[INFO] [stdout] error: couldn't create a temp dir: No space left on device (os error 28) at path "/tmp/rustdoctestZpE2Xv/rmeta3kj6NT"
[INFO] [stdout] 
[INFO] [stdout] error: aborting due to 1 previous error
[INFO] [stdout] 
[INFO] [stdout] Couldn't compile the test.
[INFO] [stdout] ---- src/util/noop.rs - util::noop::noop (line 26) stdout ----
[INFO] [stdout] error: couldn't create a temp dir: No space left on device (os error 28) at path "/tmp/rustdoctestvnK2SM/rmetas6WAHo"
[INFO] [stdout] 
[INFO] [stdout] error: aborting due to 1 previous error
[INFO] [stdout] 
[INFO] [stdout] Couldn't compile the test.
[INFO] [stdout] ---- src/util/matches.rs - util::matches::matches (line 48) stdout ----
[INFO] [stdout] error: couldn't create a temp dir: No space left on device (os error 28) at path "/tmp/rustdoctesttk4aFj/rmetaZzD588"
[INFO] [stdout] 
[INFO] [stdout] error: aborting due to 1 previous error
[INFO] [stdout] 
[INFO] [stdout] Couldn't compile the test.
[INFO] [stdout] ---- src/util/default_to.rs - util::default_to::default_to (line 9) stdout ----
[INFO] [stdout] error: couldn't create a temp dir: No space left on device (os error 28) at path "/tmp/rustdoctestYZLw83/rmetauHx27X"
[INFO] [stdout] 
[INFO] [stdout] error: aborting due to 1 previous error
[INFO] [stdout] 
[INFO] [stdout] Couldn't compile the test.
[INFO] [stdout] ---- src/util/identity.rs - util::identity::identity (line 32) stdout ----
[INFO] [stdout] error: couldn't create a temp dir: No space left on device (os error 28) at path "/tmp/rustdoctestnGtl5H/rmetaj4NRG1"
[INFO] [stdout] 
[INFO] [stdout] error: aborting due to 1 previous error
[INFO] [stdout] 
[INFO] [stdout] Couldn't compile the test.
[INFO] [stdout] ---- src/util/matches_property.rs - util::matches_property::matches_property (line 35) stdout ----
[INFO] [stdout] error: couldn't create a temp dir: No space left on device (os error 28) at path "/tmp/rustdoctestGeCnvF/rmetaYRGCe3"
[INFO] [stdout] 
[INFO] [stdout] error: aborting due to 1 previous error
[INFO] [stdout] 
[INFO] [stdout] Couldn't compile the test.
[INFO] [stdout] ---- src/util/matches.rs - util::matches::matches (line 11) stdout ----
[INFO] [stdout] error: couldn't create a temp dir: No space left on device (os error 28) at path "/tmp/rustdoctestKrXLsa/rmeta5Qq2S3"
[INFO] [stdout] 
[INFO] [stdout] error: aborting due to 1 previous error
[INFO] [stdout] 
[INFO] [stdout] Couldn't compile the test.
[INFO] [stdout] ---- src/util/matches_property.rs - util::matches_property::matches_property (line 50) stdout ----
[INFO] [stdout] error: couldn't create a temp dir: No space left on device (os error 28) at path "/tmp/rustdoctestR6BnLD/rmetaZE2pk1"
[INFO] [stdout] 
[INFO] [stdout] error: aborting due to 1 previous error
[INFO] [stdout] 
[INFO] [stdout] Couldn't compile the test.
[INFO] [stdout] ---- src/util/iteratee.rs - util::iteratee::iteratee (line 37) stdout ----
[INFO] [stdout] error: couldn't create a temp dir: No space left on device (os error 28) at path "/tmp/rustdoctestwavaae/rmetaRAYwiY"
[INFO] [stdout] 
[INFO] [stdout] error: aborting due to 1 previous error
[INFO] [stdout] 
[INFO] [stdout] Couldn't compile the test.
[INFO] [stdout] ---- src/util/range.rs - util::range::range (line 117) stdout ----
[INFO] [stdout] error: couldn't create a temp dir: No space left on device (os error 28) at path "/tmp/rustdoctestNx6YbD/rmetarEtkeb"
[INFO] [stdout] 
[INFO] [stdout] error: aborting due to 1 previous error
[INFO] [stdout] 
[INFO] [stdout] Couldn't compile the test.
[INFO] [stdout] ---- src/util/range_right.rs - util::range_right::range_right_x (line 116) stdout ----
[INFO] [stdout] error: couldn't create a temp dir: No space left on device (os error 28) at path "/tmp/rustdoctestOa9W8Z/rmetadD7oiP"
[INFO] [stdout] 
[INFO] [stdout] error: aborting due to 1 previous error
[INFO] [stdout] 
[INFO] [stdout] Couldn't compile the test.
[INFO] [stdout] ---- src/util/noop.rs - util::noop::noop (line 34) stdout ----
[INFO] [stdout] error: couldn't create a temp dir: No space left on device (os error 28) at path "/tmp/rustdoctestWw0bz8/rmetaqPLsgW"
[INFO] [stdout] 
[INFO] [stdout] error: aborting due to 1 previous error
[INFO] [stdout] 
[INFO] [stdout] Couldn't compile the test.
[INFO] [stdout] ---- src/util/identity.rs - util::identity::identity (line 24) stdout ----
[INFO] [stdout] error: couldn't create a temp dir: No space left on device (os error 28) at path "/tmp/rustdoctestPV9AeP/rmetahQFIUZ"
[INFO] [stdout] 
[INFO] [stdout] error: aborting due to 1 previous error
[INFO] [stdout] 
[INFO] [stdout] Couldn't compile the test.
[INFO] [stdout] ---- src/util/range_right.rs - util::range_right::range_right (line 81) stdout ----
[INFO] [stdout] error: couldn't create a temp dir: No space left on device (os error 28) at path "/tmp/rustdoctesteRtqgp/rmetaPmpJmz"
[INFO] [stdout] 
[INFO] [stdout] error: aborting due to 1 previous error
[INFO] [stdout] 
[INFO] [stdout] Couldn't compile the test.
[INFO] [stdout] ---- src/util/property.rs - util::property::property (line 46) stdout ----
[INFO] [stdout] error: couldn't create a temp dir: No space left on device (os error 28) at path "/tmp/rustdoctest1nQh9K/rmetaIM5Nrc"
[INFO] [stdout] 
[INFO] [stdout] error: aborting due to 1 previous error
[INFO] [stdout] 
[INFO] [stdout] Couldn't compile the test.
[INFO] [stdout] ---- src/util/range_right.rs - util::range_right::range_right_x (line 133) stdout ----
[INFO] [stdout] error: couldn't create a temp dir: No space left on device (os error 28) at path "/tmp/rustdoctest6Zil3X/rmetat87PK0"
[INFO] [stdout] 
[INFO] [stdout] error: aborting due to 1 previous error
[INFO] [stdout] 
[INFO] [stdout] Couldn't compile the test.
[INFO] [stdout] ---- src/util/range.rs - util::range::range_x (line 152) stdout ----
[INFO] [stdout] error: couldn't create a temp dir: No space left on device (os error 28) at path "/tmp/rustdoctestdF8TpI/rmeta1ZxJl6"
[INFO] [stdout] 
[INFO] [stdout] error: aborting due to 1 previous error
[INFO] [stdout] 
[INFO] [stdout] Couldn't compile the test.
[INFO] [stdout] ---- src/util/noop.rs - util::noop::noop (line 9) stdout ----
[INFO] [stdout] error: couldn't create a temp dir: No space left on device (os error 28) at path "/tmp/rustdoctesteIBfa4/rmetae3tMbO"
[INFO] [stdout] 
[INFO] [stdout] error: aborting due to 1 previous error
[INFO] [stdout] 
[INFO] [stdout] Couldn't compile the test.
[INFO] [stdout] ---- src/util/range_right.rs - util::range_right::range_right (line 28) stdout ----
[INFO] [stdout] error: couldn't create a temp dir: No space left on device (os error 28) at path "/tmp/rustdoctestfoJyyu/rmetaLdVMvA"
[INFO] [stdout] 
[INFO] [stdout] error: aborting due to 1 previous error
[INFO] [stdout] 
[INFO] [stdout] Couldn't compile the test.
[INFO] [stdout] ---- src/util/range.rs - util::range::range_x (line 169) stdout ----
[INFO] [stdout] error: couldn't create a temp dir: No space left on device (os error 28) at path "/tmp/rustdoctestIylQGZ/rmetapfZWOI"
[INFO] [stdout] 
[INFO] [stdout] error: aborting due to 1 previous error
[INFO] [stdout] 
[INFO] [stdout] Couldn't compile the test.
[INFO] [stdout] ---- src/util/stub_array.rs - util::stub_array::stub_array (line 24) stdout ----
[INFO] [stdout] error: couldn't create a temp dir: No space left on device (os error 28) at path "/tmp/rustdoctesthS5c3H/rmeta7JPsAA"
[INFO] [stdout] 
[INFO] [stdout] error: aborting due to 1 previous error
[INFO] [stdout] 
[INFO] [stdout] Couldn't compile the test.
[INFO] [stdout] ---- src/util/range.rs - util::range::range (line 82) stdout ----
[INFO] [stdout] error: couldn't create a temp dir: No space left on device (os error 28) at path "/tmp/rustdoctestwizkNL/rmetabhwKGI"
[INFO] [stdout] 
[INFO] [stdout] error: aborting due to 1 previous error
[INFO] [stdout] 
[INFO] [stdout] Couldn't compile the test.
[INFO] [stdout] ---- src/util/stub_false.rs - util::stub_false::stub_false (line 24) stdout ----
[INFO] [stdout] error: couldn't create a temp dir: No space left on device (os error 28) at path "/tmp/rustdoctestyW8ljR/rmetaWnCzNk"
[INFO] [stdout] 
[INFO] [stdout] error: aborting due to 1 previous error
[INFO] [stdout] 
[INFO] [stdout] Couldn't compile the test.
[INFO] [stdout] ---- src/util/stub_array.rs - util::stub_array::stub_array (line 32) stdout ----
[INFO] [stdout] error: couldn't create a temp dir: No space left on device (os error 28) at path "/tmp/rustdoctestOUQm2I/rmeta0fzpBQ"
[INFO] [stdout] 
[INFO] [stdout] error: aborting due to 1 previous error
[INFO] [stdout] 
[INFO] [stdout] Couldn't compile the test.
[INFO] [stdout] ---- src/util/stub_object.rs - util::stub_object::stub_object (line 9) stdout ----
[INFO] [stdout] error: couldn't create a temp dir: No space left on device (os error 28) at path "/tmp/rustdoctestECzGNU/rmetaZKbR66"
[INFO] [stdout] 
[INFO] [stdout] error: aborting due to 1 previous error
[INFO] [stdout] 
[INFO] [stdout] Couldn't compile the test.
[INFO] [stdout] ---- src/util/property.rs - util::property::property (line 11) stdout ----
[INFO] [stdout] error: couldn't create a temp dir: No space left on device (os error 28) at path "/tmp/rustdoctesttYcC6r/rmetawzIthG"
[INFO] [stdout] 
[INFO] [stdout] error: aborting due to 1 previous error
[INFO] [stdout] 
[INFO] [stdout] Couldn't compile the test.
[INFO] [stdout] ---- src/util/stub_object.rs - util::stub_object::stub_object (line 24) stdout ----
[INFO] [stdout] error: couldn't create a temp dir: No space left on device (os error 28) at path "/tmp/rustdoctestZjB2k2/rmeta4zUopx"
[INFO] [stdout] 
[INFO] [stdout] error: aborting due to 1 previous error
[INFO] [stdout] 
[INFO] [stdout] Couldn't compile the test.
[INFO] [stdout] ---- src/util/stub_false.rs - util::stub_false::stub_false (line 9) stdout ----
[INFO] [stdout] error: couldn't create a temp dir: No space left on device (os error 28) at path "/tmp/rustdoctestalOoCt/rmetaDSSunL"
[INFO] [stdout] 
[INFO] [stdout] error: aborting due to 1 previous error
[INFO] [stdout] 
[INFO] [stdout] Couldn't compile the test.
[INFO] [stdout] ---- src/util/stub_object.rs - util::stub_object::stub_object (line 32) stdout ----
[INFO] [stdout] error: couldn't create a temp dir: No space left on device (os error 28) at path "/tmp/rustdoctest9mbs0L/rmetaIkJe7I"
[INFO] [stdout] 
[INFO] [stdout] error: aborting due to 1 previous error
[INFO] [stdout] 
[INFO] [stdout] Couldn't compile the test.
[INFO] [stdout] ---- src/util/stub_true.rs - util::stub_true::stub_true (line 9) stdout ----
[INFO] [stdout] error: couldn't create a temp dir: No space left on device (os error 28) at path "/tmp/rustdoctestNuxieg/rmetar8UA2O"
[INFO] [stdout] 
[INFO] [stdout] error: aborting due to 1 previous error
[INFO] [stdout] 
[INFO] [stdout] Couldn't compile the test.
[INFO] [stdout] ---- src/util/stub_array.rs - util::stub_array::stub_array (line 9) stdout ----
[INFO] [stdout] error: couldn't create a temp dir: No space left on device (os error 28) at path "/tmp/rustdoctestxv2ZXY/rmetaulhqmA"
[INFO] [stdout] 
[INFO] [stdout] error: aborting due to 1 previous error
[INFO] [stdout] 
[INFO] [stdout] Couldn't compile the test.
[INFO] [stdout] ---- src/util/range.rs - util::range::range (line 65) stdout ----
[INFO] [stdout] error: couldn't create a temp dir: No space left on device (os error 28) at path "/tmp/rustdoctestR0z4fv/rmetaUzRGEE"
[INFO] [stdout] 
[INFO] [stdout] error: aborting due to 1 previous error
[INFO] [stdout] 
[INFO] [stdout] Couldn't compile the test.
[INFO] [stdout] ---- src/util/property.rs - util::property::property (line 30) stdout ----
[INFO] [stdout] error: couldn't create a temp dir: No space left on device (os error 28) at path "/tmp/rustdoctestoXjSTs/rmetaOECJgt"
[INFO] [stdout] 
[INFO] [stdout] error: aborting due to 1 previous error
[INFO] [stdout] 
[INFO] [stdout] Couldn't compile the test.
[INFO] [stdout] ---- src/util/stub_true.rs - util::stub_true::stub_true (line 32) stdout ----
[INFO] [stdout] error: couldn't create a temp dir: No space left on device (os error 28) at path "/tmp/rustdoctesthdxm88/rmeta4Wtn8Y"
[INFO] [stdout] 
[INFO] [stdout] error: aborting due to 1 previous error
[INFO] [stdout] 
[INFO] [stdout] Couldn't compile the test.
[INFO] [stdout] ---- src/util/stub_string.rs - util::stub_string::stub_string (line 32) stdout ----
[INFO] [stdout] error: couldn't create a temp dir: No space left on device (os error 28) at path "/tmp/rustdoctest6Pkzj4/rmetamHmcov"
[INFO] [stdout] 
[INFO] [stdout] error: aborting due to 1 previous error
[INFO] [stdout] 
[INFO] [stdout] Couldn't compile the test.
[INFO] [stdout] ---- src/util/to_path.rs - util::to_path::to_path (line 115) stdout ----
[INFO] [stdout] error: couldn't create a temp dir: No space left on device (os error 28) at path "/tmp/rustdoctestq7JwCS/rmetaTpGG9O"
[INFO] [stdout] 
[INFO] [stdout] error: aborting due to 1 previous error
[INFO] [stdout] 
[INFO] [stdout] Couldn't compile the test.
[INFO] [stdout] ---- src/util/range_right.rs - util::range_right::range_right (line 46) stdout ----
[INFO] [stdout] error: couldn't create a temp dir: No space left on device (os error 28) at path "/tmp/rustdoctestbblz9U/rmeta2c4ojP"
[INFO] [stdout] 
[INFO] [stdout] error: aborting due to 1 previous error
[INFO] [stdout] 
[INFO] [stdout] Couldn't compile the test.
[INFO] [stdout] ---- src/util/times.rs - util::times::times (line 20) stdout ----
[INFO] [stdout] error: couldn't create a temp dir: No space left on device (os error 28) at path "/tmp/rustdoctestIr6hnM/rmetaJkqHcj"
[INFO] [stdout] 
[INFO] [stdout] error: aborting due to 1 previous error
[INFO] [stdout] 
[INFO] [stdout] Couldn't compile the test.
[INFO] [stdout] ---- src/util/stub_string.rs - util::stub_string::stub_string (line 24) stdout ----
[INFO] [stdout] error: couldn't create a temp dir: No space left on device (os error 28) at path "/tmp/rustdoctestSDbon4/rmeta7JBrpW"
[INFO] [stdout] 
[INFO] [stdout] error: aborting due to 1 previous error
[INFO] [stdout] 
[INFO] [stdout] Couldn't compile the test.
[INFO] [stdout] ---- src/util/stub_false.rs - util::stub_false::stub_false (line 32) stdout ----
[INFO] [stdout] error: couldn't create a temp dir: No space left on device (os error 28) at path "/tmp/rustdoctestFpuE1D/rmetakJSmWH"
[INFO] [stdout] 
[INFO] [stdout] error: aborting due to 1 previous error
[INFO] [stdout] 
[INFO] [stdout] Couldn't compile the test.
[INFO] [stdout] ---- src/util/to_path.rs - util::to_path::to_path_x (line 219) stdout ----
[INFO] [stdout] error: couldn't create a temp dir: No space left on device (os error 28) at path "/tmp/rustdoctestdzcuBN/rmetaSwkO4P"
[INFO] [stdout] 
[INFO] [stdout] error: aborting due to 1 previous error
[INFO] [stdout] 
[INFO] [stdout] Couldn't compile the test.
[INFO] [stdout] ---- src/util/to_path.rs - util::to_path::to_path (line 138) stdout ----
[INFO] [stdout] error: couldn't create a temp dir: No space left on device (os error 28) at path "/tmp/rustdoctesteM71RC/rmetaHtMOjQ"
[INFO] [stdout] 
[INFO] [stdout] error: aborting due to 1 previous error
[INFO] [stdout] 
[INFO] [stdout] Couldn't compile the test.
[INFO] [stdout] ---- src/util/stub_string.rs - util::stub_string::stub_string (line 9) stdout ----
[INFO] [stdout] error: couldn't create a temp dir: No space left on device (os error 28) at path "/tmp/rustdoctestElvU3B/rmetafVXNNP"
[INFO] [stdout] 
[INFO] [stdout] error: aborting due to 1 previous error
[INFO] [stdout] 
[INFO] [stdout] Couldn't compile the test.
[INFO] [stdout] ---- src/util/stub_true.rs - util::stub_true::stub_true (line 24) stdout ----
[INFO] [stdout] error: couldn't create a temp dir: No space left on device (os error 28) at path "/tmp/rustdoctestIYPjft/rmetaBdCswx"
[INFO] [stdout] 
[INFO] [stdout] error: aborting due to 1 previous error
[INFO] [stdout] 
[INFO] [stdout] Couldn't compile the test.
[INFO] [stdout] ---- src/util/to_path.rs - util::to_path::to_path (line 153) stdout ----
[INFO] [stdout] error: couldn't create a temp dir: No space left on device (os error 28) at path "/tmp/rustdoctestoriKcV/rmetaDZsvMr"
[INFO] [stdout] 
[INFO] [stdout] error: aborting due to 1 previous error
[INFO] [stdout] 
[INFO] [stdout] Couldn't compile the test.
[INFO] [stdout] ---- src/util/to_path.rs - util::to_path::to_path_x (line 198) stdout ----
[INFO] [stdout] error: couldn't create a temp dir: No space left on device (os error 28) at path "/tmp/rustdoctestSUxvHu/rmetaBHNexQ"
[INFO] [stdout] 
[INFO] [stdout] error: aborting due to 1 previous error
[INFO] [stdout] 
[INFO] [stdout] Couldn't compile the test.
[INFO] [stdout] ---- src/util/times.rs - util::times::times (line 36) stdout ----
[INFO] [stdout] error: couldn't create a temp dir: No space left on device (os error 28) at path "/tmp/rustdocteststbulQ/rmetaEOC4NM"
[INFO] [stdout] 
[INFO] [stdout] error: aborting due to 1 previous error
[INFO] [stdout] 
[INFO] [stdout] Couldn't compile the test.
[INFO] [stdout] ---- src/util/times.rs - util::times::times (line 51) stdout ----
[INFO] [stdout] error: couldn't create a temp dir: No space left on device (os error 28) at path "/tmp/rustdoctest9WMI2C/rmetaxecXKp"
[INFO] [stdout] 
[INFO] [stdout] error: aborting due to 1 previous error
[INFO] [stdout] 
[INFO] [stdout] Couldn't compile the test.
[INFO] [stdout] 
[INFO] [stdout] failures:
[INFO] [stdout]     src/object/update.rs - object::update::update (line 35)
[INFO] [stdout]     src/object/values.rs - object::values::values (line 29)
[INFO] [stdout]     src/string/camel_case.rs - string::camel_case::camel_case_x (line 102)
[INFO] [stdout]     src/string/camel_case.rs - string::camel_case::camel_case_x (line 86)
[INFO] [stdout]     src/string/capitalize.rs - string::capitalize::capitalize (line 27)
[INFO] [stdout]     src/string/capitalize.rs - string::capitalize::capitalize (line 45)
[INFO] [stdout]     src/string/capitalize.rs - string::capitalize::capitalize (line 56)
[INFO] [stdout]     src/string/capitalize.rs - string::capitalize::capitalize_x (line 139)
[INFO] [stdout]     src/string/capitalize.rs - string::capitalize::capitalize_x (line 91)
[INFO] [stdout]     src/string/deburr.rs - string::deburr::deburr (line 108)
[INFO] [stdout]     src/string/deburr.rs - string::deburr::deburr (line 81)
[INFO] [stdout]     src/string/deburr.rs - string::deburr::deburr (line 97)
[INFO] [stdout]     src/string/deburr.rs - string::deburr::deburr_x (line 135)
[INFO] [stdout]     src/string/deburr.rs - string::deburr::deburr_x (line 151)
[INFO] [stdout]     src/string/ends_with.rs - string::ends_with::ends_with (line 17)
[INFO] [stdout]     src/string/ends_with.rs - string::ends_with::ends_with (line 33)
[INFO] [stdout]     src/string/ends_with.rs - string::ends_with::ends_with (line 43)
[INFO] [stdout]     src/string/ends_with.rs - string::ends_with::ends_with_x (line 103)
[INFO] [stdout]     src/string/ends_with.rs - string::ends_with::ends_with_x (line 83)
[INFO] [stdout]     src/string/escape.rs - string::escape::escape (line 25)
[INFO] [stdout]     src/string/escape.rs - string::escape::escape (line 41)
[INFO] [stdout]     src/string/escape.rs - string::escape::escape (line 52)
[INFO] [stdout]     src/string/escape.rs - string::escape::escape_x (line 78)
[INFO] [stdout]     src/string/escape.rs - string::escape::escape_x (line 94)
[INFO] [stdout]     src/string/escape_reg_exp.rs - string::escape_reg_exp::escape_reg_exp (line 24)
[INFO] [stdout]     src/string/escape_reg_exp.rs - string::escape_reg_exp::escape_reg_exp (line 40)
[INFO] [stdout]     src/string/escape_reg_exp.rs - string::escape_reg_exp::escape_reg_exp (line 51)
[INFO] [stdout]     src/string/escape_reg_exp.rs - string::escape_reg_exp::escape_reg_exp_x (line 77)
[INFO] [stdout]     src/string/escape_reg_exp.rs - string::escape_reg_exp::escape_reg_exp_x (line 93)
[INFO] [stdout]     src/string/kebab_case.rs - string::kebab_case::kebab_case (line 20)
[INFO] [stdout]     src/string/kebab_case.rs - string::kebab_case::kebab_case (line 36)
[INFO] [stdout]     src/string/kebab_case.rs - string::kebab_case::kebab_case (line 55)
[INFO] [stdout]     src/string/kebab_case.rs - string::kebab_case::kebab_case_x (line 80)
[INFO] [stdout]     src/string/kebab_case.rs - string::kebab_case::kebab_case_x (line 96)
[INFO] [stdout]     src/string/lower_case.rs - string::lower_case::lower_case (line 20)
[INFO] [stdout]     src/string/lower_case.rs - string::lower_case::lower_case (line 36)
[INFO] [stdout]     src/string/lower_case.rs - string::lower_case::lower_case (line 55)
[INFO] [stdout]     src/string/lower_case.rs - string::lower_case::lower_case_x (line 80)
[INFO] [stdout]     src/string/lower_case.rs - string::lower_case::lower_case_x (line 96)
[INFO] [stdout]     src/string/lower_first.rs - string::lower_first::lower_first (line 22)
[INFO] [stdout]     src/string/lower_first.rs - string::lower_first::lower_first (line 38)
[INFO] [stdout]     src/string/lower_first.rs - string::lower_first::lower_first (line 53)
[INFO] [stdout]     src/string/lower_first.rs - string::lower_first::lower_first_x (line 78)
[INFO] [stdout]     src/string/lower_first.rs - string::lower_first::lower_first_x (line 94)
[INFO] [stdout]     src/string/pad.rs - string::pad::pad (line 27)
[INFO] [stdout]     src/string/pad.rs - string::pad::pad (line 43)
[INFO] [stdout]     src/string/pad.rs - string::pad::pad (line 62)
[INFO] [stdout]     src/string/pad.rs - string::pad::pad_x (line 111)
[INFO] [stdout]     src/string/pad.rs - string::pad::pad_x (line 95)
[INFO] [stdout]     src/string/pad_end.rs - string::pad_end::pad_end (line 22)
[INFO] [stdout]     src/string/pad_end.rs - string::pad_end::pad_end (line 38)
[INFO] [stdout]     src/string/pad_end.rs - string::pad_end::pad_end (line 57)
[INFO] [stdout]     src/string/pad_end.rs - string::pad_end::pad_end_x (line 105)
[INFO] [stdout]     src/string/pad_end.rs - string::pad_end::pad_end_x (line 89)
[INFO] [stdout]     src/string/pad_start.rs - string::pad_start::pad_start (line 22)
[INFO] [stdout]     src/string/pad_start.rs - string::pad_start::pad_start (line 38)
[INFO] [stdout]     src/string/pad_start.rs - string::pad_start::pad_start (line 57)
[INFO] [stdout]     src/string/pad_start.rs - string::pad_start::pad_start_x (line 105)
[INFO] [stdout]     src/string/pad_start.rs - string::pad_start::pad_start_x (line 89)
[INFO] [stdout]     src/string/parse_int.rs - string::parse_int::parse_int (line 46)
[INFO] [stdout]     src/string/parse_int.rs - string::parse_int::parse_int (line 66)
[INFO] [stdout]     src/string/parse_int.rs - string::parse_int::parse_int (line 77)
[INFO] [stdout]     src/string/repeat.rs - string::repeat::repeat (line 14)
[INFO] [stdout]     src/string/repeat.rs - string::repeat::repeat (line 30)
[INFO] [stdout]     src/string/repeat.rs - string::repeat::repeat (line 49)
[INFO] [stdout]     src/string/repeat.rs - string::repeat::repeat_x (line 78)
[INFO] [stdout]     src/string/repeat.rs - string::repeat::repeat_x (line 94)
[INFO] [stdout]     src/string/replace.rs - string::replace::replace (line 14)
[INFO] [stdout]     src/string/replace.rs - string::replace::replace (line 37)
[INFO] [stdout]     src/string/replace.rs - string::replace::replace (line 48)
[INFO] [stdout]     src/string/replace.rs - string::replace::replace_x (line 101)
[INFO] [stdout]     src/string/replace.rs - string::replace::replace_x (line 81)
[INFO] [stdout]     src/string/snake_case.rs - string::snake_case::snake_case (line 20)
[INFO] [stdout]     src/string/snake_case.rs - string::snake_case::snake_case (line 36)
[INFO] [stdout]     src/string/snake_case.rs - string::snake_case::snake_case (line 55)
[INFO] [stdout]     src/string/snake_case.rs - string::snake_case::snake_case_x (line 80)
[INFO] [stdout]     src/string/snake_case.rs - string::snake_case::snake_case_x (line 96)
[INFO] [stdout]     src/string/split.rs - string::split::split (line 22)
[INFO] [stdout]     src/string/split.rs - string::split::split (line 38)
[INFO] [stdout]     src/string/split.rs - string::split::split (line 49)
[INFO] [stdout]     src/string/start_case.rs - string::start_case::start_case (line 20)
[INFO] [stdout]     src/string/start_case.rs - string::start_case::start_case (line 36)
[INFO] [stdout]     src/string/start_case.rs - string::start_case::start_case (line 55)
[INFO] [stdout]     src/string/start_case.rs - string::start_case::start_case_x (line 80)
[INFO] [stdout]     src/string/start_case.rs - string::start_case::start_case_x (line 96)
[INFO] [stdout]     src/string/starts_with.rs - string::starts_with::starts_with (line 15)
[INFO] [stdout]     src/string/starts_with.rs - string::starts_with::starts_with (line 31)
[INFO] [stdout]     src/string/starts_with.rs - string::starts_with::starts_with (line 41)
[INFO] [stdout]     src/string/starts_with.rs - string::starts_with::starts_with_x (line 101)
[INFO] [stdout]     src/string/starts_with.rs - string::starts_with::starts_with_x (line 81)
[INFO] [stdout]     src/string/to_lower.rs - string::to_lower::to_lower (line 16)
[INFO] [stdout]     src/string/to_lower.rs - string::to_lower::to_lower (line 32)
[INFO] [stdout]     src/string/to_lower.rs - string::to_lower::to_lower (line 51)
[INFO] [stdout]     src/string/to_lower.rs - string::to_lower::to_lower_x (line 121)
[INFO] [stdout]     src/string/to_lower.rs - string::to_lower::to_lower_x (line 82)
[INFO] [stdout]     src/string/to_upper.rs - string::to_upper::to_upper (line 14)
[INFO] [stdout]     src/string/to_upper.rs - string::to_upper::to_upper (line 30)
[INFO] [stdout]     src/string/to_upper.rs - string::to_upper::to_upper (line 49)
[INFO] [stdout]     src/string/to_upper.rs - string::to_upper::to_upper_x (line 75)
[INFO] [stdout]     src/string/to_upper.rs - string::to_upper::to_upper_x (line 91)
[INFO] [stdout]     src/string/trim.rs - string::trim::trim (line 17)
[INFO] [stdout]     src/string/trim.rs - string::trim::trim (line 33)
[INFO] [stdout]     src/string/trim.rs - string::trim::trim (line 48)
[INFO] [stdout]     src/string/trim.rs - string::trim::trim_x (line 77)
[INFO] [stdout]     src/string/trim.rs - string::trim::trim_x (line 93)
[INFO] [stdout]     src/string/trim_end.rs - string::trim_end::trim_end (line 17)
[INFO] [stdout]     src/string/trim_end.rs - string::trim_end::trim_end (line 33)
[INFO] [stdout]     src/string/trim_end.rs - string::trim_end::trim_end (line 48)
[INFO] [stdout]     src/string/trim_end.rs - string::trim_end::trim_end_x (line 76)
[INFO] [stdout]     src/string/trim_end.rs - string::trim_end::trim_end_x (line 92)
[INFO] [stdout]     src/string/trim_start.rs - string::trim_start::trim_start (line 17)
[INFO] [stdout]     src/string/trim_start.rs - string::trim_start::trim_start (line 33)
[INFO] [stdout]     src/string/trim_start.rs - string::trim_start::trim_start (line 48)
[INFO] [stdout]     src/string/trim_start.rs - string::trim_start::trim_start_x (line 76)
[INFO] [stdout]     src/string/trim_start.rs - string::trim_start::trim_start_x (line 92)
[INFO] [stdout]     src/string/truncate.rs - string::truncate::truncate (line 28)
[INFO] [stdout]     src/string/truncate.rs - string::truncate::truncate (line 47)
[INFO] [stdout]     src/string/truncate.rs - string::truncate::truncate (line 66)
[INFO] [stdout]     src/string/truncate.rs - string::truncate::truncate_x (line 111)
[INFO] [stdout]     src/string/truncate.rs - string::truncate::truncate_x (line 95)
[INFO] [stdout]     src/string/unescape.rs - string::unescape::unescape (line 18)
[INFO] [stdout]     src/string/unescape.rs - string::unescape::unescape (line 34)
[INFO] [stdout]     src/string/unescape.rs - string::unescape::unescape (line 45)
[INFO] [stdout]     src/string/unescape.rs - string::unescape::unescape_x (line 71)
[INFO] [stdout]     src/string/unescape.rs - string::unescape::unescape_x (line 87)
[INFO] [stdout]     src/string/upper_case.rs - string::upper_case::upper_case (line 20)
[INFO] [stdout]     src/string/upper_case.rs - string::upper_case::upper_case (line 36)
[INFO] [stdout]     src/string/upper_case.rs - string::upper_case::upper_case (line 55)
[INFO] [stdout]     src/string/upper_case.rs - string::upper_case::upper_case_x (line 80)
[INFO] [stdout]     src/string/upper_case.rs - string::upper_case::upper_case_x (line 96)
[INFO] [stdout]     src/string/upper_first.rs - string::upper_first::upper_first (line 16)
[INFO] [stdout]     src/string/upper_first.rs - string::upper_first::upper_first (line 32)
[INFO] [stdout]     src/string/upper_first.rs - string::upper_first::upper_first (line 47)
[INFO] [stdout]     src/string/upper_first.rs - string::upper_first::upper_first_x (line 72)
[INFO] [stdout]     src/string/upper_first.rs - string::upper_first::upper_first_x (line 88)
[INFO] [stdout]     src/string/words.rs - string::words::words (line 16)
[INFO] [stdout]     src/string/words.rs - string::words::words (line 35)
[INFO] [stdout]     src/string/words.rs - string::words::words (line 46)
[INFO] [stdout]     src/util/default_to.rs - util::default_to::default_to (line 31)
[INFO] [stdout]     src/util/default_to.rs - util::default_to::default_to (line 40)
[INFO] [stdout]     src/util/default_to.rs - util::default_to::default_to (line 9)
[INFO] [stdout]     src/util/identity.rs - util::identity::identity (line 24)
[INFO] [stdout]     src/util/identity.rs - util::identity::identity (line 32)
[INFO] [stdout]     src/util/identity.rs - util::identity::identity (line 9)
[INFO] [stdout]     src/util/iteratee.rs - util::iteratee::iteratee (line 11)
[INFO] [stdout]     src/util/iteratee.rs - util::iteratee::iteratee (line 37)
[INFO] [stdout]     src/util/iteratee.rs - util::iteratee::iteratee (line 63)
[INFO] [stdout]     src/util/matches.rs - util::matches::matches (line 11)
[INFO] [stdout]     src/util/matches.rs - util::matches::matches (line 33)
[INFO] [stdout]     src/util/matches.rs - util::matches::matches (line 48)
[INFO] [stdout]     src/util/matches_property.rs - util::matches_property::matches_property (line 12)
[INFO] [stdout]     src/util/matches_property.rs - util::matches_property::matches_property (line 35)
[INFO] [stdout]     src/util/matches_property.rs - util::matches_property::matches_property (line 50)
[INFO] [stdout]     src/util/noop.rs - util::noop::noop (line 26)
[INFO] [stdout]     src/util/noop.rs - util::noop::noop (line 34)
[INFO] [stdout]     src/util/noop.rs - util::noop::noop (line 9)
[INFO] [stdout]     src/util/property.rs - util::property::property (line 11)
[INFO] [stdout]     src/util/property.rs - util::property::property (line 30)
[INFO] [stdout]     src/util/property.rs - util::property::property (line 46)
[INFO] [stdout]     src/util/range.rs - util::range::range (line 117)
[INFO] [stdout]     src/util/range.rs - util::range::range (line 65)
[INFO] [stdout]     src/util/range.rs - util::range::range (line 82)
[INFO] [stdout]     src/util/range.rs - util::range::range_x (line 152)
[INFO] [stdout]     src/util/range.rs - util::range::range_x (line 169)
[INFO] [stdout]     src/util/range_right.rs - util::range_right::range_right (line 28)
[INFO] [stdout]     src/util/range_right.rs - util::range_right::range_right (line 46)
[INFO] [stdout]     src/util/range_right.rs - util::range_right::range_right (line 81)
[INFO] [stdout]     src/util/range_right.rs - util::range_right::range_right_x (line 116)
[INFO] [stdout]     src/util/range_right.rs - util::range_right::range_right_x (line 133)
[INFO] [stdout]     src/util/stub_array.rs - util::stub_array::stub_array (line 24)
[INFO] [stdout]     src/util/stub_array.rs - util::stub_array::stub_array (line 32)
[INFO] [stdout]     src/util/stub_array.rs - util::stub_array::stub_array (line 9)
[INFO] [stdout]     src/util/stub_false.rs - util::stub_false::stub_false (line 24)
[INFO] [stdout]     src/util/stub_false.rs - util::stub_false::stub_false (line 32)
[INFO] [stdout]     src/util/stub_false.rs - util::stub_false::stub_false (line 9)
[INFO] [stdout]     src/util/stub_object.rs - util::stub_object::stub_object (line 24)
[INFO] [stdout]     src/util/stub_object.rs - util::stub_object::stub_object (line 32)
[INFO] [stdout]     src/util/stub_object.rs - util::stub_object::stub_object (line 9)
[INFO] [stdout]     src/util/stub_string.rs - util::stub_string::stub_string (line 24)
[INFO] [stdout]     src/util/stub_string.rs - util::stub_string::stub_string (line 32)
[INFO] [stdout]     src/util/stub_string.rs - util::stub_string::stub_string (line 9)
[INFO] [stdout]     src/util/stub_true.rs - util::stub_true::stub_true (line 24)
[INFO] [stdout]     src/util/stub_true.rs - util::stub_true::stub_true (line 32)
[INFO] [stdout]     src/util/stub_true.rs - util::stub_true::stub_true (line 9)
[INFO] [stdout]     src/util/times.rs - util::times::times (line 20)
[INFO] [stdout]     src/util/times.rs - util::times::times (line 36)
[INFO] [stdout]     src/util/times.rs - util::times::times (line 51)
[INFO] [stdout]     src/util/to_path.rs - util::to_path::to_path (line 115)
[INFO] [stdout]     src/util/to_path.rs - util::to_path::to_path (line 138)
[INFO] [stdout]     src/util/to_path.rs - util::to_path::to_path (line 153)
[INFO] [stdout]     src/util/to_path.rs - util::to_path::to_path_x (line 198)
[INFO] [stdout]     src/util/to_path.rs - util::to_path::to_path_x (line 219)
[INFO] [stdout] 
[INFO] [stdout] test result: FAILED. 720 passed; 192 failed; 0 ignored; 0 measured; 0 filtered out; finished in 50.90s
[INFO] [stdout] 
[INFO] [stdout] all doctests ran in 54.71s; merged doctests compilation took 3.73s
[INFO] [stderr] error: doctest failed, to rerun pass `--doc`
[INFO] running `Command { std: "docker" "inspect" "8b2ef9a05e69d2fb74e0131c4fc1e992835bfb62fb7bcf1927fbb05335027db8", kill_on_drop: false }`
[INFO] running `Command { std: "docker" "rm" "-f" "8b2ef9a05e69d2fb74e0131c4fc1e992835bfb62fb7bcf1927fbb05335027db8", kill_on_drop: false }`
[INFO] [stdout] 8b2ef9a05e69d2fb74e0131c4fc1e992835bfb62fb7bcf1927fbb05335027db8
