[INFO] fetching crate sefy-plugin-github 0.15.0...
[INFO] testing sefy-plugin-github-0.15.0 against 1.100.0-beta.1+cargoflags=--release for beta-release-1.100-2
[INFO] extracting crate sefy-plugin-github 0.15.0 into /workspace/builds/worker-1-tc2/source
[INFO] started tweaking crates.io crate sefy-plugin-github 0.15.0
[INFO] removed 0 missing tests
[INFO] finished tweaking crates.io crate sefy-plugin-github 0.15.0
[INFO] tweaked toml for crates.io crate sefy-plugin-github 0.15.0 written to /workspace/builds/worker-1-tc2/source/Cargo.toml
[INFO] validating manifest of crates.io crate sefy-plugin-github 0.15.0 on toolchain 1.100.0-beta.1
[INFO] running `Command { std: CARGO_HOME="/workspace/cargo-home" RUSTUP_HOME="/workspace/rustup-home" "/workspace/cargo-home/bin/cargo" "+1.100.0-beta.1" "metadata" "--manifest-path" "Cargo.toml" "--no-deps", kill_on_drop: false }`
[INFO] crate crates.io crate sefy-plugin-github 0.15.0 already has a lockfile, it will not be regenerated
[INFO] running `Command { std: CARGO_HOME="/workspace/cargo-home" RUSTUP_HOME="/workspace/rustup-home" "/workspace/cargo-home/bin/cargo" "+1.100.0-beta.1" "fetch" "--manifest-path" "Cargo.toml", kill_on_drop: false }`
[INFO] [stderr] warning: `package.homepage` is redundant with `package.documentation`
[INFO] [stderr]   --> Cargo.toml:27:12
[INFO] [stderr]    |
[INFO] [stderr] 25 | documentation = "https://lacodda.github.io/sefy/"
[INFO] [stderr]    |                 ---------------------------------
[INFO] [stderr] 26 | edition = "2024"
[INFO] [stderr] 27 | homepage = "https://lacodda.github.io/sefy/"
[INFO] [stderr]    |            ^^^^^^^^^^^^^^^^^^^^^^^^^^^^^^^^^
[INFO] [stderr]    |
[INFO] [stderr]    = note: `cargo::redundant_homepage` is set to `warn` by default
[INFO] [stderr] help: consider removing `package.homepage`
[INFO] [stderr] warning: `sefy-plugin-github` (manifest) generated 1 warning
[INFO] running `Command { std: "docker" "create" "-v" "/var/lib/crater-agent-workspace/builds/worker-1-tc2/source:/opt/rustwide/workdir:ro,Z" "-v" "/var/lib/crater-agent-workspace/builds/worker-1-tc2/target:/opt/rustwide/target:rw,Z" "-v" "/var/lib/crater-agent-workspace/cargo-home:/opt/rustwide/cargo-home:ro,Z" "-v" "/var/lib/crater-agent-workspace/rustup-home:/opt/rustwide/rustup-home:ro,Z" "-m" "1610612736" "--network" "none" "ghcr.io/rust-lang/crates-build-env/linux@sha256:77db811e55d90add9212f6832c23229e3de5f1c1f9905e8cb07319ea15df73ac" "sleep" "infinity", kill_on_drop: false }`
[INFO] [stdout] 9fcfc1542ef054f745c1fb1eae156f396cc7346a4369031827c1eb3f4df7222c
[INFO] running `Command { std: "docker" "start" "9fcfc1542ef054f745c1fb1eae156f396cc7346a4369031827c1eb3f4df7222c", kill_on_drop: false }`
[INFO] running `Command { std: "docker" "inspect" "9fcfc1542ef054f745c1fb1eae156f396cc7346a4369031827c1eb3f4df7222c", kill_on_drop: false }`
[INFO] running `Command { std: "docker" "exec" "-e" "SOURCE_DIR=/opt/rustwide/workdir" "-e" "CARGO_HOME=/opt/rustwide/cargo-home" "-e" "RUSTUP_HOME=/opt/rustwide/rustup-home" "-e" "CARGO_TARGET_DIR=/opt/rustwide/target" "-w" "/opt/rustwide/workdir" "--user" "0:0" "9fcfc1542ef054f745c1fb1eae156f396cc7346a4369031827c1eb3f4df7222c" "/opt/rustwide/cargo-home/bin/cargo" "+1.100.0-beta.1" "metadata" "--no-deps" "--format-version=1", kill_on_drop: false }`
[INFO] running `Command { std: "docker" "inspect" "9fcfc1542ef054f745c1fb1eae156f396cc7346a4369031827c1eb3f4df7222c", kill_on_drop: false }`
[INFO] running `Command { std: "docker" "exec" "-e" "SOURCE_DIR=/opt/rustwide/workdir" "-e" "CARGO_HOME=/opt/rustwide/cargo-home" "-e" "RUSTUP_HOME=/opt/rustwide/rustup-home" "-e" "CARGO_TARGET_DIR=/opt/rustwide/target" "-e" "CARGO_INCREMENTAL=0" "-e" "RUST_BACKTRACE=full" "-e" "RUSTFLAGS=--cap-lints=warn" "-e" "RUSTDOCFLAGS=--cap-lints=warn" "-w" "/opt/rustwide/workdir" "--user" "0:0" "9fcfc1542ef054f745c1fb1eae156f396cc7346a4369031827c1eb3f4df7222c" "/opt/rustwide/cargo-home/bin/cargo" "+1.100.0-beta.1" "build" "--frozen" "--message-format=json" "--release", kill_on_drop: false }`
[INFO] [stderr] warning: `package.homepage` is redundant with `package.documentation`
[INFO] [stderr]   --> Cargo.toml:27:12
[INFO] [stderr]    |
[INFO] [stderr] 25 | documentation = "https://lacodda.github.io/sefy/"
[INFO] [stderr]    |                 ---------------------------------
[INFO] [stderr] 26 | edition = "2024"
[INFO] [stderr] 27 | homepage = "https://lacodda.github.io/sefy/"
[INFO] [stderr]    |            ^^^^^^^^^^^^^^^^^^^^^^^^^^^^^^^^^
[INFO] [stderr]    |
[INFO] [stderr]    = note: `cargo::redundant_homepage` is set to `warn` by default
[INFO] [stderr] help: consider removing `package.homepage`
[INFO] [stderr] warning: `sefy-plugin-github` (manifest) generated 1 warning
[INFO] [stderr]    Compiling proc-macro2 v1.0.107
[INFO] [stderr]    Compiling unicode-ident v1.0.26
[INFO] [stderr]    Compiling quote v1.0.47
[INFO] [stderr]    Compiling serde_json v1.0.151
[INFO] [stderr]    Compiling syn v3.0.6
[INFO] [stderr]    Compiling serde_derive v1.0.229
[INFO] [stderr]    Compiling serde v1.0.229
[INFO] [stderr]    Compiling sefy-plugin-github v0.15.0 (/opt/rustwide/workdir)
[INFO] [stderr]     Finished `release` profile [optimized] target(s) in 11.26s
[INFO] running `Command { std: "docker" "inspect" "9fcfc1542ef054f745c1fb1eae156f396cc7346a4369031827c1eb3f4df7222c", kill_on_drop: false }`
[INFO] running `Command { std: "docker" "exec" "-e" "SOURCE_DIR=/opt/rustwide/workdir" "-e" "CARGO_HOME=/opt/rustwide/cargo-home" "-e" "RUSTUP_HOME=/opt/rustwide/rustup-home" "-e" "CARGO_TARGET_DIR=/opt/rustwide/target" "-e" "CARGO_INCREMENTAL=0" "-e" "RUST_BACKTRACE=full" "-e" "RUSTFLAGS=--cap-lints=warn" "-e" "RUSTDOCFLAGS=--cap-lints=warn" "-w" "/opt/rustwide/workdir" "--user" "0:0" "9fcfc1542ef054f745c1fb1eae156f396cc7346a4369031827c1eb3f4df7222c" "/opt/rustwide/cargo-home/bin/cargo" "+1.100.0-beta.1" "test" "--frozen" "--no-run" "--message-format=json" "--release", kill_on_drop: false }`
[INFO] [stderr] warning: `package.homepage` is redundant with `package.documentation`
[INFO] [stderr]   --> Cargo.toml:27:12
[INFO] [stderr]    |
[INFO] [stderr] 25 | documentation = "https://lacodda.github.io/sefy/"
[INFO] [stderr]    |                 ---------------------------------
[INFO] [stderr] 26 | edition = "2024"
[INFO] [stderr] 27 | homepage = "https://lacodda.github.io/sefy/"
[INFO] [stderr]    |            ^^^^^^^^^^^^^^^^^^^^^^^^^^^^^^^^^
[INFO] [stderr]    |
[INFO] [stderr]    = note: `cargo::redundant_homepage` is set to `warn` by default
[INFO] [stderr] help: consider removing `package.homepage`
[INFO] [stderr] warning: `sefy-plugin-github` (manifest) generated 1 warning
[INFO] [stderr]    Compiling libc v0.2.190
[INFO] [stderr]    Compiling rustix v1.1.5
[INFO] [stderr]    Compiling bitflags v2.13.2
[INFO] [stderr]    Compiling fastrand v2.5.0
[INFO] [stderr]    Compiling once_cell v1.21.4
[INFO] [stderr]    Compiling getrandom v0.4.3
[INFO] [stderr]    Compiling tempfile v3.27.0
[INFO] [stderr]    Compiling sefy-plugin-github v0.15.0 (/opt/rustwide/workdir)
[INFO] [stderr]     Finished `release` profile [optimized] target(s) in 9.65s
[INFO] running `Command { std: "docker" "inspect" "9fcfc1542ef054f745c1fb1eae156f396cc7346a4369031827c1eb3f4df7222c", kill_on_drop: false }`
[INFO] running `Command { std: "docker" "exec" "-e" "SOURCE_DIR=/opt/rustwide/workdir" "-e" "CARGO_HOME=/opt/rustwide/cargo-home" "-e" "RUSTUP_HOME=/opt/rustwide/rustup-home" "-e" "CARGO_TARGET_DIR=/opt/rustwide/target" "-e" "CARGO_INCREMENTAL=0" "-e" "RUST_BACKTRACE=full" "-e" "RUSTFLAGS=--cap-lints=warn" "-e" "RUSTDOCFLAGS=--cap-lints=warn" "-w" "/opt/rustwide/workdir" "--user" "0:0" "9fcfc1542ef054f745c1fb1eae156f396cc7346a4369031827c1eb3f4df7222c" "/opt/rustwide/cargo-home/bin/cargo" "+1.100.0-beta.1" "test" "--frozen" "--release", kill_on_drop: false }`
[INFO] [stderr] warning: `package.homepage` is redundant with `package.documentation`
[INFO] [stderr]   --> Cargo.toml:27:12
[INFO] [stderr]    |
[INFO] [stderr] 25 | documentation = "https://lacodda.github.io/sefy/"
[INFO] [stderr]    |                 ---------------------------------
[INFO] [stderr] 26 | edition = "2024"
[INFO] [stderr] 27 | homepage = "https://lacodda.github.io/sefy/"
[INFO] [stderr]    |            ^^^^^^^^^^^^^^^^^^^^^^^^^^^^^^^^^
[INFO] [stderr]    |
[INFO] [stderr]    = note: `cargo::redundant_homepage` is set to `warn` by default
[INFO] [stderr] help: consider removing `package.homepage`
[INFO] [stderr] warning: `sefy-plugin-github` (manifest) generated 1 warning
[INFO] [stderr]     Finished `release` profile [optimized] target(s) in 0.07s
[INFO] [stderr]      Running unittests src/main.rs (/opt/rustwide/target/release/build/sefy-plugin-github/843553edb70c0b53/out/sefy_plugin_github-843553edb70c0b53)
[INFO] [stdout] 
[INFO] [stdout] running 6 tests
[INFO] [stdout] test tests::a_report_survives_a_message_with_quotes_in_it ... ok
[INFO] [stdout] test tests::the_manifest_declares_a_version_at_all ... ok
[INFO] [stdout] test tests::the_manifest_is_the_json_the_protocol_asks_for ... ok
[INFO] [stdout] test git::tests::a_failing_git_command_carries_what_git_said ... ok
[INFO] [stdout] test tests::a_report_survives_a_message_with_a_windows_path_in_it ... ok
[INFO] [stdout] test git::tests::a_successful_command_gives_back_its_output ... ok
[INFO] [stdout] 
[INFO] [stdout] test result: ok. 6 passed; 0 failed; 0 ignored; 0 measured; 0 filtered out; finished in 0.10s
[INFO] [stdout] 
[INFO] [stderr]      Running tests/transport.rs (/opt/rustwide/target/release/build/sefy-plugin-github/81db8cb9683ac955/out/transport-81db8cb9683ac955)
[INFO] [stdout] 
[INFO] [stdout] running 12 tests
[INFO] [stdout] test a_stale_working_copy_catches_up_before_it_pushes ... FAILED
[INFO] [stdout] test run_by_hand_it_explains_what_it_is_instead_of_waiting_for_input ... FAILED
[INFO] [stdout] test the_manifest_is_what_sefy_expects ... FAILED
[INFO] [stdout] test a_vault_pushed_here_comes_back_from_a_second_machine ... FAILED
[INFO] [stdout] test a_changed_vault_of_the_same_length_is_still_published ... FAILED
[INFO] [stdout] test without_the_repository_variable_the_error_says_what_to_set ... FAILED
[INFO] [stdout] test a_push_of_what_is_already_there_says_so_without_committing ... FAILED
[INFO] [stdout] test pulling_something_the_repository_does_not_hold_says_which_name ... FAILED
[INFO] [stdout] test two_machines_pushing_different_names_do_not_tread_on_each_other ... FAILED
[INFO] [stdout] test a_second_push_from_the_same_machine_updates_the_remote ... FAILED
[INFO] [stderr] error: test failed, to rerun pass `--test transport`
[INFO] [stdout] test a_push_landing_on_top_of_someone_elses_takes_the_remotes_state_first ... FAILED
[INFO] [stdout] test a_push_works_on_a_machine_with_no_git_identity_configured ... FAILED
[INFO] [stdout] 
[INFO] [stdout] failures:
[INFO] [stdout] 
[INFO] [stdout] ---- a_stale_working_copy_catches_up_before_it_pushes stdout ----
[INFO] [stdout] 
[INFO] [stdout] thread 'a_stale_working_copy_catches_up_before_it_pushes' (511) panicked at tests/transport.rs:22:10:
[INFO] [stdout] the plugin binary must be runnable: Os { code: 2, kind: NotFound, message: "No such file or directory" }
[INFO] [stdout] stack backtrace:
[INFO] [stdout]    0:     0x57eb06111181 - <<std[617be2ca0a6fd877]::sys::backtrace::BacktraceLock>::print::DisplayBacktrace as core[a373ad73a504971]::fmt::Display>::fmt
[INFO] [stdout]    1:     0x57eb06125e0a - core[a373ad73a504971]::fmt::write
[INFO] [stdout]    2:     0x57eb0611568c - <alloc[2e1b2a31b91974c5]::vec::Vec<u8> as core[a373ad73a504971]::io::write::Write>::write_fmt
[INFO] [stdout]    3:     0x57eb060ea2d6 - std[617be2ca0a6fd877]::panicking::default_hook::{closure#0}
[INFO] [stdout]    4:     0x57eb06107f39 - std[617be2ca0a6fd877]::panicking::default_hook
[INFO] [stdout]    5:     0x57eb060a1c20 - test[aada8e7e76ba119b]::test_main_inner::{closure#0}
[INFO] [stdout]    6:     0x57eb061080f2 - std[617be2ca0a6fd877]::panicking::panic_with_hook
[INFO] [stdout]    7:     0x57eb060ea382 - std[617be2ca0a6fd877]::panicking::panic_handler::{closure#0}
[INFO] [stdout]    8:     0x57eb060e2de9 - std[617be2ca0a6fd877]::sys::backtrace::__rust_end_short_backtrace::<std[617be2ca0a6fd877]::panicking::panic_handler::{closure#0}, !>
[INFO] [stdout]    9:     0x57eb060eaf8d - __rustc[ea4f61d10b84890b]::rust_begin_unwind
[INFO] [stdout]   10:     0x57eb0612653c - core[a373ad73a504971]::panicking::panic_fmt
[INFO] [stdout]   11:     0x57eb06126312 - core[a373ad73a504971]::result::unwrap_failed
[INFO] [stdout]   12:     0x57eb06081ef1 - transport[9c8e11ae36f8ae8b]::run_plugin
[INFO] [stdout]   13:     0x57eb06083dc9 - <transport[9c8e11ae36f8ae8b]::a_stale_working_copy_catches_up_before_it_pushes::{closure#0} as core[a373ad73a504971]::ops::function::FnOnce<()>>::call_once
[INFO] [stdout]   14:     0x57eb0609506b - test[aada8e7e76ba119b]::__rust_begin_short_backtrace::<core[a373ad73a504971]::result::Result<(), alloc[2e1b2a31b91974c5]::string::String>, fn() -> core[a373ad73a504971]::result::Result<(), alloc[2e1b2a31b91974c5]::string::String>>
[INFO] [stdout]   15:     0x57eb060a2245 - test[aada8e7e76ba119b]::run_test::{closure#0}
[INFO] [stdout]   16:     0x57eb0609bb34 - std[617be2ca0a6fd877]::sys::backtrace::__rust_begin_short_backtrace::<test[aada8e7e76ba119b]::run_test::{closure#1}, ()>
[INFO] [stdout]   17:     0x57eb060a52d2 - <std[617be2ca0a6fd877]::thread::lifecycle::spawn_unchecked<test[aada8e7e76ba119b]::run_test::{closure#1}, ()>::{closure#1} as core[a373ad73a504971]::ops::function::FnOnce<()>>::call_once::{shim:vtable#0}
[INFO] [stdout]   18:     0x57eb0611042f - <std[617be2ca0a6fd877]::sys::thread::unix::Thread>::new::thread_start
[INFO] [stdout]   19:     0x74b170df9dfa - <unknown>
[INFO] [stdout]   20:     0x74b170e8d3d4 - clone
[INFO] [stdout]   21:                0x0 - <unknown>
[INFO] [stdout] 
[INFO] [stdout] ---- run_by_hand_it_explains_what_it_is_instead_of_waiting_for_input stdout ----
[INFO] [stdout] 
[INFO] [stdout] thread 'run_by_hand_it_explains_what_it_is_instead_of_waiting_for_input' (576) panicked at tests/transport.rs:298:57:
[INFO] [stdout] called `Result::unwrap()` on an `Err` value: Os { code: 2, kind: NotFound, message: "No such file or directory" }
[INFO] [stdout] stack backtrace:
[INFO] [stdout]    0:     0x57eb06111181 - <<std[617be2ca0a6fd877]::sys::backtrace::BacktraceLock>::print::DisplayBacktrace as core[a373ad73a504971]::fmt::Display>::fmt
[INFO] [stdout]    1:     0x57eb06125e0a - core[a373ad73a504971]::fmt::write
[INFO] [stdout]    2:     0x57eb0611568c - <alloc[2e1b2a31b91974c5]::vec::Vec<u8> as core[a373ad73a504971]::io::write::Write>::write_fmt
[INFO] [stdout]    3:     0x57eb060ea2d6 - std[617be2ca0a6fd877]::panicking::default_hook::{closure#0}
[INFO] [stdout]    4:     0x57eb06107f39 - std[617be2ca0a6fd877]::panicking::default_hook
[INFO] [stdout]    5:     0x57eb060a1c20 - test[aada8e7e76ba119b]::test_main_inner::{closure#0}
[INFO] [stdout]    6:     0x57eb061080f2 - std[617be2ca0a6fd877]::panicking::panic_with_hook
[INFO] [stdout]    7:     0x57eb060ea382 - std[617be2ca0a6fd877]::panicking::panic_handler::{closure#0}
[INFO] [stdout]    8:     0x57eb060e2de9 - std[617be2ca0a6fd877]::sys::backtrace::__rust_end_short_backtrace::<std[617be2ca0a6fd877]::panicking::panic_handler::{closure#0}, !>
[INFO] [stdout]    9:     0x57eb060eaf8d - __rustc[ea4f61d10b84890b]::rust_begin_unwind
[INFO] [stdout]   10:     0x57eb0612653c - core[a373ad73a504971]::panicking::panic_fmt
[INFO] [stdout]   11:     0x57eb06126312 - core[a373ad73a504971]::result::unwrap_failed
[INFO] [stdout]   12:     0x57eb06088792 - <transport[9c8e11ae36f8ae8b]::run_by_hand_it_explains_what_it_is_instead_of_waiting_for_input::{closure#0} as core[a373ad73a504971]::ops::function::FnOnce<()>>::call_once
[INFO] [stdout]   13:     0x57eb0609506b - test[aada8e7e76ba119b]::__rust_begin_short_backtrace::<core[a373ad73a504971]::result::Result<(), alloc[2e1b2a31b91974c5]::string::String>, fn() -> core[a373ad73a504971]::result::Result<(), alloc[2e1b2a31b91974c5]::string::String>>
[INFO] [stdout]   14:     0x57eb060a2245 - test[aada8e7e76ba119b]::run_test::{closure#0}
[INFO] [stdout]   15:     0x57eb0609bb34 - std[617be2ca0a6fd877]::sys::backtrace::__rust_begin_short_backtrace::<test[aada8e7e76ba119b]::run_test::{closure#1}, ()>
[INFO] [stdout]   16:     0x57eb060a52d2 - <std[617be2ca0a6fd877]::thread::lifecycle::spawn_unchecked<test[aada8e7e76ba119b]::run_test::{closure#1}, ()>::{closure#1} as core[a373ad73a504971]::ops::function::FnOnce<()>>::call_once::{shim:vtable#0}
[INFO] [stdout]   17:     0x57eb0611042f - <std[617be2ca0a6fd877]::sys::thread::unix::Thread>::new::thread_start
[INFO] [stdout]   18:     0x74b170df9dfa - <unknown>
[INFO] [stdout]   19:     0x74b170e8d3d4 - clone
[INFO] [stdout]   20:                0x0 - <unknown>
[INFO] [stdout] 
[INFO] [stdout] ---- the_manifest_is_what_sefy_expects stdout ----
[INFO] [stdout] 
[INFO] [stdout] thread 'the_manifest_is_what_sefy_expects' (578) panicked at tests/transport.rs:121:10:
[INFO] [stdout] called `Result::unwrap()` on an `Err` value: Os { code: 2, kind: NotFound, message: "No such file or directory" }
[INFO] [stdout] stack backtrace:
[INFO] [stdout]    0:     0x57eb06111181 - <<std[617be2ca0a6fd877]::sys::backtrace::BacktraceLock>::print::DisplayBacktrace as core[a373ad73a504971]::fmt::Display>::fmt
[INFO] [stdout]    1:     0x57eb06125e0a - core[a373ad73a504971]::fmt::write
[INFO] [stdout]    2:     0x57eb0611568c - <alloc[2e1b2a31b91974c5]::vec::Vec<u8> as core[a373ad73a504971]::io::write::Write>::write_fmt
[INFO] [stdout]    3:     0x57eb060ea2d6 - std[617be2ca0a6fd877]::panicking::default_hook::{closure#0}
[INFO] [stdout]    4:     0x57eb06107f39 - std[617be2ca0a6fd877]::panicking::default_hook
[INFO] [stdout]    5:     0x57eb060a1c20 - test[aada8e7e76ba119b]::test_main_inner::{closure#0}
[INFO] [stdout]    6:     0x57eb061080f2 - std[617be2ca0a6fd877]::panicking::panic_with_hook
[INFO] [stdout]    7:     0x57eb060ea382 - std[617be2ca0a6fd877]::panicking::panic_handler::{closure#0}
[INFO] [stdout]    8:     0x57eb060e2de9 - std[617be2ca0a6fd877]::sys::backtrace::__rust_end_short_backtrace::<std[617be2ca0a6fd877]::panicking::panic_handler::{closure#0}, !>
[INFO] [stdout]    9:     0x57eb060eaf8d - __rustc[ea4f61d10b84890b]::rust_begin_unwind
[INFO] [stdout]   10:     0x57eb0612653c - core[a373ad73a504971]::panicking::panic_fmt
[INFO] [stdout]   11:     0x57eb06126312 - core[a373ad73a504971]::result::unwrap_failed
[INFO] [stdout]   12:     0x57eb06083b5c - <transport[9c8e11ae36f8ae8b]::the_manifest_is_what_sefy_expects::{closure#0} as core[a373ad73a504971]::ops::function::FnOnce<()>>::call_once
[INFO] [stdout]   13:     0x57eb0609506b - test[aada8e7e76ba119b]::__rust_begin_short_backtrace::<core[a373ad73a504971]::result::Result<(), alloc[2e1b2a31b91974c5]::string::String>, fn() -> core[a373ad73a504971]::result::Result<(), alloc[2e1b2a31b91974c5]::string::String>>
[INFO] [stdout]   14:     0x57eb060a2245 - test[aada8e7e76ba119b]::run_test::{closure#0}
[INFO] [stdout]   15:     0x57eb0609bb34 - std[617be2ca0a6fd877]::sys::backtrace::__rust_begin_short_backtrace::<test[aada8e7e76ba119b]::run_test::{closure#1}, ()>
[INFO] [stdout]   16:     0x57eb060a52d2 - <std[617be2ca0a6fd877]::thread::lifecycle::spawn_unchecked<test[aada8e7e76ba119b]::run_test::{closure#1}, ()>::{closure#1} as core[a373ad73a504971]::ops::function::FnOnce<()>>::call_once::{shim:vtable#0}
[INFO] [stdout]   17:     0x57eb0611042f - <std[617be2ca0a6fd877]::sys::thread::unix::Thread>::new::thread_start
[INFO] [stdout]   18:     0x74b170df9dfa - <unknown>
[INFO] [stdout]   19:     0x74b170e8d3d4 - clone
[INFO] [stdout]   20:                0x0 - <unknown>
[INFO] [stdout] 
[INFO] [stdout] ---- a_vault_pushed_here_comes_back_from_a_second_machine stdout ----
[INFO] [stdout] 
[INFO] [stdout] thread 'a_vault_pushed_here_comes_back_from_a_second_machine' (512) panicked at tests/transport.rs:22:10:
[INFO] [stdout] the plugin binary must be runnable: Os { code: 2, kind: NotFound, message: "No such file or directory" }
[INFO] [stdout] stack backtrace:
[INFO] [stdout]    0:     0x57eb06111181 - <<std[617be2ca0a6fd877]::sys::backtrace::BacktraceLock>::print::DisplayBacktrace as core[a373ad73a504971]::fmt::Display>::fmt
[INFO] [stdout]    1:     0x57eb06125e0a - core[a373ad73a504971]::fmt::write
[INFO] [stdout]    2:     0x57eb0611568c - <alloc[2e1b2a31b91974c5]::vec::Vec<u8> as core[a373ad73a504971]::io::write::Write>::write_fmt
[INFO] [stdout]    3:     0x57eb060ea2d6 - std[617be2ca0a6fd877]::panicking::default_hook::{closure#0}
[INFO] [stdout]    4:     0x57eb06107f39 - std[617be2ca0a6fd877]::panicking::default_hook
[INFO] [stdout]    5:     0x57eb060a1c20 - test[aada8e7e76ba119b]::test_main_inner::{closure#0}
[INFO] [stdout]    6:     0x57eb061080f2 - std[617be2ca0a6fd877]::panicking::panic_with_hook
[INFO] [stdout]    7:     0x57eb060ea382 - std[617be2ca0a6fd877]::panicking::panic_handler::{closure#0}
[INFO] [stdout]    8:     0x57eb060e2de9 - std[617be2ca0a6fd877]::sys::backtrace::__rust_end_short_backtrace::<std[617be2ca0a6fd877]::panicking::panic_handler::{closure#0}, !>
[INFO] [stdout]    9:     0x57eb060eaf8d - __rustc[ea4f61d10b84890b]::rust_begin_unwind
[INFO] [stdout]   10:     0x57eb0612653c - core[a373ad73a504971]::panicking::panic_fmt
[INFO] [stdout]   11:     0x57eb06126312 - core[a373ad73a504971]::result::unwrap_failed
[INFO] [stdout]   12:     0x57eb06081ef1 - transport[9c8e11ae36f8ae8b]::run_plugin
[INFO] [stdout]   13:     0x57eb06084aa5 - <transport[9c8e11ae36f8ae8b]::a_vault_pushed_here_comes_back_from_a_second_machine::{closure#0} as core[a373ad73a504971]::ops::function::FnOnce<()>>::call_once
[INFO] [stdout]   14:     0x57eb0609506b - test[aada8e7e76ba119b]::__rust_begin_short_backtrace::<core[a373ad73a504971]::result::Result<(), alloc[2e1b2a31b91974c5]::string::String>, fn() -> core[a373ad73a504971]::result::Result<(), alloc[2e1b2a31b91974c5]::string::String>>
[INFO] [stdout]   15:     0x57eb060a2245 - test[aada8e7e76ba119b]::run_test::{closure#0}
[INFO] [stdout]   16:     0x57eb0609bb34 - std[617be2ca0a6fd877]::sys::backtrace::__rust_begin_short_backtrace::<test[aada8e7e76ba119b]::run_test::{closure#1}, ()>
[INFO] [stdout]   17:     0x57eb060a52d2 - <std[617be2ca0a6fd877]::thread::lifecycle::spawn_unchecked<test[aada8e7e76ba119b]::run_test::{closure#1}, ()>::{closure#1} as core[a373ad73a504971]::ops::function::FnOnce<()>>::call_once::{shim:vtable#0}
[INFO] [stdout]   18:     0x57eb0611042f - <std[617be2ca0a6fd877]::sys::thread::unix::Thread>::new::thread_start
[INFO] [stdout]   19:     0x74b170df9dfa - <unknown>
[INFO] [stdout]   20:     0x74b170e8d3d4 - clone
[INFO] [stdout]   21:                0x0 - <unknown>
[INFO] [stdout] 
[INFO] [stdout] ---- a_changed_vault_of_the_same_length_is_still_published stdout ----
[INFO] [stdout] 
[INFO] [stdout] thread 'a_changed_vault_of_the_same_length_is_still_published' (506) panicked at tests/transport.rs:22:10:
[INFO] [stdout] the plugin binary must be runnable: Os { code: 2, kind: NotFound, message: "No such file or directory" }
[INFO] [stdout] stack backtrace:
[INFO] [stdout]    0:     0x57eb06111181 - <<std[617be2ca0a6fd877]::sys::backtrace::BacktraceLock>::print::DisplayBacktrace as core[a373ad73a504971]::fmt::Display>::fmt
[INFO] [stdout]    1:     0x57eb06125e0a - core[a373ad73a504971]::fmt::write
[INFO] [stdout]    2:     0x57eb0611568c - <alloc[2e1b2a31b91974c5]::vec::Vec<u8> as core[a373ad73a504971]::io::write::Write>::write_fmt
[INFO] [stdout]    3:     0x57eb060ea2d6 - std[617be2ca0a6fd877]::panicking::default_hook::{closure#0}
[INFO] [stdout]    4:     0x57eb06107f39 - std[617be2ca0a6fd877]::panicking::default_hook
[INFO] [stdout]    5:     0x57eb060a1c20 - test[aada8e7e76ba119b]::test_main_inner::{closure#0}
[INFO] [stdout]    6:     0x57eb061080f2 - std[617be2ca0a6fd877]::panicking::panic_with_hook
[INFO] [stdout]    7:     0x57eb060ea382 - std[617be2ca0a6fd877]::panicking::panic_handler::{closure#0}
[INFO] [stdout]    8:     0x57eb060e2de9 - std[617be2ca0a6fd877]::sys::backtrace::__rust_end_short_backtrace::<std[617be2ca0a6fd877]::panicking::panic_handler::{closure#0}, !>
[INFO] [stdout]    9:     0x57eb060eaf8d - __rustc[ea4f61d10b84890b]::rust_begin_unwind
[INFO] [stdout]   10:     0x57eb0612653c - core[a373ad73a504971]::panicking::panic_fmt
[INFO] [stdout]   11:     0x57eb06126312 - core[a373ad73a504971]::result::unwrap_failed
[INFO] [stdout]   12:     0x57eb06081ef1 - transport[9c8e11ae36f8ae8b]::run_plugin
[INFO] [stdout]   13:     0x57eb0608547f - <transport[9c8e11ae36f8ae8b]::a_changed_vault_of_the_same_length_is_still_published::{closure#0} as core[a373ad73a504971]::ops::function::FnOnce<()>>::call_once
[INFO] [stdout]   14:     0x57eb0609506b - test[aada8e7e76ba119b]::__rust_begin_short_backtrace::<core[a373ad73a504971]::result::Result<(), alloc[2e1b2a31b91974c5]::string::String>, fn() -> core[a373ad73a504971]::result::Result<(), alloc[2e1b2a31b91974c5]::string::String>>
[INFO] [stdout]   15:     0x57eb060a2245 - test[aada8e7e76ba119b]::run_test::{closure#0}
[INFO] [stdout]   16:     0x57eb0609bb34 - std[617be2ca0a6fd877]::sys::backtrace::__rust_begin_short_backtrace::<test[aada8e7e76ba119b]::run_test::{closure#1}, ()>
[INFO] [stdout]   17:     0x57eb060a52d2 - <std[617be2ca0a6fd877]::thread::lifecycle::spawn_unchecked<test[aada8e7e76ba119b]::run_test::{closure#1}, ()>::{closure#1} as core[a373ad73a504971]::ops::function::FnOnce<()>>::call_once::{shim:vtable#0}
[INFO] [stdout]   18:     0x57eb0611042f - <std[617be2ca0a6fd877]::sys::thread::unix::Thread>::new::thread_start
[INFO] [stdout]   19:     0x74b170df9dfa - <unknown>
[INFO] [stdout]   20:     0x74b170e8d3d4 - clone
[INFO] [stdout]   21:                0x0 - <unknown>
[INFO] [stdout] 
[INFO] [stdout] ---- without_the_repository_variable_the_error_says_what_to_set stdout ----
[INFO] [stdout] 
[INFO] [stdout] thread 'without_the_repository_variable_the_error_says_what_to_set' (637) panicked at tests/transport.rs:279:10:
[INFO] [stdout] called `Result::unwrap()` on an `Err` value: Os { code: 2, kind: NotFound, message: "No such file or directory" }
[INFO] [stdout] stack backtrace:
[INFO] [stdout]    0:     0x57eb06111181 - <<std[617be2ca0a6fd877]::sys::backtrace::BacktraceLock>::print::DisplayBacktrace as core[a373ad73a504971]::fmt::Display>::fmt
[INFO] [stdout]    1:     0x57eb06125e0a - core[a373ad73a504971]::fmt::write
[INFO] [stdout]    2:     0x57eb0611568c - <alloc[2e1b2a31b91974c5]::vec::Vec<u8> as core[a373ad73a504971]::io::write::Write>::write_fmt
[INFO] [stdout]    3:     0x57eb060ea2d6 - std[617be2ca0a6fd877]::panicking::default_hook::{closure#0}
[INFO] [stdout]    4:     0x57eb06107f39 - std[617be2ca0a6fd877]::panicking::default_hook
[INFO] [stdout]    5:     0x57eb060a1c20 - test[aada8e7e76ba119b]::test_main_inner::{closure#0}
[INFO] [stdout]    6:     0x57eb061080f2 - std[617be2ca0a6fd877]::panicking::panic_with_hook
[INFO] [stdout]    7:     0x57eb060ea382 - std[617be2ca0a6fd877]::panicking::panic_handler::{closure#0}
[INFO] [stdout]    8:     0x57eb060e2de9 - std[617be2ca0a6fd877]::sys::backtrace::__rust_end_short_backtrace::<std[617be2ca0a6fd877]::panicking::panic_handler::{closure#0}, !>
[INFO] [stdout]    9:     0x57eb060eaf8d - __rustc[ea4f61d10b84890b]::rust_begin_unwind
[INFO] [stdout]   10:     0x57eb0612653c - core[a373ad73a504971]::panicking::panic_fmt
[INFO] [stdout]   11:     0x57eb06126312 - core[a373ad73a504971]::result::unwrap_failed
[INFO] [stdout]   12:     0x57eb06087f08 - <transport[9c8e11ae36f8ae8b]::without_the_repository_variable_the_error_says_what_to_set::{closure#0} as core[a373ad73a504971]::ops::function::FnOnce<()>>::call_once
[INFO] [stdout]   13:     0x57eb0609506b - test[aada8e7e76ba119b]::__rust_begin_short_backtrace::<core[a373ad73a504971]::result::Result<(), alloc[2e1b2a31b91974c5]::string::String>, fn() -> core[a373ad73a504971]::result::Result<(), alloc[2e1b2a31b91974c5]::string::String>>
[INFO] [stdout]   14:     0x57eb060a2245 - test[aada8e7e76ba119b]::run_test::{closure#0}
[INFO] [stdout]   15:     0x57eb0609bb34 - std[617be2ca0a6fd877]::sys::backtrace::__rust_begin_short_backtrace::<test[aada8e7e76ba119b]::run_test::{closure#1}, ()>
[INFO] [stdout]   16:     0x57eb060a52d2 - <std[617be2ca0a6fd877]::thread::lifecycle::spawn_unchecked<test[aada8e7e76ba119b]::run_test::{closure#1}, ()>::{closure#1} as core[a373ad73a504971]::ops::function::FnOnce<()>>::call_once::{shim:vtable#0}
[INFO] [stdout]   17:     0x57eb0611042f - <std[617be2ca0a6fd877]::sys::thread::unix::Thread>::new::thread_start
[INFO] [stdout]   18:     0x74b170df9dfa - <unknown>
[INFO] [stdout]   19:     0x74b170e8d3d4 - clone
[INFO] [stdout]   20:                0x0 - <unknown>
[INFO] [stdout] 
[INFO] [stdout] ---- a_push_of_what_is_already_there_says_so_without_committing stdout ----
[INFO] [stdout] 
[INFO] [stdout] thread 'a_push_of_what_is_already_there_says_so_without_committing' (508) panicked at tests/transport.rs:22:10:
[INFO] [stdout] the plugin binary must be runnable: Os { code: 2, kind: NotFound, message: "No such file or directory" }
[INFO] [stdout] stack backtrace:
[INFO] [stdout]    0:     0x57eb06111181 - <<std[617be2ca0a6fd877]::sys::backtrace::BacktraceLock>::print::DisplayBacktrace as core[a373ad73a504971]::fmt::Display>::fmt
[INFO] [stdout]    1:     0x57eb06125e0a - core[a373ad73a504971]::fmt::write
[INFO] [stdout]    2:     0x57eb0611568c - <alloc[2e1b2a31b91974c5]::vec::Vec<u8> as core[a373ad73a504971]::io::write::Write>::write_fmt
[INFO] [stdout]    3:     0x57eb060ea2d6 - std[617be2ca0a6fd877]::panicking::default_hook::{closure#0}
[INFO] [stdout]    4:     0x57eb06107f39 - std[617be2ca0a6fd877]::panicking::default_hook
[INFO] [stdout]    5:     0x57eb060a1c20 - test[aada8e7e76ba119b]::test_main_inner::{closure#0}
[INFO] [stdout]    6:     0x57eb061080f2 - std[617be2ca0a6fd877]::panicking::panic_with_hook
[INFO] [stdout]    7:     0x57eb060ea382 - std[617be2ca0a6fd877]::panicking::panic_handler::{closure#0}
[INFO] [stdout]    8:     0x57eb060e2de9 - std[617be2ca0a6fd877]::sys::backtrace::__rust_end_short_backtrace::<std[617be2ca0a6fd877]::panicking::panic_handler::{closure#0}, !>
[INFO] [stdout]    9:     0x57eb060eaf8d - __rustc[ea4f61d10b84890b]::rust_begin_unwind
[INFO] [stdout]   10:     0x57eb0612653c - core[a373ad73a504971]::panicking::panic_fmt
[INFO] [stdout]   11:     0x57eb06126312 - core[a373ad73a504971]::result::unwrap_failed
[INFO] [stdout]   12:     0x57eb06081ef1 - transport[9c8e11ae36f8ae8b]::run_plugin
[INFO] [stdout]   13:     0x57eb06087574 - <transport[9c8e11ae36f8ae8b]::a_push_of_what_is_already_there_says_so_without_committing::{closure#0} as core[a373ad73a504971]::ops::function::FnOnce<()>>::call_once
[INFO] [stdout]   14:     0x57eb0609506b - test[aada8e7e76ba119b]::__rust_begin_short_backtrace::<core[a373ad73a504971]::result::Result<(), alloc[2e1b2a31b91974c5]::string::String>, fn() -> core[a373ad73a504971]::result::Result<(), alloc[2e1b2a31b91974c5]::string::String>>
[INFO] [stdout]   15:     0x57eb060a2245 - test[aada8e7e76ba119b]::run_test::{closure#0}
[INFO] [stdout]   16:     0x57eb0609bb34 - std[617be2ca0a6fd877]::sys::backtrace::__rust_begin_short_backtrace::<test[aada8e7e76ba119b]::run_test::{closure#1}, ()>
[INFO] [stdout]   17:     0x57eb060a52d2 - <std[617be2ca0a6fd877]::thread::lifecycle::spawn_unchecked<test[aada8e7e76ba119b]::run_test::{closure#1}, ()>::{closure#1} as core[a373ad73a504971]::ops::function::FnOnce<()>>::call_once::{shim:vtable#0}
[INFO] [stdout]   18:     0x57eb0611042f - <std[617be2ca0a6fd877]::sys::thread::unix::Thread>::new::thread_start
[INFO] [stdout]   19:     0x74b170df9dfa - <unknown>
[INFO] [stdout]   20:     0x74b170e8d3d4 - clone
[INFO] [stdout]   21:                0x0 - <unknown>
[INFO] [stdout] 
[INFO] [stdout] ---- pulling_something_the_repository_does_not_hold_says_which_name stdout ----
[INFO] [stdout] 
[INFO] [stdout] thread 'pulling_something_the_repository_does_not_hold_says_which_name' (513) panicked at tests/transport.rs:22:10:
[INFO] [stdout] the plugin binary must be runnable: Os { code: 2, kind: NotFound, message: "No such file or directory" }
[INFO] [stdout] stack backtrace:
[INFO] [stdout]    0:     0x57eb06111181 - <<std[617be2ca0a6fd877]::sys::backtrace::BacktraceLock>::print::DisplayBacktrace as core[a373ad73a504971]::fmt::Display>::fmt
[INFO] [stdout]    1:     0x57eb06125e0a - core[a373ad73a504971]::fmt::write
[INFO] [stdout]    2:     0x57eb0611568c - <alloc[2e1b2a31b91974c5]::vec::Vec<u8> as core[a373ad73a504971]::io::write::Write>::write_fmt
[INFO] [stdout]    3:     0x57eb060ea2d6 - std[617be2ca0a6fd877]::panicking::default_hook::{closure#0}
[INFO] [stdout]    4:     0x57eb06107f39 - std[617be2ca0a6fd877]::panicking::default_hook
[INFO] [stdout]    5:     0x57eb060a1c20 - test[aada8e7e76ba119b]::test_main_inner::{closure#0}
[INFO] [stdout]    6:     0x57eb061080f2 - std[617be2ca0a6fd877]::panicking::panic_with_hook
[INFO] [stdout]    7:     0x57eb060ea382 - std[617be2ca0a6fd877]::panicking::panic_handler::{closure#0}
[INFO] [stdout]    8:     0x57eb060e2de9 - std[617be2ca0a6fd877]::sys::backtrace::__rust_end_short_backtrace::<std[617be2ca0a6fd877]::panicking::panic_handler::{closure#0}, !>
[INFO] [stdout]    9:     0x57eb060eaf8d - __rustc[ea4f61d10b84890b]::rust_begin_unwind
[INFO] [stdout]   10:     0x57eb0612653c - core[a373ad73a504971]::panicking::panic_fmt
[INFO] [stdout]   11:     0x57eb06126312 - core[a373ad73a504971]::result::unwrap_failed
[INFO] [stdout]   12:     0x57eb06081ef1 - transport[9c8e11ae36f8ae8b]::run_plugin
[INFO] [stdout]   13:     0x57eb060882bd - <transport[9c8e11ae36f8ae8b]::pulling_something_the_repository_does_not_hold_says_which_name::{closure#0} as core[a373ad73a504971]::ops::function::FnOnce<()>>::call_once
[INFO] [stdout]   14:     0x57eb0609506b - test[aada8e7e76ba119b]::__rust_begin_short_backtrace::<core[a373ad73a504971]::result::Result<(), alloc[2e1b2a31b91974c5]::string::String>, fn() -> core[a373ad73a504971]::result::Result<(), alloc[2e1b2a31b91974c5]::string::String>>
[INFO] [stdout]   15:     0x57eb060a2245 - test[aada8e7e76ba119b]::run_test::{closure#0}
[INFO] [stdout]   16:     0x57eb0609bb34 - std[617be2ca0a6fd877]::sys::backtrace::__rust_begin_short_backtrace::<test[aada8e7e76ba119b]::run_test::{closure#1}, ()>
[INFO] [stdout]   17:     0x57eb060a52d2 - <std[617be2ca0a6fd877]::thread::lifecycle::spawn_unchecked<test[aada8e7e76ba119b]::run_test::{closure#1}, ()>::{closure#1} as core[a373ad73a504971]::ops::function::FnOnce<()>>::call_once::{shim:vtable#0}
[INFO] [stdout]   18:     0x57eb0611042f - <std[617be2ca0a6fd877]::sys::thread::unix::Thread>::new::thread_start
[INFO] [stdout]   19:     0x74b170df9dfa - <unknown>
[INFO] [stdout]   20:     0x74b170e8d3d4 - clone
[INFO] [stdout]   21:                0x0 - <unknown>
[INFO] [stdout] 
[INFO] [stdout] ---- two_machines_pushing_different_names_do_not_tread_on_each_other stdout ----
[INFO] [stdout] 
[INFO] [stdout] thread 'two_machines_pushing_different_names_do_not_tread_on_each_other' (580) panicked at tests/transport.rs:22:10:
[INFO] [stdout] the plugin binary must be runnable: Os { code: 2, kind: NotFound, message: "No such file or directory" }
[INFO] [stdout] stack backtrace:
[INFO] [stdout]    0:     0x57eb06111181 - <<std[617be2ca0a6fd877]::sys::backtrace::BacktraceLock>::print::DisplayBacktrace as core[a373ad73a504971]::fmt::Display>::fmt
[INFO] [stdout]    1:     0x57eb06125e0a - core[a373ad73a504971]::fmt::write
[INFO] [stdout]    2:     0x57eb0611568c - <alloc[2e1b2a31b91974c5]::vec::Vec<u8> as core[a373ad73a504971]::io::write::Write>::write_fmt
[INFO] [stdout]    3:     0x57eb060ea2d6 - std[617be2ca0a6fd877]::panicking::default_hook::{closure#0}
[INFO] [stdout]    4:     0x57eb06107f39 - std[617be2ca0a6fd877]::panicking::default_hook
[INFO] [stdout]    5:     0x57eb060a1c20 - test[aada8e7e76ba119b]::test_main_inner::{closure#0}
[INFO] [stdout]    6:     0x57eb061080f2 - std[617be2ca0a6fd877]::panicking::panic_with_hook
[INFO] [stdout]    7:     0x57eb060ea382 - std[617be2ca0a6fd877]::panicking::panic_handler::{closure#0}
[INFO] [stdout]    8:     0x57eb060e2de9 - std[617be2ca0a6fd877]::sys::backtrace::__rust_end_short_backtrace::<std[617be2ca0a6fd877]::panicking::panic_handler::{closure#0}, !>
[INFO] [stdout]    9:     0x57eb060eaf8d - __rustc[ea4f61d10b84890b]::rust_begin_unwind
[INFO] [stdout]   10:     0x57eb0612653c - core[a373ad73a504971]::panicking::panic_fmt
[INFO] [stdout]   11:     0x57eb06126312 - core[a373ad73a504971]::result::unwrap_failed
[INFO] [stdout]   12:     0x57eb06081ef1 - transport[9c8e11ae36f8ae8b]::run_plugin
[INFO] [stdout]   13:     0x57eb060889c3 - <transport[9c8e11ae36f8ae8b]::two_machines_pushing_different_names_do_not_tread_on_each_other::{closure#0} as core[a373ad73a504971]::ops::function::FnOnce<()>>::call_once
[INFO] [stdout]   14:     0x57eb0609506b - test[aada8e7e76ba119b]::__rust_begin_short_backtrace::<core[a373ad73a504971]::result::Result<(), alloc[2e1b2a31b91974c5]::string::String>, fn() -> core[a373ad73a504971]::result::Result<(), alloc[2e1b2a31b91974c5]::string::String>>
[INFO] [stdout]   15:     0x57eb060a2245 - test[aada8e7e76ba119b]::run_test::{closure#0}
[INFO] [stdout]   16:     0x57eb0609bb34 - std[617be2ca0a6fd877]::sys::backtrace::__rust_begin_short_backtrace::<test[aada8e7e76ba119b]::run_test::{closure#1}, ()>
[INFO] [stdout]   17:     0x57eb060a52d2 - <std[617be2ca0a6fd877]::thread::lifecycle::spawn_unchecked<test[aada8e7e76ba119b]::run_test::{closure#1}, ()>::{closure#1} as core[a373ad73a504971]::ops::function::FnOnce<()>>::call_once::{shim:vtable#0}
[INFO] [stdout]   18:     0x57eb0611042f - <std[617be2ca0a6fd877]::sys::thread::unix::Thread>::new::thread_start
[INFO] [stdout]   19:     0x74b170df9dfa - <unknown>
[INFO] [stdout]   20:     0x74b170e8d3d4 - clone
[INFO] [stdout]   21:                0x0 - <unknown>
[INFO] [stdout] 
[INFO] [stdout] ---- a_second_push_from_the_same_machine_updates_the_remote stdout ----
[INFO] [stdout] 
[INFO] [stdout] thread 'a_second_push_from_the_same_machine_updates_the_remote' (510) panicked at tests/transport.rs:22:10:
[INFO] [stdout] the plugin binary must be runnable: Os { code: 2, kind: NotFound, message: "No such file or directory" }
[INFO] [stdout] stack backtrace:
[INFO] [stdout]    0:     0x57eb06111181 - <<std[617be2ca0a6fd877]::sys::backtrace::BacktraceLock>::print::DisplayBacktrace as core[a373ad73a504971]::fmt::Display>::fmt
[INFO] [stdout]    1:     0x57eb06125e0a - core[a373ad73a504971]::fmt::write
[INFO] [stdout]    2:     0x57eb0611568c - <alloc[2e1b2a31b91974c5]::vec::Vec<u8> as core[a373ad73a504971]::io::write::Write>::write_fmt
[INFO] [stdout]    3:     0x57eb060ea2d6 - std[617be2ca0a6fd877]::panicking::default_hook::{closure#0}
[INFO] [stdout]    4:     0x57eb06107f39 - std[617be2ca0a6fd877]::panicking::default_hook
[INFO] [stdout]    5:     0x57eb060a1c20 - test[aada8e7e76ba119b]::test_main_inner::{closure#0}
[INFO] [stdout]    6:     0x57eb061080f2 - std[617be2ca0a6fd877]::panicking::panic_with_hook
[INFO] [stdout]    7:     0x57eb060ea382 - std[617be2ca0a6fd877]::panicking::panic_handler::{closure#0}
[INFO] [stdout]    8:     0x57eb060e2de9 - std[617be2ca0a6fd877]::sys::backtrace::__rust_end_short_backtrace::<std[617be2ca0a6fd877]::panicking::panic_handler::{closure#0}, !>
[INFO] [stdout]    9:     0x57eb060eaf8d - __rustc[ea4f61d10b84890b]::rust_begin_unwind
[INFO] [stdout]   10:     0x57eb0612653c - core[a373ad73a504971]::panicking::panic_fmt
[INFO] [stdout]   11:     0x57eb06126312 - core[a373ad73a504971]::result::unwrap_failed
[INFO] [stdout]   12:     0x57eb06081ef1 - transport[9c8e11ae36f8ae8b]::run_plugin
[INFO] [stdout]   13:     0x57eb06085f5f - <transport[9c8e11ae36f8ae8b]::a_second_push_from_the_same_machine_updates_the_remote::{closure#0} as core[a373ad73a504971]::ops::function::FnOnce<()>>::call_once
[INFO] [stdout]   14:     0x57eb0609506b - test[aada8e7e76ba119b]::__rust_begin_short_backtrace::<core[a373ad73a504971]::result::Result<(), alloc[2e1b2a31b91974c5]::string::String>, fn() -> core[a373ad73a504971]::result::Result<(), alloc[2e1b2a31b91974c5]::string::String>>
[INFO] [stdout]   15:     0x57eb060a2245 - test[aada8e7e76ba119b]::run_test::{closure#0}
[INFO] [stdout]   16:     0x57eb0609bb34 - std[617be2ca0a6fd877]::sys::backtrace::__rust_begin_short_backtrace::<test[aada8e7e76ba119b]::run_test::{closure#1}, ()>
[INFO] [stdout]   17:     0x57eb060a52d2 - <std[617be2ca0a6fd877]::thread::lifecycle::spawn_unchecked<test[aada8e7e76ba119b]::run_test::{closure#1}, ()>::{closure#1} as core[a373ad73a504971]::ops::function::FnOnce<()>>::call_once::{shim:vtable#0}
[INFO] [stdout]   18:     0x57eb0611042f - <std[617be2ca0a6fd877]::sys::thread::unix::Thread>::new::thread_start
[INFO] [stdout]   19:     0x74b170df9dfa - <unknown>
[INFO] [stdout]   20:     0x74b170e8d3d4 - clone
[INFO] [stdout]   21:                0x0 - <unknown>
[INFO] [stdout] 
[INFO] [stdout] ---- a_push_landing_on_top_of_someone_elses_takes_the_remotes_state_first stdout ----
[INFO] [stdout] 
[INFO] [stdout] thread 'a_push_landing_on_top_of_someone_elses_takes_the_remotes_state_first' (507) panicked at tests/transport.rs:22:10:
[INFO] [stdout] the plugin binary must be runnable: Os { code: 2, kind: NotFound, message: "No such file or directory" }
[INFO] [stdout] stack backtrace:
[INFO] [stdout]    0:     0x57eb06111181 - <<std[617be2ca0a6fd877]::sys::backtrace::BacktraceLock>::print::DisplayBacktrace as core[a373ad73a504971]::fmt::Display>::fmt
[INFO] [stdout]    1:     0x57eb06125e0a - core[a373ad73a504971]::fmt::write
[INFO] [stdout]    2:     0x57eb0611568c - <alloc[2e1b2a31b91974c5]::vec::Vec<u8> as core[a373ad73a504971]::io::write::Write>::write_fmt
[INFO] [stdout]    3:     0x57eb060ea2d6 - std[617be2ca0a6fd877]::panicking::default_hook::{closure#0}
[INFO] [stdout]    4:     0x57eb06107f39 - std[617be2ca0a6fd877]::panicking::default_hook
[INFO] [stdout]    5:     0x57eb060a1c20 - test[aada8e7e76ba119b]::test_main_inner::{closure#0}
[INFO] [stdout]    6:     0x57eb061080f2 - std[617be2ca0a6fd877]::panicking::panic_with_hook
[INFO] [stdout]    7:     0x57eb060ea382 - std[617be2ca0a6fd877]::panicking::panic_handler::{closure#0}
[INFO] [stdout]    8:     0x57eb060e2de9 - std[617be2ca0a6fd877]::sys::backtrace::__rust_end_short_backtrace::<std[617be2ca0a6fd877]::panicking::panic_handler::{closure#0}, !>
[INFO] [stdout]    9:     0x57eb060eaf8d - __rustc[ea4f61d10b84890b]::rust_begin_unwind
[INFO] [stdout]   10:     0x57eb0612653c - core[a373ad73a504971]::panicking::panic_fmt
[INFO] [stdout]   11:     0x57eb06126312 - core[a373ad73a504971]::result::unwrap_failed
[INFO] [stdout]   12:     0x57eb06081ef1 - transport[9c8e11ae36f8ae8b]::run_plugin
[INFO] [stdout]   13:     0x57eb060893e5 - <transport[9c8e11ae36f8ae8b]::a_push_landing_on_top_of_someone_elses_takes_the_remotes_state_first::{closure#0} as core[a373ad73a504971]::ops::function::FnOnce<()>>::call_once
[INFO] [stdout]   14:     0x57eb0609506b - test[aada8e7e76ba119b]::__rust_begin_short_backtrace::<core[a373ad73a504971]::result::Result<(), alloc[2e1b2a31b91974c5]::string::String>, fn() -> core[a373ad73a504971]::result::Result<(), alloc[2e1b2a31b91974c5]::string::String>>
[INFO] [stdout]   15:     0x57eb060a2245 - test[aada8e7e76ba119b]::run_test::{closure#0}
[INFO] [stdout]   16:     0x57eb0609bb34 - std[617be2ca0a6fd877]::sys::backtrace::__rust_begin_short_backtrace::<test[aada8e7e76ba119b]::run_test::{closure#1}, ()>
[INFO] [stdout]   17:     0x57eb060a52d2 - <std[617be2ca0a6fd877]::thread::lifecycle::spawn_unchecked<test[aada8e7e76ba119b]::run_test::{closure#1}, ()>::{closure#1} as core[a373ad73a504971]::ops::function::FnOnce<()>>::call_once::{shim:vtable#0}
[INFO] [stdout]   18:     0x57eb0611042f - <std[617be2ca0a6fd877]::sys::thread::unix::Thread>::new::thread_start
[INFO] [stdout]   19:     0x74b170df9dfa - <unknown>
[INFO] [stdout]   20:     0x74b170e8d3d4 - clone
[INFO] [stdout]   21:                0x0 - <unknown>
[INFO] [stdout] 
[INFO] [stdout] ---- a_push_works_on_a_machine_with_no_git_identity_configured stdout ----
[INFO] [stdout] 
[INFO] [stdout] thread 'a_push_works_on_a_machine_with_no_git_identity_configured' (509) panicked at tests/transport.rs:473:10:
[INFO] [stdout] called `Result::unwrap()` on an `Err` value: Os { code: 2, kind: NotFound, message: "No such file or directory" }
[INFO] [stdout] stack backtrace:
[INFO] [stdout]    0:     0x57eb06111181 - <<std[617be2ca0a6fd877]::sys::backtrace::BacktraceLock>::print::DisplayBacktrace as core[a373ad73a504971]::fmt::Display>::fmt
[INFO] [stdout]    1:     0x57eb06125e0a - core[a373ad73a504971]::fmt::write
[INFO] [stdout]    2:     0x57eb0611568c - <alloc[2e1b2a31b91974c5]::vec::Vec<u8> as core[a373ad73a504971]::io::write::Write>::write_fmt
[INFO] [stdout]    3:     0x57eb060ea2d6 - std[617be2ca0a6fd877]::panicking::default_hook::{closure#0}
[INFO] [stdout]    4:     0x57eb06107f39 - std[617be2ca0a6fd877]::panicking::default_hook
[INFO] [stdout]    5:     0x57eb060a1c20 - test[aada8e7e76ba119b]::test_main_inner::{closure#0}
[INFO] [stdout]    6:     0x57eb061080f2 - std[617be2ca0a6fd877]::panicking::panic_with_hook
[INFO] [stdout]    7:     0x57eb060ea382 - std[617be2ca0a6fd877]::panicking::panic_handler::{closure#0}
[INFO] [stdout]    8:     0x57eb060e2de9 - std[617be2ca0a6fd877]::sys::backtrace::__rust_end_short_backtrace::<std[617be2ca0a6fd877]::panicking::panic_handler::{closure#0}, !>
[INFO] [stdout]    9:     0x57eb060eaf8d - __rustc[ea4f61d10b84890b]::rust_begin_unwind
[INFO] [stdout]   10:     0x57eb0612653c - core[a373ad73a504971]::panicking::panic_fmt
[INFO] [stdout]   11:     0x57eb06126312 - core[a373ad73a504971]::result::unwrap_failed
[INFO] [stdout]   12:     0x57eb06086fee - <transport[9c8e11ae36f8ae8b]::a_push_works_on_a_machine_with_no_git_identity_configured::{closure#0} as core[a373ad73a504971]::ops::function::FnOnce<()>>::call_once
[INFO] [stdout]   13:     0x57eb0609506b - test[aada8e7e76ba119b]::__rust_begin_short_backtrace::<core[a373ad73a504971]::result::Result<(), alloc[2e1b2a31b91974c5]::string::String>, fn() -> core[a373ad73a504971]::result::Result<(), alloc[2e1b2a31b91974c5]::string::String>>
[INFO] [stdout]   14:     0x57eb060a2245 - test[aada8e7e76ba119b]::run_test::{closure#0}
[INFO] [stdout]   15:     0x57eb0609bb34 - std[617be2ca0a6fd877]::sys::backtrace::__rust_begin_short_backtrace::<test[aada8e7e76ba119b]::run_test::{closure#1}, ()>
[INFO] [stdout]   16:     0x57eb060a52d2 - <std[617be2ca0a6fd877]::thread::lifecycle::spawn_unchecked<test[aada8e7e76ba119b]::run_test::{closure#1}, ()>::{closure#1} as core[a373ad73a504971]::ops::function::FnOnce<()>>::call_once::{shim:vtable#0}
[INFO] [stdout]   17:     0x57eb0611042f - <std[617be2ca0a6fd877]::sys::thread::unix::Thread>::new::thread_start
[INFO] [stdout]   18:     0x74b170df9dfa - <unknown>
[INFO] [stdout]   19:     0x74b170e8d3d4 - clone
[INFO] [stdout]   20:                0x0 - <unknown>
[INFO] [stdout] 
[INFO] [stdout] 
[INFO] [stdout] failures:
[INFO] [stdout]     a_changed_vault_of_the_same_length_is_still_published
[INFO] [stdout]     a_push_landing_on_top_of_someone_elses_takes_the_remotes_state_first
[INFO] [stdout]     a_push_of_what_is_already_there_says_so_without_committing
[INFO] [stdout]     a_push_works_on_a_machine_with_no_git_identity_configured
[INFO] [stdout]     a_second_push_from_the_same_machine_updates_the_remote
[INFO] [stdout]     a_stale_working_copy_catches_up_before_it_pushes
[INFO] [stdout]     a_vault_pushed_here_comes_back_from_a_second_machine
[INFO] [stdout]     pulling_something_the_repository_does_not_hold_says_which_name
[INFO] [stdout]     run_by_hand_it_explains_what_it_is_instead_of_waiting_for_input
[INFO] [stdout]     the_manifest_is_what_sefy_expects
[INFO] [stdout]     two_machines_pushing_different_names_do_not_tread_on_each_other
[INFO] [stdout]     without_the_repository_variable_the_error_says_what_to_set
[INFO] [stdout] 
[INFO] [stdout] test result: FAILED. 0 passed; 12 failed; 0 ignored; 0 measured; 0 filtered out; finished in 0.49s
[INFO] [stdout] 
[INFO] running `Command { std: "docker" "inspect" "9fcfc1542ef054f745c1fb1eae156f396cc7346a4369031827c1eb3f4df7222c", kill_on_drop: false }`
[INFO] running `Command { std: "docker" "rm" "-f" "9fcfc1542ef054f745c1fb1eae156f396cc7346a4369031827c1eb3f4df7222c", kill_on_drop: false }`
[INFO] [stdout] 9fcfc1542ef054f745c1fb1eae156f396cc7346a4369031827c1eb3f4df7222c
