[INFO] fetching crate sayit 0.3.0...
[INFO] testing sayit-0.3.0 against 1.100.0-beta.1+cargoflags=--release for beta-release-1.100-2
[INFO] extracting crate sayit 0.3.0 into /workspace/builds/worker-0-tc2/source
[INFO] started tweaking crates.io crate sayit 0.3.0
[INFO] finished tweaking crates.io crate sayit 0.3.0
[INFO] tweaked toml for crates.io crate sayit 0.3.0 written to /workspace/builds/worker-0-tc2/source/Cargo.toml
[INFO] validating manifest of crates.io crate sayit 0.3.0 on toolchain 1.100.0-beta.1
[INFO] running `Command { std: CARGO_HOME="/workspace/cargo-home" RUSTUP_HOME="/workspace/rustup-home" "/workspace/cargo-home/bin/cargo" "+1.100.0-beta.1" "metadata" "--manifest-path" "Cargo.toml" "--no-deps", kill_on_drop: false }`
[INFO] crate crates.io crate sayit 0.3.0 already has a lockfile, it will not be regenerated
[INFO] running `Command { std: CARGO_HOME="/workspace/cargo-home" RUSTUP_HOME="/workspace/rustup-home" "/workspace/cargo-home/bin/cargo" "+1.100.0-beta.1" "fetch" "--manifest-path" "Cargo.toml", kill_on_drop: false }`
[INFO] [stderr] warning: `package.homepage` is redundant with `package.repository`
[INFO] [stderr]   --> Cargo.toml:69:12
[INFO] [stderr]    |
[INFO] [stderr] 69 | homepage = "https://git.based.computer/fogapod/sayit"
[INFO] [stderr]    |            ^^^^^^^^^^^^^^^^^^^^^^^^^^^^^^^^^^^^^^^^^^
[INFO] [stderr] ...
[INFO] [stderr] 75 | repository = "https://git.based.computer/fogapod/sayit"
[INFO] [stderr]    |              ------------------------------------------
[INFO] [stderr]    |
[INFO] [stderr]    = note: `cargo::redundant_homepage` is set to `warn` by default
[INFO] [stderr] help: consider removing `package.homepage`
[INFO] [stderr] warning: `sayit` (manifest) generated 1 warning
[INFO] [stderr]     Blocking waiting for file lock on package cache
[INFO] [stderr]     Blocking waiting for file lock on package cache
[INFO] running `Command { std: "docker" "create" "-v" "/var/lib/crater-agent-workspace/builds/worker-0-tc2/source:/opt/rustwide/workdir:ro,Z" "-v" "/var/lib/crater-agent-workspace/builds/worker-0-tc2/target:/opt/rustwide/target:rw,Z" "-v" "/var/lib/crater-agent-workspace/cargo-home:/opt/rustwide/cargo-home:ro,Z" "-v" "/var/lib/crater-agent-workspace/rustup-home:/opt/rustwide/rustup-home:ro,Z" "-m" "1610612736" "--network" "none" "ghcr.io/rust-lang/crates-build-env/linux@sha256:77db811e55d90add9212f6832c23229e3de5f1c1f9905e8cb07319ea15df73ac" "sleep" "infinity", kill_on_drop: false }`
[INFO] [stdout] 20f7b1df544a7acfbbf420ab041c024a41b933c5f28af47b7819e9d3b7dbc8c6
[INFO] running `Command { std: "docker" "start" "20f7b1df544a7acfbbf420ab041c024a41b933c5f28af47b7819e9d3b7dbc8c6", kill_on_drop: false }`
[INFO] running `Command { std: "docker" "inspect" "20f7b1df544a7acfbbf420ab041c024a41b933c5f28af47b7819e9d3b7dbc8c6", kill_on_drop: false }`
[INFO] running `Command { std: "docker" "exec" "-e" "SOURCE_DIR=/opt/rustwide/workdir" "-e" "CARGO_HOME=/opt/rustwide/cargo-home" "-e" "RUSTUP_HOME=/opt/rustwide/rustup-home" "-e" "CARGO_TARGET_DIR=/opt/rustwide/target" "-w" "/opt/rustwide/workdir" "--user" "0:0" "20f7b1df544a7acfbbf420ab041c024a41b933c5f28af47b7819e9d3b7dbc8c6" "/opt/rustwide/cargo-home/bin/cargo" "+1.100.0-beta.1" "metadata" "--no-deps" "--format-version=1", kill_on_drop: false }`
[INFO] running `Command { std: "docker" "inspect" "20f7b1df544a7acfbbf420ab041c024a41b933c5f28af47b7819e9d3b7dbc8c6", kill_on_drop: false }`
[INFO] running `Command { std: "docker" "exec" "-e" "SOURCE_DIR=/opt/rustwide/workdir" "-e" "CARGO_HOME=/opt/rustwide/cargo-home" "-e" "RUSTUP_HOME=/opt/rustwide/rustup-home" "-e" "CARGO_TARGET_DIR=/opt/rustwide/target" "-e" "CARGO_INCREMENTAL=0" "-e" "RUST_BACKTRACE=full" "-e" "RUSTFLAGS=--cap-lints=warn" "-e" "RUSTDOCFLAGS=--cap-lints=warn" "-w" "/opt/rustwide/workdir" "--user" "0:0" "20f7b1df544a7acfbbf420ab041c024a41b933c5f28af47b7819e9d3b7dbc8c6" "/opt/rustwide/cargo-home/bin/cargo" "+1.100.0-beta.1" "build" "--frozen" "--message-format=json" "--release", kill_on_drop: false }`
[INFO] [stderr] warning: `package.homepage` is redundant with `package.repository`
[INFO] [stderr]   --> Cargo.toml:69:12
[INFO] [stderr]    |
[INFO] [stderr] 69 | homepage = "https://git.based.computer/fogapod/sayit"
[INFO] [stderr]    |            ^^^^^^^^^^^^^^^^^^^^^^^^^^^^^^^^^^^^^^^^^^
[INFO] [stderr] ...
[INFO] [stderr] 75 | repository = "https://git.based.computer/fogapod/sayit"
[INFO] [stderr]    |              ------------------------------------------
[INFO] [stderr]    |
[INFO] [stderr]    = note: `cargo::redundant_homepage` is set to `warn` by default
[INFO] [stderr] help: consider removing `package.homepage`
[INFO] [stderr] warning: `sayit` (manifest) generated 1 warning
[INFO] [stderr]    Compiling proc-macro2 v1.0.78
[INFO] [stderr]    Compiling unicode-ident v1.0.12
[INFO] [stderr]    Compiling serde v1.0.197
[INFO] [stderr]    Compiling memchr v2.7.1
[INFO] [stderr]    Compiling regex-syntax v0.8.2
[INFO] [stderr]    Compiling inventory v0.3.15
[INFO] [stderr]    Compiling once_cell v1.19.0
[INFO] [stderr]    Compiling log v0.4.21
[INFO] [stderr]    Compiling dyn-clone v1.0.17
[INFO] [stderr]    Compiling fastrand v2.0.1
[INFO] [stderr]    Compiling quote v1.0.35
[INFO] [stderr]    Compiling aho-corasick v1.1.2
[INFO] [stderr]    Compiling syn v2.0.52
[INFO] [stderr]    Compiling regex-automata v0.4.5
[INFO] [stderr]    Compiling serde_derive v1.0.197
[INFO] [stderr]    Compiling typetag-impl v0.2.16
[INFO] [stderr]    Compiling erased-serde v0.4.3
[INFO] [stderr]    Compiling typetag v0.2.16
[INFO] [stderr]    Compiling sayit v0.3.0 (/opt/rustwide/workdir)
[INFO] [stderr] warning: unused dependency `log`
[INFO] [stderr]   --> Cargo.toml:28:15
[INFO] [stderr]    |
[INFO] [stderr] 28 | [dependencies.log]
[INFO] [stderr]    |               ^^^^
[INFO] [stderr]    |
[INFO] [stderr]    = note: `cargo::unused_dependencies` is set to `warn` by default
[INFO] [stderr] help: consider removing the dependency on `log`
[INFO] [stderr] warning: `sayit` (manifest) generated 1 warning
[INFO] [stderr]     Finished `release` profile [optimized] target(s) in 18.71s
[INFO] running `Command { std: "docker" "inspect" "20f7b1df544a7acfbbf420ab041c024a41b933c5f28af47b7819e9d3b7dbc8c6", kill_on_drop: false }`
[INFO] running `Command { std: "docker" "exec" "-e" "SOURCE_DIR=/opt/rustwide/workdir" "-e" "CARGO_HOME=/opt/rustwide/cargo-home" "-e" "RUSTUP_HOME=/opt/rustwide/rustup-home" "-e" "CARGO_TARGET_DIR=/opt/rustwide/target" "-e" "CARGO_INCREMENTAL=0" "-e" "RUST_BACKTRACE=full" "-e" "RUSTFLAGS=--cap-lints=warn" "-e" "RUSTDOCFLAGS=--cap-lints=warn" "-w" "/opt/rustwide/workdir" "--user" "0:0" "20f7b1df544a7acfbbf420ab041c024a41b933c5f28af47b7819e9d3b7dbc8c6" "/opt/rustwide/cargo-home/bin/cargo" "+1.100.0-beta.1" "test" "--frozen" "--no-run" "--message-format=json" "--release", kill_on_drop: false }`
[INFO] [stderr] warning: `package.homepage` is redundant with `package.repository`
[INFO] [stderr]   --> Cargo.toml:69:12
[INFO] [stderr]    |
[INFO] [stderr] 69 | homepage = "https://git.based.computer/fogapod/sayit"
[INFO] [stderr]    |            ^^^^^^^^^^^^^^^^^^^^^^^^^^^^^^^^^^^^^^^^^^
[INFO] [stderr] ...
[INFO] [stderr] 75 | repository = "https://git.based.computer/fogapod/sayit"
[INFO] [stderr]    |              ------------------------------------------
[INFO] [stderr]    |
[INFO] [stderr]    = note: `cargo::redundant_homepage` is set to `warn` by default
[INFO] [stderr] help: consider removing `package.homepage`
[INFO] [stderr] warning: `sayit` (manifest) generated 1 warning
[INFO] [stderr]    Compiling autocfg v1.1.0
[INFO] [stderr]    Compiling crossbeam-utils v0.8.19
[INFO] [stderr]    Compiling rayon-core v1.12.1
[INFO] [stderr]    Compiling cfg-if v1.0.0
[INFO] [stderr]    Compiling serde_json v1.0.114
[INFO] [stderr]    Compiling libc v0.2.153
[INFO] [stderr]    Compiling either v1.10.0
[INFO] [stderr]    Compiling plotters-backend v0.3.5
[INFO] [stderr]    Compiling ciborium-io v0.2.2
[INFO] [stderr]    Compiling itoa v1.0.10
[INFO] [stderr]    Compiling os_str_bytes v6.6.1
[INFO] [stderr]    Compiling hashbrown v0.12.3
[INFO] [stderr]    Compiling ryu v1.0.17
[INFO] [stderr]    Compiling bitflags v1.3.2
[INFO] [stderr]    Compiling textwrap v0.16.1
[INFO] [stderr]    Compiling cast v0.3.0
[INFO] [stderr]    Compiling half v2.4.0
[INFO] [stderr]    Compiling same-file v1.0.6
[INFO] [stderr]    Compiling regex v1.10.3
[INFO] [stderr]    Compiling bitflags v2.4.2
[INFO] [stderr]    Compiling walkdir v2.5.0
[INFO] [stderr]    Compiling lazy_static v1.4.0
[INFO] [stderr]    Compiling base64 v0.21.7
[INFO] [stderr]    Compiling itertools v0.10.5
[INFO] [stderr]    Compiling num-traits v0.2.18
[INFO] [stderr]    Compiling indexmap v1.9.3
[INFO] [stderr]    Compiling ciborium-ll v0.2.2
[INFO] [stderr]    Compiling oorandom v11.1.3
[INFO] [stderr]    Compiling anes v0.1.6
[INFO] [stderr]    Compiling clap_lex v0.2.4
[INFO] [stderr]    Compiling ciborium v0.2.2
[INFO] [stderr]    Compiling plotters-svg v0.3.5
[INFO] [stderr]    Compiling ron v0.8.1
[INFO] [stderr]    Compiling crossbeam-epoch v0.9.18
[INFO] [stderr]    Compiling crossbeam-deque v0.8.5
[INFO] [stderr]    Compiling atty v0.2.14
[INFO] [stderr]    Compiling clap v3.2.25
[INFO] [stderr]    Compiling tinytemplate v1.2.1
[INFO] [stderr]    Compiling plotters v0.3.5
[INFO] [stderr]    Compiling rayon v1.9.0
[INFO] [stderr]    Compiling criterion-plot v0.5.0
[INFO] [stderr]    Compiling criterion v0.4.0
[INFO] [stderr]    Compiling sayit v0.3.0 (/opt/rustwide/workdir)
[INFO] [stdout] warning: hiding a lifetime that's elided elsewhere is confusing
[INFO] [stdout]    --> src/tag_impls/mod.rs:276:28
[INFO] [stdout]     |
[INFO] [stdout] 276 |     fn make_match(pattern: &str) -> Match {
[INFO] [stdout]     |                            ^^^^     ^^^^^ the same lifetime is hidden here
[INFO] [stdout]     |                            |
[INFO] [stdout]     |                            the lifetime is elided here
[INFO] [stdout]     |
[INFO] [stdout]     = help: the same lifetime is referred to in inconsistent ways, making the signature confusing
[INFO] [stdout]     = note: `#[warn(mismatched_lifetime_syntaxes)]` on by default
[INFO] [stdout] help: use `'_` for type paths
[INFO] [stdout]     |
[INFO] [stdout] 276 |     fn make_match(pattern: &str) -> Match<'_> {
[INFO] [stdout]     |                                          ++++
[INFO] [stdout] 
[INFO] [stdout] 
[INFO] [stderr] warning: unused dependency `log`
[INFO] [stderr]   --> Cargo.toml:28:15
[INFO] [stderr]    |
[INFO] [stderr] 28 | [dependencies.log]
[INFO] [stderr]    |               ^^^^
[INFO] [stderr]    |
[INFO] [stderr]    = note: `cargo::unused_dependencies` is set to `warn` by default
[INFO] [stderr] help: consider removing the dependency on `log`
[INFO] [stderr] warning: `sayit` (manifest) generated 1 warning
[INFO] [stderr]     Finished `release` profile [optimized] target(s) in 1m 00s
[INFO] running `Command { std: "docker" "inspect" "20f7b1df544a7acfbbf420ab041c024a41b933c5f28af47b7819e9d3b7dbc8c6", kill_on_drop: false }`
[INFO] running `Command { std: "docker" "exec" "-e" "SOURCE_DIR=/opt/rustwide/workdir" "-e" "CARGO_HOME=/opt/rustwide/cargo-home" "-e" "RUSTUP_HOME=/opt/rustwide/rustup-home" "-e" "CARGO_TARGET_DIR=/opt/rustwide/target" "-e" "CARGO_INCREMENTAL=0" "-e" "RUST_BACKTRACE=full" "-e" "RUSTFLAGS=--cap-lints=warn" "-e" "RUSTDOCFLAGS=--cap-lints=warn" "-w" "/opt/rustwide/workdir" "--user" "0:0" "20f7b1df544a7acfbbf420ab041c024a41b933c5f28af47b7819e9d3b7dbc8c6" "/opt/rustwide/cargo-home/bin/cargo" "+1.100.0-beta.1" "test" "--frozen" "--release", kill_on_drop: false }`
[INFO] [stderr] warning: `package.homepage` is redundant with `package.repository`
[INFO] [stderr]   --> Cargo.toml:69:12
[INFO] [stderr]    |
[INFO] [stderr] 69 | homepage = "https://git.based.computer/fogapod/sayit"
[INFO] [stderr]    |            ^^^^^^^^^^^^^^^^^^^^^^^^^^^^^^^^^^^^^^^^^^
[INFO] [stderr] ...
[INFO] [stderr] 75 | repository = "https://git.based.computer/fogapod/sayit"
[INFO] [stderr]    |              ------------------------------------------
[INFO] [stderr]    |
[INFO] [stderr]    = note: `cargo::redundant_homepage` is set to `warn` by default
[INFO] [stderr] help: consider removing `package.homepage`
[INFO] [stderr] warning: `sayit` (manifest) generated 1 warning
[INFO] [stderr] warning: hiding a lifetime that's elided elsewhere is confusing
[INFO] [stderr]    --> src/tag_impls/mod.rs:276:28
[INFO] [stderr]     |
[INFO] [stderr] 276 |     fn make_match(pattern: &str) -> Match {
[INFO] [stderr]     |                            ^^^^     ^^^^^ the same lifetime is hidden here
[INFO] [stderr]     |                            |
[INFO] [stderr]     |                            the lifetime is elided here
[INFO] [stderr]     |
[INFO] [stderr]     = help: the same lifetime is referred to in inconsistent ways, making the signature confusing
[INFO] [stderr]     = note: `#[warn(mismatched_lifetime_syntaxes)]` on by default
[INFO] [stderr] help: use `'_` for type paths
[INFO] [stderr]     |
[INFO] [stderr] 276 |     fn make_match(pattern: &str) -> Match<'_> {
[INFO] [stderr]     |                                          ++++
[INFO] [stderr] 
[INFO] [stderr] warning: `sayit` (lib test) generated 1 warning (run `cargo fix --lib -p sayit --tests` to apply 1 suggestion)
[INFO] [stderr] warning: unused dependency `log`
[INFO] [stderr]   --> Cargo.toml:28:15
[INFO] [stderr]    |
[INFO] [stderr] 28 | [dependencies.log]
[INFO] [stderr]    |               ^^^^
[INFO] [stderr]    |
[INFO] [stderr]    = note: `cargo::unused_dependencies` is set to `warn` by default
[INFO] [stderr] help: consider removing the dependency on `log`
[INFO] [stderr] warning: `sayit` (manifest) generated 1 warning
[INFO] [stderr]     Finished `release` profile [optimized] target(s) in 0.10s
[INFO] [stderr]      Running unittests src/lib.rs (/opt/rustwide/target/release/build/sayit/c5788362e8250f7c/out/sayit-c5788362e8250f7c)
[INFO] [stdout] 
[INFO] [stdout] running 49 tests
[INFO] [stdout] test accent::tests::construction_error_first_must_be_0 ... ok
[INFO] [stdout] test deserialize::tests::ron_invalid_tag_any ... ok
[INFO] [stdout] test deserialize::tests::ron_invalid_tag_weighted ... ok
[INFO] [stdout] test deserialize::tests::ron_malformed ... ok
[INFO] [stdout] test accent::tests::construction_error_empty_intensities ... ok
[INFO] [stdout] test accent::tests::e ... ok
[INFO] [stdout] test intensity::tests::rules_replaced ... ok
[INFO] [stdout] test deserialize::tests::pass_duplicated_regexes_now_allowed ... ok
[INFO] [stdout] test deserialize::tests::ron_replace_replaces ... ok
[INFO] [stdout] test intensity::tests::passes_appended ... ok
[INFO] [stdout] test deserialize::tests::intensity_0_not_allowed ... ok
[INFO] [stdout] test deserialize::tests::ron_empty ... ok
[INFO] [stdout] test deserialize::tests::ron_minimal ... ok
[INFO] [stdout] test tag_impls::literal::tests::mimic_case_input_titled ... ok
[INFO] [stdout] test tag_impls::literal::tests::mimic_case_input_titled_single_letter ... ok
[INFO] [stdout] test deserialize::tests::intensity_selection ... ok
[INFO] [stdout] test pass::tests::rules_replaced ... ok
[INFO] [stdout] test tag_impls::literal::tests::mimic_case_input_lowercase ... ok
[INFO] [stdout] test tag_impls::literal::tests::mimic_case_input_mixed_case ... ok
[INFO] [stdout] test intensity::tests::rules_appended ... ok
[INFO] [stdout] test accent::tests::construction_error_out_of_order ... ok
[INFO] [stdout] test deserialize::tests::custom_tag_works ... ok
[INFO] [stdout] test deserialize::tests::ron_extend_extends ... ok
[INFO] [stdout] test tag_impls::literal::tests::mimic_case_input_uppercase ... ok
[INFO] [stdout] test tag_impls::literal::tests::string_counts_chars ... ok
[INFO] [stdout] test tag_impls::literal::tests::string_detects_uppercase ... ok
[INFO] [stdout] test deserialize::tests::ron_all_features ... ok
[INFO] [stdout] test pass::tests::rules_appended ... ok
[INFO] [stdout] test tag_impls::literal::tests::string_detects_lowercase ... ok
[INFO] [stdout] test tag_impls::tests::lower ... ok
[INFO] [stdout] test tag_impls::literal::tests::string_detects_template ... ok
[INFO] [stdout] test tag_impls::tests::any ... ok
[INFO] [stdout] test tag_impls::tests::original ... ok
[INFO] [stdout] test tag_impls::tests::upper ... ok
[INFO] [stdout] test tag_impls::tests::concat ... ok
[INFO] [stdout] test tag_impls::tests::weights_cum_weights ... ok
[INFO] [stdout] test tag_impls::tests::weights_cum_weights_errors ... ok
[INFO] [stdout] test tag_impls::tests::delete ... ok
[INFO] [stdout] test tag_impls::tests::weights_single ... ok
[INFO] [stdout] test utils::tests::runtime_format_requires_replacement ... ok
[INFO] [stdout] test utils::tests::runtime_format_formats ... ok
[INFO] [stdout] test tag_impls::tests::expansion ... ok
[INFO] [stdout] test tag_impls::tests::literal ... ok
[INFO] [stdout] test tag_impls::tests::literal_templates ... ok
[INFO] [stdout] test tag_impls::tests::weights ... FAILED
[INFO] [stdout] test utils::tests::runtime_format_unmatched ... ok
[INFO] [stdout] test utils::tests::runtime_format_escapes ... ok
[INFO] [stdout] test tag_impls::tests::literal_mimics_case ... ok
[INFO] [stdout] test tag_impls::tests::concatenated_not_mimics ... ok
[INFO] [stdout] 
[INFO] [stdout] failures:
[INFO] [stdout] 
[INFO] [stdout] ---- tag_impls::tests::weights stdout ----
[INFO] [stdout] 
[INFO] [stdout] thread 'tag_impls::tests::weights' (976) panicked at src/tag_impls/mod.rs:368:9:
[INFO] [stdout] assertion failed: vec!["bar", "baz"].contains(&selected.as_str())
[INFO] [stdout] stack backtrace:
[INFO] [stdout]    0:     0x613d69f63a47 - <unknown>
[INFO] [stdout]    1:     0x613d69e9999a - <unknown>
[INFO] [stdout]    2:     0x613d69f62ffb - <unknown>
[INFO] [stdout]    3:     0x613d69f62adf - <unknown>
[INFO] [stdout]    4:     0x613d69f6270a - <unknown>
[INFO] [stdout]    5:     0x613d69f62245 - <unknown>
[INFO] [stdout]    6:     0x613d69f890d2 - <unknown>
[INFO] [stdout]    7:     0x613d69f89059 - <unknown>
[INFO] [stdout]    8:     0x613d69f8955c - <unknown>
[INFO] [stdout]    9:     0x613d69e9982b - <unknown>
[INFO] [stdout]   10:     0x613d69e9b111 - <unknown>
[INFO] [stdout]   11:     0x613d69e69eb7 - <unknown>
[INFO] [stdout]   12:     0x613d69fa1b2b - <unknown>
[INFO] [stdout]   13:     0x613d69f9cf8f - <unknown>
[INFO] [stdout]   14:     0x613d69f9ca0c - <unknown>
[INFO] [stdout]   15:     0x613d69fbcf7c - <unknown>
[INFO] [stdout]   16:     0x613d69f8abc4 - <unknown>
[INFO] [stdout]   17:     0x79f49544ddfa - <unknown>
[INFO] [stdout]   18:     0x79f4954e13d4 - clone
[INFO] [stdout]   19:                0x0 - <unknown>
[INFO] [stdout] 
[INFO] [stdout] 
[INFO] [stdout] failures:
[INFO] [stdout]     tag_impls::tests::weights
[INFO] [stdout] 
[INFO] [stdout] test result: FAILED. 48 passed; 1 failed; 0 ignored; 0 measured; 0 filtered out; finished in 0.04s
[INFO] [stdout] 
[INFO] [stderr] error: test failed, to rerun pass `--lib`
[INFO] running `Command { std: "docker" "inspect" "20f7b1df544a7acfbbf420ab041c024a41b933c5f28af47b7819e9d3b7dbc8c6", kill_on_drop: false }`
[INFO] running `Command { std: "docker" "rm" "-f" "20f7b1df544a7acfbbf420ab041c024a41b933c5f28af47b7819e9d3b7dbc8c6", kill_on_drop: false }`
[INFO] [stdout] 20f7b1df544a7acfbbf420ab041c024a41b933c5f28af47b7819e9d3b7dbc8c6
