[INFO] fetching crate rusty_chess_clock 1.0.2...
[INFO] testing rusty_chess_clock-1.0.2 against 1.100.0-beta.1+cargoflags=--release for beta-release-1.100-2
[INFO] extracting crate rusty_chess_clock 1.0.2 into /workspace/builds/worker-6-tc2/source
[INFO] started tweaking crates.io crate rusty_chess_clock 1.0.2
[INFO] finished tweaking crates.io crate rusty_chess_clock 1.0.2
[INFO] tweaked toml for crates.io crate rusty_chess_clock 1.0.2 written to /workspace/builds/worker-6-tc2/source/Cargo.toml
[INFO] validating manifest of crates.io crate rusty_chess_clock 1.0.2 on toolchain 1.100.0-beta.1
[INFO] running `Command { std: CARGO_HOME="/workspace/cargo-home" RUSTUP_HOME="/workspace/rustup-home" "/workspace/cargo-home/bin/cargo" "+1.100.0-beta.1" "metadata" "--manifest-path" "Cargo.toml" "--no-deps", kill_on_drop: false }`
[INFO] crate crates.io crate rusty_chess_clock 1.0.2 already has a lockfile, it will not be regenerated
[INFO] running `Command { std: CARGO_HOME="/workspace/cargo-home" RUSTUP_HOME="/workspace/rustup-home" "/workspace/cargo-home/bin/cargo" "+1.100.0-beta.1" "fetch" "--manifest-path" "Cargo.toml", kill_on_drop: false }`
[INFO] running `Command { std: "docker" "create" "-v" "/var/lib/crater-agent-workspace/builds/worker-6-tc2/source:/opt/rustwide/workdir:ro,Z" "-v" "/var/lib/crater-agent-workspace/builds/worker-6-tc2/target:/opt/rustwide/target:rw,Z" "-v" "/var/lib/crater-agent-workspace/cargo-home:/opt/rustwide/cargo-home:ro,Z" "-v" "/var/lib/crater-agent-workspace/rustup-home:/opt/rustwide/rustup-home:ro,Z" "-m" "1610612736" "--network" "none" "ghcr.io/rust-lang/crates-build-env/linux@sha256:77db811e55d90add9212f6832c23229e3de5f1c1f9905e8cb07319ea15df73ac" "sleep" "infinity", kill_on_drop: false }`
[INFO] [stdout] 35d5adfc893036f4eca4c14e334c755cafbb9928557eb71e60f997c3f8698c15
[INFO] running `Command { std: "docker" "start" "35d5adfc893036f4eca4c14e334c755cafbb9928557eb71e60f997c3f8698c15", kill_on_drop: false }`
[INFO] running `Command { std: "docker" "inspect" "35d5adfc893036f4eca4c14e334c755cafbb9928557eb71e60f997c3f8698c15", kill_on_drop: false }`
[INFO] running `Command { std: "docker" "exec" "-e" "SOURCE_DIR=/opt/rustwide/workdir" "-e" "CARGO_HOME=/opt/rustwide/cargo-home" "-e" "RUSTUP_HOME=/opt/rustwide/rustup-home" "-e" "CARGO_TARGET_DIR=/opt/rustwide/target" "-w" "/opt/rustwide/workdir" "--user" "0:0" "35d5adfc893036f4eca4c14e334c755cafbb9928557eb71e60f997c3f8698c15" "/opt/rustwide/cargo-home/bin/cargo" "+1.100.0-beta.1" "metadata" "--no-deps" "--format-version=1", kill_on_drop: false }`
[INFO] running `Command { std: "docker" "inspect" "35d5adfc893036f4eca4c14e334c755cafbb9928557eb71e60f997c3f8698c15", kill_on_drop: false }`
[INFO] running `Command { std: "docker" "exec" "-e" "SOURCE_DIR=/opt/rustwide/workdir" "-e" "CARGO_HOME=/opt/rustwide/cargo-home" "-e" "RUSTUP_HOME=/opt/rustwide/rustup-home" "-e" "CARGO_TARGET_DIR=/opt/rustwide/target" "-e" "CARGO_INCREMENTAL=0" "-e" "RUST_BACKTRACE=full" "-e" "RUSTFLAGS=--cap-lints=warn" "-e" "RUSTDOCFLAGS=--cap-lints=warn" "-w" "/opt/rustwide/workdir" "--user" "0:0" "35d5adfc893036f4eca4c14e334c755cafbb9928557eb71e60f997c3f8698c15" "/opt/rustwide/cargo-home/bin/cargo" "+1.100.0-beta.1" "build" "--frozen" "--message-format=json" "--release", kill_on_drop: false }`
[INFO] [stderr]    Compiling rusty_chess_clock v1.0.2 (/opt/rustwide/workdir)
[INFO] [stderr]     Finished `release` profile [optimized] target(s) in 0.36s
[INFO] running `Command { std: "docker" "inspect" "35d5adfc893036f4eca4c14e334c755cafbb9928557eb71e60f997c3f8698c15", kill_on_drop: false }`
[INFO] running `Command { std: "docker" "exec" "-e" "SOURCE_DIR=/opt/rustwide/workdir" "-e" "CARGO_HOME=/opt/rustwide/cargo-home" "-e" "RUSTUP_HOME=/opt/rustwide/rustup-home" "-e" "CARGO_TARGET_DIR=/opt/rustwide/target" "-e" "CARGO_INCREMENTAL=0" "-e" "RUST_BACKTRACE=full" "-e" "RUSTFLAGS=--cap-lints=warn" "-e" "RUSTDOCFLAGS=--cap-lints=warn" "-w" "/opt/rustwide/workdir" "--user" "0:0" "35d5adfc893036f4eca4c14e334c755cafbb9928557eb71e60f997c3f8698c15" "/opt/rustwide/cargo-home/bin/cargo" "+1.100.0-beta.1" "test" "--frozen" "--no-run" "--message-format=json" "--release", kill_on_drop: false }`
[INFO] [stderr]    Compiling rusty_chess_clock v1.0.2 (/opt/rustwide/workdir)
[INFO] [stderr]     Finished `release` profile [optimized] target(s) in 0.92s
[INFO] running `Command { std: "docker" "inspect" "35d5adfc893036f4eca4c14e334c755cafbb9928557eb71e60f997c3f8698c15", kill_on_drop: false }`
[INFO] running `Command { std: "docker" "exec" "-e" "SOURCE_DIR=/opt/rustwide/workdir" "-e" "CARGO_HOME=/opt/rustwide/cargo-home" "-e" "RUSTUP_HOME=/opt/rustwide/rustup-home" "-e" "CARGO_TARGET_DIR=/opt/rustwide/target" "-e" "CARGO_INCREMENTAL=0" "-e" "RUST_BACKTRACE=full" "-e" "RUSTFLAGS=--cap-lints=warn" "-e" "RUSTDOCFLAGS=--cap-lints=warn" "-w" "/opt/rustwide/workdir" "--user" "0:0" "35d5adfc893036f4eca4c14e334c755cafbb9928557eb71e60f997c3f8698c15" "/opt/rustwide/cargo-home/bin/cargo" "+1.100.0-beta.1" "test" "--frozen" "--release", kill_on_drop: false }`
[INFO] [stderr]     Finished `release` profile [optimized] target(s) in 0.12s
[INFO] [stderr]      Running unittests src/lib.rs (/opt/rustwide/target/release/build/rusty_chess_clock/f98c88a0165503e0/out/rusty_chess_clock-f98c88a0165503e0)
[INFO] [stdout] 
[INFO] [stdout] running 20 tests
[INFO] [stdout] test clock::tests::test_clock_default ... ok
[INFO] [stdout] test chess_clock::tests::test_chess_clock_default ... ok
[INFO] [stdout] test clock::tests::test_clock_add_subtract ... ok
[INFO] [stdout] test chess_clock::tests::test_chess_clock_manual_finish ... ok
[INFO] [stdout] test duration_display::tests::test_display_3600 ... ok
[INFO] [stdout] test duration_display::tests::test_display_0 ... ok
[INFO] [stdout] test duration_display::tests::test_display_59_99 ... ok
[INFO] [stdout] test duration_display::tests::test_display_60 ... ok
[INFO] [stdout] test duration_display::tests::test_display_65 ... ok
[INFO] [stdout] test duration_display::tests::test_display_600 ... ok
[INFO] [stdout] test duration_display::tests::test_display_600_1 ... ok
[INFO] [stdout] test utils::tests::test_round ... ok
[INFO] [stdout] test sleep::tests::test_sleep_u64 ... FAILED
[INFO] [stdout] test sleep::tests::test_sleep_duration ... FAILED
[INFO] [stdout] test chess_clock::tests::test_chess_clock_finish ... ok
[INFO] [stdout] test clock::tests::test_clock_count_up ... ok
[INFO] [stdout] test chess_clock::tests::test_chess_clock_fischer ... ok
[INFO] [stdout] test chess_clock::tests::test_chess_clock_bronstein ... ok
[INFO] [stdout] test clock::tests::test_clock_count_down ... ok
[INFO] [stdout] test clock::tests::test_running_clock_add_subtract ... ok
[INFO] [stderr] error: test failed, to rerun pass `--lib`
[INFO] [stdout] 
[INFO] [stdout] failures:
[INFO] [stdout] 
[INFO] [stdout] ---- sleep::tests::test_sleep_u64 stdout ----
[INFO] [stdout] 
[INFO] [stdout] thread 'sleep::tests::test_sleep_u64' (162) panicked at src/sleep.rs:53:9:
[INFO] [stdout] assertion `left == right` failed
[INFO] [stdout]   left: 13
[INFO] [stdout]  right: 10
[INFO] [stdout] stack backtrace:
[INFO] [stdout]    0:     0x564fbe7153c1 - <<std[617be2ca0a6fd877]::sys::backtrace::BacktraceLock>::print::DisplayBacktrace as core[a373ad73a504971]::fmt::Display>::fmt
[INFO] [stdout]    1:     0x564fbe7296ea - core[a373ad73a504971]::fmt::write
[INFO] [stdout]    2:     0x564fbe7195dc - <alloc[2e1b2a31b91974c5]::vec::Vec<u8> as core[a373ad73a504971]::io::write::Write>::write_fmt
[INFO] [stdout]    3:     0x564fbe6f1826 - std[617be2ca0a6fd877]::panicking::default_hook::{closure#0}
[INFO] [stdout]    4:     0x564fbe70da59 - std[617be2ca0a6fd877]::panicking::default_hook
[INFO] [stdout]    5:     0x564fbe6aa100 - test[aada8e7e76ba119b]::test_main_inner::{closure#0}
[INFO] [stdout]    6:     0x564fbe70dc12 - std[617be2ca0a6fd877]::panicking::panic_with_hook
[INFO] [stdout]    7:     0x564fbe6f18d2 - std[617be2ca0a6fd877]::panicking::panic_handler::{closure#0}
[INFO] [stdout]    8:     0x564fbe6ea5e9 - std[617be2ca0a6fd877]::sys::backtrace::__rust_end_short_backtrace::<std[617be2ca0a6fd877]::panicking::panic_handler::{closure#0}, !>
[INFO] [stdout]    9:     0x564fbe6f24dd - __rustc[ea4f61d10b84890b]::rust_begin_unwind
[INFO] [stdout]   10:     0x564fbe729e1c - core[a373ad73a504971]::panicking::panic_fmt
[INFO] [stdout]   11:     0x564fbe729d33 - core[a373ad73a504971]::panicking::assert_failed_inner
[INFO] [stdout]   12:     0x564fbe698c8a - core[a373ad73a504971]::panicking::assert_failed::<u128, u128>
[INFO] [stdout]   13:     0x564fbe69d3fd - <rusty_chess_clock[32b2d302ee8958c3]::sleep::tests::test_sleep_u64::{closure#0} as core[a373ad73a504971]::ops::function::FnOnce<()>>::call_once
[INFO] [stdout]   14:     0x564fbe69d54b - test[aada8e7e76ba119b]::__rust_begin_short_backtrace::<core[a373ad73a504971]::result::Result<(), alloc[2e1b2a31b91974c5]::string::String>, fn() -> core[a373ad73a504971]::result::Result<(), alloc[2e1b2a31b91974c5]::string::String>>
[INFO] [stdout]   15:     0x564fbe6aa725 - test[aada8e7e76ba119b]::run_test::{closure#0}
[INFO] [stdout]   16:     0x564fbe6a4014 - std[617be2ca0a6fd877]::sys::backtrace::__rust_begin_short_backtrace::<test[aada8e7e76ba119b]::run_test::{closure#1}, ()>
[INFO] [stdout]   17:     0x564fbe6ad7b2 - <std[617be2ca0a6fd877]::thread::lifecycle::spawn_unchecked<test[aada8e7e76ba119b]::run_test::{closure#1}, ()>::{closure#1} as core[a373ad73a504971]::ops::function::FnOnce<()>>::call_once::{shim:vtable#0}
[INFO] [stdout]   18:     0x564fbe714c1f - <std[617be2ca0a6fd877]::sys::thread::unix::Thread>::new::thread_start
[INFO] [stdout]   19:     0x77049c897dfa - <unknown>
[INFO] [stdout]   20:     0x77049c92b3d4 - clone
[INFO] [stdout]   21:                0x0 - <unknown>
[INFO] [stdout] 
[INFO] [stdout] ---- sleep::tests::test_sleep_duration stdout ----
[INFO] [stdout] 
[INFO] [stdout] thread 'sleep::tests::test_sleep_duration' (161) panicked at src/sleep.rs:42:9:
[INFO] [stdout] assertion `left == right` failed
[INFO] [stdout]   left: 12
[INFO] [stdout]  right: 10
[INFO] [stdout] stack backtrace:
[INFO] [stdout]    0:     0x564fbe7153c1 - <<std[617be2ca0a6fd877]::sys::backtrace::BacktraceLock>::print::DisplayBacktrace as core[a373ad73a504971]::fmt::Display>::fmt
[INFO] [stdout]    1:     0x564fbe7296ea - core[a373ad73a504971]::fmt::write
[INFO] [stdout]    2:     0x564fbe7195dc - <alloc[2e1b2a31b91974c5]::vec::Vec<u8> as core[a373ad73a504971]::io::write::Write>::write_fmt
[INFO] [stdout]    3:     0x564fbe6f1826 - std[617be2ca0a6fd877]::panicking::default_hook::{closure#0}
[INFO] [stdout]    4:     0x564fbe70da59 - std[617be2ca0a6fd877]::panicking::default_hook
[INFO] [stdout]    5:     0x564fbe6aa100 - test[aada8e7e76ba119b]::test_main_inner::{closure#0}
[INFO] [stdout]    6:     0x564fbe70dc12 - std[617be2ca0a6fd877]::panicking::panic_with_hook
[INFO] [stdout]    7:     0x564fbe6f18d2 - std[617be2ca0a6fd877]::panicking::panic_handler::{closure#0}
[INFO] [stdout]    8:     0x564fbe6ea5e9 - std[617be2ca0a6fd877]::sys::backtrace::__rust_end_short_backtrace::<std[617be2ca0a6fd877]::panicking::panic_handler::{closure#0}, !>
[INFO] [stdout]    9:     0x564fbe6f24dd - __rustc[ea4f61d10b84890b]::rust_begin_unwind
[INFO] [stdout]   10:     0x564fbe729e1c - core[a373ad73a504971]::panicking::panic_fmt
[INFO] [stdout]   11:     0x564fbe729d33 - core[a373ad73a504971]::panicking::assert_failed_inner
[INFO] [stdout]   12:     0x564fbe698c8a - core[a373ad73a504971]::panicking::assert_failed::<u128, u128>
[INFO] [stdout]   13:     0x564fbe69d4bd - <rusty_chess_clock[32b2d302ee8958c3]::sleep::tests::test_sleep_duration::{closure#0} as core[a373ad73a504971]::ops::function::FnOnce<()>>::call_once
[INFO] [stdout]   14:     0x564fbe69d54b - test[aada8e7e76ba119b]::__rust_begin_short_backtrace::<core[a373ad73a504971]::result::Result<(), alloc[2e1b2a31b91974c5]::string::String>, fn() -> core[a373ad73a504971]::result::Result<(), alloc[2e1b2a31b91974c5]::string::String>>
[INFO] [stdout]   15:     0x564fbe6aa725 - test[aada8e7e76ba119b]::run_test::{closure#0}
[INFO] [stdout]   16:     0x564fbe6a4014 - std[617be2ca0a6fd877]::sys::backtrace::__rust_begin_short_backtrace::<test[aada8e7e76ba119b]::run_test::{closure#1}, ()>
[INFO] [stdout]   17:     0x564fbe6ad7b2 - <std[617be2ca0a6fd877]::thread::lifecycle::spawn_unchecked<test[aada8e7e76ba119b]::run_test::{closure#1}, ()>::{closure#1} as core[a373ad73a504971]::ops::function::FnOnce<()>>::call_once::{shim:vtable#0}
[INFO] [stdout]   18:     0x564fbe714c1f - <std[617be2ca0a6fd877]::sys::thread::unix::Thread>::new::thread_start
[INFO] [stdout]   19:     0x77049c897dfa - <unknown>
[INFO] [stdout]   20:     0x77049c92b3d4 - clone
[INFO] [stdout]   21:                0x0 - <unknown>
[INFO] [stdout] 
[INFO] [stdout] 
[INFO] [stdout] failures:
[INFO] [stdout]     sleep::tests::test_sleep_duration
[INFO] [stdout]     sleep::tests::test_sleep_u64
[INFO] [stdout] 
[INFO] [stdout] test result: FAILED. 18 passed; 2 failed; 0 ignored; 0 measured; 0 filtered out; finished in 5.01s
[INFO] [stdout] 
[INFO] running `Command { std: "docker" "inspect" "35d5adfc893036f4eca4c14e334c755cafbb9928557eb71e60f997c3f8698c15", kill_on_drop: false }`
[INFO] running `Command { std: "docker" "rm" "-f" "35d5adfc893036f4eca4c14e334c755cafbb9928557eb71e60f997c3f8698c15", kill_on_drop: false }`
[INFO] [stdout] 35d5adfc893036f4eca4c14e334c755cafbb9928557eb71e60f997c3f8698c15
