[INFO] fetching crate rustvello-otel 0.8.0...
[INFO] testing rustvello-otel-0.8.0 against 1.100.0-beta.1+cargoflags=--release for beta-release-1.100-2
[INFO] extracting crate rustvello-otel 0.8.0 into /workspace/builds/worker-4-tc2/source
[INFO] started tweaking crates.io crate rustvello-otel 0.8.0
[INFO] removed 0 missing examples
[INFO] finished tweaking crates.io crate rustvello-otel 0.8.0
[INFO] tweaked toml for crates.io crate rustvello-otel 0.8.0 written to /workspace/builds/worker-4-tc2/source/Cargo.toml
[INFO] validating manifest of crates.io crate rustvello-otel 0.8.0 on toolchain 1.100.0-beta.1
[INFO] running `Command { std: CARGO_HOME="/workspace/cargo-home" RUSTUP_HOME="/workspace/rustup-home" "/workspace/cargo-home/bin/cargo" "+1.100.0-beta.1" "metadata" "--manifest-path" "Cargo.toml" "--no-deps", kill_on_drop: false }`
[INFO] crate crates.io crate rustvello-otel 0.8.0 already has a lockfile, it will not be regenerated
[INFO] running `Command { std: CARGO_HOME="/workspace/cargo-home" RUSTUP_HOME="/workspace/rustup-home" "/workspace/cargo-home/bin/cargo" "+1.100.0-beta.1" "fetch" "--manifest-path" "Cargo.toml", kill_on_drop: false }`
[INFO] running `Command { std: "docker" "create" "-v" "/var/lib/crater-agent-workspace/builds/worker-4-tc2/source:/opt/rustwide/workdir:ro,Z" "-v" "/var/lib/crater-agent-workspace/builds/worker-4-tc2/target:/opt/rustwide/target:rw,Z" "-v" "/var/lib/crater-agent-workspace/cargo-home:/opt/rustwide/cargo-home:ro,Z" "-v" "/var/lib/crater-agent-workspace/rustup-home:/opt/rustwide/rustup-home:ro,Z" "-m" "1610612736" "--network" "none" "ghcr.io/rust-lang/crates-build-env/linux@sha256:77db811e55d90add9212f6832c23229e3de5f1c1f9905e8cb07319ea15df73ac" "sleep" "infinity", kill_on_drop: false }`
[INFO] [stdout] 0d442d3be8f06bc3c12cce15802825ab911437d661548ba872de7f5f30675797
[INFO] running `Command { std: "docker" "start" "0d442d3be8f06bc3c12cce15802825ab911437d661548ba872de7f5f30675797", kill_on_drop: false }`
[INFO] running `Command { std: "docker" "inspect" "0d442d3be8f06bc3c12cce15802825ab911437d661548ba872de7f5f30675797", kill_on_drop: false }`
[INFO] running `Command { std: "docker" "exec" "-e" "SOURCE_DIR=/opt/rustwide/workdir" "-e" "CARGO_HOME=/opt/rustwide/cargo-home" "-e" "RUSTUP_HOME=/opt/rustwide/rustup-home" "-e" "CARGO_TARGET_DIR=/opt/rustwide/target" "-w" "/opt/rustwide/workdir" "--user" "0:0" "0d442d3be8f06bc3c12cce15802825ab911437d661548ba872de7f5f30675797" "/opt/rustwide/cargo-home/bin/cargo" "+1.100.0-beta.1" "metadata" "--no-deps" "--format-version=1", kill_on_drop: false }`
[INFO] running `Command { std: "docker" "inspect" "0d442d3be8f06bc3c12cce15802825ab911437d661548ba872de7f5f30675797", kill_on_drop: false }`
[INFO] running `Command { std: "docker" "exec" "-e" "SOURCE_DIR=/opt/rustwide/workdir" "-e" "CARGO_HOME=/opt/rustwide/cargo-home" "-e" "RUSTUP_HOME=/opt/rustwide/rustup-home" "-e" "CARGO_TARGET_DIR=/opt/rustwide/target" "-e" "CARGO_INCREMENTAL=0" "-e" "RUST_BACKTRACE=full" "-e" "RUSTFLAGS=--cap-lints=warn" "-e" "RUSTDOCFLAGS=--cap-lints=warn" "-w" "/opt/rustwide/workdir" "--user" "0:0" "0d442d3be8f06bc3c12cce15802825ab911437d661548ba872de7f5f30675797" "/opt/rustwide/cargo-home/bin/cargo" "+1.100.0-beta.1" "build" "--frozen" "--message-format=json" "--release", kill_on_drop: false }`
[INFO] [stderr]    Compiling proc-macro2 v1.0.95
[INFO] [stderr]    Compiling unicode-ident v1.0.18
[INFO] [stderr]    Compiling libc v0.2.183
[INFO] [stderr]    Compiling cfg-if v1.0.0
[INFO] [stderr]    Compiling autocfg v1.4.0
[INFO] [stderr]    Compiling pin-project-lite v0.2.16
[INFO] [stderr]    Compiling smallvec v1.15.0
[INFO] [stderr]    Compiling bytes v1.10.1
[INFO] [stderr]    Compiling stable_deref_trait v1.2.1
[INFO] [stderr]    Compiling futures-sink v0.3.32
[INFO] [stderr]    Compiling once_cell v1.21.3
[INFO] [stderr]    Compiling parking_lot_core v0.9.10
[INFO] [stderr]    Compiling memchr v2.7.4
[INFO] [stderr]    Compiling pkg-config v0.3.32
[INFO] [stderr]    Compiling fs_extra v1.3.0
[INFO] [stderr]    Compiling dunce v1.0.5
[INFO] [stderr]    Compiling itoa v1.0.15
[INFO] [stderr]    Compiling futures-io v0.3.32
[INFO] [stderr]    Compiling getrandom v0.3.2
[INFO] [stderr]    Compiling zeroize v1.8.2
[INFO] [stderr]    Compiling aws-lc-rs v1.18.1
[INFO] [stderr]    Compiling thiserror v2.0.12
[INFO] [stderr]    Compiling zerocopy v0.8.42
[INFO] [stderr]    Compiling strsim v0.11.1
[INFO] [stderr]    Compiling ident_case v1.0.1
[INFO] [stderr]    Compiling fnv v1.0.7
[INFO] [stderr]    Compiling lock_api v0.4.12
[INFO] [stderr]    Compiling tracing-core v0.1.36
[INFO] [stderr]    Compiling litemap v0.8.1
[INFO] [stderr]    Compiling writeable v0.6.2
[INFO] [stderr]    Compiling rustls-pki-types v1.14.0
[INFO] [stderr]    Compiling futures-channel v0.3.32
[INFO] [stderr]    Compiling icu_normalizer_data v2.1.1
[INFO] [stderr]    Compiling icu_properties_data v2.1.2
[INFO] [stderr]    Compiling num-traits v0.2.19
[INFO] [stderr]    Compiling rustls v0.23.37
[INFO] [stderr]    Compiling quote v1.0.40
[INFO] [stderr]    Compiling winnow v1.0.0
[INFO] [stderr]    Compiling anyhow v1.0.104
[INFO] [stderr]    Compiling http v1.4.0
[INFO] [stderr]    Compiling toml_datetime v1.1.1+spec-1.1.0
[INFO] [stderr]    Compiling syn v2.0.100
[INFO] [stderr]    Compiling serde_spanned v1.1.1
[INFO] [stderr]    Compiling pin-utils v0.1.0
[INFO] [stderr]    Compiling either v1.15.0
[INFO] [stderr]    Compiling toml_writer v1.1.1+spec-1.1.0
[INFO] [stderr]    Compiling iana-time-zone v0.1.63
[INFO] [stderr]    Compiling hashbrown v0.16.1
[INFO] [stderr]    Compiling sync_wrapper v1.0.2
[INFO] [stderr]    Compiling mio v1.0.3
[INFO] [stderr]    Compiling signal-hook-registry v1.4.5
[INFO] [stderr]    Compiling socket2 v0.5.9
[INFO] [stderr]    Compiling parking_lot v0.12.3
[INFO] [stderr]    Compiling http-body v1.0.1
[INFO] [stderr]    Compiling rand_core v0.9.5
[INFO] [stderr]    Compiling toml_parser v1.1.2+spec-1.1.0
[INFO] [stderr]    Compiling itertools v0.13.0
[INFO] [stderr]    Compiling socket2 v0.6.3
[INFO] [stderr]    Compiling ipnet v2.12.0
[INFO] [stderr]    Compiling jobserver v0.1.35
[INFO] [stderr]    Compiling sha1_smol v1.0.1
[INFO] [stderr]    Compiling cc v1.2.57
[INFO] [stderr]    Compiling indexmap v2.13.1
[INFO] [stderr]    Compiling sha2 v0.10.9
[INFO] [stderr]    Compiling rustls-native-certs v0.8.3
[INFO] [stderr]    Compiling serde_json v1.0.149
[INFO] [stderr]    Compiling bitflags v2.11.0
[INFO] [stderr]    Compiling iri-string v0.7.10
[INFO] [stderr]    Compiling toml v1.1.2+spec-1.1.0
[INFO] [stderr]    Compiling lru v0.12.5
[INFO] [stderr]    Compiling http-body-util v0.1.3
[INFO] [stderr]    Compiling hostname v0.4.2
[INFO] [stderr]    Compiling cmake v0.1.58
[INFO] [stderr]    Compiling aws-lc-sys v0.45.0
[INFO] [stderr]    Compiling synstructure v0.13.2
[INFO] [stderr]    Compiling darling_core v0.20.11
[INFO] [stderr]    Compiling zerofrom-derive v0.1.6
[INFO] [stderr]    Compiling yoke-derive v0.8.1
[INFO] [stderr]    Compiling zerovec-derive v0.11.2
[INFO] [stderr]    Compiling displaydoc v0.2.5
[INFO] [stderr]    Compiling futures-macro v0.3.32
[INFO] [stderr]    Compiling tokio-macros v2.5.0
[INFO] [stderr]    Compiling tracing-attributes v0.1.31
[INFO] [stderr]    Compiling thiserror-impl v2.0.12
[INFO] [stderr]    Compiling serde_derive v1.0.228
[INFO] [stderr]    Compiling ppv-lite86 v0.2.21
[INFO] [stderr]    Compiling cistell-macros v0.1.2
[INFO] [stderr]    Compiling tokio v1.44.2
[INFO] [stderr]    Compiling strum_macros v0.27.2
[INFO] [stderr]    Compiling futures-util v0.3.32
[INFO] [stderr]    Compiling prost-derive v0.14.4
[INFO] [stderr]    Compiling rand_chacha v0.9.0
[INFO] [stderr]    Compiling async-trait v0.1.88
[INFO] [stderr]    Compiling tracing v0.1.44
[INFO] [stderr]    Compiling rand v0.9.2
[INFO] [stderr]    Compiling zerofrom v0.1.6
[INFO] [stderr]    Compiling yoke v0.8.1
[INFO] [stderr]    Compiling opentelemetry v0.32.0
[INFO] [stderr]    Compiling cistell-core v0.1.2
[INFO] [stderr]    Compiling zerovec v0.11.5
[INFO] [stderr]    Compiling zerotrie v0.2.3
[INFO] [stderr]    Compiling darling_macro v0.20.11
[INFO] [stderr]    Compiling darling v0.20.11
[INFO] [stderr]    Compiling derive_builder_core v0.20.2
[INFO] [stderr]    Compiling prost v0.14.4
[INFO] [stderr]    Compiling tinystr v0.8.2
[INFO] [stderr]    Compiling potential_utf v0.1.4
[INFO] [stderr]    Compiling strum v0.27.2
[INFO] [stderr]    Compiling icu_locale_core v2.1.1
[INFO] [stderr]    Compiling icu_collections v2.1.1
[INFO] [stderr]    Compiling derive_builder_macro v0.20.2
[INFO] [stderr]    Compiling derive_builder v0.20.2
[INFO] [stderr]    Compiling icu_provider v2.1.1
[INFO] [stderr]    Compiling serde v1.0.228
[INFO] [stderr]    Compiling icu_properties v2.1.2
[INFO] [stderr]    Compiling icu_normalizer v2.1.1
[INFO] [stderr]    Compiling chrono v0.4.44
[INFO] [stderr]    Compiling uuid v1.16.0
[INFO] [stderr]    Compiling futures-executor v0.3.32
[INFO] [stderr]    Compiling idna_adapter v1.2.1
[INFO] [stderr]    Compiling opentelemetry_sdk v0.32.1
[INFO] [stderr]    Compiling idna v1.1.0
[INFO] [stderr]    Compiling url v2.5.8
[INFO] [stderr]    Compiling rustvello-proto v0.8.0
[INFO] [stderr]    Compiling croner v3.0.1
[INFO] [stderr]    Compiling hyper v1.8.1
[INFO] [stderr]    Compiling tower v0.5.3
[INFO] [stderr]    Compiling tokio-util v0.7.18
[INFO] [stderr]    Compiling opentelemetry-proto v0.32.0
[INFO] [stderr]    Compiling tower-http v0.6.8
[INFO] [stderr]    Compiling hyper-util v0.1.20
[INFO] [stderr]    Compiling rustvello-core v0.8.0
[INFO] [stderr]    Compiling rustls-webpki v0.103.9
[INFO] [stderr]    Compiling tokio-rustls v0.26.4
[INFO] [stderr]    Compiling rustls-platform-verifier v0.7.0
[INFO] [stderr]    Compiling hyper-rustls v0.27.7
[INFO] [stderr]    Compiling reqwest v0.13.5
[INFO] [stderr]    Compiling rustvello-otel v0.8.0 (/opt/rustwide/workdir)
[INFO] [stderr]     Finished `release` profile [optimized] target(s) in 2m 42s
[INFO] running `Command { std: "docker" "inspect" "0d442d3be8f06bc3c12cce15802825ab911437d661548ba872de7f5f30675797", kill_on_drop: false }`
[INFO] running `Command { std: "docker" "exec" "-e" "SOURCE_DIR=/opt/rustwide/workdir" "-e" "CARGO_HOME=/opt/rustwide/cargo-home" "-e" "RUSTUP_HOME=/opt/rustwide/rustup-home" "-e" "CARGO_TARGET_DIR=/opt/rustwide/target" "-e" "CARGO_INCREMENTAL=0" "-e" "RUST_BACKTRACE=full" "-e" "RUSTFLAGS=--cap-lints=warn" "-e" "RUSTDOCFLAGS=--cap-lints=warn" "-w" "/opt/rustwide/workdir" "--user" "0:0" "0d442d3be8f06bc3c12cce15802825ab911437d661548ba872de7f5f30675797" "/opt/rustwide/cargo-home/bin/cargo" "+1.100.0-beta.1" "test" "--frozen" "--no-run" "--message-format=json" "--release", kill_on_drop: false }`
[INFO] [stderr]    Compiling tracing-core v0.1.36
[INFO] [stderr]    Compiling ahash v0.8.12
[INFO] [stderr]    Compiling log v0.4.27
[INFO] [stderr]    Compiling vcpkg v0.2.15
[INFO] [stderr]    Compiling getrandom v0.2.17
[INFO] [stderr]    Compiling regex-syntax v0.8.5
[INFO] [stderr]    Compiling serde_spanned v0.6.9
[INFO] [stderr]    Compiling toml_datetime v0.6.11
[INFO] [stderr]    Compiling fallible-iterator v0.3.0
[INFO] [stderr]    Compiling fallible-streaming-iterator v0.1.9
[INFO] [stderr]    Compiling lazy_static v1.5.0
[INFO] [stderr]    Compiling winnow v0.5.40
[INFO] [stderr]    Compiling thread_local v1.1.9
[INFO] [stderr]    Compiling nu-ansi-term v0.50.3
[INFO] [stderr]    Compiling rustvello-macros v0.8.0
[INFO] [stderr]    Compiling glob v0.3.3
[INFO] [stderr]    Compiling sharded-slab v0.1.7
[INFO] [stderr]    Compiling inventory v0.3.22
[INFO] [stderr]    Compiling rustls-platform-verifier v0.7.0
[INFO] [stderr]    Compiling rand_core v0.6.4
[INFO] [stderr]    Compiling hashbrown v0.14.5
[INFO] [stderr]    Compiling rand_chacha v0.3.1
[INFO] [stderr]    Compiling libsqlite3-sys v0.30.1
[INFO] [stderr]    Compiling tracing v0.1.44
[INFO] [stderr]    Compiling tracing-log v0.2.0
[INFO] [stderr]    Compiling tracing-serde v0.2.0
[INFO] [stderr]    Compiling rand v0.8.5
[INFO] [stderr]    Compiling opentelemetry v0.32.0
[INFO] [stderr]    Compiling cistell-core v0.1.2
[INFO] [stderr]    Compiling hyper-util v0.1.20
[INFO] [stderr]    Compiling rustvello-proto v0.8.0
[INFO] [stderr]    Compiling hashlink v0.9.1
[INFO] [stderr]    Compiling opentelemetry_sdk v0.32.1
[INFO] [stderr]    Compiling regex-automata v0.4.9
[INFO] [stderr]    Compiling toml_edit v0.19.15
[INFO] [stderr]    Compiling hyper-rustls v0.27.7
[INFO] [stderr]    Compiling reqwest v0.13.5
[INFO] [stderr]    Compiling toml v0.7.8
[INFO] [stderr]    Compiling matchers v0.2.0
[INFO] [stderr]    Compiling tracing-subscriber v0.3.23
[INFO] [stderr]    Compiling rustvello-core v0.8.0
[INFO] [stderr]    Compiling opentelemetry-proto v0.32.0
[INFO] [stderr]    Compiling rustvello-mem v0.8.0
[INFO] [stderr]    Compiling rustvello-otel v0.8.0 (/opt/rustwide/workdir)
[INFO] [stderr]    Compiling rusqlite v0.32.1
[INFO] [stderr]    Compiling rustvello-sqlite v0.8.0
[INFO] [stderr]    Compiling rustvello v0.8.0
[INFO] [stderr]     Finished `release` profile [optimized] target(s) in 3m 11s
[INFO] running `Command { std: "docker" "inspect" "0d442d3be8f06bc3c12cce15802825ab911437d661548ba872de7f5f30675797", kill_on_drop: false }`
[INFO] running `Command { std: "docker" "exec" "-e" "SOURCE_DIR=/opt/rustwide/workdir" "-e" "CARGO_HOME=/opt/rustwide/cargo-home" "-e" "RUSTUP_HOME=/opt/rustwide/rustup-home" "-e" "CARGO_TARGET_DIR=/opt/rustwide/target" "-e" "CARGO_INCREMENTAL=0" "-e" "RUST_BACKTRACE=full" "-e" "RUSTFLAGS=--cap-lints=warn" "-e" "RUSTDOCFLAGS=--cap-lints=warn" "-w" "/opt/rustwide/workdir" "--user" "0:0" "0d442d3be8f06bc3c12cce15802825ab911437d661548ba872de7f5f30675797" "/opt/rustwide/cargo-home/bin/cargo" "+1.100.0-beta.1" "test" "--frozen" "--release", kill_on_drop: false }`
[INFO] [stderr]     Finished `release` profile [optimized] target(s) in 0.31s
[INFO] [stderr]      Running unittests src/lib.rs (/opt/rustwide/target/release/build/rustvello-otel/1353677531bd8aee/out/rustvello_otel-1353677531bd8aee)
[INFO] [stdout] 
[INFO] [stdout] running 38 tests
[INFO] [stdout] test adapter_tests::exhausted_mapping_budget_counts_events_without_claiming_network_loss ... ok
[INFO] [stdout] test adapter_tests::invalid_retry_app_and_trace_identity_are_rejected_before_export ... ok
[INFO] [stdout] test adapter_tests::mismatched_terminal_and_invalid_timestamp_leave_start_intact ... ok
[INFO] [stdout] test adapter_tests::metric_delta_intervals_do_not_overlap_or_include_attempt_identity ... ok
[INFO] [stdout] test adapter_tests::one_signal_failure_does_not_prevent_other_signals_from_exporting ... ok
[INFO] [stdout] test adapter_tests::execution_identity_parent_retry_links_and_log_correlation_are_exact ... ok
[INFO] [stdout] test adapter_tests::configured_request_limit_accepts_exact_size_and_rejects_one_byte_less ... ok
[INFO] [stdout] test adapter_tests::child_parent_is_the_emitted_execution_span ... ok
[INFO] [stdout] test adapter_tests::request_byte_limit_defaults_to_receiver_cap_and_cannot_exceed_it ... ok
[INFO] [stdout] test adapter_tests::later_signal_uses_remaining_budget_instead_of_restarting_timeout ... ok
[INFO] [stdout] test adapter_tests::missing_start_emits_only_truthful_terminal_log ... ok
[INFO] [stdout] test adapter_tests::shared_deadline_bounds_whole_batch_and_accounts_for_unsent_signals ... ok
[INFO] [stdout] test adapter_tests::a_large_outer_batch_uses_only_three_requests_and_exact_partial_counts ... ok
[INFO] [stdout] test adapter_tests::duplicates_do_not_end_or_replace_an_open_span_or_recount_completion ... ok
[INFO] [stdout] test adapter_tests::every_signal_accounts_for_401_503_malformed_and_partial_rejection ... ok
[INFO] [stdout] test adapter_tests::oversized_task_and_worker_strings_reject_all_signal_bodies_without_network ... ok
[INFO] [stdout] test adapter_tests::malformed_rejection_counts_and_response_bounds_are_visible_failures ... ok
[INFO] [stdout] test adapter_tests::response_body_timeout_is_unconfirmed_delivery_and_consumes_shared_budget ... ok
[INFO] [stdout] test adapter_tests::missing_runtime_identity_never_allocates_an_export_thread_span ... ok
[INFO] [stdout] test adapter_tests::shutdown_and_drop_account_incomplete_attempts_without_network_work ... ok
[INFO] [stdout] test tests::config_redacts_token_and_validates_bounds ... ok
[INFO] [stdout] test tests::error_type_is_strictly_allowlisted ... ok
[INFO] [stdout] test transport::tests::oversized_request_is_counted_before_encoding_or_client_creation ... ok
[INFO] [stdout] test adapter_tests::submitted_logs_use_submitter_parent_not_a_future_execution ... ok
[INFO] [stdout] test adapter_tests::unsampled_logs_keep_runtime_identity_without_exporting_spans ... ok
[INFO] [stdout] test adapter_tests::oversized_batched_logs_do_not_suppress_smaller_trace_and_metric_requests ... ok
[INFO] [stdout] test adapter_tests::open_and_recent_history_bounds_hold_without_eviction_completion ... ok
[INFO] [stdout] test adapter_tests::oversized_request_failure_reaches_outer_emitter_without_network_loss_claim ... ok
[INFO] [stdout] test adapter_tests::worker_lifecycle_has_resource_facts_without_task_or_trace_fabrication ... ok
[INFO] [stdout] test adapter_tests::worker_stop_abandons_open_attempts_releases_capacity_and_never_completes_them ... ok
[INFO] [stdout] test adapter_tests::app_qualified_keys_isolate_equal_worker_and_attempt_names ... ok
[INFO] [stdout] test adapter_tests::partial_warning_is_not_loss_and_receiver_error_text_is_not_exposed ... ok
[INFO] [stdout] test adapter_tests::resource_overflow_and_invalid_event_do_not_skip_later_batch_events ... ok
[INFO] [stdout] test adapter_tests::worker_stop_cleans_up_after_oversized_body_and_counts_native_abandonment_separately ... ok
[INFO] [stdout] test adapter_tests::worker_stop_cleans_up_despite_malformed_response_and_accounts_both_failures ... ok
[INFO] [stdout] test adapter_tests::worker_stop_only_abandons_attempts_in_its_app ... ok
[INFO] [stdout] test adapter_tests::real_timeout_overflow_and_shutdown_keep_task_path_bounded ... FAILED
[INFO] [stderr] error: test failed, to rerun pass `--lib`
[INFO] [stdout] test adapter_tests::real_http_failure_reaches_outer_emitter_accounting ... ok
[INFO] [stdout] 
[INFO] [stdout] failures:
[INFO] [stdout] 
[INFO] [stdout] ---- adapter_tests::real_timeout_overflow_and_shutdown_keep_task_path_bounded stdout ----
[INFO] [stdout] 
[INFO] [stdout] thread 'adapter_tests::real_timeout_overflow_and_shutdown_keep_task_path_bounded' (5019) panicked at src/adapter_tests.rs:729:9:
[INFO] [stdout] assertion failed: wait.elapsed() < Duration::from_secs(2)
[INFO] [stdout] stack backtrace:
[INFO] [stdout]    0:     0x654745d91531 - <<std[617be2ca0a6fd877]::sys::backtrace::BacktraceLock>::print::DisplayBacktrace as core[a373ad73a504971]::fmt::Display>::fmt
[INFO] [stdout]    1:     0x654745da8bfa - core[a373ad73a504971]::fmt::write
[INFO] [stdout]    2:     0x654745d965bc - <alloc[2e1b2a31b91974c5]::vec::Vec<u8> as core[a373ad73a504971]::io::write::Write>::write_fmt
[INFO] [stdout]    3:     0x654745d6b326 - std[617be2ca0a6fd877]::panicking::default_hook::{closure#0}
[INFO] [stdout]    4:     0x654745d88829 - std[617be2ca0a6fd877]::panicking::default_hook
[INFO] [stdout]    5:     0x654745cc3fe0 - test[aada8e7e76ba119b]::test_main_inner::{closure#0}
[INFO] [stdout]    6:     0x654745d88b52 - std[617be2ca0a6fd877]::panicking::panic_with_hook
[INFO] [stdout]    7:     0x654745d6b404 - std[617be2ca0a6fd877]::panicking::panic_handler::{closure#0}
[INFO] [stdout]    8:     0x654745d63f69 - std[617be2ca0a6fd877]::sys::backtrace::__rust_end_short_backtrace::<std[617be2ca0a6fd877]::panicking::panic_handler::{closure#0}, !>
[INFO] [stdout]    9:     0x654745d6c1cd - __rustc[ea4f61d10b84890b]::rust_begin_unwind
[INFO] [stdout]   10:     0x654745da935c - core[a373ad73a504971]::panicking::panic_fmt
[INFO] [stdout]   11:     0x654745da9322 - core[a373ad73a504971]::panicking::panic
[INFO] [stdout]   12:     0x6547458a8cd9 - <rustvello_otel[43885929426f70b7]::adapter_tests::real_timeout_overflow_and_shutdown_keep_task_path_bounded::{closure#0} as core[a373ad73a504971]::ops::function::FnOnce<()>>::call_once
[INFO] [stdout]   13:     0x654745cb742b - test[aada8e7e76ba119b]::__rust_begin_short_backtrace::<core[a373ad73a504971]::result::Result<(), alloc[2e1b2a31b91974c5]::string::String>, fn() -> core[a373ad73a504971]::result::Result<(), alloc[2e1b2a31b91974c5]::string::String>>
[INFO] [stdout]   14:     0x654745cc4605 - test[aada8e7e76ba119b]::run_test::{closure#0}
[INFO] [stdout]   15:     0x654745cbdef4 - std[617be2ca0a6fd877]::sys::backtrace::__rust_begin_short_backtrace::<test[aada8e7e76ba119b]::run_test::{closure#1}, ()>
[INFO] [stdout]   16:     0x654745cc7692 - <std[617be2ca0a6fd877]::thread::lifecycle::spawn_unchecked<test[aada8e7e76ba119b]::run_test::{closure#1}, ()>::{closure#1} as core[a373ad73a504971]::ops::function::FnOnce<()>>::call_once::{shim:vtable#0}
[INFO] [stdout]   17:     0x654745d9078f - <std[617be2ca0a6fd877]::sys::thread::unix::Thread>::new::thread_start
[INFO] [stdout]   18:     0x7084e29f5dfa - <unknown>
[INFO] [stdout]   19:     0x7084e2a893d4 - clone
[INFO] [stdout]   20:                0x0 - <unknown>
[INFO] [stdout] 
[INFO] [stdout] 
[INFO] [stdout] failures:
[INFO] [stdout]     adapter_tests::real_timeout_overflow_and_shutdown_keep_task_path_bounded
[INFO] [stdout] 
[INFO] [stdout] test result: FAILED. 37 passed; 1 failed; 0 ignored; 0 measured; 0 filtered out; finished in 5.60s
[INFO] [stdout] 
[INFO] running `Command { std: "docker" "inspect" "0d442d3be8f06bc3c12cce15802825ab911437d661548ba872de7f5f30675797", kill_on_drop: false }`
[INFO] running `Command { std: "docker" "rm" "-f" "0d442d3be8f06bc3c12cce15802825ab911437d661548ba872de7f5f30675797", kill_on_drop: false }`
[INFO] [stdout] 0d442d3be8f06bc3c12cce15802825ab911437d661548ba872de7f5f30675797
