[INFO] fetching crate rust-zero-rest 0.1.0-alpha.1...
[INFO] testing rust-zero-rest-0.1.0-alpha.1 against 1.100.0-beta.1+cargoflags=--release for beta-release-1.100-2
[INFO] extracting crate rust-zero-rest 0.1.0-alpha.1 into /workspace/builds/worker-4-tc2/source
[INFO] started tweaking crates.io crate rust-zero-rest 0.1.0-alpha.1
[INFO] finished tweaking crates.io crate rust-zero-rest 0.1.0-alpha.1
[INFO] tweaked toml for crates.io crate rust-zero-rest 0.1.0-alpha.1 written to /workspace/builds/worker-4-tc2/source/Cargo.toml
[INFO] validating manifest of crates.io crate rust-zero-rest 0.1.0-alpha.1 on toolchain 1.100.0-beta.1
[INFO] running `Command { std: CARGO_HOME="/workspace/cargo-home" RUSTUP_HOME="/workspace/rustup-home" "/workspace/cargo-home/bin/cargo" "+1.100.0-beta.1" "metadata" "--manifest-path" "Cargo.toml" "--no-deps", kill_on_drop: false }`
[INFO] crate crates.io crate rust-zero-rest 0.1.0-alpha.1 already has a lockfile, it will not be regenerated
[INFO] running `Command { std: CARGO_HOME="/workspace/cargo-home" RUSTUP_HOME="/workspace/rustup-home" "/workspace/cargo-home/bin/cargo" "+1.100.0-beta.1" "fetch" "--manifest-path" "Cargo.toml", kill_on_drop: false }`
[INFO] [stderr] warning: `package.homepage` is redundant with `package.repository`
[INFO] [stderr]   --> Cargo.toml:88:12
[INFO] [stderr]    |
[INFO] [stderr] 88 | homepage = "https://github.com/kevwan/rust-zero"
[INFO] [stderr]    |            ^^^^^^^^^^^^^^^^^^^^^^^^^^^^^^^^^^^^^
[INFO] [stderr] ...
[INFO] [stderr] 93 | repository = "https://github.com/kevwan/rust-zero"
[INFO] [stderr]    |              -------------------------------------
[INFO] [stderr]    |
[INFO] [stderr]    = note: `cargo::redundant_homepage` is set to `warn` by default
[INFO] [stderr] help: consider removing `package.homepage`
[INFO] [stderr] warning: `rust-zero-rest` (manifest) generated 1 warning
[INFO] running `Command { std: "docker" "create" "-v" "/var/lib/crater-agent-workspace/builds/worker-4-tc2/source:/opt/rustwide/workdir:ro,Z" "-v" "/var/lib/crater-agent-workspace/builds/worker-4-tc2/target:/opt/rustwide/target:rw,Z" "-v" "/var/lib/crater-agent-workspace/cargo-home:/opt/rustwide/cargo-home:ro,Z" "-v" "/var/lib/crater-agent-workspace/rustup-home:/opt/rustwide/rustup-home:ro,Z" "-m" "1610612736" "--network" "none" "ghcr.io/rust-lang/crates-build-env/linux@sha256:77db811e55d90add9212f6832c23229e3de5f1c1f9905e8cb07319ea15df73ac" "sleep" "infinity", kill_on_drop: false }`
[INFO] [stdout] bd6b09adaa52a1990411b3f5ee74e1f18879a19d76000402041a7905f644d233
[INFO] running `Command { std: "docker" "start" "bd6b09adaa52a1990411b3f5ee74e1f18879a19d76000402041a7905f644d233", kill_on_drop: false }`
[INFO] running `Command { std: "docker" "inspect" "bd6b09adaa52a1990411b3f5ee74e1f18879a19d76000402041a7905f644d233", kill_on_drop: false }`
[INFO] running `Command { std: "docker" "exec" "-e" "SOURCE_DIR=/opt/rustwide/workdir" "-e" "CARGO_HOME=/opt/rustwide/cargo-home" "-e" "RUSTUP_HOME=/opt/rustwide/rustup-home" "-e" "CARGO_TARGET_DIR=/opt/rustwide/target" "-w" "/opt/rustwide/workdir" "--user" "0:0" "bd6b09adaa52a1990411b3f5ee74e1f18879a19d76000402041a7905f644d233" "/opt/rustwide/cargo-home/bin/cargo" "+1.100.0-beta.1" "metadata" "--no-deps" "--format-version=1", kill_on_drop: false }`
[INFO] running `Command { std: "docker" "inspect" "bd6b09adaa52a1990411b3f5ee74e1f18879a19d76000402041a7905f644d233", kill_on_drop: false }`
[INFO] running `Command { std: "docker" "exec" "-e" "SOURCE_DIR=/opt/rustwide/workdir" "-e" "CARGO_HOME=/opt/rustwide/cargo-home" "-e" "RUSTUP_HOME=/opt/rustwide/rustup-home" "-e" "CARGO_TARGET_DIR=/opt/rustwide/target" "-e" "CARGO_INCREMENTAL=0" "-e" "RUST_BACKTRACE=full" "-e" "RUSTFLAGS=--cap-lints=warn" "-e" "RUSTDOCFLAGS=--cap-lints=warn" "-w" "/opt/rustwide/workdir" "--user" "0:0" "bd6b09adaa52a1990411b3f5ee74e1f18879a19d76000402041a7905f644d233" "/opt/rustwide/cargo-home/bin/cargo" "+1.100.0-beta.1" "build" "--frozen" "--message-format=json" "--release", kill_on_drop: false }`
[INFO] [stderr] warning: `package.homepage` is redundant with `package.repository`
[INFO] [stderr]   --> Cargo.toml:88:12
[INFO] [stderr]    |
[INFO] [stderr] 88 | homepage = "https://github.com/kevwan/rust-zero"
[INFO] [stderr]    |            ^^^^^^^^^^^^^^^^^^^^^^^^^^^^^^^^^^^^^
[INFO] [stderr] ...
[INFO] [stderr] 93 | repository = "https://github.com/kevwan/rust-zero"
[INFO] [stderr]    |              -------------------------------------
[INFO] [stderr]    |
[INFO] [stderr]    = note: `cargo::redundant_homepage` is set to `warn` by default
[INFO] [stderr] help: consider removing `package.homepage`
[INFO] [stderr] warning: `rust-zero-rest` (manifest) generated 1 warning
[INFO] [stderr]    Compiling proc-macro2 v1.0.107
[INFO] [stderr]    Compiling autocfg v1.2.0
[INFO] [stderr]    Compiling pin-project-lite v0.2.13
[INFO] [stderr]    Compiling smallvec v1.13.2
[INFO] [stderr]    Compiling itoa v1.0.11
[INFO] [stderr]    Compiling pkg-config v0.3.30
[INFO] [stderr]    Compiling cc v1.4.0
[INFO] [stderr]    Compiling parking_lot_core v0.9.9
[INFO] [stderr]    Compiling signal-hook-registry v1.4.1
[INFO] [stderr]    Compiling tracing-core v0.1.32
[INFO] [stderr]    Compiling generic-array v0.14.7
[INFO] [stderr]    Compiling lock_api v0.4.11
[INFO] [stderr]    Compiling slab v0.4.9
[INFO] [stderr]    Compiling indexmap v2.14.0
[INFO] [stderr]    Compiling quote v1.0.47
[INFO] [stderr]    Compiling parking_lot v0.12.1
[INFO] [stderr]    Compiling http v0.2.12
[INFO] [stderr]    Compiling syn v2.0.119
[INFO] [stderr]    Compiling syn v3.0.3
[INFO] [stderr]    Compiling percent-encoding v2.3.1
[INFO] [stderr]    Compiling crypto-common v0.1.6
[INFO] [stderr]    Compiling block-buffer v0.10.4
[INFO] [stderr]    Compiling getrandom v0.2.12
[INFO] [stderr]    Compiling digest v0.10.7
[INFO] [stderr]    Compiling crc32fast v1.4.0
[INFO] [stderr]    Compiling paste v1.0.14
[INFO] [stderr]    Compiling aho-corasick v1.1.3
[INFO] [stderr]    Compiling socket2 v0.5.6
[INFO] [stderr]    Compiling ryu v1.0.17
[INFO] [stderr]    Compiling zstd-safe v7.1.0
[INFO] [stderr]    Compiling bytes v1.12.1
[INFO] [stderr]    Compiling zstd-sys v2.0.10+zstd.1.5.6
[INFO] [stderr]    Compiling openssl-sys v0.9.117
[INFO] [stderr]    Compiling syn v1.0.109
[INFO] [stderr]    Compiling cpufeatures v0.2.12
[INFO] [stderr]    Compiling local-waker v0.1.4
[INFO] [stderr]    Compiling regex-syntax v0.8.3
[INFO] [stderr]    Compiling serde v1.0.229
[INFO] [stderr]    Compiling alloc-stdlib v0.2.2
[INFO] [stderr]    Compiling miniz_oxide v0.7.2
[INFO] [stderr]    Compiling rand_core v0.6.4
[INFO] [stderr]    Compiling form_urlencoded v1.2.1
[INFO] [stderr]    Compiling ahash v0.8.11
[INFO] [stderr]    Compiling time-core v0.1.7
[INFO] [stderr]    Compiling log v0.4.33
[INFO] [stderr]    Compiling ppv-lite86 v0.2.17
[INFO] [stderr]    Compiling num-conv v0.1.0
[INFO] [stderr]    Compiling time-macros v0.2.25
[INFO] [stderr]    Compiling tracing v0.1.40
[INFO] [stderr]    Compiling regex-automata v0.4.6
[INFO] [stderr]    Compiling tokio-macros v2.7.2
[INFO] [stderr]    Compiling serde_derive v1.0.229
[INFO] [stderr]    Compiling synstructure v0.13.2
[INFO] [stderr]    Compiling tokio v1.53.1
[INFO] [stderr]    Compiling displaydoc v0.2.7
[INFO] [stderr]    Compiling zerofrom-derive v0.1.7
[INFO] [stderr]    Compiling zerofrom v0.1.8
[INFO] [stderr]    Compiling yoke-derive v0.8.2
[INFO] [stderr]    Compiling zerovec-derive v0.11.3
[INFO] [stderr]    Compiling yoke v0.8.3
[INFO] [stderr]    Compiling tracing-attributes v0.1.31
[INFO] [stderr]    Compiling zerovec v0.11.6
[INFO] [stderr]    Compiling futures-macro v0.3.33
[INFO] [stderr]    Compiling tinystr v0.8.3
[INFO] [stderr]    Compiling futures-util v0.3.33
[INFO] [stderr]    Compiling icu_locale_core v2.2.0
[INFO] [stderr]    Compiling potential_utf v0.1.5
[INFO] [stderr]    Compiling zerotrie v0.2.4
[INFO] [stderr]    Compiling icu_collections v2.2.0
[INFO] [stderr]    Compiling actix-macros v0.2.4
[INFO] [stderr]    Compiling icu_provider v2.2.0
[INFO] [stderr]    Compiling tokio-util v0.7.10
[INFO] [stderr]    Compiling icu_properties v2.2.0
[INFO] [stderr]    Compiling icu_normalizer v2.2.0
[INFO] [stderr]    Compiling actix-rt v2.9.0
[INFO] [stderr]    Compiling h2 v0.3.25
[INFO] [stderr]    Compiling idna_adapter v1.2.2
[INFO] [stderr]    Compiling idna v1.1.0
[INFO] [stderr]    Compiling regex v1.10.4
[INFO] [stderr]    Compiling openssl-macros v0.1.1
[INFO] [stderr]    Compiling rand_chacha v0.3.1
[INFO] [stderr]    Compiling openssl v0.10.81
[INFO] [stderr]    Compiling flate2 v1.0.28
[INFO] [stderr]    Compiling serde_json v1.0.151
[INFO] [stderr]    Compiling actix-service v2.0.2
[INFO] [stderr]    Compiling brotli-decompressor v2.5.1
[INFO] [stderr]    Compiling actix-utils v3.0.1
[INFO] [stderr]    Compiling bytestring v1.3.1
[INFO] [stderr]    Compiling cookie v0.16.2
[INFO] [stderr]    Compiling encoding_rs v0.8.33
[INFO] [stderr]    Compiling zerocopy v0.7.32
[INFO] [stderr]    Compiling time v0.3.45
[INFO] [stderr]    Compiling darling_core v0.20.11
[INFO] [stderr]    Compiling derive_more v0.99.17
[INFO] [stderr]    Compiling native-tls v0.2.18
[INFO] [stderr]    Compiling brotli v3.5.0
[INFO] [stderr]    Compiling actix-router v0.5.2
[INFO] [stderr]    Compiling rand v0.8.5
[INFO] [stderr]    Compiling url v2.5.4
[INFO] [stderr]    Compiling actix-codec v0.5.2
[INFO] [stderr]    Compiling serde_urlencoded v0.7.1
[INFO] [stderr]    Compiling local-channel v0.1.5
[INFO] [stderr]    Compiling sha1 v0.10.6
[INFO] [stderr]    Compiling mio v0.8.11
[INFO] [stderr]    Compiling actix-server v2.3.0
[INFO] [stderr]    Compiling actix-web-codegen v4.2.2
[INFO] [stderr]    Compiling darling_macro v0.20.11
[INFO] [stderr]    Compiling toml_datetime v0.6.11
[INFO] [stderr]    Compiling serde_spanned v0.6.9
[INFO] [stderr]    Compiling http-body v0.4.6
[INFO] [stderr]    Compiling http v1.5.0
[INFO] [stderr]    Compiling derive_more-impl v2.1.1
[INFO] [stderr]    Compiling toml_edit v0.22.27
[INFO] [stderr]    Compiling http-body v1.1.0
[INFO] [stderr]    Compiling hyper v0.14.32
[INFO] [stderr]    Compiling tokio-native-tls v0.3.1
[INFO] [stderr]    Compiling darling v0.20.11
[INFO] [stderr]    Compiling getrandom v0.4.3
[INFO] [stderr]    Compiling pin-project-internal v1.1.13
[INFO] [stderr]    Compiling ring v0.17.14
[INFO] [stderr]    Compiling ucd-trie v0.1.7
[INFO] [stderr]    Compiling parse-size v1.1.0
[INFO] [stderr]    Compiling actix-multipart-derive v0.7.0
[INFO] [stderr]    Compiling tempfile v3.27.0
[INFO] [stderr]    Compiling pin-project v1.1.13
[INFO] [stderr]    Compiling toml v0.8.23
[INFO] [stderr]    Compiling json5 v1.3.1
[INFO] [stderr]    Compiling serde_yaml v0.9.34+deprecated
[INFO] [stderr]    Compiling hyper-tls v0.5.0
[INFO] [stderr]    Compiling derive_more v2.1.1
[INFO] [stderr]    Compiling http-body-util v0.1.4
[INFO] [stderr]    Compiling futures-executor v0.3.30
[INFO] [stderr]    Compiling tokio-stream v0.1.19
[INFO] [stderr]    Compiling serde_plain v1.0.2
[INFO] [stderr]    Compiling sha2 v0.10.9
[INFO] [stderr]    Compiling hmac v0.12.1
[INFO] [stderr]    Compiling reqwest v0.11.16
[INFO] [stderr]    Compiling tonic v0.12.3
[INFO] [stderr]    Compiling rust-zero-core v0.1.0-alpha.1
[INFO] [stderr]    Compiling futures v0.3.30
[INFO] [stderr]    Compiling zstd v0.13.1
[INFO] [stderr]    Compiling actix-http v3.6.0
[INFO] [stderr]    Compiling actix-web v4.5.1
[INFO] [stderr]    Compiling actix-cors v0.7.1
[INFO] [stderr]    Compiling actix-multipart v0.7.2
[INFO] [stderr]    Compiling rust-zero-rest v0.1.0-alpha.1 (/opt/rustwide/workdir)
[INFO] [stderr]     Finished `release` profile [optimized] target(s) in 6m 40s
[INFO] running `Command { std: "docker" "inspect" "bd6b09adaa52a1990411b3f5ee74e1f18879a19d76000402041a7905f644d233", kill_on_drop: false }`
[INFO] running `Command { std: "docker" "exec" "-e" "SOURCE_DIR=/opt/rustwide/workdir" "-e" "CARGO_HOME=/opt/rustwide/cargo-home" "-e" "RUSTUP_HOME=/opt/rustwide/rustup-home" "-e" "CARGO_TARGET_DIR=/opt/rustwide/target" "-e" "CARGO_INCREMENTAL=0" "-e" "RUST_BACKTRACE=full" "-e" "RUSTFLAGS=--cap-lints=warn" "-e" "RUSTDOCFLAGS=--cap-lints=warn" "-w" "/opt/rustwide/workdir" "--user" "0:0" "bd6b09adaa52a1990411b3f5ee74e1f18879a19d76000402041a7905f644d233" "/opt/rustwide/cargo-home/bin/cargo" "+1.100.0-beta.1" "test" "--frozen" "--no-run" "--message-format=json" "--release", kill_on_drop: false }`
[INFO] [stderr] warning: `package.homepage` is redundant with `package.repository`
[INFO] [stderr]   --> Cargo.toml:88:12
[INFO] [stderr]    |
[INFO] [stderr] 88 | homepage = "https://github.com/kevwan/rust-zero"
[INFO] [stderr]    |            ^^^^^^^^^^^^^^^^^^^^^^^^^^^^^^^^^^^^^
[INFO] [stderr] ...
[INFO] [stderr] 93 | repository = "https://github.com/kevwan/rust-zero"
[INFO] [stderr]    |              -------------------------------------
[INFO] [stderr]    |
[INFO] [stderr]    = note: `cargo::redundant_homepage` is set to `warn` by default
[INFO] [stderr] help: consider removing `package.homepage`
[INFO] [stderr] warning: `rust-zero-rest` (manifest) generated 1 warning
[INFO] [stderr]    Compiling rust-zero-rest v0.1.0-alpha.1 (/opt/rustwide/workdir)
[INFO] [stderr]     Finished `release` profile [optimized] target(s) in 1m 18s
[INFO] running `Command { std: "docker" "inspect" "bd6b09adaa52a1990411b3f5ee74e1f18879a19d76000402041a7905f644d233", kill_on_drop: false }`
[INFO] running `Command { std: "docker" "exec" "-e" "SOURCE_DIR=/opt/rustwide/workdir" "-e" "CARGO_HOME=/opt/rustwide/cargo-home" "-e" "RUSTUP_HOME=/opt/rustwide/rustup-home" "-e" "CARGO_TARGET_DIR=/opt/rustwide/target" "-e" "CARGO_INCREMENTAL=0" "-e" "RUST_BACKTRACE=full" "-e" "RUSTFLAGS=--cap-lints=warn" "-e" "RUSTDOCFLAGS=--cap-lints=warn" "-w" "/opt/rustwide/workdir" "--user" "0:0" "bd6b09adaa52a1990411b3f5ee74e1f18879a19d76000402041a7905f644d233" "/opt/rustwide/cargo-home/bin/cargo" "+1.100.0-beta.1" "test" "--frozen" "--release", kill_on_drop: false }`
[INFO] [stderr] warning: `package.homepage` is redundant with `package.repository`
[INFO] [stderr]   --> Cargo.toml:88:12
[INFO] [stderr]    |
[INFO] [stderr] 88 | homepage = "https://github.com/kevwan/rust-zero"
[INFO] [stderr]    |            ^^^^^^^^^^^^^^^^^^^^^^^^^^^^^^^^^^^^^
[INFO] [stderr] ...
[INFO] [stderr] 93 | repository = "https://github.com/kevwan/rust-zero"
[INFO] [stderr]    |              -------------------------------------
[INFO] [stderr]    |
[INFO] [stderr]    = note: `cargo::redundant_homepage` is set to `warn` by default
[INFO] [stderr] help: consider removing `package.homepage`
[INFO] [stderr] warning: `rust-zero-rest` (manifest) generated 1 warning
[INFO] [stderr]     Finished `release` profile [optimized] target(s) in 0.28s
[INFO] [stderr]      Running unittests src/lib.rs (/opt/rustwide/target/release/build/rust-zero-rest/8bd07b12174dc51a/out/rest-8bd07b12174dc51a)
[INFO] [stdout] 
[INFO] [stdout] running 69 tests
[INFO] [stdout] test auth::tests::rejects_expired_jwts ... ok
[INFO] [stdout] test auth::tests::rejects_missing_and_invalid_credentials ... ok
[INFO] [stdout] test auth::tests::validates_jwt_claims_and_supports_secret_rotation ... ok
[INFO] [stdout] test auth::tests::authenticates_signed_http_targets_and_reports_stable_errors ... ok
[INFO] [stdout] test auth::tests::authenticates_and_exposes_the_identity ... ok
[INFO] [stdout] test client::tests::formats_public_errors ... ok
[INFO] [stdout] test auth::tests::projects_selected_jwt_claims ... ok
[INFO] [stdout] test client::tests::rejects_empty_service_names ... ok
[INFO] [stdout] test content_encryption::tests::envelope_authenticates_context_and_ciphertext ... ok
[INFO] [stdout] test client::tests::rejects_zero_timeouts - should panic ... ok
[INFO] [stdout] test client::tests::rejects_zero_response_limits - should panic ... ok
[INFO] [stdout] test content_encryption::tests::malformed_or_unknown_ciphertext_fails_before_handler ... ok
[INFO] [stdout] test content_encryption::tests::middleware_decrypts_request_and_encrypts_response_with_rotated_key ... ok
[INFO] [stdout] test devserver::tests::aggregates_dependency_health_without_handler_polling ... ok
[INFO] [stdout] test devserver::tests::bearer_authentication_protects_every_diagnostic_route ... ok
[INFO] [stdout] test content_encryption::tests::middleware_rejects_streaming_and_oversized_responses ... ok
[INFO] [stdout] test devserver::tests::configuration_deserialization_preserves_production_defaults ... ok
[INFO] [stdout] test devserver::tests::disabled_optional_routes_are_not_registered ... ok
[INFO] [stdout] test devserver::tests::exposes_bounded_task_and_allocator_diagnostics ... ok
[INFO] [stdout] test devserver::tests::serves_health_metrics_profile_and_runtime_diagnostics ... ok
[INFO] [stdout] test devserver::tests::validates_private_binding_and_sampling_bounds ... ok
[INFO] [stdout] test extract::tests::accepts_valid_json_and_query_values ... ok
[INFO] [stdout] test extract::tests::extracts_and_validates_typed_headers ... ok
[INFO] [stdout] test extract::tests::rejects_invalid_json_before_the_handler ... ok
[INFO] [stdout] test extract::tests::combines_all_request_sources_without_field_precedence ... ok
[INFO] [stdout] test extract::tests::enforces_each_multipart_size_limit_without_leaking_files ... ok
[INFO] [stdout] test extract::tests::rejects_invalid_queries_before_the_handler ... ok
[INFO] [stdout] test extract::tests::validates_path_and_form_values ... ok
[INFO] [stdout] test extract::tests::wrappers_support_mutable_dereferencing ... ok
[INFO] [stdout] test extract::tests::streams_multipart_files_and_cleans_temporary_storage ... ok
[INFO] [stdout] test log::tests::emits_request_identity_and_trace_context ... ok
[INFO] [stdout] test metrics::tests::records_request_count_and_duration ... ok
[INFO] [stdout] test middleware::tests::adaptive_permit_lives_until_the_response_body_is_dropped ... ok
[INFO] [stdout] test middleware::tests::concurrency_limit_sheds_busy_requests ... ok
[INFO] [stdout] test middleware::tests::adaptive_load_shed_is_installed_as_http_middleware ... ok
[INFO] [stdout] test middleware::tests::rate_limit_returns_retry_after ... ok
[INFO] [stdout] test middleware::tests::request_body_limit_expands_gzip_input ... ok
[INFO] [stdout] test middleware::tests::request_body_limit_rejects_oversized_streams ... ok
[INFO] [stdout] test recovery::tests::converts_handler_panics_to_internal_server_errors ... ok
[INFO] [stdout] test resilience::tests::preserves_the_client_request_id ... ok
[INFO] [stdout] test response::tests::applies_context_aware_success_and_error_envelopes ... ok
[INFO] [stdout] test middleware::tests::timeout_returns_gateway_timeout ... ok
[INFO] [stdout] test response::tests::converts_serialization_failures_before_committing_success ... ok
[INFO] [stdout] test response::tests::streams_each_flush_chunk_with_anti_buffering_headers ... ok
[INFO] [stdout] test log::tests::classifies_slow_requests_with_queryable_fields ... ok
[INFO] [stdout] test response::tests::translates_grpc_statuses_through_the_error_policy ... ok
[INFO] [stdout] test route::tests::priority_routes_use_reserved_capacity ... ok
[INFO] [stdout] test route::tests::named_group_middleware_wraps_only_declared_routes ... ok
[INFO] [stdout] test security::tests::sets_defaults_but_preserves_handler_headers ... ok
[INFO] [stdout] test server::tests::configured_stack_wraps_registered_routes ... ok
[INFO] [stdout] test route::tests::rejects_ambiguous_or_invalid_route_policies ... ok
[INFO] [stdout] test route::tests::enforces_inherited_and_per_route_policies ... ok
[INFO] [stdout] test server::tests::parses_and_validates_transport_configuration ... ok
[INFO] [stdout] test server::tests::rejects_zero_limits_before_binding ... ok
[INFO] [stdout] test server::tests::serverless_handler_reuses_routes_middleware_metrics_and_static_fallback ... ok
[INFO] [stdout] test sse::tests::response_sets_event_stream_headers_and_streams_frames ... ok
[INFO] [stdout] test sse::tests::encodes_named_multiline_events_and_heartbeats ... ok
[INFO] [stdout] test static_assets::tests::rejects_symlinks_that_escape_the_static_root ... ok
[INFO] [stdout] test static_assets::tests::serves_directory_files_and_rejects_traversal ... ok
[INFO] [stdout] test static_assets::tests::validates_embedded_paths_and_duplicates ... ok
[INFO] [stdout] test static_assets::tests::serves_embedded_index_assets_and_head_requests ... ok
[INFO] [stdout] test tests::permissive_cors_handles_browser_preflight ... ok
[INFO] [stdout] test trace::tests::preserves_trace_id_and_creates_a_server_span ... ok
[INFO] [stdout] test client::tests::reports_request_build_and_transport_errors ... ok
[INFO] [stdout] test client::tests::builds_requests_with_json_and_trace_headers ... ok
[INFO] [stdout] test client::tests::gets_posts_and_propagates_trace_context ... ok
[INFO] [stdout] test server::tests::shutdown_signal_gracefully_drains_an_inflight_request ... FAILED
[INFO] [stdout] test client::tests::opens_the_circuit_after_a_server_failure ... ok
[INFO] [stderr] error: test failed, to rerun pass `--lib`
[INFO] [stdout] test client::tests::reports_status_decode_and_response_limit_errors ... ok
[INFO] [stdout] 
[INFO] [stdout] failures:
[INFO] [stdout] 
[INFO] [stdout] ---- server::tests::shutdown_signal_gracefully_drains_an_inflight_request stdout ----
[INFO] [stdout] 
[INFO] [stdout] thread 'server::tests::shutdown_signal_gracefully_drains_an_inflight_request' (3282) panicked at src/server.rs:844:9:
[INFO] [stdout] assertion failed: !request_task.is_finished()
[INFO] [stdout] stack backtrace:
[INFO] [stdout]    0:     0x56f723f02581 - <<std[617be2ca0a6fd877]::sys::backtrace::BacktraceLock>::print::DisplayBacktrace as core[a373ad73a504971]::fmt::Display>::fmt
[INFO] [stdout]    1:     0x56f723f1b82a - core[a373ad73a504971]::fmt::write
[INFO] [stdout]    2:     0x56f723f074cc - <alloc[2e1b2a31b91974c5]::vec::Vec<u8> as core[a373ad73a504971]::io::write::Write>::write_fmt
[INFO] [stdout]    3:     0x56f723edb206 - std[617be2ca0a6fd877]::panicking::default_hook::{closure#0}
[INFO] [stdout]    4:     0x56f723ef9109 - std[617be2ca0a6fd877]::panicking::default_hook
[INFO] [stdout]    5:     0x56f723ac20d0 - test[aada8e7e76ba119b]::test_main_inner::{closure#0}
[INFO] [stdout]    6:     0x56f723ef9432 - std[617be2ca0a6fd877]::panicking::panic_with_hook
[INFO] [stdout]    7:     0x56f723edb2e4 - std[617be2ca0a6fd877]::panicking::panic_handler::{closure#0}
[INFO] [stdout]    8:     0x56f723ed3ad9 - std[617be2ca0a6fd877]::sys::backtrace::__rust_end_short_backtrace::<std[617be2ca0a6fd877]::panicking::panic_handler::{closure#0}, !>
[INFO] [stdout]    9:     0x56f723edc28d - __rustc[ea4f61d10b84890b]::rust_begin_unwind
[INFO] [stdout]   10:     0x56f723f1c00c - core[a373ad73a504971]::panicking::panic_fmt
[INFO] [stdout]   11:     0x56f723f1bfd2 - core[a373ad73a504971]::panicking::panic
[INFO] [stdout]   12:     0x56f723833dec - <std[617be2ca0a6fd877]::thread::local::LocalKey<tokio[7b1d9c23dd27c365]::task::local::LocalData>>::with::<<tokio[7b1d9c23dd27c365]::task::local::LocalSet>::with<core[a373ad73a504971]::task::poll::Poll<()>, <tokio[7b1d9c23dd27c365]::task::local::RunUntil<rest[15d9ef4edc0c0b87]::server::tests::shutdown_signal_gracefully_drains_an_inflight_request::{closure#0}> as core[a373ad73a504971]::future::future::Future>::poll::{closure#0}>::{closure#0}, core[a373ad73a504971]::task::poll::Poll<()>>
[INFO] [stdout]   13:     0x56f723a0a9e3 - <core[a373ad73a504971]::pin::Pin<&mut <tokio[7b1d9c23dd27c365]::task::local::LocalSet>::run_until<rest[15d9ef4edc0c0b87]::server::tests::shutdown_signal_gracefully_drains_an_inflight_request::{closure#0}>::{closure#0}> as core[a373ad73a504971]::future::future::Future>::poll
[INFO] [stdout]   14:     0x56f723866e9f - <tokio[7b1d9c23dd27c365]::runtime::scheduler::current_thread::Context>::enter::<core[a373ad73a504971]::task::poll::Poll<()>, <tokio[7b1d9c23dd27c365]::runtime::scheduler::current_thread::CoreGuard>::block_on<core[a373ad73a504971]::pin::Pin<&mut <tokio[7b1d9c23dd27c365]::task::local::LocalSet>::run_until<rest[15d9ef4edc0c0b87]::server::tests::shutdown_signal_gracefully_drains_an_inflight_request::{closure#0}>::{closure#0}>>::{closure#0}::{closure#0}>
[INFO] [stdout]   15:     0x56f7239b254c - <tokio[7b1d9c23dd27c365]::runtime::context::scoped::Scoped<tokio[7b1d9c23dd27c365]::runtime::scheduler::Context>>::set::<<tokio[7b1d9c23dd27c365]::runtime::scheduler::current_thread::CoreGuard>::enter<<tokio[7b1d9c23dd27c365]::runtime::scheduler::current_thread::CoreGuard>::block_on<core[a373ad73a504971]::pin::Pin<&mut <tokio[7b1d9c23dd27c365]::task::local::LocalSet>::run_until<rest[15d9ef4edc0c0b87]::server::tests::shutdown_signal_gracefully_drains_an_inflight_request::{closure#0}>::{closure#0}>>::{closure#0}, core[a373ad73a504971]::option::Option<()>>::{closure#0}, (alloc[2e1b2a31b91974c5]::boxed::Box<tokio[7b1d9c23dd27c365]::runtime::scheduler::current_thread::Core>, core[a373ad73a504971]::option::Option<()>)>
[INFO] [stdout]   16:     0x56f72386def5 - <tokio[7b1d9c23dd27c365]::runtime::scheduler::current_thread::CoreGuard>::block_on::<core[a373ad73a504971]::pin::Pin<&mut <tokio[7b1d9c23dd27c365]::task::local::LocalSet>::run_until<rest[15d9ef4edc0c0b87]::server::tests::shutdown_signal_gracefully_drains_an_inflight_request::{closure#0}>::{closure#0}>>
[INFO] [stdout]   17:     0x56f7239437ac - tokio[7b1d9c23dd27c365]::runtime::context::runtime::enter_runtime::<<tokio[7b1d9c23dd27c365]::runtime::scheduler::current_thread::CurrentThread>::block_on<<tokio[7b1d9c23dd27c365]::task::local::LocalSet>::run_until<rest[15d9ef4edc0c0b87]::server::tests::shutdown_signal_gracefully_drains_an_inflight_request::{closure#0}>::{closure#0}>::{closure#0}, ()>
[INFO] [stdout]   18:     0x56f723a8df2e - <tokio[7b1d9c23dd27c365]::runtime::runtime::Runtime>::block_on::<<tokio[7b1d9c23dd27c365]::task::local::LocalSet>::run_until<rest[15d9ef4edc0c0b87]::server::tests::shutdown_signal_gracefully_drains_an_inflight_request::{closure#0}>::{closure#0}>
[INFO] [stdout]   19:     0x56f723a0f5e6 - <rest[15d9ef4edc0c0b87]::server::tests::shutdown_signal_gracefully_drains_an_inflight_request::{closure#0} as core[a373ad73a504971]::ops::function::FnOnce<()>>::call_once
[INFO] [stdout]   20:     0x56f723ab551b - test[aada8e7e76ba119b]::__rust_begin_short_backtrace::<core[a373ad73a504971]::result::Result<(), alloc[2e1b2a31b91974c5]::string::String>, fn() -> core[a373ad73a504971]::result::Result<(), alloc[2e1b2a31b91974c5]::string::String>>
[INFO] [stdout]   21:     0x56f723ac26f5 - test[aada8e7e76ba119b]::run_test::{closure#0}
[INFO] [stdout]   22:     0x56f723abbfe4 - std[617be2ca0a6fd877]::sys::backtrace::__rust_begin_short_backtrace::<test[aada8e7e76ba119b]::run_test::{closure#1}, ()>
[INFO] [stdout]   23:     0x56f723ac5782 - <std[617be2ca0a6fd877]::thread::lifecycle::spawn_unchecked<test[aada8e7e76ba119b]::run_test::{closure#1}, ()>::{closure#1} as core[a373ad73a504971]::ops::function::FnOnce<()>>::call_once::{shim:vtable#0}
[INFO] [stdout]   24:     0x56f723f012ef - <std[617be2ca0a6fd877]::sys::thread::unix::Thread>::new::thread_start
[INFO] [stdout]   25:     0x7b3146f0fdfa - <unknown>
[INFO] [stdout]   26:     0x7b3146fa33d4 - clone
[INFO] [stdout]   27:                0x0 - <unknown>
[INFO] [stdout] 
[INFO] [stdout] 
[INFO] [stdout] failures:
[INFO] [stdout]     server::tests::shutdown_signal_gracefully_drains_an_inflight_request
[INFO] [stdout] 
[INFO] [stdout] test result: FAILED. 68 passed; 1 failed; 0 ignored; 0 measured; 0 filtered out; finished in 5.19s
[INFO] [stdout] 
[INFO] running `Command { std: "docker" "inspect" "bd6b09adaa52a1990411b3f5ee74e1f18879a19d76000402041a7905f644d233", kill_on_drop: false }`
[INFO] running `Command { std: "docker" "rm" "-f" "bd6b09adaa52a1990411b3f5ee74e1f18879a19d76000402041a7905f644d233", kill_on_drop: false }`
[INFO] [stdout] bd6b09adaa52a1990411b3f5ee74e1f18879a19d76000402041a7905f644d233
