[INFO] fetching crate rusnap-api 0.1.1...
[INFO] testing rusnap-api-0.1.1 against 1.100.0-beta.1+cargoflags=--release for beta-release-1.100-2
[INFO] extracting crate rusnap-api 0.1.1 into /workspace/builds/worker-4-tc2/source
[INFO] started tweaking crates.io crate rusnap-api 0.1.1
[INFO] finished tweaking crates.io crate rusnap-api 0.1.1
[INFO] tweaked toml for crates.io crate rusnap-api 0.1.1 written to /workspace/builds/worker-4-tc2/source/Cargo.toml
[INFO] validating manifest of crates.io crate rusnap-api 0.1.1 on toolchain 1.100.0-beta.1
[INFO] running `Command { std: CARGO_HOME="/workspace/cargo-home" RUSTUP_HOME="/workspace/rustup-home" "/workspace/cargo-home/bin/cargo" "+1.100.0-beta.1" "metadata" "--manifest-path" "Cargo.toml" "--no-deps", kill_on_drop: false }`
[INFO] running `Command { std: CARGO_HOME="/workspace/cargo-home" RUSTUP_HOME="/workspace/rustup-home" "/workspace/cargo-home/bin/cargo" "+1.100.0-beta.1" "generate-lockfile" "--manifest-path" "Cargo.toml", kill_on_drop: false }`
[INFO] [stderr]     Blocking waiting for file lock on package cache
[INFO] [stderr]     Updating crates.io index
[INFO] [stderr]     Blocking waiting for file lock on package cache
[INFO] [stderr]      Locking 46 packages to highest compatible versions
[INFO] [stderr]       Adding thiserror v1.0.69 (available: v2.0.21)
[INFO] running `Command { std: CARGO_HOME="/workspace/cargo-home" RUSTUP_HOME="/workspace/rustup-home" "/workspace/cargo-home/bin/cargo" "+1.100.0-beta.1" "fetch" "--manifest-path" "Cargo.toml", kill_on_drop: false }`
[INFO] running `Command { std: "docker" "create" "-v" "/var/lib/crater-agent-workspace/builds/worker-4-tc2/source:/opt/rustwide/workdir:ro,Z" "-v" "/var/lib/crater-agent-workspace/builds/worker-4-tc2/target:/opt/rustwide/target:rw,Z" "-v" "/var/lib/crater-agent-workspace/cargo-home:/opt/rustwide/cargo-home:ro,Z" "-v" "/var/lib/crater-agent-workspace/rustup-home:/opt/rustwide/rustup-home:ro,Z" "-m" "1610612736" "--network" "none" "ghcr.io/rust-lang/crates-build-env/linux@sha256:77db811e55d90add9212f6832c23229e3de5f1c1f9905e8cb07319ea15df73ac" "sleep" "infinity", kill_on_drop: false }`
[INFO] [stdout] 8c8ad1a4c8a3ece5f3fd2b4ea72d4847977cab86ee2eba997677402d69b8c39f
[INFO] running `Command { std: "docker" "start" "8c8ad1a4c8a3ece5f3fd2b4ea72d4847977cab86ee2eba997677402d69b8c39f", kill_on_drop: false }`
[INFO] running `Command { std: "docker" "inspect" "8c8ad1a4c8a3ece5f3fd2b4ea72d4847977cab86ee2eba997677402d69b8c39f", kill_on_drop: false }`
[INFO] running `Command { std: "docker" "exec" "-e" "SOURCE_DIR=/opt/rustwide/workdir" "-e" "CARGO_HOME=/opt/rustwide/cargo-home" "-e" "RUSTUP_HOME=/opt/rustwide/rustup-home" "-e" "CARGO_TARGET_DIR=/opt/rustwide/target" "-w" "/opt/rustwide/workdir" "--user" "0:0" "8c8ad1a4c8a3ece5f3fd2b4ea72d4847977cab86ee2eba997677402d69b8c39f" "/opt/rustwide/cargo-home/bin/cargo" "+1.100.0-beta.1" "metadata" "--no-deps" "--format-version=1", kill_on_drop: false }`
[INFO] running `Command { std: "docker" "inspect" "8c8ad1a4c8a3ece5f3fd2b4ea72d4847977cab86ee2eba997677402d69b8c39f", kill_on_drop: false }`
[INFO] running `Command { std: "docker" "exec" "-e" "SOURCE_DIR=/opt/rustwide/workdir" "-e" "CARGO_HOME=/opt/rustwide/cargo-home" "-e" "RUSTUP_HOME=/opt/rustwide/rustup-home" "-e" "CARGO_TARGET_DIR=/opt/rustwide/target" "-e" "CARGO_INCREMENTAL=0" "-e" "RUST_BACKTRACE=full" "-e" "RUSTFLAGS=--cap-lints=warn" "-e" "RUSTDOCFLAGS=--cap-lints=warn" "-w" "/opt/rustwide/workdir" "--user" "0:0" "8c8ad1a4c8a3ece5f3fd2b4ea72d4847977cab86ee2eba997677402d69b8c39f" "/opt/rustwide/cargo-home/bin/cargo" "+1.100.0-beta.1" "build" "--frozen" "--message-format=json" "--release", kill_on_drop: false }`
[INFO] [stderr]    Compiling const-hex v1.19.3
[INFO] [stderr]    Compiling wasm-bindgen v0.2.129
[INFO] [stderr]    Compiling wasm-bindgen-macro-support v0.2.129
[INFO] [stderr]    Compiling serde v1.0.229
[INFO] [stderr]    Compiling wasm-bindgen-macro v0.2.129
[INFO] [stderr]    Compiling js-sys v0.3.106
[INFO] [stderr]    Compiling rusnap-utils v0.1.0
[INFO] [stderr]    Compiling serde-wasm-bindgen v0.6.5
[INFO] [stderr]    Compiling wasm-bindgen-futures v0.4.79
[INFO] [stderr]    Compiling rusnap-api v0.1.1 (/opt/rustwide/workdir)
[INFO] [stdout] error[E0277]: the trait bound `!: serde::Deserialize<'de>` is not satisfied
[INFO] [stdout]    --> src/dialog.rs:108:5
[INFO] [stdout]     |
[INFO] [stdout] 108 |     request("snap_dialog", req).await?;
[INFO] [stdout]     |     ^^^^^^^^^^^^^^^^^^^^^^^^^^^ the trait `for<'de> Deserialize<'de>` is not implemented for `!`
[INFO] [stdout]     |
[INFO] [stdout]     = note: for local types consider adding `#[derive(serde::Deserialize)]` to your `!` type
[INFO] [stdout]     = note: for types from other crates check whether the crate offers a `serde` feature flag
[INFO] [stdout]     = help: the following other types implement trait `Deserialize<'de>`:
[INFO] [stdout]               `&'a [u8]` implements `Deserialize<'de>`
[INFO] [stdout]               `&'a str` implements `Deserialize<'de>`
[INFO] [stdout]               `()` implements `Deserialize<'de>`
[INFO] [stdout]               `(T,)` implements `Deserialize<'de>`
[INFO] [stdout]               `(T0, T1)` implements `Deserialize<'de>`
[INFO] [stdout]               `(T0, T1, T2)` implements `Deserialize<'de>`
[INFO] [stdout]               `(T0, T1, T2, T3)` implements `Deserialize<'de>`
[INFO] [stdout]               `(T0, T1, T2, T3, T4)` implements `Deserialize<'de>`
[INFO] [stdout]             and 74 others
[INFO] [stdout]     = note: this error might have been caused by changes to Rust's type-inference algorithm (see issue #148922 <https://github.com/rust-lang/rust/issues/148922> for more information)
[INFO] [stdout]     = help: you might have intended to use the type `()` here instead
[INFO] [stdout] note: required by a bound in `request::request`
[INFO] [stdout]    --> src/request.rs:22:8
[INFO] [stdout]     |
[INFO] [stdout]  19 | pub async fn request<P, R>(method: &'static str, params: P) -> Result<R>
[INFO] [stdout] ...
[INFO] [stdout]  22 |     R: for<'de> Deserialize<'de>,
[INFO] [stdout]     |        ^^^^^^^^^^^^^^^^^^^^^^^^^ required by this bound in `request`
[INFO] [stdout] 
[INFO] [stdout] 
[INFO] [stdout] error[E0277]: the trait bound `!: serde::Deserialize<'de>` is not satisfied
[INFO] [stdout]   --> src/state.rs:33:5
[INFO] [stdout]    |
[INFO] [stdout] 33 |     request("snap_manageState", arg).await?;
[INFO] [stdout]    |     ^^^^^^^^^^^^^^^^^^^^^^^^^^^^^^^^ the trait `for<'de> Deserialize<'de>` is not implemented for `!`
[INFO] [stdout]    |
[INFO] [stdout]    = note: for local types consider adding `#[derive(serde::Deserialize)]` to your `!` type
[INFO] [stdout]    = note: for types from other crates check whether the crate offers a `serde` feature flag
[INFO] [stdout]    = help: the following other types implement trait `Deserialize<'de>`:
[INFO] [stdout]              `&'a [u8]` implements `Deserialize<'de>`
[INFO] [stdout]              `&'a str` implements `Deserialize<'de>`
[INFO] [stdout]              `()` implements `Deserialize<'de>`
[INFO] [stdout]              `(T,)` implements `Deserialize<'de>`
[INFO] [stdout]              `(T0, T1)` implements `Deserialize<'de>`
[INFO] [stdout]              `(T0, T1, T2)` implements `Deserialize<'de>`
[INFO] [stdout]              `(T0, T1, T2, T3)` implements `Deserialize<'de>`
[INFO] [stdout]              `(T0, T1, T2, T3, T4)` implements `Deserialize<'de>`
[INFO] [stdout]            and 71 others
[INFO] [stdout]    = note: this error might have been caused by changes to Rust's type-inference algorithm (see issue #148922 <https://github.com/rust-lang/rust/issues/148922> for more information)
[INFO] [stdout]    = help: you might have intended to use the type `()` here instead
[INFO] [stdout] note: required by a bound in `request::request`
[INFO] [stdout]   --> src/request.rs:22:8
[INFO] [stdout]    |
[INFO] [stdout] 19 | pub async fn request<P, R>(method: &'static str, params: P) -> Result<R>
[INFO] [stdout] ...
[INFO] [stdout] 22 |     R: for<'de> Deserialize<'de>,
[INFO] [stdout]    |        ^^^^^^^^^^^^^^^^^^^^^^^^^ required by this bound in `request`
[INFO] [stdout] 
[INFO] [stdout] 
[INFO] [stdout] error[E0277]: the trait bound `!: serde::Deserialize<'de>` is not satisfied
[INFO] [stdout]   --> src/state.rs:44:5
[INFO] [stdout]    |
[INFO] [stdout] 44 |     request("snap_manageState", ManageStateBare { operation: "clear" }).await?;
[INFO] [stdout]    |     ^^^^^^^^^^^^^^^^^^^^^^^^^^^^^^^^^^^^^^^^^^^^^^^^^^^^^^^^^^^^^^^^^^^ the trait `for<'de> Deserialize<'de>` is not implemented for `!`
[INFO] [stdout]    |
[INFO] [stdout]    = note: for local types consider adding `#[derive(serde::Deserialize)]` to your `!` type
[INFO] [stdout]    = note: for types from other crates check whether the crate offers a `serde` feature flag
[INFO] [stdout]    = help: the following other types implement trait `Deserialize<'de>`:
[INFO] [stdout]              `&'a [u8]` implements `Deserialize<'de>`
[INFO] [stdout]              `&'a str` implements `Deserialize<'de>`
[INFO] [stdout]              `()` implements `Deserialize<'de>`
[INFO] [stdout]              `(T,)` implements `Deserialize<'de>`
[INFO] [stdout]              `(T0, T1)` implements `Deserialize<'de>`
[INFO] [stdout]              `(T0, T1, T2)` implements `Deserialize<'de>`
[INFO] [stdout]              `(T0, T1, T2, T3)` implements `Deserialize<'de>`
[INFO] [stdout]              `(T0, T1, T2, T3, T4)` implements `Deserialize<'de>`
[INFO] [stdout]            and 71 others
[INFO] [stdout]    = note: this error might have been caused by changes to Rust's type-inference algorithm (see issue #148922 <https://github.com/rust-lang/rust/issues/148922> for more information)
[INFO] [stdout]    = help: you might have intended to use the type `()` here instead
[INFO] [stdout] note: required by a bound in `request::request`
[INFO] [stdout]   --> src/request.rs:22:8
[INFO] [stdout]    |
[INFO] [stdout] 19 | pub async fn request<P, R>(method: &'static str, params: P) -> Result<R>
[INFO] [stdout] ...
[INFO] [stdout] 22 |     R: for<'de> Deserialize<'de>,
[INFO] [stdout]    |        ^^^^^^^^^^^^^^^^^^^^^^^^^ required by this bound in `request`
[INFO] [stdout] 
[INFO] [stdout] 
[INFO] [stdout] For more information about this error, try `rustc --explain E0277`.
[INFO] [stdout] 
[INFO] [stderr] error: could not compile `rusnap-api` (lib) due to 3 previous errors
[INFO] running `Command { std: "docker" "inspect" "8c8ad1a4c8a3ece5f3fd2b4ea72d4847977cab86ee2eba997677402d69b8c39f", kill_on_drop: false }`
[INFO] running `Command { std: "docker" "rm" "-f" "8c8ad1a4c8a3ece5f3fd2b4ea72d4847977cab86ee2eba997677402d69b8c39f", kill_on_drop: false }`
[INFO] [stdout] 8c8ad1a4c8a3ece5f3fd2b4ea72d4847977cab86ee2eba997677402d69b8c39f
