[INFO] fetching crate rty 0.2.2...
[INFO] testing rty-0.2.2 against 1.100.0-beta.1+cargoflags=--release for beta-release-1.100-2
[INFO] extracting crate rty 0.2.2 into /workspace/builds/worker-4-tc2/source
[INFO] removed /workspace/builds/worker-4-tc2/source/rust-toolchain
[INFO] started tweaking crates.io crate rty 0.2.2
[INFO] finished tweaking crates.io crate rty 0.2.2
[INFO] tweaked toml for crates.io crate rty 0.2.2 written to /workspace/builds/worker-4-tc2/source/Cargo.toml
[INFO] validating manifest of crates.io crate rty 0.2.2 on toolchain 1.100.0-beta.1
[INFO] running `Command { std: CARGO_HOME="/workspace/cargo-home" RUSTUP_HOME="/workspace/rustup-home" "/workspace/cargo-home/bin/cargo" "+1.100.0-beta.1" "metadata" "--manifest-path" "Cargo.toml" "--no-deps", kill_on_drop: false }`
[INFO] crate crates.io crate rty 0.2.2 already has a lockfile, it will not be regenerated
[INFO] running `Command { std: CARGO_HOME="/workspace/cargo-home" RUSTUP_HOME="/workspace/rustup-home" "/workspace/cargo-home/bin/cargo" "+1.100.0-beta.1" "fetch" "--manifest-path" "Cargo.toml", kill_on_drop: false }`
[INFO] [stderr] warning: `package.homepage` is redundant with `package.repository`
[INFO] [stderr]   --> Cargo.toml:47:12
[INFO] [stderr]    |
[INFO] [stderr] 47 | homepage = "https://github.com/tmtmtoo/retry"
[INFO] [stderr]    |            ^^^^^^^^^^^^^^^^^^^^^^^^^^^^^^^^^^
[INFO] [stderr] ...
[INFO] [stderr] 52 | repository = "https://github.com/tmtmtoo/retry"
[INFO] [stderr]    |              ----------------------------------
[INFO] [stderr]    |
[INFO] [stderr]    = note: `cargo::redundant_homepage` is set to `warn` by default
[INFO] [stderr] help: consider removing `package.homepage`
[INFO] [stderr] warning: `rty` (manifest) generated 1 warning
[INFO] running `Command { std: "docker" "create" "-v" "/var/lib/crater-agent-workspace/builds/worker-4-tc2/source:/opt/rustwide/workdir:ro,Z" "-v" "/var/lib/crater-agent-workspace/builds/worker-4-tc2/target:/opt/rustwide/target:rw,Z" "-v" "/var/lib/crater-agent-workspace/cargo-home:/opt/rustwide/cargo-home:ro,Z" "-v" "/var/lib/crater-agent-workspace/rustup-home:/opt/rustwide/rustup-home:ro,Z" "-m" "1610612736" "--network" "none" "ghcr.io/rust-lang/crates-build-env/linux@sha256:77db811e55d90add9212f6832c23229e3de5f1c1f9905e8cb07319ea15df73ac" "sleep" "infinity", kill_on_drop: false }`
[INFO] [stdout] 7e77b71349e5bf3ebf19ec75088ac35a5c5f3b1597d1cc9fc3c9c0147435fb6c
[INFO] running `Command { std: "docker" "start" "7e77b71349e5bf3ebf19ec75088ac35a5c5f3b1597d1cc9fc3c9c0147435fb6c", kill_on_drop: false }`
[INFO] running `Command { std: "docker" "inspect" "7e77b71349e5bf3ebf19ec75088ac35a5c5f3b1597d1cc9fc3c9c0147435fb6c", kill_on_drop: false }`
[INFO] running `Command { std: "docker" "exec" "-e" "SOURCE_DIR=/opt/rustwide/workdir" "-e" "CARGO_HOME=/opt/rustwide/cargo-home" "-e" "RUSTUP_HOME=/opt/rustwide/rustup-home" "-e" "CARGO_TARGET_DIR=/opt/rustwide/target" "-w" "/opt/rustwide/workdir" "--user" "0:0" "7e77b71349e5bf3ebf19ec75088ac35a5c5f3b1597d1cc9fc3c9c0147435fb6c" "/opt/rustwide/cargo-home/bin/cargo" "+1.100.0-beta.1" "metadata" "--no-deps" "--format-version=1", kill_on_drop: false }`
[INFO] running `Command { std: "docker" "inspect" "7e77b71349e5bf3ebf19ec75088ac35a5c5f3b1597d1cc9fc3c9c0147435fb6c", kill_on_drop: false }`
[INFO] running `Command { std: "docker" "exec" "-e" "SOURCE_DIR=/opt/rustwide/workdir" "-e" "CARGO_HOME=/opt/rustwide/cargo-home" "-e" "RUSTUP_HOME=/opt/rustwide/rustup-home" "-e" "CARGO_TARGET_DIR=/opt/rustwide/target" "-e" "CARGO_INCREMENTAL=0" "-e" "RUST_BACKTRACE=full" "-e" "RUSTFLAGS=--cap-lints=warn" "-e" "RUSTDOCFLAGS=--cap-lints=warn" "-w" "/opt/rustwide/workdir" "--user" "0:0" "7e77b71349e5bf3ebf19ec75088ac35a5c5f3b1597d1cc9fc3c9c0147435fb6c" "/opt/rustwide/cargo-home/bin/cargo" "+1.100.0-beta.1" "build" "--frozen" "--message-format=json" "--release", kill_on_drop: false }`
[INFO] [stderr] warning: `package.homepage` is redundant with `package.repository`
[INFO] [stderr]   --> Cargo.toml:47:12
[INFO] [stderr]    |
[INFO] [stderr] 47 | homepage = "https://github.com/tmtmtoo/retry"
[INFO] [stderr]    |            ^^^^^^^^^^^^^^^^^^^^^^^^^^^^^^^^^^
[INFO] [stderr] ...
[INFO] [stderr] 52 | repository = "https://github.com/tmtmtoo/retry"
[INFO] [stderr]    |              ----------------------------------
[INFO] [stderr]    |
[INFO] [stderr]    = note: `cargo::redundant_homepage` is set to `warn` by default
[INFO] [stderr] help: consider removing `package.homepage`
[INFO] [stderr] warning: `rty` (manifest) generated 1 warning
[INFO] [stderr]    Compiling proc-macro2 v1.0.19
[INFO] [stderr]    Compiling unicode-xid v0.2.1
[INFO] [stderr]    Compiling syn v1.0.36
[INFO] [stderr]    Compiling libc v0.2.74
[INFO] [stderr]    Compiling pin-project-internal v0.4.23
[INFO] [stderr]    Compiling slab v0.4.2
[INFO] [stderr]    Compiling memchr v2.3.3
[INFO] [stderr]    Compiling proc-macro-nested v0.1.6
[INFO] [stderr]    Compiling futures-core v0.3.5
[INFO] [stderr]    Compiling syn v0.15.44
[INFO] [stderr]    Compiling proc-macro-hack v0.5.18
[INFO] [stderr]    Compiling futures-sink v0.3.5
[INFO] [stderr]    Compiling once_cell v1.4.0
[INFO] [stderr]    Compiling futures-channel v0.3.5
[INFO] [stderr]    Compiling futures-io v0.3.5
[INFO] [stderr]    Compiling futures-task v0.3.5
[INFO] [stderr]    Compiling unicode-segmentation v1.6.0
[INFO] [stderr]    Compiling unicode-width v0.1.8
[INFO] [stderr]    Compiling textwrap v0.11.0
[INFO] [stderr]    Compiling anyhow v1.0.32
[INFO] [stderr]    Compiling ansi_term v0.11.0
[INFO] [stderr]    Compiling strsim v0.8.0
[INFO] [stderr]    Compiling quote v1.0.7
[INFO] [stderr]    Compiling iovec v0.1.4
[INFO] [stderr]    Compiling net2 v0.2.34
[INFO] [stderr]    Compiling atty v0.2.14
[INFO] [stderr]    Compiling heck v0.3.1
[INFO] [stderr]    Compiling vec_map v0.8.2
[INFO] [stderr]    Compiling mio v0.6.22
[INFO] [stderr]    Compiling arc-swap v0.4.7
[INFO] [stderr]    Compiling clap v2.33.3
[INFO] [stderr]    Compiling num_cpus v1.13.0
[INFO] [stderr]    Compiling bytes v0.5.6
[INFO] [stderr]    Compiling signal-hook-registry v1.2.1
[INFO] [stderr]    Compiling pin-project-lite v0.1.7
[INFO] [stderr]    Compiling mio-uds v0.6.8
[INFO] [stderr]    Compiling apply v0.2.2
[INFO] [stderr]    Compiling structopt-derive v0.2.18
[INFO] [stderr]    Compiling structopt v0.2.18
[INFO] [stderr]    Compiling futures-macro v0.3.5
[INFO] [stderr]    Compiling tokio-macros v0.2.5
[INFO] [stderr]    Compiling derive_more v0.99.9
[INFO] [stderr]    Compiling async-trait v0.1.37
[INFO] [stderr]    Compiling derive-new v0.5.8
[INFO] [stderr]    Compiling derive-getters v0.1.0
[INFO] [stderr]    Compiling tokio v0.2.22
[INFO] [stderr]    Compiling pin-project v0.4.23
[INFO] [stderr]    Compiling futures-util v0.3.5
[INFO] [stderr]    Compiling futures-executor v0.3.5
[INFO] [stderr]    Compiling futures v0.3.5
[INFO] [stderr]    Compiling rty v0.2.2 (/opt/rustwide/workdir)
[INFO] [stdout] warning: lint `const_err` has been removed: converted into hard error, see issue #71800 <https://github.com/rust-lang/rust/issues/71800> for more information
[INFO] [stdout]  --> src/main.rs:2:9
[INFO] [stdout]   |
[INFO] [stdout] 2 | #![deny(const_err)]
[INFO] [stdout]   |         ^^^^^^^^^
[INFO] [stdout]   |
[INFO] [stdout]   = note: `#[warn(renamed_and_removed_lints)]` on by default
[INFO] [stdout] 
[INFO] [stdout] 
[INFO] [stdout] warning: unused import: `derive_more::*`
[INFO] [stdout]   --> src/prelude.rs:5:9
[INFO] [stdout]    |
[INFO] [stdout]  5 | pub use derive_more::*;
[INFO] [stdout]    |         ^^^^^^^^^^^^^^
[INFO] [stdout]    |
[INFO] [stdout] note: the lint level is defined here
[INFO] [stdout]   --> src/main.rs:19:9
[INFO] [stdout]    |
[INFO] [stdout] 19 | #![deny(unused_imports)]
[INFO] [stdout]    |         ^^^^^^^^^^^^^^
[INFO] [stdout] 
[INFO] [stdout] 
[INFO] [stderr]     Finished `release` profile [optimized] target(s) in 51.83s
[INFO] running `Command { std: "docker" "inspect" "7e77b71349e5bf3ebf19ec75088ac35a5c5f3b1597d1cc9fc3c9c0147435fb6c", kill_on_drop: false }`
[INFO] running `Command { std: "docker" "exec" "-e" "SOURCE_DIR=/opt/rustwide/workdir" "-e" "CARGO_HOME=/opt/rustwide/cargo-home" "-e" "RUSTUP_HOME=/opt/rustwide/rustup-home" "-e" "CARGO_TARGET_DIR=/opt/rustwide/target" "-e" "CARGO_INCREMENTAL=0" "-e" "RUST_BACKTRACE=full" "-e" "RUSTFLAGS=--cap-lints=warn" "-e" "RUSTDOCFLAGS=--cap-lints=warn" "-w" "/opt/rustwide/workdir" "--user" "0:0" "7e77b71349e5bf3ebf19ec75088ac35a5c5f3b1597d1cc9fc3c9c0147435fb6c" "/opt/rustwide/cargo-home/bin/cargo" "+1.100.0-beta.1" "test" "--frozen" "--no-run" "--message-format=json" "--release", kill_on_drop: false }`
[INFO] [stderr] warning: `package.homepage` is redundant with `package.repository`
[INFO] [stderr]   --> Cargo.toml:47:12
[INFO] [stderr]    |
[INFO] [stderr] 47 | homepage = "https://github.com/tmtmtoo/retry"
[INFO] [stderr]    |            ^^^^^^^^^^^^^^^^^^^^^^^^^^^^^^^^^^
[INFO] [stderr] ...
[INFO] [stderr] 52 | repository = "https://github.com/tmtmtoo/retry"
[INFO] [stderr]    |              ----------------------------------
[INFO] [stderr]    |
[INFO] [stderr]    = note: `cargo::redundant_homepage` is set to `warn` by default
[INFO] [stderr] help: consider removing `package.homepage`
[INFO] [stderr] warning: `rty` (manifest) generated 1 warning
[INFO] [stderr]    Compiling autocfg v1.0.0
[INFO] [stderr]    Compiling aho-corasick v0.7.13
[INFO] [stderr]    Compiling thread_local v1.0.1
[INFO] [stderr]    Compiling predicates-core v1.0.0
[INFO] [stderr]    Compiling regex-syntax v0.6.18
[INFO] [stderr]    Compiling test-case v1.0.0
[INFO] [stderr]    Compiling normalize-line-endings v0.3.0
[INFO] [stderr]    Compiling difference v2.0.0
[INFO] [stderr]    Compiling treeline v0.1.0
[INFO] [stderr]    Compiling wait-timeout v0.2.0
[INFO] [stderr]    Compiling predicates-tree v1.0.0
[INFO] [stderr]    Compiling num-traits v0.2.12
[INFO] [stdout] warning: lint `const_err` has been removed: converted into hard error, see issue #71800 <https://github.com/rust-lang/rust/issues/71800> for more information
[INFO] [stdout]  --> src/main.rs:2:9
[INFO] [stdout]   |
[INFO] [stdout] 2 | #![deny(const_err)]
[INFO] [stdout]   |         ^^^^^^^^^
[INFO] [stdout]   |
[INFO] [stdout]   = note: `#[warn(renamed_and_removed_lints)]` on by default
[INFO] [stdout] 
[INFO] [stdout] 
[INFO] [stdout] warning: unused import: `derive_more::*`
[INFO] [stdout]   --> src/prelude.rs:5:9
[INFO] [stdout]    |
[INFO] [stdout]  5 | pub use derive_more::*;
[INFO] [stdout]    |         ^^^^^^^^^^^^^^
[INFO] [stdout]    |
[INFO] [stdout] note: the lint level is defined here
[INFO] [stdout]   --> src/main.rs:19:9
[INFO] [stdout]    |
[INFO] [stdout] 19 | #![deny(unused_imports)]
[INFO] [stdout]    |         ^^^^^^^^^^^^^^
[INFO] [stdout] 
[INFO] [stdout] 
[INFO] [stderr]    Compiling float-cmp v0.8.0
[INFO] [stderr]    Compiling regex v1.3.9
[INFO] [stderr]    Compiling predicates v1.0.5
[INFO] [stderr]    Compiling assert_cmd v1.0.1
[INFO] [stderr]    Compiling rty v0.2.2 (/opt/rustwide/workdir)
[INFO] [stdout] warning: lint `const_err` has been removed: converted into hard error, see issue #71800 <https://github.com/rust-lang/rust/issues/71800> for more information
[INFO] [stdout]  --> src/main.rs:2:9
[INFO] [stdout]   |
[INFO] [stdout] 2 | #![deny(const_err)]
[INFO] [stdout]   |         ^^^^^^^^^
[INFO] [stdout]   |
[INFO] [stdout]   = note: `#[warn(renamed_and_removed_lints)]` on by default
[INFO] [stdout] 
[INFO] [stdout] 
[INFO] [stdout] warning: unused import: `derive_more::*`
[INFO] [stdout]   --> src/prelude.rs:5:9
[INFO] [stdout]    |
[INFO] [stdout]  5 | pub use derive_more::*;
[INFO] [stdout]    |         ^^^^^^^^^^^^^^
[INFO] [stdout]    |
[INFO] [stdout] note: the lint level is defined here
[INFO] [stdout]   --> src/main.rs:19:9
[INFO] [stdout]    |
[INFO] [stdout] 19 | #![deny(unused_imports)]
[INFO] [stdout]    |         ^^^^^^^^^^^^^^
[INFO] [stdout] 
[INFO] [stdout] 
[INFO] [stdout] warning: struct `StubPipedCmdExecutor` is never constructed
[INFO] [stdout]   --> src/exec.rs:94:12
[INFO] [stdout]    |
[INFO] [stdout] 94 | pub struct StubPipedCmdExecutor {
[INFO] [stdout]    |            ^^^^^^^^^^^^^^^^^^^^
[INFO] [stdout]    |
[INFO] [stdout]    = note: `#[warn(dead_code)]` (part of `#[warn(unused)]`) on by default
[INFO] [stdout] 
[INFO] [stdout] 
[INFO] [stderr]     Finished `release` profile [optimized] target(s) in 28.93s
[INFO] running `Command { std: "docker" "inspect" "7e77b71349e5bf3ebf19ec75088ac35a5c5f3b1597d1cc9fc3c9c0147435fb6c", kill_on_drop: false }`
[INFO] running `Command { std: "docker" "exec" "-e" "SOURCE_DIR=/opt/rustwide/workdir" "-e" "CARGO_HOME=/opt/rustwide/cargo-home" "-e" "RUSTUP_HOME=/opt/rustwide/rustup-home" "-e" "CARGO_TARGET_DIR=/opt/rustwide/target" "-e" "CARGO_INCREMENTAL=0" "-e" "RUST_BACKTRACE=full" "-e" "RUSTFLAGS=--cap-lints=warn" "-e" "RUSTDOCFLAGS=--cap-lints=warn" "-w" "/opt/rustwide/workdir" "--user" "0:0" "7e77b71349e5bf3ebf19ec75088ac35a5c5f3b1597d1cc9fc3c9c0147435fb6c" "/opt/rustwide/cargo-home/bin/cargo" "+1.100.0-beta.1" "test" "--frozen" "--release", kill_on_drop: false }`
[INFO] [stderr] warning: `package.homepage` is redundant with `package.repository`
[INFO] [stderr]   --> Cargo.toml:47:12
[INFO] [stderr]    |
[INFO] [stderr] 47 | homepage = "https://github.com/tmtmtoo/retry"
[INFO] [stderr]    |            ^^^^^^^^^^^^^^^^^^^^^^^^^^^^^^^^^^
[INFO] [stderr] ...
[INFO] [stderr] 52 | repository = "https://github.com/tmtmtoo/retry"
[INFO] [stderr]    |              ----------------------------------
[INFO] [stderr]    |
[INFO] [stderr]    = note: `cargo::redundant_homepage` is set to `warn` by default
[INFO] [stderr] help: consider removing `package.homepage`
[INFO] [stderr] warning: `rty` (manifest) generated 1 warning
[INFO] [stderr] warning: lint `const_err` has been removed: converted into hard error, see issue #71800 <https://github.com/rust-lang/rust/issues/71800> for more information
[INFO] [stderr]  --> src/main.rs:2:9
[INFO] [stderr]   |
[INFO] [stderr] 2 | #![deny(const_err)]
[INFO] [stderr]   |         ^^^^^^^^^
[INFO] [stderr]   |
[INFO] [stderr]   = note: `#[warn(renamed_and_removed_lints)]` on by default
[INFO] [stderr] 
[INFO] [stderr] warning: unused import: `derive_more::*`
[INFO] [stderr]   --> src/prelude.rs:5:9
[INFO] [stderr]    |
[INFO] [stderr]  5 | pub use derive_more::*;
[INFO] [stderr]    |         ^^^^^^^^^^^^^^
[INFO] [stderr]    |
[INFO] [stderr] note: the lint level is defined here
[INFO] [stderr]   --> src/main.rs:19:9
[INFO] [stderr]    |
[INFO] [stderr] 19 | #![deny(unused_imports)]
[INFO] [stderr]    |         ^^^^^^^^^^^^^^
[INFO] [stderr] 
[INFO] [stderr] warning: `rty` (bin "rty") generated 2 warnings (run `cargo fix --bin "rty" -p rty` to apply 1 suggestion)
[INFO] [stderr] warning: struct `StubPipedCmdExecutor` is never constructed
[INFO] [stderr]   --> src/exec.rs:94:12
[INFO] [stderr]    |
[INFO] [stderr] 94 | pub struct StubPipedCmdExecutor {
[INFO] [stderr]    |            ^^^^^^^^^^^^^^^^^^^^
[INFO] [stderr]    |
[INFO] [stderr]    = note: `#[warn(dead_code)]` (part of `#[warn(unused)]`) on by default
[INFO] [stderr] 
[INFO] [stderr] warning: `rty` (bin "rty" test) generated 3 warnings (2 duplicates)
[INFO] [stderr]     Finished `release` profile [optimized] target(s) in 0.09s
[INFO] [stderr]      Running unittests src/main.rs (/opt/rustwide/target/release/build/rty/3b55d87f21ff5fb3/out/rty-3b55d87f21ff5fb3)
[INFO] [stdout] 
[INFO] [stdout] running 7 tests
[INFO] [stdout] test app::tests::exec_cmd_to_sleep_without_limit ... ok
[INFO] [stdout] test app::tests::exec_cmd_to_done_with_success ... ok
[INFO] [stdout] test app::tests::exec_cmd_to_sleep_with_limit ... ok
[INFO] [stdout] test app::tests::sleep_to_exec ... ok
[INFO] [stdout] test exec::child_process::tests::parse ... ok
[INFO] [stdout] test exec::tests::expect_stdout_3byte_stderr_4byte ... ok
[INFO] [stdout] test app::tests::exec_cmd_to_done_with_fail ... ok
[INFO] [stdout] 
[INFO] [stdout] test result: ok. 7 passed; 0 failed; 0 ignored; 0 measured; 0 filtered out; finished in 0.00s
[INFO] [stdout] 
[INFO] [stderr]      Running tests/cli.rs (/opt/rustwide/target/release/build/rty/1cd0f34e51b3cf6a/out/cli-1cd0f34e51b3cf6a)
[INFO] [stdout] 
[INFO] [stdout] running 4 tests
[INFO] [stdout] test failed_2_time ... FAILED
[INFO] [stdout] test failed_2_time_with_double_hyphen ... FAILED
[INFO] [stdout] test successful_1_time ... FAILED
[INFO] [stdout] test sleep_one_time ... FAILED
[INFO] [stdout] 
[INFO] [stdout] failures:
[INFO] [stdout] 
[INFO] [stdout] ---- failed_2_time stdout ----
[INFO] [stdout] 
[INFO] [stdout] thread 'failed_2_time' (1346) panicked at tests/cli.rs:35:45:
[INFO] [stdout] called `Result::unwrap()` on an `Err` value: CargoError { cause: Some(NotFoundError { path: "/opt/rustwide/target/release/build/rty/1cd0f34e51b3cf6a/out/rty" }) }
[INFO] [stdout] stack backtrace:
[INFO] [stdout]    0:     0x556562044a51 - <<std[617be2ca0a6fd877]::sys::backtrace::BacktraceLock>::print::DisplayBacktrace as core[a373ad73a504971]::fmt::Display>::fmt
[INFO] [stdout]    1:     0x55656205a04a - core[a373ad73a504971]::fmt::write
[INFO] [stdout]    2:     0x55656204a07c - <alloc[2e1b2a31b91974c5]::vec::Vec<u8> as core[a373ad73a504971]::io::write::Write>::write_fmt
[INFO] [stdout]    3:     0x556562020566 - std[617be2ca0a6fd877]::panicking::default_hook::{closure#0}
[INFO] [stdout]    4:     0x55656203d069 - std[617be2ca0a6fd877]::panicking::default_hook
[INFO] [stdout]    5:     0x556561fd0150 - test[aada8e7e76ba119b]::test_main_inner::{closure#0}
[INFO] [stdout]    6:     0x55656203d222 - std[617be2ca0a6fd877]::panicking::panic_with_hook
[INFO] [stdout]    7:     0x556562020612 - std[617be2ca0a6fd877]::panicking::panic_handler::{closure#0}
[INFO] [stdout]    8:     0x556562019329 - std[617be2ca0a6fd877]::sys::backtrace::__rust_end_short_backtrace::<std[617be2ca0a6fd877]::panicking::panic_handler::{closure#0}, !>
[INFO] [stdout]    9:     0x55656202121d - __rustc[ea4f61d10b84890b]::rust_begin_unwind
[INFO] [stdout]   10:     0x55656205a77c - core[a373ad73a504971]::panicking::panic_fmt
[INFO] [stdout]   11:     0x55656205a552 - core[a373ad73a504971]::result::unwrap_failed
[INFO] [stdout]   12:     0x556561fc2eb7 - <cli[4484e906f83bb481]::failed_2_time::{closure#0} as core[a373ad73a504971]::ops::function::FnOnce<()>>::call_once
[INFO] [stdout]   13:     0x556561fc359b - test[aada8e7e76ba119b]::__rust_begin_short_backtrace::<core[a373ad73a504971]::result::Result<(), alloc[2e1b2a31b91974c5]::string::String>, fn() -> core[a373ad73a504971]::result::Result<(), alloc[2e1b2a31b91974c5]::string::String>>
[INFO] [stdout]   14:     0x556561fd0775 - test[aada8e7e76ba119b]::run_test::{closure#0}
[INFO] [stdout]   15:     0x556561fca064 - std[617be2ca0a6fd877]::sys::backtrace::__rust_begin_short_backtrace::<test[aada8e7e76ba119b]::run_test::{closure#1}, ()>
[INFO] [stdout]   16:     0x556561fd3802 - <std[617be2ca0a6fd877]::thread::lifecycle::spawn_unchecked<test[aada8e7e76ba119b]::run_test::{closure#1}, ()>::{closure#1} as core[a373ad73a504971]::ops::function::FnOnce<()>>::call_once::{shim:vtable#0}
[INFO] [stdout]   17:     0x55656204422f - <std[617be2ca0a6fd877]::sys::thread::unix::Thread>::new::thread_start
[INFO] [stdout]   18:     0x798b3e630dfa - <unknown>
[INFO] [stdout]   19:     0x798b3e6c43d4 - clone
[INFO] [stdout]   20:                0x0 - <unknown>
[INFO] [stdout] 
[INFO] [stdout] ---- failed_2_time_with_double_hyphen stdout ----
[INFO] [stdout] 
[INFO] [stdout] thread 'failed_2_time_with_double_hyphen' (1347) panicked at tests/cli.rs:51:45:
[INFO] [stdout] called `Result::unwrap()` on an `Err` value: CargoError { cause: Some(NotFoundError { path: "/opt/rustwide/target/release/build/rty/1cd0f34e51b3cf6a/out/rty" }) }
[INFO] [stdout] stack backtrace:
[INFO] [stdout]    0:     0x556562044a51 - <<std[617be2ca0a6fd877]::sys::backtrace::BacktraceLock>::print::DisplayBacktrace as core[a373ad73a504971]::fmt::Display>::fmt
[INFO] [stdout]    1:     0x55656205a04a - core[a373ad73a504971]::fmt::write
[INFO] [stdout]    2:     0x55656204a07c - <alloc[2e1b2a31b91974c5]::vec::Vec<u8> as core[a373ad73a504971]::io::write::Write>::write_fmt
[INFO] [stdout]    3:     0x556562020566 - std[617be2ca0a6fd877]::panicking::default_hook::{closure#0}
[INFO] [stdout]    4:     0x55656203d069 - std[617be2ca0a6fd877]::panicking::default_hook
[INFO] [stdout]    5:     0x556561fd0150 - test[aada8e7e76ba119b]::test_main_inner::{closure#0}
[INFO] [stdout]    6:     0x55656203d222 - std[617be2ca0a6fd877]::panicking::panic_with_hook
[INFO] [stdout]    7:     0x556562020612 - std[617be2ca0a6fd877]::panicking::panic_handler::{closure#0}
[INFO] [stdout]    8:     0x556562019329 - std[617be2ca0a6fd877]::sys::backtrace::__rust_end_short_backtrace::<std[617be2ca0a6fd877]::panicking::panic_handler::{closure#0}, !>
[INFO] [stdout]    9:     0x55656202121d - __rustc[ea4f61d10b84890b]::rust_begin_unwind
[INFO] [stdout]   10:     0x55656205a77c - core[a373ad73a504971]::panicking::panic_fmt
[INFO] [stdout]   11:     0x55656205a552 - core[a373ad73a504971]::result::unwrap_failed
[INFO] [stdout]   12:     0x556561fc34d1 - <cli[4484e906f83bb481]::failed_2_time_with_double_hyphen::{closure#0} as core[a373ad73a504971]::ops::function::FnOnce<()>>::call_once
[INFO] [stdout]   13:     0x556561fc359b - test[aada8e7e76ba119b]::__rust_begin_short_backtrace::<core[a373ad73a504971]::result::Result<(), alloc[2e1b2a31b91974c5]::string::String>, fn() -> core[a373ad73a504971]::result::Result<(), alloc[2e1b2a31b91974c5]::string::String>>
[INFO] [stdout]   14:     0x556561fd0775 - test[aada8e7e76ba119b]::run_test::{closure#0}
[INFO] [stdout]   15:     0x556561fca064 - std[617be2ca0a6fd877]::sys::backtrace::__rust_begin_short_backtrace::<test[aada8e7e76ba119b]::run_test::{closure#1}, ()>
[INFO] [stdout]   16:     0x556561fd3802 - <std[617be2ca0a6fd877]::thread::lifecycle::spawn_unchecked<test[aada8e7e76ba119b]::run_test::{closure#1}, ()>::{closure#1} as core[a373ad73a504971]::ops::function::FnOnce<()>>::call_once::{shim:vtable#0}
[INFO] [stdout]   17:     0x55656204422f - <std[617be2ca0a6fd877]::sys::thread::unix::Thread>::new::thread_start
[INFO] [stdout]   18:     0x798b3e630dfa - <unknown>
[INFO] [stdout]   19:     0x798b3e6c43d4 - clone
[INFO] [stdout]   20:                0x0 - <unknown>
[INFO] [stdout] 
[INFO] [stdout] ---- successful_1_time stdout ----
[INFO] [stdout] 
[INFO] [stdout] thread 'successful_1_time' (1349) panicked at tests/cli.rs:7:45:
[INFO] [stdout] called `Result::unwrap()` on an `Err` value: CargoError { cause: Some(NotFoundError { path: "/opt/rustwide/target/release/build/rty/1cd0f34e51b3cf6a/out/rty" }) }
[INFO] [stdout] stack backtrace:
[INFO] [stdout]    0:     0x556562044a51 - <<std[617be2ca0a6fd877]::sys::backtrace::BacktraceLock>::print::DisplayBacktrace as core[a373ad73a504971]::fmt::Display>::fmt
[INFO] [stdout]    1:     0x55656205a04a - core[a373ad73a504971]::fmt::write
[INFO] [stdout]    2:     0x55656204a07c - <alloc[2e1b2a31b91974c5]::vec::Vec<u8> as core[a373ad73a504971]::io::write::Write>::write_fmt
[INFO] [stdout]    3:     0x556562020566 - std[617be2ca0a6fd877]::panicking::default_hook::{closure#0}
[INFO] [stdout]    4:     0x55656203d069 - std[617be2ca0a6fd877]::panicking::default_hook
[INFO] [stdout]    5:     0x556561fd0150 - test[aada8e7e76ba119b]::test_main_inner::{closure#0}
[INFO] [stdout]    6:     0x55656203d222 - std[617be2ca0a6fd877]::panicking::panic_with_hook
[INFO] [stdout]    7:     0x556562020612 - std[617be2ca0a6fd877]::panicking::panic_handler::{closure#0}
[INFO] [stdout]    8:     0x556562019329 - std[617be2ca0a6fd877]::sys::backtrace::__rust_end_short_backtrace::<std[617be2ca0a6fd877]::panicking::panic_handler::{closure#0}, !>
[INFO] [stdout]    9:     0x55656202121d - __rustc[ea4f61d10b84890b]::rust_begin_unwind
[INFO] [stdout]   10:     0x55656205a77c - core[a373ad73a504971]::panicking::panic_fmt
[INFO] [stdout]   11:     0x55656205a552 - core[a373ad73a504971]::result::unwrap_failed
[INFO] [stdout]   12:     0x556561fc32a7 - <cli[4484e906f83bb481]::successful_1_time::{closure#0} as core[a373ad73a504971]::ops::function::FnOnce<()>>::call_once
[INFO] [stdout]   13:     0x556561fc359b - test[aada8e7e76ba119b]::__rust_begin_short_backtrace::<core[a373ad73a504971]::result::Result<(), alloc[2e1b2a31b91974c5]::string::String>, fn() -> core[a373ad73a504971]::result::Result<(), alloc[2e1b2a31b91974c5]::string::String>>
[INFO] [stdout]   14:     0x556561fd0775 - test[aada8e7e76ba119b]::run_test::{closure#0}
[INFO] [stdout]   15:     0x556561fca064 - std[617be2ca0a6fd877]::sys::backtrace::__rust_begin_short_backtrace::<test[aada8e7e76ba119b]::run_test::{closure#1}, ()>
[INFO] [stdout]   16:     0x556561fd3802 - <std[617be2ca0a6fd877]::thread::lifecycle::spawn_unchecked<test[aada8e7e76ba119b]::run_test::{closure#1}, ()>::{closure#1} as core[a373ad73a504971]::ops::function::FnOnce<()>>::call_once::{shim:vtable#0}
[INFO] [stdout]   17:     0x55656204422f - <std[617be2ca0a6fd877]::sys::thread::unix::Thread>::new::thread_start
[INFO] [stdout]   18:     0x798b3e630dfa - <unknown>
[INFO] [stdout]   19:     0x798b3e6c43d4 - clone
[INFO] [stdout]   20:                0x0 - <unknown>
[INFO] [stdout] 
[INFO] [stdout] ---- sleep_one_time stdout ----
[INFO] [stdout] 
[INFO] [stdout] thread 'sleep_one_time' (1348) panicked at tests/cli.rs:68:45:
[INFO] [stdout] called `Result::unwrap()` on an `Err` value: CargoError { cause: Some(NotFoundError { path: "/opt/rustwide/target/release/build/rty/1cd0f34e51b3cf6a/out/rty" }) }
[INFO] [stdout] stack backtrace:
[INFO] [stdout]    0:     0x556562044a51 - <<std[617be2ca0a6fd877]::sys::backtrace::BacktraceLock>::print::DisplayBacktrace as core[a373ad73a504971]::fmt::Display>::fmt
[INFO] [stdout]    1:     0x55656205a04a - core[a373ad73a504971]::fmt::write
[INFO] [stdout]    2:     0x55656204a07c - <alloc[2e1b2a31b91974c5]::vec::Vec<u8> as core[a373ad73a504971]::io::write::Write>::write_fmt
[INFO] [stdout]    3:     0x556562020566 - std[617be2ca0a6fd877]::panicking::default_hook::{closure#0}
[INFO] [stdout]    4:     0x55656203d069 - std[617be2ca0a6fd877]::panicking::default_hook
[INFO] [stdout]    5:     0x556561fd0150 - test[aada8e7e76ba119b]::test_main_inner::{closure#0}
[INFO] [stdout]    6:     0x55656203d222 - std[617be2ca0a6fd877]::panicking::panic_with_hook
[INFO] [stdout]    7:     0x556562020612 - std[617be2ca0a6fd877]::panicking::panic_handler::{closure#0}
[INFO] [stdout]    8:     0x556562019329 - std[617be2ca0a6fd877]::sys::backtrace::__rust_end_short_backtrace::<std[617be2ca0a6fd877]::panicking::panic_handler::{closure#0}, !>
[INFO] [stdout]    9:     0x55656202121d - __rustc[ea4f61d10b84890b]::rust_begin_unwind
[INFO] [stdout]   10:     0x55656205a77c - core[a373ad73a504971]::panicking::panic_fmt
[INFO] [stdout]   11:     0x55656205a552 - core[a373ad73a504971]::result::unwrap_failed
[INFO] [stdout]   12:     0x556561fc3079 - <cli[4484e906f83bb481]::sleep_one_time::{closure#0} as core[a373ad73a504971]::ops::function::FnOnce<()>>::call_once
[INFO] [stdout]   13:     0x556561fc359b - test[aada8e7e76ba119b]::__rust_begin_short_backtrace::<core[a373ad73a504971]::result::Result<(), alloc[2e1b2a31b91974c5]::string::String>, fn() -> core[a373ad73a504971]::result::Result<(), alloc[2e1b2a31b91974c5]::string::String>>
[INFO] [stdout]   14:     0x556561fd0775 - test[aada8e7e76ba119b]::run_test::{closure#0}
[INFO] [stdout]   15:     0x556561fca064 - std[617be2ca0a6fd877]::sys::backtrace::__rust_begin_short_backtrace::<test[aada8e7e76ba119b]::run_test::{closure#1}, ()>
[INFO] [stdout]   16:     0x556561fd3802 - <std[617be2ca0a6fd877]::thread::lifecycle::spawn_unchecked<test[aada8e7e76ba119b]::run_test::{closure#1}, ()>::{closure#1} as core[a373ad73a504971]::ops::function::FnOnce<()>>::call_once::{shim:vtable#0}
[INFO] [stdout]   17:     0x55656204422f - <std[617be2ca0a6fd877]::sys::thread::unix::Thread>::new::thread_start
[INFO] [stdout]   18:     0x798b3e630dfa - <unknown>
[INFO] [stdout]   19:     0x798b3e6c43d4 - clone
[INFO] [stdout]   20:                0x0 - <unknown>
[INFO] [stdout] 
[INFO] [stdout] 
[INFO] [stdout] failures:
[INFO] [stdout]     failed_2_time
[INFO] [stdout]     failed_2_time_with_double_hyphen
[INFO] [stdout]     sleep_one_time
[INFO] [stdout]     successful_1_time
[INFO] [stdout] 
[INFO] [stdout] test result: FAILED. 0 passed; 4 failed; 0 ignored; 0 measured; 0 filtered out; finished in 0.01s
[INFO] [stdout] 
[INFO] [stderr] error: test failed, to rerun pass `--test cli`
[INFO] running `Command { std: "docker" "inspect" "7e77b71349e5bf3ebf19ec75088ac35a5c5f3b1597d1cc9fc3c9c0147435fb6c", kill_on_drop: false }`
[INFO] running `Command { std: "docker" "rm" "-f" "7e77b71349e5bf3ebf19ec75088ac35a5c5f3b1597d1cc9fc3c9c0147435fb6c", kill_on_drop: false }`
[INFO] [stdout] 7e77b71349e5bf3ebf19ec75088ac35a5c5f3b1597d1cc9fc3c9c0147435fb6c
