[INFO] fetching crate rtools 0.9.0...
[INFO] testing rtools-0.9.0 against 1.99.0-beta.8+cargoflags=--release for beta-release-1.100-2
[INFO] extracting crate rtools 0.9.0 into /workspace/builds/worker-1-tc1/source
[INFO] started tweaking crates.io crate rtools 0.9.0
[INFO] finished tweaking crates.io crate rtools 0.9.0
[INFO] tweaked toml for crates.io crate rtools 0.9.0 written to /workspace/builds/worker-1-tc1/source/Cargo.toml
[INFO] validating manifest of crates.io crate rtools 0.9.0 on toolchain 1.99.0-beta.8
[INFO] running `Command { std: CARGO_HOME="/workspace/cargo-home" RUSTUP_HOME="/workspace/rustup-home" "/workspace/cargo-home/bin/cargo" "+1.99.0-beta.8" "metadata" "--manifest-path" "Cargo.toml" "--no-deps", kill_on_drop: false }`
[INFO] crate crates.io crate rtools 0.9.0 already has a lockfile, it will not be regenerated
[INFO] running `Command { std: CARGO_HOME="/workspace/cargo-home" RUSTUP_HOME="/workspace/rustup-home" "/workspace/cargo-home/bin/cargo" "+1.99.0-beta.8" "fetch" "--manifest-path" "Cargo.toml", kill_on_drop: false }`
[INFO] [stderr]     Updating crates.io index
[INFO] [stderr]  Downloading crates ...
[INFO] [stderr]   Downloaded serde_json v1.0.134
[INFO] [stderr]   Downloaded android_logger v0.14.1
[INFO] [stderr]   Downloaded android_log-sys v0.3.1
[INFO] [stderr]   Downloaded android-ndk-sys v0.2.0
[INFO] [stderr]   Downloaded tokio v1.42.0
[INFO] running `Command { std: "docker" "create" "-v" "/var/lib/crater-agent-workspace/builds/worker-1-tc1/source:/opt/rustwide/workdir:ro,Z" "-v" "/var/lib/crater-agent-workspace/builds/worker-1-tc1/target:/opt/rustwide/target:rw,Z" "-v" "/var/lib/crater-agent-workspace/cargo-home:/opt/rustwide/cargo-home:ro,Z" "-v" "/var/lib/crater-agent-workspace/rustup-home:/opt/rustwide/rustup-home:ro,Z" "-m" "1610612736" "--network" "none" "ghcr.io/rust-lang/crates-build-env/linux@sha256:77db811e55d90add9212f6832c23229e3de5f1c1f9905e8cb07319ea15df73ac" "sleep" "infinity", kill_on_drop: false }`
[INFO] [stdout] 512c9fdc283e90eec6e48de8fd59d8672fa253127d2dafec3a0486f06091f782
[INFO] running `Command { std: "docker" "start" "512c9fdc283e90eec6e48de8fd59d8672fa253127d2dafec3a0486f06091f782", kill_on_drop: false }`
[INFO] running `Command { std: "docker" "inspect" "512c9fdc283e90eec6e48de8fd59d8672fa253127d2dafec3a0486f06091f782", kill_on_drop: false }`
[INFO] running `Command { std: "docker" "exec" "-e" "SOURCE_DIR=/opt/rustwide/workdir" "-e" "CARGO_HOME=/opt/rustwide/cargo-home" "-e" "RUSTUP_HOME=/opt/rustwide/rustup-home" "-e" "CARGO_TARGET_DIR=/opt/rustwide/target" "-w" "/opt/rustwide/workdir" "--user" "0:0" "512c9fdc283e90eec6e48de8fd59d8672fa253127d2dafec3a0486f06091f782" "/opt/rustwide/cargo-home/bin/cargo" "+1.99.0-beta.8" "metadata" "--no-deps" "--format-version=1", kill_on_drop: false }`
[INFO] running `Command { std: "docker" "inspect" "512c9fdc283e90eec6e48de8fd59d8672fa253127d2dafec3a0486f06091f782", kill_on_drop: false }`
[INFO] running `Command { std: "docker" "exec" "-e" "SOURCE_DIR=/opt/rustwide/workdir" "-e" "CARGO_HOME=/opt/rustwide/cargo-home" "-e" "RUSTUP_HOME=/opt/rustwide/rustup-home" "-e" "CARGO_TARGET_DIR=/opt/rustwide/target" "-e" "CARGO_INCREMENTAL=0" "-e" "RUST_BACKTRACE=full" "-e" "RUSTFLAGS=--cap-lints=warn" "-e" "RUSTDOCFLAGS=--cap-lints=warn" "-w" "/opt/rustwide/workdir" "--user" "0:0" "512c9fdc283e90eec6e48de8fd59d8672fa253127d2dafec3a0486f06091f782" "/opt/rustwide/cargo-home/bin/cargo" "+1.99.0-beta.8" "build" "--frozen" "--message-format=json" "--release", kill_on_drop: false }`
[INFO] [stderr]    Compiling libc v0.2.169
[INFO] [stderr]    Compiling memchr v2.7.4
[INFO] [stderr]    Compiling smallvec v1.13.2
[INFO] [stderr]    Compiling serde v1.0.216
[INFO] [stderr]    Compiling anyhow v1.0.95
[INFO] [stderr]    Compiling serde_json v1.0.134
[INFO] [stderr]    Compiling rtools v0.9.0 (/opt/rustwide/workdir)
[INFO] [stderr]    Compiling itoa v1.0.14
[INFO] [stderr]    Compiling bytes v1.9.0
[INFO] [stderr]    Compiling mutants v0.0.3
[INFO] [stderr]    Compiling log v0.4.22
[INFO] [stderr]    Compiling chrono v0.4.39
[INFO] [stderr]    Compiling syn v2.0.91
[INFO] [stdout] warning: trailing semicolon in macro used in expression position
[INFO] [stdout]   --> build.rs:4:5
[INFO] [stdout]    |
[INFO] [stdout]  4 | /     cfg_aliases! {
[INFO] [stdout]  5 | |         android: { target_os = "android" },
[INFO] [stdout]  6 | |         macos:   { target_os = "macos"   },
[INFO] [stdout]  7 | |         linux:   { target_os = "linux"   },
[INFO] [stdout]  8 | |
[INFO] [stdout]  9 | |         mobile: { any(target_os = "android", target_os = "ios") },
[INFO] [stdout] 10 | |     }
[INFO] [stdout]    | |_____^
[INFO] [stdout]    |
[INFO] [stdout]    = warning: this was previously accepted by the compiler but is being phased out; it will become a hard error in a future release!
[INFO] [stdout]    = note: for more information, see issue #79813 <https://github.com/rust-lang/rust/issues/79813>
[INFO] [stdout]    = note: `#[warn(semicolon_in_expressions_from_non_local_macros)]` (part of `#[warn(future_incompatible)]`) on by default
[INFO] [stdout]    = note: this warning originates in the macro `$crate::cfg_aliases` which comes from the expansion of the macro `cfg_aliases` (in Nightly builds, run with -Z macro-backtrace for more info)
[INFO] [stdout] 
[INFO] [stdout] 
[INFO] [stdout] warning: trailing semicolon in macro used in expression position
[INFO] [stdout]   --> build.rs:4:5
[INFO] [stdout]    |
[INFO] [stdout]  4 | /     cfg_aliases! {
[INFO] [stdout]  5 | |         android: { target_os = "android" },
[INFO] [stdout]  6 | |         macos:   { target_os = "macos"   },
[INFO] [stdout]  7 | |         linux:   { target_os = "linux"   },
[INFO] [stdout]  8 | |
[INFO] [stdout]  9 | |         mobile: { any(target_os = "android", target_os = "ios") },
[INFO] [stdout] 10 | |     }
[INFO] [stdout]    | |_____^
[INFO] [stdout]    |
[INFO] [stdout]    = warning: this was previously accepted by the compiler but is being phased out; it will become a hard error in a future release!
[INFO] [stdout]    = note: for more information, see issue #79813 <https://github.com/rust-lang/rust/issues/79813>
[INFO] [stdout]    = note: this warning originates in the macro `$crate::cfg_aliases` which comes from the expansion of the macro `cfg_aliases` (in Nightly builds, run with -Z macro-backtrace for more info)
[INFO] [stdout] 
[INFO] [stdout] 
[INFO] [stdout] warning: trailing semicolon in macro used in expression position
[INFO] [stdout]   --> build.rs:4:5
[INFO] [stdout]    |
[INFO] [stdout]  4 | /     cfg_aliases! {
[INFO] [stdout]  5 | |         android: { target_os = "android" },
[INFO] [stdout]  6 | |         macos:   { target_os = "macos"   },
[INFO] [stdout]  7 | |         linux:   { target_os = "linux"   },
[INFO] [stdout]  8 | |
[INFO] [stdout]  9 | |         mobile: { any(target_os = "android", target_os = "ios") },
[INFO] [stdout] 10 | |     }
[INFO] [stdout]    | |_____^
[INFO] [stdout]    |
[INFO] [stdout]    = warning: this was previously accepted by the compiler but is being phased out; it will become a hard error in a future release!
[INFO] [stdout]    = note: for more information, see issue #79813 <https://github.com/rust-lang/rust/issues/79813>
[INFO] [stdout]    = note: this warning originates in the macro `$crate::cfg_aliases` which comes from the expansion of the macro `cfg_aliases` (in Nightly builds, run with -Z macro-backtrace for more info)
[INFO] [stdout] 
[INFO] [stdout] 
[INFO] [stdout] warning: trailing semicolon in macro used in expression position
[INFO] [stdout]   --> build.rs:4:5
[INFO] [stdout]    |
[INFO] [stdout]  4 | /     cfg_aliases! {
[INFO] [stdout]  5 | |         android: { target_os = "android" },
[INFO] [stdout]  6 | |         macos:   { target_os = "macos"   },
[INFO] [stdout]  7 | |         linux:   { target_os = "linux"   },
[INFO] [stdout]  8 | |
[INFO] [stdout]  9 | |         mobile: { any(target_os = "android", target_os = "ios") },
[INFO] [stdout] 10 | |     }
[INFO] [stdout]    | |_____^
[INFO] [stdout]    |
[INFO] [stdout]    = warning: this was previously accepted by the compiler but is being phased out; it will become a hard error in a future release!
[INFO] [stdout]    = note: for more information, see issue #79813 <https://github.com/rust-lang/rust/issues/79813>
[INFO] [stdout]    = note: this warning originates in the macro `$crate::cfg_aliases` which comes from the expansion of the macro `cfg_aliases` (in Nightly builds, run with -Z macro-backtrace for more info)
[INFO] [stdout] 
[INFO] [stdout] 
[INFO] [stdout] warning: trailing semicolon in macro used in expression position
[INFO] [stdout]   --> build.rs:4:5
[INFO] [stdout]    |
[INFO] [stdout]  4 | /     cfg_aliases! {
[INFO] [stdout]  5 | |         android: { target_os = "android" },
[INFO] [stdout]  6 | |         macos:   { target_os = "macos"   },
[INFO] [stdout]  7 | |         linux:   { target_os = "linux"   },
[INFO] [stdout]  8 | |
[INFO] [stdout]  9 | |         mobile: { any(target_os = "android", target_os = "ios") },
[INFO] [stdout] 10 | |     }
[INFO] [stdout]    | |_____^
[INFO] [stdout]    |
[INFO] [stdout]    = warning: this was previously accepted by the compiler but is being phased out; it will become a hard error in a future release!
[INFO] [stdout]    = note: for more information, see issue #79813 <https://github.com/rust-lang/rust/issues/79813>
[INFO] [stdout]    = note: this warning originates in the macro `$crate::cfg_aliases` which comes from the expansion of the macro `cfg_aliases` (in Nightly builds, run with -Z macro-backtrace for more info)
[INFO] [stdout] 
[INFO] [stdout] 
[INFO] [stdout] warning: trailing semicolon in macro used in expression position
[INFO] [stdout]   --> build.rs:4:5
[INFO] [stdout]    |
[INFO] [stdout]  4 | /     cfg_aliases! {
[INFO] [stdout]  5 | |         android: { target_os = "android" },
[INFO] [stdout]  6 | |         macos:   { target_os = "macos"   },
[INFO] [stdout]  7 | |         linux:   { target_os = "linux"   },
[INFO] [stdout]  8 | |
[INFO] [stdout]  9 | |         mobile: { any(target_os = "android", target_os = "ios") },
[INFO] [stdout] 10 | |     }
[INFO] [stdout]    | |_____^
[INFO] [stdout]    |
[INFO] [stdout]    = warning: this was previously accepted by the compiler but is being phased out; it will become a hard error in a future release!
[INFO] [stdout]    = note: for more information, see issue #79813 <https://github.com/rust-lang/rust/issues/79813>
[INFO] [stdout]    = note: this warning originates in the macro `$crate::cfg_aliases` which comes from the expansion of the macro `cfg_aliases` (in Nightly builds, run with -Z macro-backtrace for more info)
[INFO] [stdout] 
[INFO] [stdout] 
[INFO] [stdout] warning: trailing semicolon in macro used in expression position
[INFO] [stdout]   --> build.rs:4:5
[INFO] [stdout]    |
[INFO] [stdout]  4 | /     cfg_aliases! {
[INFO] [stdout]  5 | |         android: { target_os = "android" },
[INFO] [stdout]  6 | |         macos:   { target_os = "macos"   },
[INFO] [stdout]  7 | |         linux:   { target_os = "linux"   },
[INFO] [stdout]  8 | |
[INFO] [stdout]  9 | |         mobile: { any(target_os = "android", target_os = "ios") },
[INFO] [stdout] 10 | |     }
[INFO] [stdout]    | |_____^
[INFO] [stdout]    |
[INFO] [stdout]    = warning: this was previously accepted by the compiler but is being phased out; it will become a hard error in a future release!
[INFO] [stdout]    = note: for more information, see issue #79813 <https://github.com/rust-lang/rust/issues/79813>
[INFO] [stdout]    = note: this warning originates in the macro `$crate::cfg_aliases` which comes from the expansion of the macro `cfg_aliases` (in Nightly builds, run with -Z macro-backtrace for more info)
[INFO] [stdout] 
[INFO] [stdout] 
[INFO] [stdout] warning: trailing semicolon in macro used in expression position
[INFO] [stdout]   --> build.rs:4:5
[INFO] [stdout]    |
[INFO] [stdout]  4 | /     cfg_aliases! {
[INFO] [stdout]  5 | |         android: { target_os = "android" },
[INFO] [stdout]  6 | |         macos:   { target_os = "macos"   },
[INFO] [stdout]  7 | |         linux:   { target_os = "linux"   },
[INFO] [stdout]  8 | |
[INFO] [stdout]  9 | |         mobile: { any(target_os = "android", target_os = "ios") },
[INFO] [stdout] 10 | |     }
[INFO] [stdout]    | |_____^
[INFO] [stdout]    |
[INFO] [stdout]    = warning: this was previously accepted by the compiler but is being phased out; it will become a hard error in a future release!
[INFO] [stdout]    = note: for more information, see issue #79813 <https://github.com/rust-lang/rust/issues/79813>
[INFO] [stdout]    = note: this warning originates in the macro `$crate::cfg_aliases` which comes from the expansion of the macro `cfg_aliases` (in Nightly builds, run with -Z macro-backtrace for more info)
[INFO] [stdout] 
[INFO] [stdout] 
[INFO] [stderr]    Compiling aho-corasick v1.1.3
[INFO] [stderr]    Compiling parking_lot_core v0.9.10
[INFO] [stderr]    Compiling socket2 v0.5.8
[INFO] [stderr]    Compiling mio v1.0.3
[INFO] [stderr]    Compiling dirs-sys v0.5.0
[INFO] [stderr]    Compiling signal-hook-registry v1.4.2
[INFO] [stderr]    Compiling dirs v6.0.0
[INFO] [stderr]    Compiling parking_lot v0.12.3
[INFO] [stderr]    Compiling regex-automata v0.4.9
[INFO] [stderr]    Compiling serde_derive v1.0.216
[INFO] [stderr]    Compiling tokio-macros v2.4.0
[INFO] [stderr]    Compiling tokio v1.42.0
[INFO] [stderr]    Compiling regex v1.11.1
[INFO] [stderr]     Finished `release` profile [optimized] target(s) in 27.06s
[INFO] running `Command { std: "docker" "inspect" "512c9fdc283e90eec6e48de8fd59d8672fa253127d2dafec3a0486f06091f782", kill_on_drop: false }`
[INFO] running `Command { std: "docker" "exec" "-e" "SOURCE_DIR=/opt/rustwide/workdir" "-e" "CARGO_HOME=/opt/rustwide/cargo-home" "-e" "RUSTUP_HOME=/opt/rustwide/rustup-home" "-e" "CARGO_TARGET_DIR=/opt/rustwide/target" "-e" "CARGO_INCREMENTAL=0" "-e" "RUST_BACKTRACE=full" "-e" "RUSTFLAGS=--cap-lints=warn" "-e" "RUSTDOCFLAGS=--cap-lints=warn" "-w" "/opt/rustwide/workdir" "--user" "0:0" "512c9fdc283e90eec6e48de8fd59d8672fa253127d2dafec3a0486f06091f782" "/opt/rustwide/cargo-home/bin/cargo" "+1.99.0-beta.8" "test" "--frozen" "--no-run" "--message-format=json" "--release", kill_on_drop: false }`
[INFO] [stdout] warning: trailing semicolon in macro used in expression position
[INFO] [stdout]   --> build.rs:4:5
[INFO] [stdout]    |
[INFO] [stdout]  4 | /     cfg_aliases! {
[INFO] [stdout]  5 | |         android: { target_os = "android" },
[INFO] [stdout]  6 | |         macos:   { target_os = "macos"   },
[INFO] [stdout]  7 | |         linux:   { target_os = "linux"   },
[INFO] [stdout]  8 | |
[INFO] [stdout]  9 | |         mobile: { any(target_os = "android", target_os = "ios") },
[INFO] [stdout] 10 | |     }
[INFO] [stdout]    | |_____^
[INFO] [stdout]    |
[INFO] [stdout]    = warning: this was previously accepted by the compiler but is being phased out; it will become a hard error in a future release!
[INFO] [stdout]    = note: for more information, see issue #79813 <https://github.com/rust-lang/rust/issues/79813>
[INFO] [stdout]    = note: `#[warn(semicolon_in_expressions_from_non_local_macros)]` (part of `#[warn(future_incompatible)]`) on by default
[INFO] [stdout]    = note: this warning originates in the macro `$crate::cfg_aliases` which comes from the expansion of the macro `cfg_aliases` (in Nightly builds, run with -Z macro-backtrace for more info)
[INFO] [stdout] 
[INFO] [stdout] 
[INFO] [stdout] warning: trailing semicolon in macro used in expression position
[INFO] [stdout]   --> build.rs:4:5
[INFO] [stdout]    |
[INFO] [stdout]  4 | /     cfg_aliases! {
[INFO] [stdout]  5 | |         android: { target_os = "android" },
[INFO] [stdout]  6 | |         macos:   { target_os = "macos"   },
[INFO] [stdout]  7 | |         linux:   { target_os = "linux"   },
[INFO] [stdout]  8 | |
[INFO] [stdout]  9 | |         mobile: { any(target_os = "android", target_os = "ios") },
[INFO] [stdout] 10 | |     }
[INFO] [stdout]    | |_____^
[INFO] [stdout]    |
[INFO] [stdout]    = warning: this was previously accepted by the compiler but is being phased out; it will become a hard error in a future release!
[INFO] [stdout]    = note: for more information, see issue #79813 <https://github.com/rust-lang/rust/issues/79813>
[INFO] [stdout]    = note: this warning originates in the macro `$crate::cfg_aliases` which comes from the expansion of the macro `cfg_aliases` (in Nightly builds, run with -Z macro-backtrace for more info)
[INFO] [stdout] 
[INFO] [stdout] 
[INFO] [stdout] warning: trailing semicolon in macro used in expression position
[INFO] [stdout]   --> build.rs:4:5
[INFO] [stdout]    |
[INFO] [stdout]  4 | /     cfg_aliases! {
[INFO] [stdout]  5 | |         android: { target_os = "android" },
[INFO] [stdout]  6 | |         macos:   { target_os = "macos"   },
[INFO] [stdout]  7 | |         linux:   { target_os = "linux"   },
[INFO] [stdout]  8 | |
[INFO] [stdout]  9 | |         mobile: { any(target_os = "android", target_os = "ios") },
[INFO] [stdout] 10 | |     }
[INFO] [stdout]    | |_____^
[INFO] [stdout]    |
[INFO] [stdout]    = warning: this was previously accepted by the compiler but is being phased out; it will become a hard error in a future release!
[INFO] [stdout]    = note: for more information, see issue #79813 <https://github.com/rust-lang/rust/issues/79813>
[INFO] [stdout]    = note: this warning originates in the macro `$crate::cfg_aliases` which comes from the expansion of the macro `cfg_aliases` (in Nightly builds, run with -Z macro-backtrace for more info)
[INFO] [stdout] 
[INFO] [stdout] 
[INFO] [stdout] warning: trailing semicolon in macro used in expression position
[INFO] [stdout]   --> build.rs:4:5
[INFO] [stdout]    |
[INFO] [stdout]  4 | /     cfg_aliases! {
[INFO] [stdout]  5 | |         android: { target_os = "android" },
[INFO] [stdout]  6 | |         macos:   { target_os = "macos"   },
[INFO] [stdout]  7 | |         linux:   { target_os = "linux"   },
[INFO] [stdout]  8 | |
[INFO] [stdout]  9 | |         mobile: { any(target_os = "android", target_os = "ios") },
[INFO] [stdout] 10 | |     }
[INFO] [stdout]    | |_____^
[INFO] [stdout]    |
[INFO] [stdout]    = warning: this was previously accepted by the compiler but is being phased out; it will become a hard error in a future release!
[INFO] [stdout]    = note: for more information, see issue #79813 <https://github.com/rust-lang/rust/issues/79813>
[INFO] [stdout]    = note: this warning originates in the macro `$crate::cfg_aliases` which comes from the expansion of the macro `cfg_aliases` (in Nightly builds, run with -Z macro-backtrace for more info)
[INFO] [stdout] 
[INFO] [stdout] 
[INFO] [stdout] warning: trailing semicolon in macro used in expression position
[INFO] [stdout]   --> build.rs:4:5
[INFO] [stdout]    |
[INFO] [stdout]  4 | /     cfg_aliases! {
[INFO] [stdout]  5 | |         android: { target_os = "android" },
[INFO] [stdout]  6 | |         macos:   { target_os = "macos"   },
[INFO] [stdout]  7 | |         linux:   { target_os = "linux"   },
[INFO] [stdout]  8 | |
[INFO] [stdout]  9 | |         mobile: { any(target_os = "android", target_os = "ios") },
[INFO] [stdout] 10 | |     }
[INFO] [stdout]    | |_____^
[INFO] [stdout]    |
[INFO] [stdout]    = warning: this was previously accepted by the compiler but is being phased out; it will become a hard error in a future release!
[INFO] [stdout]    = note: for more information, see issue #79813 <https://github.com/rust-lang/rust/issues/79813>
[INFO] [stdout]    = note: this warning originates in the macro `$crate::cfg_aliases` which comes from the expansion of the macro `cfg_aliases` (in Nightly builds, run with -Z macro-backtrace for more info)
[INFO] [stdout] 
[INFO] [stdout] 
[INFO] [stdout] warning: trailing semicolon in macro used in expression position
[INFO] [stdout]   --> build.rs:4:5
[INFO] [stdout]    |
[INFO] [stdout]  4 | /     cfg_aliases! {
[INFO] [stdout]  5 | |         android: { target_os = "android" },
[INFO] [stdout]  6 | |         macos:   { target_os = "macos"   },
[INFO] [stdout]  7 | |         linux:   { target_os = "linux"   },
[INFO] [stdout]  8 | |
[INFO] [stdout]  9 | |         mobile: { any(target_os = "android", target_os = "ios") },
[INFO] [stdout] 10 | |     }
[INFO] [stdout]    | |_____^
[INFO] [stdout]    |
[INFO] [stdout]    = warning: this was previously accepted by the compiler but is being phased out; it will become a hard error in a future release!
[INFO] [stdout]    = note: for more information, see issue #79813 <https://github.com/rust-lang/rust/issues/79813>
[INFO] [stdout]    = note: this warning originates in the macro `$crate::cfg_aliases` which comes from the expansion of the macro `cfg_aliases` (in Nightly builds, run with -Z macro-backtrace for more info)
[INFO] [stdout] 
[INFO] [stdout] 
[INFO] [stdout] warning: trailing semicolon in macro used in expression position
[INFO] [stdout]   --> build.rs:4:5
[INFO] [stdout]    |
[INFO] [stdout]  4 | /     cfg_aliases! {
[INFO] [stdout]  5 | |         android: { target_os = "android" },
[INFO] [stdout]  6 | |         macos:   { target_os = "macos"   },
[INFO] [stdout]  7 | |         linux:   { target_os = "linux"   },
[INFO] [stdout]  8 | |
[INFO] [stdout]  9 | |         mobile: { any(target_os = "android", target_os = "ios") },
[INFO] [stdout] 10 | |     }
[INFO] [stdout]    | |_____^
[INFO] [stdout]    |
[INFO] [stdout]    = warning: this was previously accepted by the compiler but is being phased out; it will become a hard error in a future release!
[INFO] [stdout]    = note: for more information, see issue #79813 <https://github.com/rust-lang/rust/issues/79813>
[INFO] [stdout]    = note: this warning originates in the macro `$crate::cfg_aliases` which comes from the expansion of the macro `cfg_aliases` (in Nightly builds, run with -Z macro-backtrace for more info)
[INFO] [stdout] 
[INFO] [stdout] 
[INFO] [stdout] warning: trailing semicolon in macro used in expression position
[INFO] [stdout]   --> build.rs:4:5
[INFO] [stdout]    |
[INFO] [stdout]  4 | /     cfg_aliases! {
[INFO] [stdout]  5 | |         android: { target_os = "android" },
[INFO] [stdout]  6 | |         macos:   { target_os = "macos"   },
[INFO] [stdout]  7 | |         linux:   { target_os = "linux"   },
[INFO] [stdout]  8 | |
[INFO] [stdout]  9 | |         mobile: { any(target_os = "android", target_os = "ios") },
[INFO] [stdout] 10 | |     }
[INFO] [stdout]    | |_____^
[INFO] [stdout]    |
[INFO] [stdout]    = warning: this was previously accepted by the compiler but is being phased out; it will become a hard error in a future release!
[INFO] [stdout]    = note: for more information, see issue #79813 <https://github.com/rust-lang/rust/issues/79813>
[INFO] [stdout]    = note: this warning originates in the macro `$crate::cfg_aliases` which comes from the expansion of the macro `cfg_aliases` (in Nightly builds, run with -Z macro-backtrace for more info)
[INFO] [stdout] 
[INFO] [stdout] 
[INFO] [stderr]    Compiling rtools v0.9.0 (/opt/rustwide/workdir)
[INFO] [stdout] warning: falling back to `f32` as the trait bound `f32: From<f64>` is not satisfied
[INFO] [stdout]   --> src/animation.rs:58:35
[INFO] [stdout]    |
[INFO] [stdout] 58 |         let anim = Animation::new(0.0, 1.0, 0.5);
[INFO] [stdout]    |                                   ^^^ help: explicitly specify the type as `f32`: `0.0_f32`
[INFO] [stdout]    |
[INFO] [stdout]    = warning: this was previously accepted by the compiler but is being phased out; it will become a hard error in a future release!
[INFO] [stdout]    = note: for more information, see issue #154024 <https://github.com/rust-lang/rust/issues/154024>
[INFO] [stdout]    = note: `#[warn(float_literal_f32_fallback)]` (part of `#[warn(future_incompatible)]`) on by default
[INFO] [stdout] 
[INFO] [stdout] 
[INFO] [stdout] warning: falling back to `f32` as the trait bound `f32: From<f64>` is not satisfied
[INFO] [stdout]   --> src/animation.rs:58:40
[INFO] [stdout]    |
[INFO] [stdout] 58 |         let anim = Animation::new(0.0, 1.0, 0.5);
[INFO] [stdout]    |                                        ^^^ help: explicitly specify the type as `f32`: `1.0_f32`
[INFO] [stdout]    |
[INFO] [stdout]    = warning: this was previously accepted by the compiler but is being phased out; it will become a hard error in a future release!
[INFO] [stdout]    = note: for more information, see issue #154024 <https://github.com/rust-lang/rust/issues/154024>
[INFO] [stdout] 
[INFO] [stdout] 
[INFO] [stdout] warning: falling back to `f32` as the trait bound `f32: From<f64>` is not satisfied
[INFO] [stdout]   --> src/animation.rs:58:45
[INFO] [stdout]    |
[INFO] [stdout] 58 |         let anim = Animation::new(0.0, 1.0, 0.5);
[INFO] [stdout]    |                                             ^^^ help: explicitly specify the type as `f32`: `0.5_f32`
[INFO] [stdout]    |
[INFO] [stdout]    = warning: this was previously accepted by the compiler but is being phased out; it will become a hard error in a future release!
[INFO] [stdout]    = note: for more information, see issue #154024 <https://github.com/rust-lang/rust/issues/154024>
[INFO] [stdout] 
[INFO] [stdout] 
[INFO] [stdout] warning: falling back to `f32` as the trait bound `f32: From<f64>` is not satisfied
[INFO] [stdout]   --> src/animation.rs:63:15
[INFO] [stdout]    |
[INFO] [stdout] 63 |         sleep(0.25);
[INFO] [stdout]    |               ^^^^ help: explicitly specify the type as `f32`: `0.25_f32`
[INFO] [stdout]    |
[INFO] [stdout]    = warning: this was previously accepted by the compiler but is being phased out; it will become a hard error in a future release!
[INFO] [stdout]    = note: for more information, see issue #154024 <https://github.com/rust-lang/rust/issues/154024>
[INFO] [stdout] 
[INFO] [stdout] 
[INFO] [stdout] warning: falling back to `f32` as the trait bound `f32: From<f64>` is not satisfied
[INFO] [stdout]   --> src/animation.rs:68:15
[INFO] [stdout]    |
[INFO] [stdout] 68 |         sleep(0.10);
[INFO] [stdout]    |               ^^^^ help: explicitly specify the type as `f32`: `0.10_f32`
[INFO] [stdout]    |
[INFO] [stdout]    = warning: this was previously accepted by the compiler but is being phased out; it will become a hard error in a future release!
[INFO] [stdout]    = note: for more information, see issue #154024 <https://github.com/rust-lang/rust/issues/154024>
[INFO] [stdout] 
[INFO] [stdout] 
[INFO] [stdout] warning: falling back to `f32` as the trait bound `f32: From<f64>` is not satisfied
[INFO] [stdout]   --> src/animation.rs:73:15
[INFO] [stdout]    |
[INFO] [stdout] 73 |         sleep(0.15);
[INFO] [stdout]    |               ^^^^ help: explicitly specify the type as `f32`: `0.15_f32`
[INFO] [stdout]    |
[INFO] [stdout]    = warning: this was previously accepted by the compiler but is being phased out; it will become a hard error in a future release!
[INFO] [stdout]    = note: for more information, see issue #154024 <https://github.com/rust-lang/rust/issues/154024>
[INFO] [stdout] 
[INFO] [stdout] 
[INFO] [stdout] warning: falling back to `f32` as the trait bound `f32: From<f64>` is not satisfied
[INFO] [stdout]   --> src/animation.rs:78:15
[INFO] [stdout]    |
[INFO] [stdout] 78 |         sleep(0.25);
[INFO] [stdout]    |               ^^^^ help: explicitly specify the type as `f32`: `0.25_f32`
[INFO] [stdout]    |
[INFO] [stdout]    = warning: this was previously accepted by the compiler but is being phased out; it will become a hard error in a future release!
[INFO] [stdout]    = note: for more information, see issue #154024 <https://github.com/rust-lang/rust/issues/154024>
[INFO] [stdout] 
[INFO] [stdout] 
[INFO] [stdout] warning: a method with this name may be added to the standard library in the future
[INFO] [stdout]   --> src/misc.rs:50:28
[INFO] [stdout]    |
[INFO] [stdout] 50 |             assert_eq!(val.toggle(), prev);
[INFO] [stdout]    |                            ^^^^^^
[INFO] [stdout]    |
[INFO] [stdout]    = help: call with fully qualified syntax `misc::Toggle::toggle(...)` to keep using the current method
[INFO] [stdout]    = warning: once this associated item is added to the standard library, the ambiguity may cause an error or change in behavior!
[INFO] [stdout]    = note: for more information, see issue #48919 <https://github.com/rust-lang/rust/issues/48919>
[INFO] [stdout]    = note: `#[warn(unstable_name_collisions)]` (part of `#[warn(future_incompatible)]`) on by default
[INFO] [stdout] 
[INFO] [stdout] 
[INFO] [stdout] warning: falling back to `f32` as the trait bound `f32: From<f64>` is not satisfied
[INFO] [stdout]   --> src/misc.rs:66:15
[INFO] [stdout]    |
[INFO] [stdout] 66 |         sleep(0.2);
[INFO] [stdout]    |               ^^^ help: explicitly specify the type as `f32`: `0.2_f32`
[INFO] [stdout]    |
[INFO] [stdout]    = warning: this was previously accepted by the compiler but is being phased out; it will become a hard error in a future release!
[INFO] [stdout]    = note: for more information, see issue #154024 <https://github.com/rust-lang/rust/issues/154024>
[INFO] [stdout] 
[INFO] [stdout] 
[INFO] [stderr]     Finished `release` profile [optimized] target(s) in 2.49s
[INFO] running `Command { std: "docker" "inspect" "512c9fdc283e90eec6e48de8fd59d8672fa253127d2dafec3a0486f06091f782", kill_on_drop: false }`
[INFO] running `Command { std: "docker" "exec" "-e" "SOURCE_DIR=/opt/rustwide/workdir" "-e" "CARGO_HOME=/opt/rustwide/cargo-home" "-e" "RUSTUP_HOME=/opt/rustwide/rustup-home" "-e" "CARGO_TARGET_DIR=/opt/rustwide/target" "-e" "CARGO_INCREMENTAL=0" "-e" "RUST_BACKTRACE=full" "-e" "RUSTFLAGS=--cap-lints=warn" "-e" "RUSTDOCFLAGS=--cap-lints=warn" "-w" "/opt/rustwide/workdir" "--user" "0:0" "512c9fdc283e90eec6e48de8fd59d8672fa253127d2dafec3a0486f06091f782" "/opt/rustwide/cargo-home/bin/cargo" "+1.99.0-beta.8" "test" "--frozen" "--release", kill_on_drop: false }`
[INFO] [stderr] warning: trailing semicolon in macro used in expression position
[INFO] [stderr]   --> build.rs:4:5
[INFO] [stderr]    |
[INFO] [stderr]  4 | /     cfg_aliases! {
[INFO] [stderr]  5 | |         android: { target_os = "android" },
[INFO] [stderr]  6 | |         macos:   { target_os = "macos"   },
[INFO] [stderr]  7 | |         linux:   { target_os = "linux"   },
[INFO] [stderr]  8 | |
[INFO] [stderr]  9 | |         mobile: { any(target_os = "android", target_os = "ios") },
[INFO] [stderr] 10 | |     }
[INFO] [stderr]    | |_____^
[INFO] [stderr]    |
[INFO] [stderr]    = warning: this was previously accepted by the compiler but is being phased out; it will become a hard error in a future release!
[INFO] [stderr]    = note: for more information, see issue #79813 <https://github.com/rust-lang/rust/issues/79813>
[INFO] [stderr]    = note: `#[warn(semicolon_in_expressions_from_non_local_macros)]` (part of `#[warn(future_incompatible)]`) on by default
[INFO] [stderr]    = note: this warning originates in the macro `$crate::cfg_aliases` which comes from the expansion of the macro `cfg_aliases` (in Nightly builds, run with -Z macro-backtrace for more info)
[INFO] [stderr] 
[INFO] [stderr] warning: trailing semicolon in macro used in expression position
[INFO] [stderr]   --> build.rs:4:5
[INFO] [stderr]    |
[INFO] [stderr]  4 | /     cfg_aliases! {
[INFO] [stderr]  5 | |         android: { target_os = "android" },
[INFO] [stderr]  6 | |         macos:   { target_os = "macos"   },
[INFO] [stderr]  7 | |         linux:   { target_os = "linux"   },
[INFO] [stderr]  8 | |
[INFO] [stderr]  9 | |         mobile: { any(target_os = "android", target_os = "ios") },
[INFO] [stderr] 10 | |     }
[INFO] [stderr]    | |_____^
[INFO] [stderr]    |
[INFO] [stderr]    = warning: this was previously accepted by the compiler but is being phased out; it will become a hard error in a future release!
[INFO] [stderr]    = note: for more information, see issue #79813 <https://github.com/rust-lang/rust/issues/79813>
[INFO] [stderr]    = note: this warning originates in the macro `$crate::cfg_aliases` which comes from the expansion of the macro `cfg_aliases` (in Nightly builds, run with -Z macro-backtrace for more info)
[INFO] [stderr] 
[INFO] [stderr] warning: `rtools` (build script) generated 8 warnings (6 duplicates)
[INFO] [stderr] warning: falling back to `f32` as the trait bound `f32: From<f64>` is not satisfied
[INFO] [stderr]   --> src/animation.rs:58:35
[INFO] [stderr]    |
[INFO] [stderr] 58 |         let anim = Animation::new(0.0, 1.0, 0.5);
[INFO] [stderr]    |                                   ^^^ help: explicitly specify the type as `f32`: `0.0_f32`
[INFO] [stderr]    |
[INFO] [stderr]    = warning: this was previously accepted by the compiler but is being phased out; it will become a hard error in a future release!
[INFO] [stderr]    = note: for more information, see issue #154024 <https://github.com/rust-lang/rust/issues/154024>
[INFO] [stderr]    = note: `#[warn(float_literal_f32_fallback)]` (part of `#[warn(future_incompatible)]`) on by default
[INFO] [stderr] 
[INFO] [stderr] warning: falling back to `f32` as the trait bound `f32: From<f64>` is not satisfied
[INFO] [stderr]   --> src/animation.rs:58:40
[INFO] [stderr]    |
[INFO] [stderr] 58 |         let anim = Animation::new(0.0, 1.0, 0.5);
[INFO] [stderr]    |                                        ^^^ help: explicitly specify the type as `f32`: `1.0_f32`
[INFO] [stderr]    |
[INFO] [stderr]    = warning: this was previously accepted by the compiler but is being phased out; it will become a hard error in a future release!
[INFO] [stderr]    = note: for more information, see issue #154024 <https://github.com/rust-lang/rust/issues/154024>
[INFO] [stderr] 
[INFO] [stderr] warning: falling back to `f32` as the trait bound `f32: From<f64>` is not satisfied
[INFO] [stderr]   --> src/animation.rs:58:45
[INFO] [stderr]    |
[INFO] [stderr] 58 |         let anim = Animation::new(0.0, 1.0, 0.5);
[INFO] [stderr]    |                                             ^^^ help: explicitly specify the type as `f32`: `0.5_f32`
[INFO] [stderr]    |
[INFO] [stderr]    = warning: this was previously accepted by the compiler but is being phased out; it will become a hard error in a future release!
[INFO] [stderr]    = note: for more information, see issue #154024 <https://github.com/rust-lang/rust/issues/154024>
[INFO] [stderr] 
[INFO] [stderr] warning: falling back to `f32` as the trait bound `f32: From<f64>` is not satisfied
[INFO] [stderr]   --> src/animation.rs:63:15
[INFO] [stderr]    |
[INFO] [stderr] 63 |         sleep(0.25);
[INFO] [stderr]    |               ^^^^ help: explicitly specify the type as `f32`: `0.25_f32`
[INFO] [stderr]    |
[INFO] [stderr]    = warning: this was previously accepted by the compiler but is being phased out; it will become a hard error in a future release!
[INFO] [stderr]    = note: for more information, see issue #154024 <https://github.com/rust-lang/rust/issues/154024>
[INFO] [stderr] 
[INFO] [stderr] warning: falling back to `f32` as the trait bound `f32: From<f64>` is not satisfied
[INFO] [stderr]   --> src/animation.rs:68:15
[INFO] [stderr]    |
[INFO] [stderr] 68 |         sleep(0.10);
[INFO] [stderr]    |               ^^^^ help: explicitly specify the type as `f32`: `0.10_f32`
[INFO] [stderr]    |
[INFO] [stderr]    = warning: this was previously accepted by the compiler but is being phased out; it will become a hard error in a future release!
[INFO] [stderr]    = note: for more information, see issue #154024 <https://github.com/rust-lang/rust/issues/154024>
[INFO] [stderr] 
[INFO] [stderr] warning: falling back to `f32` as the trait bound `f32: From<f64>` is not satisfied
[INFO] [stderr]   --> src/animation.rs:73:15
[INFO] [stderr]    |
[INFO] [stderr] 73 |         sleep(0.15);
[INFO] [stderr]    |               ^^^^ help: explicitly specify the type as `f32`: `0.15_f32`
[INFO] [stderr]    |
[INFO] [stderr]    = warning: this was previously accepted by the compiler but is being phased out; it will become a hard error in a future release!
[INFO] [stderr]    = note: for more information, see issue #154024 <https://github.com/rust-lang/rust/issues/154024>
[INFO] [stderr] 
[INFO] [stderr] warning: falling back to `f32` as the trait bound `f32: From<f64>` is not satisfied
[INFO] [stderr]   --> src/animation.rs:78:15
[INFO] [stderr]    |
[INFO] [stderr] 78 |         sleep(0.25);
[INFO] [stderr]    |               ^^^^ help: explicitly specify the type as `f32`: `0.25_f32`
[INFO] [stderr]    |
[INFO] [stderr]    = warning: this was previously accepted by the compiler but is being phased out; it will become a hard error in a future release!
[INFO] [stderr]    = note: for more information, see issue #154024 <https://github.com/rust-lang/rust/issues/154024>
[INFO] [stderr] 
[INFO] [stderr] warning: a method with this name may be added to the standard library in the future
[INFO] [stderr]   --> src/misc.rs:50:28
[INFO] [stderr]    |
[INFO] [stderr] 50 |             assert_eq!(val.toggle(), prev);
[INFO] [stderr]    |                            ^^^^^^
[INFO] [stderr]    |
[INFO] [stderr]    = help: call with fully qualified syntax `misc::Toggle::toggle(...)` to keep using the current method
[INFO] [stderr]    = warning: once this associated item is added to the standard library, the ambiguity may cause an error or change in behavior!
[INFO] [stderr]    = note: for more information, see issue #48919 <https://github.com/rust-lang/rust/issues/48919>
[INFO] [stderr]    = note: `#[warn(unstable_name_collisions)]` (part of `#[warn(future_incompatible)]`) on by default
[INFO] [stderr] 
[INFO] [stderr] warning: falling back to `f32` as the trait bound `f32: From<f64>` is not satisfied
[INFO] [stderr]   --> src/misc.rs:66:15
[INFO] [stderr]    |
[INFO] [stderr] 66 |         sleep(0.2);
[INFO] [stderr]    |               ^^^ help: explicitly specify the type as `f32`: `0.2_f32`
[INFO] [stderr]    |
[INFO] [stderr]    = warning: this was previously accepted by the compiler but is being phased out; it will become a hard error in a future release!
[INFO] [stderr]    = note: for more information, see issue #154024 <https://github.com/rust-lang/rust/issues/154024>
[INFO] [stderr] 
[INFO] [stderr] warning: `rtools` (lib test) generated 9 warnings (run `cargo fix --lib -p rtools --tests` to apply 8 suggestions)
[INFO] [stderr]     Finished `release` profile [optimized] target(s) in 0.06s
[INFO] [stderr]      Running unittests src/lib.rs (/opt/rustwide/target/release/deps/rtools-a444b481147c37fd)
[INFO] [stdout] 
[INFO] [stdout] running 19 tests
[INFO] [stdout] test data::test::test ... ok
[INFO] [stdout] test stored::test::paths ... ok
[INFO] [stdout] test debug::test::test ... ok
[INFO] [stdout] test file::test::read ... ok
[INFO] [stdout] test file::test::mkdir_and_rm ... ok
[INFO] [stdout] test misc::test::toggle ... ok
[INFO] [stdout] test misc::test::misc ... ok
[INFO] [stdout] test data::test::to_data_test ... ok
[INFO] [stdout] test apply::test::apply_arr ... ok
[INFO] [stdout] test unwrap::test::unwrap ... ok
[INFO] [stdout] test apply::test::apply_tuple ... ok
[INFO] [stdout] test file::test::test ... FAILED
[INFO] [stdout] test stored::test::stored ... ok
[INFO] [stdout] test data::test::wrong_size - should panic ... ok
[INFO] [stdout] test apply::test::apply2_arr ... ok
[INFO] [stdout] test regex::test::test ... ok
[INFO] [stdout] test elapsed::test::test_elapsed ... ok
[INFO] [stdout] test misc::test::test_sleep ... ok
[INFO] [stdout] test animation::test::test ... ok
[INFO] [stdout] 
[INFO] [stdout] failures:
[INFO] [stdout] 
[INFO] [stdout] ---- file::test::test stdout ----
[INFO] [stdout] 
[INFO] [stdout] thread 'file::test::test' (853) panicked at src/file.rs:144:9:
[INFO] [stdout] assertion `left == right` failed
[INFO] [stdout]   left: {"build.rs", "Cargo.toml.orig", "src", "Cargo.toml", ".cargo_vcs_info.json", "Cargo.lock"}
[INFO] [stdout]  right: {"Cargo.toml", "src", "build.rs"}
[INFO] [stdout] stack backtrace:
[INFO] [stdout]    0:     0x58ca8481ae71 - <<std[70759c8f55707aa4]::sys::backtrace::BacktraceLock>::print::DisplayBacktrace as core[df12db4294e9bfd3]::fmt::Display>::fmt
[INFO] [stdout]    1:     0x58ca84831c3a - core[df12db4294e9bfd3]::fmt::write
[INFO] [stdout]    2:     0x58ca8481fc2c - <alloc[2182bb758b4b3781]::vec::Vec<u8> as core[df12db4294e9bfd3]::io::write::Write>::write_fmt
[INFO] [stdout]    3:     0x58ca847f4c66 - std[70759c8f55707aa4]::panicking::default_hook::{closure#0}
[INFO] [stdout]    4:     0x58ca84812229 - std[70759c8f55707aa4]::panicking::default_hook
[INFO] [stdout]    5:     0x58ca846c4f30 - test[9d35eded1c95d3be]::test_main_inner::<test[9d35eded1c95d3be]::test_main_static::{closure#0}>::{closure#0}
[INFO] [stdout]    6:     0x58ca848123e2 - std[70759c8f55707aa4]::panicking::panic_with_hook
[INFO] [stdout]    7:     0x58ca847f4d12 - std[70759c8f55707aa4]::panicking::panic_handler::{closure#0}
[INFO] [stdout]    8:     0x58ca847ed1b9 - std[70759c8f55707aa4]::sys::backtrace::__rust_end_short_backtrace::<std[70759c8f55707aa4]::panicking::panic_handler::{closure#0}, !>
[INFO] [stdout]    9:     0x58ca847f5a1d - __rustc[8fa7c3cbc660c2b3]::rust_begin_unwind
[INFO] [stdout]   10:     0x58ca8483241c - core[df12db4294e9bfd3]::panicking::panic_fmt
[INFO] [stdout]   11:     0x58ca84832333 - core[df12db4294e9bfd3]::panicking::assert_failed_inner
[INFO] [stdout]   12:     0x58ca846aa493 - core[df12db4294e9bfd3]::panicking::assert_failed::<std[70759c8f55707aa4]::collections::hash::set::HashSet<alloc[2182bb758b4b3781]::string::String>, std[70759c8f55707aa4]::collections::hash::set::HashSet<alloc[2182bb758b4b3781]::string::String>>
[INFO] [stdout]   13:     0x58ca846a29c9 - rtools[aa022fb482136c1a]::file::test::test
[INFO] [stdout]   14:     0x58ca846a9159 - <rtools[aa022fb482136c1a]::file::test::test::{closure#0} as core[df12db4294e9bfd3]::ops::function::FnOnce<()>>::call_once
[INFO] [stdout]   15:     0x58ca846b821b - test[9d35eded1c95d3be]::__rust_begin_short_backtrace::<core[df12db4294e9bfd3]::result::Result<(), alloc[2182bb758b4b3781]::string::String>, fn() -> core[df12db4294e9bfd3]::result::Result<(), alloc[2182bb758b4b3781]::string::String>>
[INFO] [stdout]   16:     0x58ca846c5885 - test[9d35eded1c95d3be]::run_test::{closure#0}
[INFO] [stdout]   17:     0x58ca846bf144 - std[70759c8f55707aa4]::sys::backtrace::__rust_begin_short_backtrace::<test[9d35eded1c95d3be]::run_test::{closure#1}, ()>
[INFO] [stdout]   18:     0x58ca846c89e2 - <std[70759c8f55707aa4]::thread::lifecycle::spawn_unchecked<test[9d35eded1c95d3be]::run_test::{closure#1}, ()>::{closure#1} as core[df12db4294e9bfd3]::ops::function::FnOnce<()>>::call_once::{shim:vtable#0}
[INFO] [stdout]   19:     0x58ca84819ec9 - <std[70759c8f55707aa4]::sys::thread::unix::Thread>::new::thread_start
[INFO] [stdout]   20:     0x76adc54b8dfa - <unknown>
[INFO] [stdout]   21:     0x76adc554c3d4 - clone
[INFO] [stdout]   22:                0x0 - <unknown>
[INFO] [stdout] 
[INFO] [stdout] 
[INFO] [stdout] failures:
[INFO] [stdout]     file::test::test
[INFO] [stdout] 
[INFO] [stdout] test result: FAILED. 18 passed; 1 failed; 0 ignored; 0 measured; 0 filtered out; finished in 0.75s
[INFO] [stdout] 
[INFO] [stderr] error: test failed, to rerun pass `--lib`
[INFO] running `Command { std: "docker" "inspect" "512c9fdc283e90eec6e48de8fd59d8672fa253127d2dafec3a0486f06091f782", kill_on_drop: false }`
[INFO] running `Command { std: "docker" "rm" "-f" "512c9fdc283e90eec6e48de8fd59d8672fa253127d2dafec3a0486f06091f782", kill_on_drop: false }`
[INFO] [stdout] 512c9fdc283e90eec6e48de8fd59d8672fa253127d2dafec3a0486f06091f782
