[INFO] fetching crate rtb-cli 0.9.3...
[INFO] testing rtb-cli-0.9.3 against 1.100.0-beta.1+cargoflags=--release for beta-release-1.100-2
[INFO] extracting crate rtb-cli 0.9.3 into /workspace/builds/worker-4-tc2/source
[INFO] started tweaking crates.io crate rtb-cli 0.9.3
[INFO] removed 0 missing tests
[INFO] finished tweaking crates.io crate rtb-cli 0.9.3
[INFO] tweaked toml for crates.io crate rtb-cli 0.9.3 written to /workspace/builds/worker-4-tc2/source/Cargo.toml
[INFO] validating manifest of crates.io crate rtb-cli 0.9.3 on toolchain 1.100.0-beta.1
[INFO] running `Command { std: CARGO_HOME="/workspace/cargo-home" RUSTUP_HOME="/workspace/rustup-home" "/workspace/cargo-home/bin/cargo" "+1.100.0-beta.1" "metadata" "--manifest-path" "Cargo.toml" "--no-deps", kill_on_drop: false }`
[INFO] crate crates.io crate rtb-cli 0.9.3 already has a lockfile, it will not be regenerated
[INFO] running `Command { std: CARGO_HOME="/workspace/cargo-home" RUSTUP_HOME="/workspace/rustup-home" "/workspace/cargo-home/bin/cargo" "+1.100.0-beta.1" "fetch" "--manifest-path" "Cargo.toml", kill_on_drop: false }`
[INFO] running `Command { std: "docker" "create" "-v" "/var/lib/crater-agent-workspace/builds/worker-4-tc2/source:/opt/rustwide/workdir:ro,Z" "-v" "/var/lib/crater-agent-workspace/builds/worker-4-tc2/target:/opt/rustwide/target:rw,Z" "-v" "/var/lib/crater-agent-workspace/cargo-home:/opt/rustwide/cargo-home:ro,Z" "-v" "/var/lib/crater-agent-workspace/rustup-home:/opt/rustwide/rustup-home:ro,Z" "-m" "1610612736" "--network" "none" "ghcr.io/rust-lang/crates-build-env/linux@sha256:77db811e55d90add9212f6832c23229e3de5f1c1f9905e8cb07319ea15df73ac" "sleep" "infinity", kill_on_drop: false }`
[INFO] [stdout] 4fa1a68bac6b5f8fb2c210156db94437bc904f676f84204b76927a93e0e750bc
[INFO] running `Command { std: "docker" "start" "4fa1a68bac6b5f8fb2c210156db94437bc904f676f84204b76927a93e0e750bc", kill_on_drop: false }`
[INFO] running `Command { std: "docker" "inspect" "4fa1a68bac6b5f8fb2c210156db94437bc904f676f84204b76927a93e0e750bc", kill_on_drop: false }`
[INFO] running `Command { std: "docker" "exec" "-e" "SOURCE_DIR=/opt/rustwide/workdir" "-e" "CARGO_HOME=/opt/rustwide/cargo-home" "-e" "RUSTUP_HOME=/opt/rustwide/rustup-home" "-e" "CARGO_TARGET_DIR=/opt/rustwide/target" "-w" "/opt/rustwide/workdir" "--user" "0:0" "4fa1a68bac6b5f8fb2c210156db94437bc904f676f84204b76927a93e0e750bc" "/opt/rustwide/cargo-home/bin/cargo" "+1.100.0-beta.1" "metadata" "--no-deps" "--format-version=1", kill_on_drop: false }`
[INFO] running `Command { std: "docker" "inspect" "4fa1a68bac6b5f8fb2c210156db94437bc904f676f84204b76927a93e0e750bc", kill_on_drop: false }`
[INFO] running `Command { std: "docker" "exec" "-e" "SOURCE_DIR=/opt/rustwide/workdir" "-e" "CARGO_HOME=/opt/rustwide/cargo-home" "-e" "RUSTUP_HOME=/opt/rustwide/rustup-home" "-e" "CARGO_TARGET_DIR=/opt/rustwide/target" "-e" "CARGO_INCREMENTAL=0" "-e" "RUST_BACKTRACE=full" "-e" "RUSTFLAGS=--cap-lints=warn" "-e" "RUSTDOCFLAGS=--cap-lints=warn" "-w" "/opt/rustwide/workdir" "--user" "0:0" "4fa1a68bac6b5f8fb2c210156db94437bc904f676f84204b76927a93e0e750bc" "/opt/rustwide/cargo-home/bin/cargo" "+1.100.0-beta.1" "build" "--frozen" "--message-format=json" "--release", kill_on_drop: false }`
[INFO] [stderr]    Compiling syn v2.0.119
[INFO] [stderr]    Compiling syn v3.0.3
[INFO] [stderr]    Compiling rustix v1.1.4
[INFO] [stderr]    Compiling parking_lot_core v0.9.12
[INFO] [stderr]    Compiling mio v1.2.2
[INFO] [stderr]    Compiling crossbeam-utils v0.8.22
[INFO] [stderr]    Compiling serde_json v1.0.151
[INFO] [stderr]    Compiling cc v1.3.0
[INFO] [stderr]    Compiling parking_lot v0.12.5
[INFO] [stderr]    Compiling concurrent-queue v2.5.0
[INFO] [stderr]    Compiling toml_parser v1.1.5+spec-1.1.0
[INFO] [stderr]    Compiling toml_datetime v1.1.2+spec-1.1.0
[INFO] [stderr]    Compiling aho-corasick v1.1.4
[INFO] [stderr]    Compiling cmake v0.1.58
[INFO] [stderr]    Compiling toml_edit v0.25.13+spec-1.1.0
[INFO] [stderr]    Compiling pkg-config v0.3.33
[INFO] [stderr]    Compiling event-listener v5.4.1
[INFO] [stderr]    Compiling aws-lc-sys v0.45.0
[INFO] [stderr]    Compiling proc-macro-crate v3.5.0
[INFO] [stderr]    Compiling regex-automata v0.4.16
[INFO] [stderr]    Compiling crypto-common v0.1.7
[INFO] [stderr]    Compiling num-integer v0.1.46
[INFO] [stderr]    Compiling proc-macro2 v1.0.107
[INFO] [stderr]    Compiling winnow v1.0.4
[INFO] [stderr]    Compiling unicode-ident v1.0.24
[INFO] [stderr]    Compiling synstructure v0.13.2
[INFO] [stderr]    Compiling event-listener-strategy v0.5.4
[INFO] [stderr]    Compiling indexmap v2.14.0
[INFO] [stderr]    Compiling serde_derive v1.0.229
[INFO] [stderr]    Compiling zerofrom-derive v0.1.7
[INFO] [stderr]    Compiling yoke-derive v0.8.2
[INFO] [stderr]    Compiling tokio-macros v2.7.1
[INFO] [stderr]    Compiling zerofrom v0.1.8
[INFO] [stderr]    Compiling futures-macro v0.3.34
[INFO] [stderr]    Compiling yoke v0.8.3
[INFO] [stderr]    Compiling tokio v1.53.2
[INFO] [stderr]    Compiling tracing-attributes v0.1.31
[INFO] [stderr]    Compiling futures-util v0.3.34
[INFO] [stderr]    Compiling zerovec-derive v0.11.3
[INFO] [stderr]    Compiling tracing v0.1.44
[INFO] [stderr]    Compiling enumflags2_derive v0.7.12
[INFO] [stderr]    Compiling displaydoc v0.2.6
[INFO] [stderr]    Compiling serde v1.0.229
[INFO] [stderr]    Compiling zerovec v0.11.6
[INFO] [stderr]    Compiling quote v1.0.47
[INFO] [stderr]    Compiling zvariant_utils v3.5.0
[INFO] [stderr]    Compiling terminal_size v0.4.4
[INFO] [stderr]    Compiling num-bigint v0.4.8
[INFO] [stderr]    Compiling zvariant_derive v5.13.1
[INFO] [stderr]    Compiling owo-colors v4.3.0
[INFO] [stderr]    Compiling tinystr v0.8.3
[INFO] [stderr]    Compiling typenum v1.20.1
[INFO] [stderr]    Compiling icu_locale_core v2.2.0
[INFO] [stderr]    Compiling potential_utf v0.1.5
[INFO] [stderr]    Compiling backtrace v0.3.76
[INFO] [stderr]    Compiling hybrid-array v0.4.13
[INFO] [stderr]    Compiling num-rational v0.4.2
[INFO] [stderr]    Compiling enumflags2 v0.7.12
[INFO] [stderr]    Compiling zerotrie v0.2.4
[INFO] [stderr]    Compiling polling v3.11.0
[INFO] [stderr]    Compiling thiserror-impl v2.0.21
[INFO] [stderr]    Compiling num-iter v0.1.46
[INFO] [stderr]    Compiling block-padding v0.3.3
[INFO] [stderr]    Compiling http v1.4.2
[INFO] [stderr]    Compiling is_ci v1.2.0
[INFO] [stderr]    Compiling endi v1.1.1
[INFO] [stderr]    Compiling thiserror v2.0.21
[INFO] [stderr]    Compiling supports-color v3.0.2
[INFO] [stderr]    Compiling zvariant v5.13.1
[INFO] [stderr]    Compiling textwrap v0.16.2
[INFO] [stderr]    Compiling icu_collections v2.2.0
[INFO] [stderr]    Compiling num v0.4.3
[INFO] [stderr]    Compiling inout v0.1.4
[INFO] [stderr]    Compiling digest v0.10.7
[INFO] [stderr]    Compiling async-io v2.6.0
[INFO] [stderr]    Compiling icu_provider v2.2.0
[INFO] [stderr]    Compiling backtrace-ext v0.2.1
[INFO] [stderr]    Compiling miette-derive v7.6.0
[INFO] [stderr]    Compiling async-trait v0.1.92
[INFO] [stderr]    Compiling async-channel v2.5.0
[INFO] [stderr]    Compiling supports-hyperlinks v3.2.0
[INFO] [stderr]    Compiling supports-unicode v3.0.0
[INFO] [stderr]    Compiling miette v7.6.0
[INFO] [stderr]    Compiling uuid v1.28.0
[INFO] [stderr]    Compiling async-signal v0.2.14
[INFO] [stderr]    Compiling zbus_names v4.3.4
[INFO] [stderr]    Compiling cipher v0.4.4
[INFO] [stderr]    Compiling http-body v1.1.0
[INFO] [stderr]    Compiling tokio-util v0.7.19
[INFO] [stderr]    Compiling block-buffer v0.12.1
[INFO] [stderr]    Compiling crypto-common v0.2.2
[INFO] [stderr]    Compiling async-lock v3.4.2
[INFO] [stderr]    Compiling proc-macro2-diagnostics v0.10.1
[INFO] [stderr]    Compiling ref-cast v1.0.26
[INFO] [stderr]    Compiling rustls v0.23.45
[INFO] [stderr]    Compiling const-oid v0.10.2
[INFO] [stderr]    Compiling regex-syntax v0.8.11
[INFO] [stderr]    Compiling digest v0.11.3
[INFO] [stderr]    Compiling async-process v2.5.0
[INFO] [stderr]    Compiling mime_guess v2.0.5
[INFO] [stderr]    Compiling blocking v1.6.2
[INFO] [stderr]    Compiling zbus_macros v5.18.0
[INFO] [stderr]    Compiling icu_properties v2.2.0
[INFO] [stderr]    Compiling icu_normalizer v2.2.0
[INFO] [stderr]    Compiling hmac v0.12.1
[INFO] [stderr]    Compiling bstr v1.13.0
[INFO] [stderr]    Compiling async-executor v1.14.0
[INFO] [stderr]    Compiling async-recursion v1.1.1
[INFO] [stderr]    Compiling ref-cast-impl v1.0.26
[INFO] [stderr]    Compiling serde_repr v0.1.21
[INFO] [stderr]    Compiling async-broadcast v0.7.2
[INFO] [stderr]    Compiling ordered-stream v0.2.0
[INFO] [stderr]    Compiling siphasher v1.0.3
[INFO] [stderr]    Compiling yansi v1.0.1
[INFO] [stderr]    Compiling cpufeatures v0.3.0
[INFO] [stderr]    Compiling sha2 v0.11.0
[INFO] [stderr]    Compiling darling_core v0.24.1
[INFO] [stderr]    Compiling globset v0.4.19
[INFO] [stderr]    Compiling zbus v5.18.0
[INFO] [stderr]    Compiling phf_shared v0.14.0
[INFO] [stderr]    Compiling convert_case v0.10.0
[INFO] [stderr]    Compiling idna_adapter v1.2.2
[INFO] [stderr]    Compiling hkdf v0.12.4
[INFO] [stderr]    Compiling sha2 v0.10.9
[INFO] [stderr]    Compiling aes v0.8.4
[INFO] [stderr]    Compiling h2 v0.4.18
[INFO] [stderr]    Compiling cbc v0.1.2
[INFO] [stderr]    Compiling serde_spanned v0.6.9
[INFO] [stderr]    Compiling toml_datetime v0.6.11
[INFO] [stderr]    Compiling getrandom v0.2.17
[INFO] [stderr]    Compiling keyring-core v1.0.0
[INFO] [stderr]    Compiling uncased v0.9.10
[INFO] [stderr]    Compiling prettyplease v0.3.0
[INFO] [stderr]    Compiling winnow v0.7.15
[INFO] [stderr]    Compiling toml_write v0.1.2
[INFO] [stderr]    Compiling mime v0.3.17
[INFO] [stderr]    Compiling arraydeque v0.5.1
[INFO] [stderr]    Compiling fastrand v2.5.0
[INFO] [stderr]    Compiling granit-parser v1.3.0
[INFO] [stderr]    Compiling phf_generator v0.14.0
[INFO] [stderr]    Compiling darling_macro v0.24.1
[INFO] [stderr]    Compiling encoding_rs_io v0.1.8
[INFO] [stderr]    Compiling derive_more-impl v2.1.1
[INFO] [stderr]    Compiling idna v1.1.0
[INFO] [stderr]    Compiling hyper v1.11.0
[INFO] [stderr]    Compiling toml_edit v0.22.27
[INFO] [stderr]    Compiling getrandom v0.3.4
[INFO] [stderr]    Compiling rust-embed-utils v8.12.0
[INFO] [stderr]    Compiling signal-hook v0.3.18
[INFO] [stderr]    Compiling pear_codegen v0.2.9
[INFO] [stderr]    Compiling annotate-snippets v0.12.16
[INFO] [stderr]    Compiling regex v1.13.1
[INFO] [stderr]    Compiling linux-keyutils v0.2.5
[INFO] [stderr]    Compiling figment v0.10.19
[INFO] [stderr]    Compiling inlinable_string v0.1.15
[INFO] [stderr]    Compiling linkme-impl v0.3.37
[INFO] [stderr]    Compiling hyper-util v0.1.20
[INFO] [stderr]    Compiling tower v0.5.3
[INFO] [stderr]    Compiling pear v0.2.9
[INFO] [stderr]    Compiling secret-service v5.1.0
[INFO] [stderr]    Compiling serde-saphyr v1.3.0
[INFO] [stderr]    Compiling zbus-secret-service-keyring-store v1.0.0
[INFO] [stderr]    Compiling linux-keyutils-keyring-store v1.0.0
[INFO] [stderr]    Compiling url v2.5.8
[INFO] [stderr]    Compiling toml v0.8.23
[INFO] [stderr]    Compiling signal-hook-mio v0.2.5
[INFO] [stderr]    Compiling rust-embed-impl v8.12.0
[INFO] [stderr]    Compiling ahash v0.8.12
[INFO] [stderr]    Compiling derive_more v2.1.1
[INFO] [stderr]    Compiling darling v0.24.1
[INFO] [stderr]    Compiling phf_macros v0.14.0
[INFO] [stderr]    Compiling jsonptr v0.7.1
[INFO] [stderr]    Compiling serde_derive_internals v0.30.0
[INFO] [stderr]    Compiling jsonschema-value v0.58.6
[INFO] [stderr]    Compiling linkme v0.3.37
[INFO] [stderr]    Compiling json-patch v4.2.0
[INFO] [stderr]    Compiling time-macros v0.2.32
[INFO] [stderr]    Compiling schemars_derive v1.2.2
[INFO] [stderr]    Compiling fluent-uri v0.4.1
[INFO] [stderr]    Compiling bon-macros v3.10.2
[INFO] [stderr]    Compiling phf v0.14.0
[INFO] [stderr]    Compiling arc-swap v1.9.2
[INFO] [stderr]    Compiling rust-embed v8.12.0
[INFO] [stderr]    Compiling crossterm v0.29.0
[INFO] [stderr]    Compiling tower-http v0.6.11
[INFO] [stderr]    Compiling keyring v4.1.5
[INFO] [stderr]    Compiling fuzzy-matcher v0.3.7
[INFO] [stderr]    Compiling papergrid v0.18.0
[INFO] [stderr]    Compiling http-body-util v0.1.4
[INFO] [stderr]    Compiling strum_macros v0.28.0
[INFO] [stderr]    Compiling tabled_derive v0.12.0
[INFO] [stderr]    Compiling fraction v0.17.0
[INFO] [stderr]    Compiling secrecy v0.10.3
[INFO] [stderr]    Compiling testing_table v0.3.0
[INFO] [stderr]    Compiling is-docker v0.2.0
[INFO] [stderr]    Compiling deranged v0.5.8
[INFO] [stderr]    Compiling serde_spanned v1.1.2
[INFO] [stderr]    Compiling toml_writer v1.1.3+spec-1.1.0
[INFO] [stderr]    Compiling toml v1.1.8+spec-1.1.0
[INFO] [stderr]    Compiling inquire v0.9.4
[INFO] [stderr]    Compiling time v0.3.55
[INFO] [stderr]    Compiling clap_builder v4.6.7
[INFO] [stderr]    Compiling referencing v0.58.6
[INFO] [stderr]    Compiling is-wsl v0.4.0
[INFO] [stderr]    Compiling tabled v0.22.0
[INFO] [stderr]    Compiling rtb-credentials v0.6.4
[INFO] [stderr]    Compiling strum v0.28.0
[INFO] [stderr]    Compiling bon v3.10.2
[INFO] [stderr]    Compiling rtb-config v0.6.5
[INFO] [stderr]    Compiling rtb-assets v0.6.5
[INFO] [stderr]    Compiling schemars v1.2.2
[INFO] [stderr]    Compiling rtb-redact v0.6.4
[INFO] [stderr]    Compiling fancy-regex v0.19.0
[INFO] [stderr]    Compiling rtb-error v0.6.5
[INFO] [stderr]    Compiling clap_derive v4.6.7
[INFO] [stderr]    Compiling tracing-serde v0.2.0
[INFO] [stderr]    Compiling email_address v0.2.9
[INFO] [stderr]    Compiling matchers v0.2.0
[INFO] [stderr]    Compiling jsonschema-regex v0.58.6
[INFO] [stderr]    Compiling console v0.16.4
[INFO] [stderr]    Compiling semver v1.0.28
[INFO] [stderr]    Compiling machine-uid v0.6.0
[INFO] [stderr]    Compiling rtb-telemetry v0.7.4
[INFO] [stderr]    Compiling tracing-subscriber v0.3.23
[INFO] [stderr]    Compiling rtb-app v0.9.1
[INFO] [stderr]    Compiling rtb-tui v0.6.4
[INFO] [stderr]    Compiling clap v4.6.7
[INFO] [stderr]    Compiling open v5.4.4
[INFO] [stderr]    Compiling directories v6.0.0
[INFO] [stderr]    Compiling aws-lc-rs v1.18.1
[INFO] [stderr]    Compiling rustls-webpki v0.103.15
[INFO] [stderr]    Compiling tokio-rustls v0.26.4
[INFO] [stderr]    Compiling rustls-platform-verifier v0.7.0
[INFO] [stderr]    Compiling hyper-rustls v0.27.9
[INFO] [stderr]    Compiling reqwest v0.13.5
[INFO] [stderr]    Compiling jsonschema v0.58.6
[INFO] [stderr]    Compiling rtb-cli v0.9.3 (/opt/rustwide/workdir)
[INFO] [stderr]     Finished `release` profile [optimized] target(s) in 11m 58s
[INFO] running `Command { std: "docker" "inspect" "4fa1a68bac6b5f8fb2c210156db94437bc904f676f84204b76927a93e0e750bc", kill_on_drop: false }`
[INFO] running `Command { std: "docker" "exec" "-e" "SOURCE_DIR=/opt/rustwide/workdir" "-e" "CARGO_HOME=/opt/rustwide/cargo-home" "-e" "RUSTUP_HOME=/opt/rustwide/rustup-home" "-e" "CARGO_TARGET_DIR=/opt/rustwide/target" "-e" "CARGO_INCREMENTAL=0" "-e" "RUST_BACKTRACE=full" "-e" "RUSTFLAGS=--cap-lints=warn" "-e" "RUSTDOCFLAGS=--cap-lints=warn" "-w" "/opt/rustwide/workdir" "--user" "0:0" "4fa1a68bac6b5f8fb2c210156db94437bc904f676f84204b76927a93e0e750bc" "/opt/rustwide/cargo-home/bin/cargo" "+1.100.0-beta.1" "test" "--frozen" "--no-run" "--message-format=json" "--release", kill_on_drop: false }`
[INFO] [stderr]    Compiling memchr v2.8.3
[INFO] [stderr]    Compiling concurrent-queue v2.5.0
[INFO] [stderr]    Compiling smawk v0.3.3
[INFO] [stderr]    Compiling derive_more-impl v2.1.1
[INFO] [stderr]    Compiling zmij v1.0.23
[INFO] [stderr]    Compiling crossbeam-epoch v0.9.20
[INFO] [stderr]    Compiling serde_json v1.0.151
[INFO] [stderr]    Compiling sealed v0.6.0
[INFO] [stderr]    Compiling textwrap v0.16.2
[INFO] [stderr]    Compiling event-listener v5.4.1
[INFO] [stderr]    Compiling async-io v2.6.0
[INFO] [stderr]    Compiling async-executor v1.14.0
[INFO] [stderr]    Compiling aho-corasick v1.1.4
[INFO] [stderr]    Compiling event-listener-strategy v0.5.4
[INFO] [stderr]    Compiling bstr v1.13.0
[INFO] [stderr]    Compiling async-channel v2.5.0
[INFO] [stderr]    Compiling async-signal v0.2.14
[INFO] [stderr]    Compiling futures-util v0.3.34
[INFO] [stderr]    Compiling object v0.37.3
[INFO] [stderr]    Compiling regex-automata v0.4.16
[INFO] [stderr]    Compiling async-lock v3.4.2
[INFO] [stderr]    Compiling async-process v2.5.0
[INFO] [stderr]    Compiling blocking v1.6.2
[INFO] [stderr]    Compiling tokio-util v0.7.19
[INFO] [stderr]    Compiling async-broadcast v0.7.2
[INFO] [stderr]    Compiling zbus v5.18.0
[INFO] [stderr]    Compiling globset v0.4.19
[INFO] [stderr]    Compiling derive_more v2.1.1
[INFO] [stderr]    Compiling h2 v0.4.18
[INFO] [stderr]    Compiling rust-embed-utils v8.12.0
[INFO] [stderr]    Compiling crossbeam-deque v0.8.7
[INFO] [stderr]    Compiling tower v0.5.3
[INFO] [stderr]    Compiling backtrace v0.3.76
[INFO] [stderr]    Compiling rust-embed-impl v8.12.0
[INFO] [stderr]    Compiling backtrace-ext v0.2.1
[INFO] [stderr]    Compiling miette v7.6.0
[INFO] [stderr]    Compiling regex v1.13.1
[INFO] [stderr]    Compiling jsonptr v0.7.1
[INFO] [stderr]    Compiling synthez-core v0.4.0
[INFO] [stderr]    Compiling hyper v1.11.0
[INFO] [stderr]    Compiling nom v8.0.0
[INFO] [stderr]    Compiling peg-runtime v0.6.3
[INFO] [stderr]    Compiling hyper-util v0.1.20
[INFO] [stderr]    Compiling either v1.16.0
[INFO] [stderr]    Compiling bytecount v0.6.9
[INFO] [stderr]    Compiling peg-macros v0.6.3
[INFO] [stderr]    Compiling figment v0.10.19
[INFO] [stderr]    Compiling hyper-rustls v0.27.9
[INFO] [stderr]    Compiling secret-service v5.1.0
[INFO] [stderr]    Compiling nom_locate v5.0.0
[INFO] [stderr]    Compiling crossterm v0.29.0
[INFO] [stderr]    Compiling tower-http v0.6.11
[INFO] [stderr]    Compiling synthez-codegen v0.4.0
[INFO] [stderr]    Compiling json-patch v4.2.0
[INFO] [stderr]    Compiling rust-embed v8.12.0
[INFO] [stderr]    Compiling gherkin v0.16.0
[INFO] [stderr]    Compiling typed-builder-macro v0.23.2
[INFO] [stderr]    Compiling zbus-secret-service-keyring-store v1.0.0
[INFO] [stderr]    Compiling keyring v4.1.5
[INFO] [stderr]    Compiling target-tuple v1.0.2
[INFO] [stderr]    Compiling jsonschema-value v0.58.6
[INFO] [stderr]    Compiling peg v0.6.3
[INFO] [stderr]    Compiling referencing v0.58.6
[INFO] [stderr]    Compiling inquire v0.9.4
[INFO] [stderr]    Compiling typed-builder v0.23.2
[INFO] [stderr]    Compiling rtb-credentials v0.6.4
[INFO] [stderr]    Compiling reqwest v0.13.5
[INFO] [stderr]    Compiling cucumber-expressions v0.5.0
[INFO] [stderr]    Compiling rtb-assets v0.6.5
[INFO] [stderr]    Compiling ignore v0.4.31
[INFO] [stderr]    Compiling synthez v0.4.0
[INFO] [stderr]    Compiling rtb-config v0.6.5
[INFO] [stderr]    Compiling rtb-redact v0.6.4
[INFO] [stderr]    Compiling schemars v1.2.2
[INFO] [stderr]    Compiling fancy-regex v0.19.0
[INFO] [stderr]    Compiling itertools v0.14.0
[INFO] [stderr]    Compiling rtb-error v0.6.5
[INFO] [stderr]    Compiling matchers v0.2.0
[INFO] [stderr]    Compiling futures-executor v0.3.33
[INFO] [stderr]    Compiling pin-project-internal v1.1.13
[INFO] [stderr]    Compiling inflections v1.1.1
[INFO] [stderr]    Compiling tracing-subscriber v0.3.23
[INFO] [stderr]    Compiling cucumber-codegen v0.23.0
[INFO] [stderr]    Compiling jsonschema v0.58.6
[INFO] [stderr]    Compiling rtb-telemetry v0.7.4
[INFO] [stderr]    Compiling rtb-app v0.9.1
[INFO] [stderr]    Compiling pin-project v1.1.13
[INFO] [stderr]    Compiling futures v0.3.33
[INFO] [stderr]    Compiling globwalk v0.9.1
[INFO] [stderr]    Compiling rtb-tui v0.6.4
[INFO] [stderr]    Compiling smart-default v0.7.1
[INFO] [stderr]    Compiling termcolor v1.4.1
[INFO] [stderr]    Compiling cucumber v0.23.0
[INFO] [stderr]    Compiling trybuild v1.0.122
[INFO] [stderr]    Compiling rtb-cli v0.9.3 (/opt/rustwide/workdir)
[INFO] [stderr]     Finished `release` profile [optimized] target(s) in 7m 06s
[INFO] running `Command { std: "docker" "inspect" "4fa1a68bac6b5f8fb2c210156db94437bc904f676f84204b76927a93e0e750bc", kill_on_drop: false }`
[INFO] running `Command { std: "docker" "exec" "-e" "SOURCE_DIR=/opt/rustwide/workdir" "-e" "CARGO_HOME=/opt/rustwide/cargo-home" "-e" "RUSTUP_HOME=/opt/rustwide/rustup-home" "-e" "CARGO_TARGET_DIR=/opt/rustwide/target" "-e" "CARGO_INCREMENTAL=0" "-e" "RUST_BACKTRACE=full" "-e" "RUSTFLAGS=--cap-lints=warn" "-e" "RUSTDOCFLAGS=--cap-lints=warn" "-w" "/opt/rustwide/workdir" "--user" "0:0" "4fa1a68bac6b5f8fb2c210156db94437bc904f676f84204b76927a93e0e750bc" "/opt/rustwide/cargo-home/bin/cargo" "+1.100.0-beta.1" "test" "--frozen" "--release", kill_on_drop: false }`
[INFO] [stderr]     Finished `release` profile [optimized] target(s) in 0.90s
[INFO] [stderr]      Running unittests src/lib.rs (/opt/rustwide/target/release/build/rtb-cli/ae646d010dcc7a00/out/rtb_cli-ae646d010dcc7a00)
[INFO] [stdout] 
[INFO] [stdout] running 18 tests
[INFO] [stdout] test browser::tests::rejects_malformed_url ... ok
[INFO] [stdout] test browser::tests::constants_match_documented_values ... ok
[INFO] [stdout] test browser::tests::rejects_overlong_url ... ok
[INFO] [stdout] test passthrough::tests::empty_trailing_yields_defaults ... ok
[INFO] [stdout] test browser::tests::rejects_control_characters ... ok
[INFO] [stdout] test browser::tests::surfaces_opener_failure_as_launch ... ok
[INFO] [stdout] test passthrough::tests::parses_trailing_flags ... ok
[INFO] [stdout] test render::tests::flag_after_subcommand_works ... ok
[INFO] [stdout] test render::tests::parses_eq_separated_json ... ok
[INFO] [stdout] test render::tests::parses_space_separated_text ... ok
[INFO] [stdout] test render::tests::unknown_value_falls_back_to_default ... ok
[INFO] [stdout] test render::tests::missing_value_falls_back_to_default ... ok
[INFO] [stdout] test browser::tests::allowed_schemes_reach_the_opener ... ok
[INFO] [stdout] test browser::tests::denied_schemes_never_reach_the_opener ... ok
[INFO] [stdout] test render::tests::parses_space_separated_json ... ok
[INFO] [stdout] test config_cmd::tests::yaml_round_trips_and_keeps_yaml_one_one_booleans_as_strings ... ok
[INFO] [stdout] test passthrough::tests::unknown_flag_is_an_error_not_a_panic ... ok
[INFO] [stdout] test render::tests::default_when_flag_absent ... ok
[INFO] [stdout] 
[INFO] [stdout] test result: ok. 18 passed; 0 failed; 0 ignored; 0 measured; 0 filtered out; finished in 0.00s
[INFO] [stdout] 
[INFO] [stderr]      Running tests/bdd.rs (/opt/rustwide/target/release/build/rtb-cli/19fd7f4e566893ee/out/bdd-19fd7f4e566893ee)
[INFO] [stdout] 
[INFO] [stdout] running 1 test
[INFO] [stdout] Feature: rtb-cli — application scaffolding and built-in commands
[INFO] [stdout]   Scenario: S1 — `version` dispatches successfully
[INFO] [stdout]    ✔  Given a basic Application
[INFO] [stdout]    ✔  When I dispatch "version"
[INFO] [stdout]    ✔  Then the result is Ok
[INFO] [stdout]   Scenario: S2 — Unknown command surfaces CommandNotFound
[INFO] [stdout]    ✔  Given a basic Application
[INFO] [stdout]    ✔  When I dispatch "nope"
[INFO] [stdout]    ✔  Then the result is an Err mentioning "not_found"
[INFO] [stdout]   Scenario: S5 — Disabling Update hides the command
[INFO] [stdout]    ✔  Given a basic Application with Update feature disabled
[INFO] [stdout]    ✔  When I dispatch "update"
[INFO] [stdout]    ✔  Then the result is an Err
[INFO] [stdout]   Scenario: S7 — Init runs a registered initialiser
[INFO] [stdout]    ✔  Given a basic Application
[INFO] [stdout]    ✔  When I dispatch "init"
[INFO] [stdout]    ✔  Then the result is Ok
[INFO] [stdout] [Summary]
[INFO] [stdout] 1 feature
[INFO] [stdout] 4 scenarios (4 passed)
[INFO] [stdout] 12 steps (12 passed)
[INFO] [stdout] test bdd ... ok
[INFO] [stderr]      Running tests/output_flag.rs (/opt/rustwide/target/release/build/rtb-cli/9dec05e8d9f60bc9/out/output_flag-9dec05e8d9f60bc9)
[INFO] [stdout] 
[INFO] [stdout] test result: ok. 1 passed; 0 failed; 0 ignored; 0 measured; 0 filtered out; finished in 0.01s
[INFO] [stdout] 
[INFO] [stdout] 
[INFO] [stdout] running 5 tests
[INFO] [stdout] test t1_default_is_text ... ok
[INFO] [stdout] test t1_value_enum_parses_round_trip ... ok
[INFO] [stdout] test t3_output_json_mode_succeeds_on_valid_data ... ok
[INFO] [stdout] test t3_output_json_mode_surfaces_serialize_errors ... ok
[INFO] [stdout] test t3_output_text_mode_is_infallible ... ok
[INFO] [stdout] 
[INFO] [stdout] test result: ok. 5 passed; 0 failed; 0 ignored; 0 measured; 0 filtered out; finished in 0.01s
[INFO] [stdout] 
[INFO] [stderr]      Running tests/trybuild.rs (/opt/rustwide/target/release/build/rtb-cli/0b06f7caedf211c8/out/trybuild-0b06f7caedf211c8)
[INFO] [stdout] 
[INFO] [stdout] running 2 tests
[INFO] [stderr]    Compiling proc-macro2 v1.0.107
[INFO] [stderr]    Compiling quote v1.0.47
[INFO] [stderr]    Compiling unicode-ident v1.0.24
[INFO] [stderr]    Compiling libc v0.2.189
[INFO] [stderr]     Checking cfg-if v1.0.4
[INFO] [stderr]     Checking memchr v2.8.3
[INFO] [stderr]    Compiling serde_core v1.0.229
[INFO] [stderr]     Checking pin-project-lite v0.2.17
[INFO] [stderr]    Compiling version_check v0.9.5
[INFO] [stderr]     Checking log v0.4.33
[INFO] [stderr]    Compiling serde v1.0.229
[INFO] [stderr]     Checking futures-core v0.3.34
[INFO] [stderr]     Checking smallvec v1.15.2
[INFO] [stderr]     Checking bitflags v2.13.1
[INFO] [stderr]    Compiling autocfg v1.5.1
[INFO] [stderr]     Checking once_cell v1.21.4
[INFO] [stderr]     Checking futures-io v0.3.34
[INFO] [stderr]     Checking typenum v1.20.1
[INFO] [stderr]    Compiling zmij v1.0.23
[INFO] [stderr]    Compiling rustix v1.1.4
[INFO] [stderr]    Compiling crossbeam-utils v0.8.22
[INFO] [stderr]     Checking linux-raw-sys v0.12.1
[INFO] [stderr]     Checking slab v0.4.12
[INFO] [stderr]     Checking itoa v1.0.18
[INFO] [stderr]    Compiling parking_lot_core v0.9.12
[INFO] [stderr]    Compiling syn v2.0.119
[INFO] [stderr]    Compiling syn v3.0.3
[INFO] [stderr]     Checking scopeguard v1.2.0
[INFO] [stderr]     Checking lock_api v0.4.14
[INFO] [stderr]     Checking errno v0.3.14
[INFO] [stderr]     Checking signal-hook-registry v1.4.8
[INFO] [stderr]     Checking mio v1.2.2
[INFO] [stderr]    Compiling num-traits v0.2.19
[INFO] [stderr]     Checking parking_lot v0.12.5
[INFO] [stderr]     Checking futures-sink v0.3.34
[INFO] [stderr]     Checking futures-channel v0.3.34
[INFO] [stderr]    Compiling generic-array v0.14.7
[INFO] [stderr]     Checking bytes v1.12.1
[INFO] [stderr]     Checking regex-syntax v0.8.11
[INFO] [stderr]     Checking futures-task v0.3.34
[INFO] [stderr]     Checking unicode-width v0.2.2
[INFO] [stderr]     Checking aho-corasick v1.1.4
[INFO] [stderr]     Checking parking v2.2.1
[INFO] [stderr]     Checking concurrent-queue v2.5.0
[INFO] [stderr]     Checking tracing-core v0.1.36
[INFO] [stderr]     Checking regex-automata v0.4.16
[INFO] [stderr]    Compiling serde_json v1.0.151
[INFO] [stderr]    Compiling winnow v1.0.4
[INFO] [stderr]     Checking stable_deref_trait v1.2.1
[INFO] [stderr]    Compiling jobserver v0.1.35
[INFO] [stderr]     Checking socket2 v0.6.5
[INFO] [stderr]     Checking subtle v2.6.1
[INFO] [stderr]    Compiling equivalent v1.0.2
[INFO] [stderr]    Compiling hashbrown v0.17.1
[INFO] [stderr]    Compiling shlex v2.0.1
[INFO] [stderr]    Compiling find-msvc-tools v0.1.9
[INFO] [stderr]    Compiling cc v1.3.0
[INFO] [stderr]    Compiling synstructure v0.13.2
[INFO] [stderr]    Compiling toml_parser v1.1.5+spec-1.1.0
[INFO] [stderr]    Compiling indexmap v2.14.0
[INFO] [stderr]     Checking foldhash v0.2.0
[INFO] [stderr]     Checking allocator-api2 v0.2.21
[INFO] [stderr]    Compiling toml_datetime v1.1.2+spec-1.1.0
[INFO] [stderr]     Checking atomic-waker v1.1.2
[INFO] [stderr]    Compiling cmake v0.1.58
[INFO] [stderr]    Compiling toml_edit v0.25.13+spec-1.1.0
[INFO] [stderr]     Checking zeroize v1.9.0
[INFO] [stderr]    Compiling dunce v1.0.5
[INFO] [stderr]    Compiling fs_extra v1.3.0
[INFO] [stderr]    Compiling pkg-config v0.3.33
[INFO] [stderr]     Checking fastrand v2.5.0
[INFO] [stderr]     Checking crypto-common v0.1.7
[INFO] [stderr]     Checking event-listener v5.4.1
[INFO] [stderr]     Checking num-integer v0.1.46
[INFO] [stderr]    Compiling heck v0.5.0
[INFO] [stderr]    Compiling thiserror v2.0.21
[INFO] [stderr]    Compiling aws-lc-sys v0.45.0
[INFO] [stderr]    Compiling object v0.37.3
[INFO] [stderr]    Compiling proc-macro-crate v3.5.0
[INFO] [stderr]     Checking event-listener-strategy v0.5.4
[INFO] [stderr]     Checking futures-lite v2.6.1
[INFO] [stdout] test builder_requires_metadata has been running for over 60 seconds
[INFO] [stdout] test builder_requires_version has been running for over 60 seconds
[INFO] [stderr]     Checking terminal_size v0.4.4
[INFO] [stderr]     Checking gimli v0.32.3
[INFO] [stderr]    Compiling zerofrom-derive v0.1.7
[INFO] [stderr]    Compiling yoke-derive v0.8.2
[INFO] [stderr]    Compiling tokio-macros v2.7.1
[INFO] [stderr]    Compiling tracing-attributes v0.1.31
[INFO] [stderr]    Compiling serde_derive v1.0.229
[INFO] [stderr]    Compiling futures-macro v0.3.34
[INFO] [stderr]     Checking tokio v1.53.2
[INFO] [stderr]    Compiling zerovec-derive v0.11.3
[INFO] [stderr]     Checking futures-util v0.3.34
[INFO] [stderr]     Checking zerofrom v0.1.8
[INFO] [stderr]    Compiling displaydoc v0.2.6
[INFO] [stderr]     Checking yoke v0.8.3
[INFO] [stderr]     Checking tracing v0.1.44
[INFO] [stderr]    Compiling enumflags2_derive v0.7.12
[INFO] [stderr]    Compiling thiserror-impl v2.0.21
[INFO] [stderr]     Checking zerovec v0.11.6
[INFO] [stderr]     Checking adler2 v2.0.1
[INFO] [stderr]    Compiling unicode-segmentation v1.13.3
[INFO] [stderr]     Checking smawk v0.3.3
[INFO] [stderr]     Checking unicode-linebreak v0.1.5
[INFO] [stderr]     Checking textwrap v0.16.2
[INFO] [stderr]     Checking tinystr v0.8.3
[INFO] [stderr]    Compiling convert_case v0.10.0
[INFO] [stderr]     Checking miniz_oxide v0.8.9
[INFO] [stderr]     Checking addr2line v0.25.1
[INFO] [stderr]     Checking num-bigint v0.4.8
[INFO] [stderr]    Compiling async-io v2.6.0
[INFO] [stderr]    Compiling getrandom v0.4.3
[INFO] [stderr]     Checking writeable v0.6.3
[INFO] [stderr]    Compiling zvariant_utils v3.5.0
[INFO] [stderr]    Compiling owo-colors v4.3.0
[INFO] [stderr]     Checking rustc-demangle v0.1.28
[INFO] [stderr]    Compiling unicode-xid v0.2.6
[INFO] [stderr]     Checking litemap v0.8.2
[INFO] [stderr]    Compiling zvariant_derive v5.13.1
[INFO] [stderr]    Compiling aws-lc-rs v1.18.1
[INFO] [stderr]     Checking icu_locale_core v2.2.0
[INFO] [stderr]    Compiling derive_more-impl v2.1.1
[INFO] [stderr]    Compiling hybrid-array v0.4.13
[INFO] [stderr]     Checking num-rational v0.4.2
[INFO] [stderr]    Compiling enumflags2 v0.7.12
[INFO] [stderr]     Checking potential_utf v0.1.5
[INFO] [stderr]     Checking zerotrie v0.2.4
[INFO] [stderr]     Checking num-iter v0.1.46
[INFO] [stderr]     Checking polling v3.11.0
[INFO] [stderr]     Checking block-buffer v0.10.4
[INFO] [stderr]     Checking block-padding v0.3.3
[INFO] [stderr]     Checking num-complex v0.4.6
[INFO] [stderr]     Checking http v1.4.2
[INFO] [stderr]    Compiling endi v1.1.1
[INFO] [stderr]     Checking async-task v4.7.1
[INFO] [stderr]     Checking utf8_iter v1.0.4
[INFO] [stderr]     Checking anstyle v1.0.14
[INFO] [stderr]     Checking is_ci v1.2.0
[INFO] [stderr]    Compiling icu_normalizer_data v2.2.0
[INFO] [stderr]     Checking fnv v1.0.7
[INFO] [stderr]    Compiling icu_properties_data v2.2.0
[INFO] [stderr]     Checking supports-color v3.0.2
[INFO] [stderr]     Checking backtrace v0.3.76
[INFO] [stderr]     Checking icu_collections v2.2.0
[INFO] [stderr]    Compiling zvariant v5.13.1
[INFO] [stderr]     Checking num v0.4.3
[INFO] [stderr]     Checking inout v0.1.4
[INFO] [stderr]     Checking digest v0.10.7
[INFO] [stderr]     Checking icu_provider v2.2.0
[INFO] [stderr]     Checking backtrace-ext v0.2.1
[INFO] [stderr]    Compiling async-trait v0.1.92
[INFO] [stderr]    Compiling miette-derive v7.6.0
[INFO] [stderr]     Checking async-channel v2.5.0
[INFO] [stderr]     Checking rustls-pki-types v1.15.1
[INFO] [stderr]     Checking bstr v1.13.0
[INFO] [stderr]     Checking percent-encoding v2.3.2
[INFO] [stderr]     Checking bytecount v0.6.9
[INFO] [stderr]     Checking unicode-width v0.1.14
[INFO] [stderr]     Checking supports-hyperlinks v3.2.0
[INFO] [stderr]     Checking supports-unicode v3.0.0
[INFO] [stderr]    Compiling ref-cast v1.0.26
[INFO] [stderr]     Checking same-file v1.0.6
[INFO] [stderr]     Checking miette v7.6.0
[INFO] [stderr]     Checking walkdir v2.5.0
[INFO] [stderr]     Checking globset v0.4.19
[INFO] [stderr]     Checking async-signal v0.2.14
[INFO] [stderr]     Checking uuid v1.28.0
[INFO] [stderr]     Checking cipher v0.4.4
[INFO] [stderr]    Compiling zbus_names v4.3.4
[INFO] [stderr]     Checking crypto-common v0.2.2
[INFO] [stderr]     Checking block-buffer v0.12.1
[INFO] [stderr]     Checking http-body v1.1.0
[INFO] [stderr]     Checking tokio-util v0.7.19
[INFO] [stderr]    Compiling ref-cast-impl v1.0.26
[INFO] [stderr]     Checking async-lock v3.4.2
[INFO] [stderr]     Checking piper v0.2.5
[INFO] [stderr]    Compiling proc-macro2-diagnostics v0.10.1
[INFO] [stderr]    Compiling const-oid v0.10.2
[INFO] [stderr]    Compiling unicase v2.9.0
[INFO] [stderr]    Compiling rustls v0.23.45
[INFO] [stderr]     Checking cpufeatures v0.2.17
[INFO] [stderr]     Checking untrusted v0.9.0
[INFO] [stderr]    Compiling httparse v1.10.1
[INFO] [stderr]    Compiling mime_guess v2.0.5
[INFO] [stderr]     Checking async-process v2.5.0
[INFO] [stderr]     Checking digest v0.11.3
[INFO] [stderr]     Checking blocking v1.6.2
[INFO] [stderr]    Compiling zbus_macros v5.18.0
[INFO] [stderr]     Checking icu_properties v2.2.0
[INFO] [stderr]     Checking icu_normalizer v2.2.0
[INFO] [stderr]     Checking hmac v0.12.1
[INFO] [stderr]     Checking async-executor v1.14.0
[INFO] [stderr]    Compiling serde_repr v0.1.21
[INFO] [stderr]    Compiling async-recursion v1.1.1
[INFO] [stderr]     Checking async-broadcast v0.7.2
[INFO] [stderr]     Checking regex v1.13.1
[INFO] [stderr]     Checking ordered-stream v0.2.0
[INFO] [stderr]    Compiling signal-hook v0.3.18
[INFO] [stderr]     Checking base64 v0.23.1
[INFO] [stderr]    Compiling yansi v1.0.1
[INFO] [stderr]    Compiling strsim v0.11.1
[INFO] [stderr]    Compiling cpufeatures v0.3.0
[INFO] [stderr]     Checking try-lock v0.2.5
[INFO] [stderr]    Compiling ident_case v1.0.1
[INFO] [stderr]    Compiling getrandom v0.3.4
[INFO] [stderr]    Compiling siphasher v1.0.3
[INFO] [stderr]     Checking hex v0.4.3
[INFO] [stderr]    Compiling zerocopy v0.8.55
[INFO] [stderr]     Checking tower-service v0.3.3
[INFO] [stderr]    Compiling phf_shared v0.14.0
[INFO] [stderr]     Checking idna_adapter v1.2.2
[INFO] [stderr]     Checking sha2 v0.11.0
[INFO] [stderr]    Compiling darling_core v0.24.1
[INFO] [stderr]     Checking want v0.3.1
[INFO] [stderr]     Checking derive_more v2.1.1
[INFO] [stderr]     Checking hkdf v0.12.4
[INFO] [stderr]     Checking aes v0.8.4
[INFO] [stderr]     Checking sha2 v0.10.9
[INFO] [stderr]     Checking h2 v0.4.18
[INFO] [stderr]     Checking cbc v0.1.2
[INFO] [stderr]     Checking serde_spanned v0.6.9
[INFO] [stderr]     Checking toml_datetime v0.6.11
[INFO] [stderr]     Checking getrandom v0.2.17
[INFO] [stderr]    Compiling uncased v0.9.10
[INFO] [stderr]    Compiling ahash v0.8.12
[INFO] [stderr]     Checking keyring-core v1.0.0
[INFO] [stderr]     Checking encoding_rs v0.8.35
[INFO] [stderr]    Compiling prettyplease v0.3.0
[INFO] [stderr]     Checking arraydeque v0.5.1
[INFO] [stderr]    Compiling rustversion v1.0.23
[INFO] [stderr]    Compiling mime v0.3.17
[INFO] [stderr]    Compiling crossbeam-epoch v0.9.20
[INFO] [stderr]     Checking winnow v0.7.15
[INFO] [stderr]     Checking toml_write v0.1.2
[INFO] [stderr]     Checking utf8parse v0.2.2
[INFO] [stderr]     Checking anstyle-parse v1.0.0
[INFO] [stderr]     Checking granit-parser v1.3.0
[INFO] [stderr]     Checking encoding_rs_io v0.1.8
[INFO] [stderr]    Compiling phf_generator v0.14.0
[INFO] [stderr]    Compiling rust-embed-utils v8.12.0
[INFO] [stderr]    Compiling pear_codegen v0.2.9
[INFO] [stderr]     Checking idna v1.1.0
[INFO] [stderr]     Checking form_urlencoded v1.2.2
[INFO] [stderr]     Checking annotate-snippets v0.12.16
[INFO] [stderr]     Checking toml_edit v0.22.27
[INFO] [stderr]     Checking zbus v5.18.0
[INFO] [stderr]     Checking hyper v1.11.0
[INFO] [stderr]    Compiling sealed v0.6.0
[INFO] [stderr]     Checking linux-keyutils v0.2.5
[INFO] [stderr]    Compiling figment v0.10.19
[INFO] [stderr]     Checking sync_wrapper v1.0.2
[INFO] [stderr]     Checking thread_local v1.1.10
[INFO] [stderr]     Checking inlinable_string v0.1.15
[INFO] [stderr]     Checking ipnet v2.12.0
[INFO] [stderr]    Compiling crossbeam-deque v0.8.7
[INFO] [stderr]     Checking tower-layer v0.3.3
[INFO] [stderr]     Checking dyn-clone v1.0.20
[INFO] [stderr]    Compiling litrs v1.0.0
[INFO] [stderr]     Checking anstyle-query v1.1.5
[INFO] [stderr]     Checking nohash-hasher v0.2.0
[INFO] [stderr]     Checking openssl-probe v0.2.1
[INFO] [stderr]    Compiling linkme-impl v0.3.37
[INFO] [stderr]     Checking is_terminal_polyfill v1.70.2
[INFO] [stderr]     Checking base64 v0.22.1
[INFO] [stderr]     Checking colorchoice v1.0.5
[INFO] [stderr]     Checking anstream v1.0.0
[INFO] [stderr]     Checking toml v0.8.23
[INFO] [stderr]    Compiling document-features v0.2.12
[INFO] [stderr]     Checking hyper-util v0.1.20
[INFO] [stderr]     Checking pear v0.2.9
[INFO] [stderr]    Compiling darling_macro v0.24.1
[INFO] [stderr]     Checking rustls-native-certs v0.8.4
[INFO] [stderr]    Compiling darling v0.24.1
[INFO] [stderr]     Checking serde-saphyr v1.3.0
[INFO] [stderr]     Checking tower v0.5.3
[INFO] [stderr]     Checking linux-keyutils-keyring-store v1.0.0
[INFO] [stderr]    Compiling synthez-core v0.4.0
[INFO] [stderr]     Checking url v2.5.8
[INFO] [stderr]     Checking signal-hook-mio v0.2.5
[INFO] [stderr]    Compiling rust-embed-impl v8.12.0
[INFO] [stderr]    Compiling phf_macros v0.14.0
[INFO] [stderr]     Checking jsonptr v0.7.1
[INFO] [stderr]    Compiling serde_derive_internals v0.30.0
[INFO] [stderr]    Compiling nom v8.0.0
[INFO] [stderr]     Checking bit-vec v0.8.0
[INFO] [stderr]    Compiling num-conv v0.2.2
[INFO] [stderr]    Compiling time-core v0.1.9
[INFO] [stderr]     Checking clap_lex v1.1.0
[INFO] [stderr]    Compiling either v1.16.0
[INFO] [stderr]    Compiling jsonschema-value v0.58.6
[INFO] [stderr]     Checking borrow-or-share v0.2.4
[INFO] [stderr]    Compiling unicode-general-category v1.1.0
[INFO] [stderr]    Compiling peg-runtime v0.6.3
[INFO] [stderr]    Compiling linkme v0.3.37
[INFO] [stderr]    Compiling bon-macros v3.10.2
[INFO] [stderr]     Checking fluent-uri v0.4.1
[INFO] [stderr]    Compiling peg-macros v0.6.3
[INFO] [stderr]     Checking clap_builder v4.6.7
[INFO] [stderr]    Compiling schemars_derive v1.2.2
[INFO] [stderr]    Compiling time-macros v0.2.32
[INFO] [stderr]     Checking secret-service v5.1.0
[INFO] [stderr]     Checking phf v0.14.0
[INFO] [stderr]     Checking arc-swap v1.9.2
[INFO] [stderr]     Checking bit-set v0.8.0
[INFO] [stderr]     Checking json-patch v4.2.0
[INFO] [stderr]     Checking rust-embed v8.12.0
[INFO] [stderr]    Compiling synthez-codegen v0.4.0
[INFO] [stderr]     Checking zbus-secret-service-keyring-store v1.0.0
[INFO] [stderr]    Compiling gherkin v0.16.0
[INFO] [stderr]     Checking keyring v4.1.5
[INFO] [stderr]     Checking tower-http v0.6.11
[INFO] [stderr]     Checking crossterm v0.29.0
[INFO] [stderr]    Compiling nom_locate v5.0.0
[INFO] [stderr]     Checking fuzzy-matcher v0.3.7
[INFO] [stderr]     Checking http-body-util v0.1.4
[INFO] [stderr]     Checking papergrid v0.18.0
[INFO] [stderr]     Checking fraction v0.17.0
[INFO] [stderr]     Checking secrecy v0.10.3
[INFO] [stderr]    Compiling clap_derive v4.6.7
[INFO] [stderr]    Compiling tabled_derive v0.12.0
[INFO] [stderr]    Compiling strum_macros v0.28.0
[INFO] [stderr]    Compiling typed-builder-macro v0.23.2
[INFO] [stderr]     Checking console v0.16.4
[INFO] [stderr]     Checking testing_table v0.3.0
[INFO] [stderr]     Checking deranged v0.5.8
[INFO] [stderr]     Checking serde_spanned v1.1.2
[INFO] [stderr]     Checking is-docker v0.2.0
[INFO] [stderr]     Checking micromap v0.3.0
[INFO] [stderr]    Compiling anyhow v1.0.104
[INFO] [stderr]     Checking vsimd v0.8.0
[INFO] [stderr]     Checking lazy_static v1.5.0
[INFO] [stderr]     Checking toml_writer v1.1.3+spec-1.1.0
[INFO] [stderr]     Checking outref v0.5.2
[INFO] [stderr]     Checking powerfmt v0.2.0
[INFO] [stderr]     Checking option-ext v0.2.0
[INFO] [stderr]     Checking num-cmp v0.1.0
[INFO] [stderr]     Checking time v0.3.55
[INFO] [stderr]     Checking typed-builder v0.23.2
[INFO] [stderr]     Checking uuid-simd v0.8.0
[INFO] [stderr]     Checking inquire v0.9.4
[INFO] [stderr]     Checking peg v0.6.3
[INFO] [stderr]     Checking dirs-sys v0.5.0
[INFO] [stderr]     Checking toml v1.1.8+spec-1.1.0
[INFO] [stderr]     Checking clap v4.6.7
[INFO] [stderr]     Checking sharded-slab v0.1.7
[INFO] [stderr]     Checking strum v0.28.0
[INFO] [stderr]     Checking referencing v0.58.6
[INFO] [stderr]     Checking tabled v0.22.0
[INFO] [stderr]     Checking is-wsl v0.4.0
[INFO] [stderr]    Compiling cucumber-expressions v0.5.0
[INFO] [stderr]     Checking schemars v1.2.2
[INFO] [stderr]     Checking bon v3.10.2
[INFO] [stderr]     Checking rtb-credentials v0.6.4
[INFO] [stderr]     Checking rtb-config v0.6.5
[INFO] [stderr]     Checking ignore v0.4.31
[INFO] [stderr]     Checking rtb-assets v0.6.5
[INFO] [stderr]    Compiling synthez v0.4.0
[INFO] [stderr]     Checking fancy-regex v0.19.0
[INFO] [stderr]     Checking rtb-redact v0.6.4
[INFO] [stderr]    Compiling itertools v0.14.0
[INFO] [stderr]     Checking rtb-error v0.6.5
[INFO] [stderr]     Checking tracing-serde v0.2.0
[INFO] [stderr]     Checking email_address v0.2.9
[INFO] [stderr]     Checking futures-executor v0.3.33
[INFO] [stderr]    Compiling pin-project-internal v1.1.13
[INFO] [stderr]     Checking matchers v0.2.0
[INFO] [stderr]     Checking tracing-log v0.2.0
[INFO] [stderr]     Checking jsonschema-regex v0.58.6
[INFO] [stderr]     Checking semver v1.0.28
[INFO] [stderr]     Checking machine-uid v0.6.0
[INFO] [stderr]     Checking nu-ansi-term v0.50.3
[INFO] [stderr]    Compiling inflections v1.1.1
[INFO] [stderr]     Checking data-encoding v2.11.0
[INFO] [stderr]     Checking rtb-app v0.9.1
[INFO] [stderr]     Checking tracing-subscriber v0.3.23
[INFO] [stderr]     Checking rtb-telemetry v0.7.4
[INFO] [stderr]     Checking futures v0.3.33
[INFO] [stderr]     Checking globwalk v0.9.1
[INFO] [stderr]     Checking open v5.4.4
[INFO] [stderr]     Checking rtb-tui v0.6.4
[INFO] [stderr]     Checking directories v6.0.0
[INFO] [stderr]    Compiling smart-default v0.7.1
[INFO] [stderr]     Checking humantime v2.4.0
[INFO] [stderr]     Checking pin-project v1.1.13
[INFO] [stderr]     Checking linked-hash-map v0.5.6
[INFO] [stderr]     Checking inventory v0.3.24
[INFO] [stderr]    Compiling cucumber-codegen v0.23.0
[INFO] [stderr]     Checking cucumber v0.23.0
[INFO] [stderr]     Checking rustls-webpki v0.103.15
[INFO] [stderr]     Checking tokio-rustls v0.26.4
[INFO] [stderr]     Checking rustls-platform-verifier v0.7.0
[INFO] [stderr]     Checking hyper-rustls v0.27.9
[INFO] [stderr]     Checking reqwest v0.13.5
[INFO] [stderr]     Checking jsonschema v0.58.6
[INFO] [stderr]     Checking rtb-cli v0.9.3 (/opt/rustwide/workdir)
[INFO] [stderr]     Checking rtb-cli-tests v0.0.0 (/opt/rustwide/target/tests/trybuild/rtb-cli)
[INFO] [stderr]     Finished `dev` profile [unoptimized + debuginfo] target(s) in 5m 31s
[INFO] [stderr] 
[INFO] [stderr] 
[INFO] [stderr] test tests/trybuild/builder_requires_version.rs ... mismatch
[INFO] [stderr] 
[INFO] [stderr] EXPECTED:
[INFO] [stderr] ┈┈┈┈┈┈┈┈┈┈┈┈┈┈┈┈┈┈┈┈┈┈┈┈┈┈┈┈┈┈┈┈┈┈┈┈┈┈┈┈┈┈┈┈┈┈┈┈┈┈┈┈┈┈┈┈┈┈┈┈
[INFO] [stderr] error[E0599]: no method named `build` found for struct `ApplicationBuilder<HasMetadata, NoVersion>` in the current scope
[INFO] [stderr]  --> tests/trybuild/builder_requires_version.rs:9:10
[INFO] [stderr]   |
[INFO] [stderr] 7 |       let _ = Application::builder()
[INFO] [stderr]   |  _____________-
[INFO] [stderr] 8 | |         .metadata(ToolMetadata::builder().name("x").summary("y").build())
[INFO] [stderr] 9 | |         .build();
[INFO] [stderr]   | |         -^^^^^ method not found in `ApplicationBuilder<HasMetadata, NoVersion>`
[INFO] [stderr]   | |_________|
[INFO] [stderr]   |
[INFO] [stderr]   |
[INFO] [stderr]   = note: the method was found for `ApplicationBuilder<HasMetadata, HasVersion>`
[INFO] [stderr] ┈┈┈┈┈┈┈┈┈┈┈┈┈┈┈┈┈┈┈┈┈┈┈┈┈┈┈┈┈┈┈┈┈┈┈┈┈┈┈┈┈┈┈┈┈┈┈┈┈┈┈┈┈┈┈┈┈┈┈┈
[INFO] [stderr] 
[INFO] [stderr] ACTUAL OUTPUT:
[INFO] [stderr] ┈┈┈┈┈┈┈┈┈┈┈┈┈┈┈┈┈┈┈┈┈┈┈┈┈┈┈┈┈┈┈┈┈┈┈┈┈┈┈┈┈┈┈┈┈┈┈┈┈┈┈┈┈┈┈┈┈┈┈┈
[INFO] [stderr] error[E0599]: no method named `build` found for struct `ApplicationBuilder<HasMetadata, NoVersion>` in the current scope
[INFO] [stderr]  --> tests/trybuild/builder_requires_version.rs:9:10
[INFO] [stderr]   |
[INFO] [stderr] 7 |     let _ = Application::builder()
[INFO] [stderr] 8 |         .metadata(ToolMetadata::builder().name("x").summary("y").build())
[INFO] [stderr] 9 |         .build();
[INFO] [stderr]   |          ^^^^^ method not found in `ApplicationBuilder<HasMetadata, NoVersion>`
[INFO] [stderr]   |
[INFO] [stderr]   = note: the method was found for `ApplicationBuilder<HasMetadata, HasVersion>`
[INFO] [stderr] ┈┈┈┈┈┈┈┈┈┈┈┈┈┈┈┈┈┈┈┈┈┈┈┈┈┈┈┈┈┈┈┈┈┈┈┈┈┈┈┈┈┈┈┈┈┈┈┈┈┈┈┈┈┈┈┈┈┈┈┈
[INFO] [stderr] note: If the actual output is the correct output you can bless it by rerunning
[INFO] [stderr]       your test with the environment variable TRYBUILD=overwrite
[INFO] [stderr] 
[INFO] [stderr] 
[INFO] [stderr] 
[INFO] [stdout] test builder_requires_version ... FAILED
[INFO] [stderr]     Checking rtb-cli-tests v0.0.0 (/opt/rustwide/target/tests/trybuild/rtb-cli)
[INFO] [stderr]     Finished `dev` profile [unoptimized + debuginfo] target(s) in 0.88s
[INFO] [stderr] 
[INFO] [stderr] 
[INFO] [stderr] test tests/trybuild/builder_requires_metadata.rs ... mismatch
[INFO] [stdout] test builder_requires_metadata ... FAILED
[INFO] [stderr] 
[INFO] [stdout] 
[INFO] [stderr] EXPECTED:
[INFO] [stdout] failures:
[INFO] [stderr] ┈┈┈┈┈┈┈┈┈┈┈┈┈┈┈┈┈┈┈┈┈┈┈┈┈┈┈┈┈┈┈┈┈┈┈┈┈┈┈┈┈┈┈┈┈┈┈┈┈┈┈┈┈┈┈┈┈┈┈┈
[INFO] [stdout] 
[INFO] [stderr] error[E0599]: no method named `build` found for struct `ApplicationBuilder<NoMetadata, HasVersion>` in the current scope
[INFO] [stdout] ---- builder_requires_version stdout ----
[INFO] [stderr]   --> tests/trybuild/builder_requires_metadata.rs:12:10
[INFO] [stdout] 
[INFO] [stderr]    |
[INFO] [stdout] thread 'builder_requires_version' (7904) panicked at /opt/rustwide/cargo-home/registry/src/index.crates.io-1949cf8c6b5b557f/trybuild-1.0.122/src/run.rs:103:13:
[INFO] [stderr] 10 |       let _ = Application::builder()
[INFO] [stdout] 1 of 1 tests failed
[INFO] [stderr]    |  _____________-
[INFO] [stdout] stack backtrace:
[INFO] [stderr] 11 | |         .version(VersionInfo::new(Version::new(1, 0, 0)))
[INFO] [stdout]    0:     0x5e0cb33170d1 - <<std[617be2ca0a6fd877]::sys::backtrace::BacktraceLock>::print::DisplayBacktrace as core[a373ad73a504971]::fmt::Display>::fmt
[INFO] [stderr] 12 | |         .build();
[INFO] [stdout]    1:     0x5e0cb332d3ba - core[a373ad73a504971]::fmt::write
[INFO] [stderr]    | |         -^^^^^ method not found in `ApplicationBuilder<NoMetadata, HasVersion>`
[INFO] [stdout]    2:     0x5e0cb331b91c - <alloc[2e1b2a31b91974c5]::vec::Vec<u8> as core[a373ad73a504971]::io::write::Write>::write_fmt
[INFO] [stderr]    | |_________|
[INFO] [stdout]    3:     0x5e0cb32f0536 - std[617be2ca0a6fd877]::panicking::default_hook::{closure#0}
[INFO] [stderr]    |
[INFO] [stdout]    4:     0x5e0cb330e679 - std[617be2ca0a6fd877]::panicking::default_hook
[INFO] [stderr]    |
[INFO] [stdout]    5:     0x5e0cb32a7c80 - test[aada8e7e76ba119b]::test_main_inner::{closure#0}
[INFO] [stderr]    = note: the method was found for `ApplicationBuilder<HasMetadata, HasVersion>`
[INFO] [stdout]    6:     0x5e0cb330e832 - std[617be2ca0a6fd877]::panicking::panic_with_hook
[INFO] [stderr] ┈┈┈┈┈┈┈┈┈┈┈┈┈┈┈┈┈┈┈┈┈┈┈┈┈┈┈┈┈┈┈┈┈┈┈┈┈┈┈┈┈┈┈┈┈┈┈┈┈┈┈┈┈┈┈┈┈┈┈┈
[INFO] [stdout]    7:     0x5e0cb32f05e2 - std[617be2ca0a6fd877]::panicking::panic_handler::{closure#0}
[INFO] [stderr] 
[INFO] [stdout]    8:     0x5e0cb32e8e39 - std[617be2ca0a6fd877]::sys::backtrace::__rust_end_short_backtrace::<std[617be2ca0a6fd877]::panicking::panic_handler::{closure#0}, !>
[INFO] [stderr] ACTUAL OUTPUT:
[INFO] [stdout]    9:     0x5e0cb32f11ed - __rustc[ea4f61d10b84890b]::rust_begin_unwind
[INFO] [stderr] ┈┈┈┈┈┈┈┈┈┈┈┈┈┈┈┈┈┈┈┈┈┈┈┈┈┈┈┈┈┈┈┈┈┈┈┈┈┈┈┈┈┈┈┈┈┈┈┈┈┈┈┈┈┈┈┈┈┈┈┈
[INFO] [stdout]   10:     0x5e0cb332db2c - core[a373ad73a504971]::panicking::panic_fmt
[INFO] [stderr] error[E0599]: no method named `build` found for struct `ApplicationBuilder<NoMetadata, HasVersion>` in the current scope
[INFO] [stdout]   11:     0x5e0cb31f1d0b - <trybuild[c86f7dc907601cdc]::Runner>::run
[INFO] [stderr]   --> tests/trybuild/builder_requires_metadata.rs:12:10
[INFO] [stdout]   12:     0x5e0cb31f52e0 - <trybuild[c86f7dc907601cdc]::TestCases as core[a373ad73a504971]::ops::drop::Drop>::drop
[INFO] [stderr]    |
[INFO] [stdout]   13:     0x5e0cb31eb836 - <trybuild[cc1a5fa6dfcc2e1b]::builder_requires_version::{closure#0} as core[a373ad73a504971]::ops::function::FnOnce<()>>::call_once
[INFO] [stderr] 10 |     let _ = Application::builder()
[INFO] [stdout]   14:     0x5e0cb329b0cb - test[aada8e7e76ba119b]::__rust_begin_short_backtrace::<core[a373ad73a504971]::result::Result<(), alloc[2e1b2a31b91974c5]::string::String>, fn() -> core[a373ad73a504971]::result::Result<(), alloc[2e1b2a31b91974c5]::string::String>>
[INFO] [stderr] 11 |         .version(VersionInfo::new(Version::new(1, 0, 0)))
[INFO] [stdout]   15:     0x5e0cb32a82a5 - test[aada8e7e76ba119b]::run_test::{closure#0}
[INFO] [stderr] 12 |         .build();
[INFO] [stdout]   16:     0x5e0cb32a1b94 - std[617be2ca0a6fd877]::sys::backtrace::__rust_begin_short_backtrace::<test[aada8e7e76ba119b]::run_test::{closure#1}, ()>
[INFO] [stderr]    |          ^^^^^ method not found in `ApplicationBuilder<NoMetadata, HasVersion>`
[INFO] [stdout]   17:     0x5e0cb32ab332 - <std[617be2ca0a6fd877]::thread::lifecycle::spawn_unchecked<test[aada8e7e76ba119b]::run_test::{closure#1}, ()>::{closure#1} as core[a373ad73a504971]::ops::function::FnOnce<()>>::call_once::{shim:vtable#0}
[INFO] [stderr]    |
[INFO] [stdout]   18:     0x5e0cb331632f - <std[617be2ca0a6fd877]::sys::thread::unix::Thread>::new::thread_start
[INFO] [stderr]    = note: the method was found for `ApplicationBuilder<HasMetadata, HasVersion>`
[INFO] [stdout]   19:     0x7631e9736dfa - <unknown>
[INFO] [stderr] ┈┈┈┈┈┈┈┈┈┈┈┈┈┈┈┈┈┈┈┈┈┈┈┈┈┈┈┈┈┈┈┈┈┈┈┈┈┈┈┈┈┈┈┈┈┈┈┈┈┈┈┈┈┈┈┈┈┈┈┈
[INFO] [stdout]   20:     0x7631e97ca3d4 - clone
[INFO] [stderr] note: If the actual output is the correct output you can bless it by rerunning
[INFO] [stdout]   21:                0x0 - <unknown>
[INFO] [stderr]       your test with the environment variable TRYBUILD=overwrite
[INFO] [stdout] 
[INFO] [stderr] 
[INFO] [stdout] ---- builder_requires_metadata stdout ----
[INFO] [stderr] 
[INFO] [stdout] 
[INFO] [stderr] 
[INFO] [stdout] thread 'builder_requires_metadata' (7903) panicked at /opt/rustwide/cargo-home/registry/src/index.crates.io-1949cf8c6b5b557f/trybuild-1.0.122/src/run.rs:103:13:
[INFO] [stdout] 1 of 1 tests failed
[INFO] [stdout] stack backtrace:
[INFO] [stdout]    0:     0x5e0cb33170d1 - <<std[617be2ca0a6fd877]::sys::backtrace::BacktraceLock>::print::DisplayBacktrace as core[a373ad73a504971]::fmt::Display>::fmt
[INFO] [stdout]    1:     0x5e0cb332d3ba - core[a373ad73a504971]::fmt::write
[INFO] [stdout]    2:     0x5e0cb331b91c - <alloc[2e1b2a31b91974c5]::vec::Vec<u8> as core[a373ad73a504971]::io::write::Write>::write_fmt
[INFO] [stdout]    3:     0x5e0cb32f0536 - std[617be2ca0a6fd877]::panicking::default_hook::{closure#0}
[INFO] [stdout]    4:     0x5e0cb330e679 - std[617be2ca0a6fd877]::panicking::default_hook
[INFO] [stdout]    5:     0x5e0cb32a7c80 - test[aada8e7e76ba119b]::test_main_inner::{closure#0}
[INFO] [stdout]    6:     0x5e0cb330e832 - std[617be2ca0a6fd877]::panicking::panic_with_hook
[INFO] [stdout]    7:     0x5e0cb32f05e2 - std[617be2ca0a6fd877]::panicking::panic_handler::{closure#0}
[INFO] [stdout]    8:     0x5e0cb32e8e39 - std[617be2ca0a6fd877]::sys::backtrace::__rust_end_short_backtrace::<std[617be2ca0a6fd877]::panicking::panic_handler::{closure#0}, !>
[INFO] [stdout]    9:     0x5e0cb32f11ed - __rustc[ea4f61d10b84890b]::rust_begin_unwind
[INFO] [stdout]   10:     0x5e0cb332db2c - core[a373ad73a504971]::panicking::panic_fmt
[INFO] [stdout]   11:     0x5e0cb31f1d0b - <trybuild[c86f7dc907601cdc]::Runner>::run
[INFO] [stdout]   12:     0x5e0cb31f52e0 - <trybuild[c86f7dc907601cdc]::TestCases as core[a373ad73a504971]::ops::drop::Drop>::drop
[INFO] [stdout]   13:     0x5e0cb31eb936 - <trybuild[cc1a5fa6dfcc2e1b]::builder_requires_metadata::{closure#0} as core[a373ad73a504971]::ops::function::FnOnce<()>>::call_once
[INFO] [stdout]   14:     0x5e0cb329b0cb - test[aada8e7e76ba119b]::__rust_begin_short_backtrace::<core[a373ad73a504971]::result::Result<(), alloc[2e1b2a31b91974c5]::string::String>, fn() -> core[a373ad73a504971]::result::Result<(), alloc[2e1b2a31b91974c5]::string::String>>
[INFO] [stdout]   15:     0x5e0cb32a82a5 - test[aada8e7e76ba119b]::run_test::{closure#0}
[INFO] [stdout]   16:     0x5e0cb32a1b94 - std[617be2ca0a6fd877]::sys::backtrace::__rust_begin_short_backtrace::<test[aada8e7e76ba119b]::run_test::{closure#1}, ()>
[INFO] [stdout]   17:     0x5e0cb32ab332 - <std[617be2ca0a6fd877]::thread::lifecycle::spawn_unchecked<test[aada8e7e76ba119b]::run_test::{closure#1}, ()>::{closure#1} as core[a373ad73a504971]::ops::function::FnOnce<()>>::call_once::{shim:vtable#0}
[INFO] [stdout]   18:     0x5e0cb331632f - <std[617be2ca0a6fd877]::sys::thread::unix::Thread>::new::thread_start
[INFO] [stdout]   19:     0x7631e9736dfa - <unknown>
[INFO] [stdout]   20:     0x7631e97ca3d4 - clone
[INFO] [stdout]   21:                0x0 - <unknown>
[INFO] [stdout] 
[INFO] [stdout] 
[INFO] [stdout] failures:
[INFO] [stdout]     builder_requires_metadata
[INFO] [stdout]     builder_requires_version
[INFO] [stdout] 
[INFO] [stdout] test result: FAILED. 0 passed; 2 failed; 0 ignored; 0 measured; 0 filtered out; finished in 516.47s
[INFO] [stdout] 
[INFO] [stderr] error: test failed, to rerun pass `--test trybuild`
[INFO] running `Command { std: "docker" "inspect" "4fa1a68bac6b5f8fb2c210156db94437bc904f676f84204b76927a93e0e750bc", kill_on_drop: false }`
[INFO] running `Command { std: "docker" "rm" "-f" "4fa1a68bac6b5f8fb2c210156db94437bc904f676f84204b76927a93e0e750bc", kill_on_drop: false }`
[INFO] [stdout] 4fa1a68bac6b5f8fb2c210156db94437bc904f676f84204b76927a93e0e750bc
