[INFO] fetching crate rsbkb 1.9.0...
[INFO] testing rsbkb-1.9.0 against 1.100.0-beta.1+cargoflags=--release for beta-release-1.100-2
[INFO] extracting crate rsbkb 1.9.0 into /workspace/builds/worker-5-tc2/source
[INFO] started tweaking crates.io crate rsbkb 1.9.0
[INFO] finished tweaking crates.io crate rsbkb 1.9.0
[INFO] tweaked toml for crates.io crate rsbkb 1.9.0 written to /workspace/builds/worker-5-tc2/source/Cargo.toml
[INFO] validating manifest of crates.io crate rsbkb 1.9.0 on toolchain 1.100.0-beta.1
[INFO] running `Command { std: CARGO_HOME="/workspace/cargo-home" RUSTUP_HOME="/workspace/rustup-home" "/workspace/cargo-home/bin/cargo" "+1.100.0-beta.1" "metadata" "--manifest-path" "Cargo.toml" "--no-deps", kill_on_drop: false }`
[INFO] crate crates.io crate rsbkb 1.9.0 already has a lockfile, it will not be regenerated
[INFO] running `Command { std: CARGO_HOME="/workspace/cargo-home" RUSTUP_HOME="/workspace/rustup-home" "/workspace/cargo-home/bin/cargo" "+1.100.0-beta.1" "fetch" "--manifest-path" "Cargo.toml", kill_on_drop: false }`
[INFO] running `Command { std: "docker" "create" "-v" "/var/lib/crater-agent-workspace/builds/worker-5-tc2/source:/opt/rustwide/workdir:ro,Z" "-v" "/var/lib/crater-agent-workspace/builds/worker-5-tc2/target:/opt/rustwide/target:rw,Z" "-v" "/var/lib/crater-agent-workspace/cargo-home:/opt/rustwide/cargo-home:ro,Z" "-v" "/var/lib/crater-agent-workspace/rustup-home:/opt/rustwide/rustup-home:ro,Z" "-m" "1610612736" "--network" "none" "ghcr.io/rust-lang/crates-build-env/linux@sha256:77db811e55d90add9212f6832c23229e3de5f1c1f9905e8cb07319ea15df73ac" "sleep" "infinity", kill_on_drop: false }`
[INFO] [stdout] 426907b872e57cdb311a4384b8884c6b57cfe051ff24392e104b89f98e1939f9
[INFO] running `Command { std: "docker" "start" "426907b872e57cdb311a4384b8884c6b57cfe051ff24392e104b89f98e1939f9", kill_on_drop: false }`
[INFO] running `Command { std: "docker" "inspect" "426907b872e57cdb311a4384b8884c6b57cfe051ff24392e104b89f98e1939f9", kill_on_drop: false }`
[INFO] running `Command { std: "docker" "exec" "-e" "SOURCE_DIR=/opt/rustwide/workdir" "-e" "CARGO_HOME=/opt/rustwide/cargo-home" "-e" "RUSTUP_HOME=/opt/rustwide/rustup-home" "-e" "CARGO_TARGET_DIR=/opt/rustwide/target" "-w" "/opt/rustwide/workdir" "--user" "0:0" "426907b872e57cdb311a4384b8884c6b57cfe051ff24392e104b89f98e1939f9" "/opt/rustwide/cargo-home/bin/cargo" "+1.100.0-beta.1" "metadata" "--no-deps" "--format-version=1", kill_on_drop: false }`
[INFO] running `Command { std: "docker" "inspect" "426907b872e57cdb311a4384b8884c6b57cfe051ff24392e104b89f98e1939f9", kill_on_drop: false }`
[INFO] running `Command { std: "docker" "exec" "-e" "SOURCE_DIR=/opt/rustwide/workdir" "-e" "CARGO_HOME=/opt/rustwide/cargo-home" "-e" "RUSTUP_HOME=/opt/rustwide/rustup-home" "-e" "CARGO_TARGET_DIR=/opt/rustwide/target" "-e" "CARGO_INCREMENTAL=0" "-e" "RUST_BACKTRACE=full" "-e" "RUSTFLAGS=--cap-lints=warn" "-e" "RUSTDOCFLAGS=--cap-lints=warn" "-w" "/opt/rustwide/workdir" "--user" "0:0" "426907b872e57cdb311a4384b8884c6b57cfe051ff24392e104b89f98e1939f9" "/opt/rustwide/cargo-home/bin/cargo" "+1.100.0-beta.1" "build" "--frozen" "--message-format=json" "--release", kill_on_drop: false }`
[INFO] [stderr]    Compiling proc-macro2 v1.0.101
[INFO] [stderr]    Compiling unicode-ident v1.0.18
[INFO] [stderr]    Compiling autocfg v1.5.0
[INFO] [stderr]    Compiling utf8parse v0.2.2
[INFO] [stderr]    Compiling libc v0.2.175
[INFO] [stderr]    Compiling anstyle v1.0.11
[INFO] [stderr]    Compiling colorchoice v1.0.4
[INFO] [stderr]    Compiling anyhow v1.0.99
[INFO] [stderr]    Compiling anstyle-query v1.1.4
[INFO] [stderr]    Compiling is_terminal_polyfill v1.70.1
[INFO] [stderr]    Compiling thiserror v1.0.69
[INFO] [stderr]    Compiling memchr v2.7.5
[INFO] [stderr]    Compiling strsim v0.11.1
[INFO] [stderr]    Compiling powerfmt v0.2.0
[INFO] [stderr]    Compiling clap_lex v0.7.5
[INFO] [stderr]    Compiling heck v0.5.0
[INFO] [stderr]    Compiling regex-syntax v0.8.5
[INFO] [stderr]    Compiling lazy_static v1.5.0
[INFO] [stderr]    Compiling anstyle-parse v0.2.7
[INFO] [stderr]    Compiling log v0.4.27
[INFO] [stderr]    Compiling num_threads v0.1.7
[INFO] [stderr]    Compiling itoa v1.0.15
[INFO] [stderr]    Compiling deranged v0.4.0
[INFO] [stderr]    Compiling time-core v0.1.4
[INFO] [stderr]    Compiling plain v0.2.3
[INFO] [stderr]    Compiling crc-catalog v2.4.0
[INFO] [stderr]    Compiling adler2 v2.0.1
[INFO] [stderr]    Compiling num-conv v0.1.0
[INFO] [stderr]    Compiling crc v3.3.0
[INFO] [stderr]    Compiling percent-encoding v2.3.2
[INFO] [stderr]    Compiling anstream v0.6.20
[INFO] [stderr]    Compiling hex v0.4.3
[INFO] [stderr]    Compiling miniz_oxide v0.8.9
[INFO] [stderr]    Compiling glob v0.3.3
[INFO] [stderr]    Compiling base64 v0.22.1
[INFO] [stderr]    Compiling num-traits v0.2.19
[INFO] [stderr]    Compiling clap_builder v4.5.44
[INFO] [stderr]    Compiling quote v1.0.40
[INFO] [stderr]    Compiling aho-corasick v1.1.3
[INFO] [stderr]    Compiling syn v2.0.106
[INFO] [stderr]    Compiling time v0.3.41
[INFO] [stderr]    Compiling memmap2 v0.9.7
[INFO] [stderr]    Compiling num-integer v0.1.46
[INFO] [stderr]    Compiling num-bigint v0.4.6
[INFO] [stderr]    Compiling regex-automata v0.4.9
[INFO] [stderr]    Compiling thiserror-impl v1.0.69
[INFO] [stderr]    Compiling scroll_derive v0.13.0
[INFO] [stderr]    Compiling clap_derive v4.5.45
[INFO] [stderr]    Compiling scroll v0.13.0
[INFO] [stderr]    Compiling goblin v0.10.1
[INFO] [stderr]    Compiling clap v4.5.45
[INFO] [stderr]    Compiling htmlentity v1.3.2
[INFO] [stderr]    Compiling regex v1.11.1
[INFO] [stderr]    Compiling rsbkb v1.9.0 (/opt/rustwide/workdir)
[INFO] [stderr]     Finished `release` profile [optimized] target(s) in 1m 09s
[INFO] running `Command { std: "docker" "inspect" "426907b872e57cdb311a4384b8884c6b57cfe051ff24392e104b89f98e1939f9", kill_on_drop: false }`
[INFO] running `Command { std: "docker" "exec" "-e" "SOURCE_DIR=/opt/rustwide/workdir" "-e" "CARGO_HOME=/opt/rustwide/cargo-home" "-e" "RUSTUP_HOME=/opt/rustwide/rustup-home" "-e" "CARGO_TARGET_DIR=/opt/rustwide/target" "-e" "CARGO_INCREMENTAL=0" "-e" "RUST_BACKTRACE=full" "-e" "RUSTFLAGS=--cap-lints=warn" "-e" "RUSTDOCFLAGS=--cap-lints=warn" "-w" "/opt/rustwide/workdir" "--user" "0:0" "426907b872e57cdb311a4384b8884c6b57cfe051ff24392e104b89f98e1939f9" "/opt/rustwide/cargo-home/bin/cargo" "+1.100.0-beta.1" "test" "--frozen" "--no-run" "--message-format=json" "--release", kill_on_drop: false }`
[INFO] [stderr]    Compiling getrandom v0.3.3
[INFO] [stderr]    Compiling zerocopy v0.8.26
[INFO] [stderr]    Compiling cfg-if v1.0.3
[INFO] [stderr]    Compiling rustix v1.0.8
[INFO] [stderr]    Compiling doc-comment v0.3.3
[INFO] [stderr]    Compiling predicates-core v1.0.9
[INFO] [stderr]    Compiling normalize-line-endings v0.3.0
[INFO] [stderr]    Compiling bitflags v2.9.2
[INFO] [stderr]    Compiling assert_cmd v2.0.17
[INFO] [stderr]    Compiling linux-raw-sys v0.9.4
[INFO] [stderr]    Compiling difflib v0.4.0
[INFO] [stderr]    Compiling termtree v0.5.1
[INFO] [stderr]    Compiling bstr v1.12.0
[INFO] [stderr]    Compiling float-cmp v0.10.0
[INFO] [stderr]    Compiling wait-timeout v0.2.1
[INFO] [stderr]    Compiling fastrand v2.3.0
[INFO] [stderr]    Compiling once_cell v1.21.3
[INFO] [stderr]    Compiling predicates-tree v1.0.12
[INFO] [stderr]    Compiling predicates v3.1.3
[INFO] [stderr]    Compiling rand_core v0.9.3
[INFO] [stderr]    Compiling ppv-lite86 v0.2.21
[INFO] [stderr]    Compiling tempfile v3.21.0
[INFO] [stderr]    Compiling rand_chacha v0.9.0
[INFO] [stderr]    Compiling rand v0.9.2
[INFO] [stderr]    Compiling rsbkb v1.9.0 (/opt/rustwide/workdir)
[INFO] [stderr]     Finished `release` profile [optimized] target(s) in 27.91s
[INFO] running `Command { std: "docker" "inspect" "426907b872e57cdb311a4384b8884c6b57cfe051ff24392e104b89f98e1939f9", kill_on_drop: false }`
[INFO] running `Command { std: "docker" "exec" "-e" "SOURCE_DIR=/opt/rustwide/workdir" "-e" "CARGO_HOME=/opt/rustwide/cargo-home" "-e" "RUSTUP_HOME=/opt/rustwide/rustup-home" "-e" "CARGO_TARGET_DIR=/opt/rustwide/target" "-e" "CARGO_INCREMENTAL=0" "-e" "RUST_BACKTRACE=full" "-e" "RUSTFLAGS=--cap-lints=warn" "-e" "RUSTDOCFLAGS=--cap-lints=warn" "-w" "/opt/rustwide/workdir" "--user" "0:0" "426907b872e57cdb311a4384b8884c6b57cfe051ff24392e104b89f98e1939f9" "/opt/rustwide/cargo-home/bin/cargo" "+1.100.0-beta.1" "test" "--frozen" "--release", kill_on_drop: false }`
[INFO] [stderr]     Finished `release` profile [optimized] target(s) in 0.11s
[INFO] [stderr]      Running unittests src/main.rs (/opt/rustwide/target/release/build/rsbkb/6d718bdfe8a779e6/out/rsbkb-6d718bdfe8a779e6)
[INFO] [stdout] 
[INFO] [stdout] running 62 tests
[INFO] [stdout] test crcapp::tests::test_crc16 ... ok
[INFO] [stdout] test crcapp::tests::test_crc32 ... ok
[INFO] [stdout] test b64app::tests::test_encode_and_back ... ok
[INFO] [stdout] test b64app::tests::test_b64_url_enc ... ok
[INFO] [stdout] test b64app::tests::test_encode_and_back_url ... ok
[INFO] [stdout] test crcapp::tests::test_crc ... ok
[INFO] [stdout] test b64app::tests::test_b64_enc ... ok
[INFO] [stdout] test b64app::tests::test_b64_inv_lenient ... ok
[INFO] [stdout] test baseapp::tests::test_base_cli_arg_from_to ... FAILED
[INFO] [stdout] test escapeapp::tests::test_base_escape_stdin_bash_single ... FAILED
[INFO] [stdout] test entropyapp::tests::test ... ok
[INFO] [stdout] test escapeapp::tests::test_base_escape_stdin_single ... FAILED
[INFO] [stdout] test bgrepapp::tests::test_recursive ... FAILED
[INFO] [stdout] test baseapp::tests::test_base_cli_arg_to ... FAILED
[INFO] [stdout] test baseapp::tests::test_base_cli_no_radix ... FAILED
[INFO] [stdout] test escapeapp::tests::test_base_escape_stdin_single_noquote ... FAILED
[INFO] [stdout] test escapeapp::tests::test_base_escape_stdin_auto ... FAILED
[INFO] [stdout] test flateapp::tests::test_inflate_no_header ... ok
[INFO] [stdout] test escapeapp::tests::test_base_escape_stdin_posix_shell ... FAILED
[INFO] [stdout] test hexapp::tests::test_unhex_cli_stdin ... FAILED
[INFO] [stdout] test flateapp::tests::test_inflate ... ok
[INFO] [stdout] test baseapp::tests::test_base_cli_arg ... FAILED
[INFO] [stdout] test bgrepapp::tests::test_cli ... FAILED
[INFO] [stdout] test hexapp::tests::test_hex_cli_arg ... FAILED
[INFO] [stdout] test bgrepapp::tests::test_cli_multiple ... FAILED
[INFO] [stdout] test escapeapp::tests::test_base_escape_stdin_auto_multiline ... FAILED
[INFO] [stdout] test escapeapp::tests::test_base_escape_stdin_bash ... FAILED
[INFO] [stdout] test escapeapp::tests::test_base_escape_arg_auto ... FAILED
[INFO] [stdout] test flateapp::tests::test_inflate_trunc ... ok
[INFO] [stdout] test hexapp::tests::test_unhex_cli_arg ... FAILED
[INFO] [stdout] test hexapp::tests::test_hex_cli_stdin ... FAILED
[INFO] [stdout] test hexapp::tests::test_hex ... ok
[INFO] [stdout] test sliceapp::tests::test_cli_stdin ... FAILED
[INFO] [stdout] test hexapp::tests::test_unhex_hexonly ... ok
[INFO] [stdout] test baseapp::tests::test_base_cli_stdin ... FAILED
[INFO] [stdout] test patternapp::tests::test_gen ... ok
[INFO] [stdout] test patternapp::tests::test_not_found ... ok
[INFO] [stdout] test patternapp::tests::test_off ... ok
[INFO] [stdout] test sliceapp::tests::test_cli_file ... FAILED
[INFO] [stdout] test sliceapp::tests::test_slice ... ok
[INFO] [stdout] test timeapp::tests::test_tsenc_cli_stdin ... FAILED
[INFO] [stdout] test urlapp::tests::test_urlenc_00_ff ... ok
[INFO] [stdout] test escapeapp::tests::test_base_escape_stdin_no_detect ... FAILED
[INFO] [stdout] test timeapp::tests::test_tsenc ... ok
[INFO] [stdout] test hexapp::tests::test_unhex_cli_stdin_hexonly ... FAILED
[INFO] [stdout] test urlapp::tests::test_urlenc ... ok
[INFO] [stdout] test hexapp::tests::test_unhex_cli_stdin_strict ... FAILED
[INFO] [stdout] test sliceapp::tests::test_slice_to_end ... ok
[INFO] [stdout] test sliceapp::tests::test_empty_slice ... ok
[INFO] [stdout] test timeapp::tests::test_tsdec_decimal ... ok
[INFO] [stdout] test timeapp::tests::test_tsdec_hex ... ok
[INFO] [stdout] test urlapp::tests::test_urlenc_cli_arg ... FAILED
[INFO] [stdout] test hexapp::tests::test_unhex ... ok
[INFO] [stdout] test sliceapp::tests::test_slice_end_from_end ... ok
[INFO] [stdout] test xorapp::tests::test_key_file_cli_stdin ... FAILED
[INFO] [stdout] test xorapp::tests::test_simple ... ok
[INFO] [stdout] test urlapp::tests::test_urlenc_cli_arg_exclude ... FAILED
[INFO] [stdout] test xorapp::tests::test_hex_key_cli ... FAILED
[INFO] [stdout] test timeapp::tests::test_tsdec_verbose_cli_stdin ... FAILED
[INFO] [stdout] test urlapp::tests::test_urlencdec ... ok
[INFO] [stdout] test urlapp::tests::test_urlenc_cli_arg_custom ... FAILED
[INFO] [stdout] test urlapp::tests::test_urlenc_stdin ... FAILED
[INFO] [stdout] 
[INFO] [stdout] failures:
[INFO] [stdout] 
[INFO] [stdout] ---- baseapp::tests::test_base_cli_arg_from_to stdout ----
[INFO] [stdout] 
[INFO] [stdout] thread 'baseapp::tests::test_base_cli_arg_from_to' (1159) panicked at src/baseapp.rs:120:14:
[INFO] [stdout] Could not run binary: CargoError { cause: Some(NotFoundError { path: "/opt/rustwide/target/release/build/rsbkb/6d718bdfe8a779e6/out/rsbkb" }) }
[INFO] [stdout] stack backtrace:
[INFO] [stdout]    0:     0x5aad3bb8c2d5 - <<std[617be2ca0a6fd877]::sys::backtrace::BacktraceLock>::print::DisplayBacktrace as core[a373ad73a504971]::fmt::Display>::fmt
[INFO] [stdout]    1:     0x5aad3bb62b6a - core[a373ad73a504971]::fmt::write
[INFO] [stdout]    2:     0x5aad3bb8b96b - <alloc[2e1b2a31b91974c5]::vec::Vec<u8> as core[a373ad73a504971]::io::write::Write>::write_fmt
[INFO] [stdout]    3:     0x5aad3bb8b44f - std[617be2ca0a6fd877]::panicking::default_hook::{closure#0}
[INFO] [stdout]    4:     0x5aad3bb8b07a - std[617be2ca0a6fd877]::panicking::default_hook
[INFO] [stdout]    5:     0x5aad3bb8abb5 - std[617be2ca0a6fd877]::panicking::panic_with_hook
[INFO] [stdout]    6:     0x5aad3bbb19e1 - std[617be2ca0a6fd877]::panicking::panic_handler::{closure#0}
[INFO] [stdout]    7:     0x5aad3bbb1999 - std[617be2ca0a6fd877]::sys::backtrace::__rust_end_short_backtrace::<std[617be2ca0a6fd877]::panicking::panic_handler::{closure#0}, !>
[INFO] [stdout]    8:     0x5aad3bbb1e9c - __rustc[ea4f61d10b84890b]::rust_begin_unwind
[INFO] [stdout]    9:     0x5aad3bb629fb - core[a373ad73a504971]::panicking::panic_fmt
[INFO] [stdout]   10:     0x5aad3bb66851 - core[a373ad73a504971]::result::unwrap_failed
[INFO] [stdout]   11:     0x5aad3bb498e8 - <rsbkb[bb2289cf86fb6809]::baseapp::tests::test_base_cli_arg_from_to::{closure#0} as core[a373ad73a504971]::ops::function::FnOnce<()>>::call_once
[INFO] [stdout]   12:     0x5aad3bbd0a6b - test[aada8e7e76ba119b]::__rust_begin_short_backtrace::<core[a373ad73a504971]::result::Result<(), alloc[2e1b2a31b91974c5]::string::String>, fn() -> core[a373ad73a504971]::result::Result<(), alloc[2e1b2a31b91974c5]::string::String>>
[INFO] [stdout]   13:     0x5aad3bbcc500 - test[aada8e7e76ba119b]::run_test::{closure#0}
[INFO] [stdout]   14:     0x5aad3bbcbc2c - std[617be2ca0a6fd877]::sys::backtrace::__rust_begin_short_backtrace::<test[aada8e7e76ba119b]::run_test::{closure#1}, ()>
[INFO] [stdout]   15:     0x5aad3bbeb95c - <std[617be2ca0a6fd877]::thread::lifecycle::spawn_unchecked<test[aada8e7e76ba119b]::run_test::{closure#1}, ()>::{closure#1} as core[a373ad73a504971]::ops::function::FnOnce<()>>::call_once::{shim:vtable#0}
[INFO] [stdout]   16:     0x5aad3bbb3a14 - <std[617be2ca0a6fd877]::sys::thread::unix::Thread>::new::thread_start
[INFO] [stdout]   17:     0x7bfb57244dfa - <unknown>
[INFO] [stdout]   18:     0x7bfb572d83d4 - clone
[INFO] [stdout]   19:                0x0 - <unknown>
[INFO] [stdout] 
[INFO] [stdout] ---- escapeapp::tests::test_base_escape_stdin_bash_single stdout ----
[INFO] [stdout] 
[INFO] [stdout] thread 'escapeapp::tests::test_base_escape_stdin_bash_single' (1174) panicked at src/escapeapp.rs:329:14:
[INFO] [stdout] Could not run binary: CargoError { cause: Some(NotFoundError { path: "/opt/rustwide/target/release/build/rsbkb/6d718bdfe8a779e6/out/rsbkb" }) }
[INFO] [stdout] stack backtrace:
[INFO] [stdout]    0:     0x5aad3bb8c2d5 - <<std[617be2ca0a6fd877]::sys::backtrace::BacktraceLock>::print::DisplayBacktrace as core[a373ad73a504971]::fmt::Display>::fmt
[INFO] [stdout]    1:     0x5aad3bb62b6a - core[a373ad73a504971]::fmt::write
[INFO] [stdout]    2:     0x5aad3bb8b96b - <alloc[2e1b2a31b91974c5]::vec::Vec<u8> as core[a373ad73a504971]::io::write::Write>::write_fmt
[INFO] [stdout]    3:     0x5aad3bb8b44f - std[617be2ca0a6fd877]::panicking::default_hook::{closure#0}
[INFO] [stdout]    4:     0x5aad3bb8b07a - std[617be2ca0a6fd877]::panicking::default_hook
[INFO] [stdout]    5:     0x5aad3bb8abb5 - std[617be2ca0a6fd877]::panicking::panic_with_hook
[INFO] [stdout]    6:     0x5aad3bbb19e1 - std[617be2ca0a6fd877]::panicking::panic_handler::{closure#0}
[INFO] [stdout]    7:     0x5aad3bbb1999 - std[617be2ca0a6fd877]::sys::backtrace::__rust_end_short_backtrace::<std[617be2ca0a6fd877]::panicking::panic_handler::{closure#0}, !>
[INFO] [stdout]    8:     0x5aad3bbb1e9c - __rustc[ea4f61d10b84890b]::rust_begin_unwind
[INFO] [stdout]    9:     0x5aad3bb629fb - core[a373ad73a504971]::panicking::panic_fmt
[INFO] [stdout]   10:     0x5aad3bb66851 - core[a373ad73a504971]::result::unwrap_failed
[INFO] [stdout]   11:     0x5aad3bb53587 - <rsbkb[bb2289cf86fb6809]::escapeapp::tests::test_base_escape_stdin_bash_single::{closure#0} as core[a373ad73a504971]::ops::function::FnOnce<()>>::call_once
[INFO] [stdout]   12:     0x5aad3bbd0a6b - test[aada8e7e76ba119b]::__rust_begin_short_backtrace::<core[a373ad73a504971]::result::Result<(), alloc[2e1b2a31b91974c5]::string::String>, fn() -> core[a373ad73a504971]::result::Result<(), alloc[2e1b2a31b91974c5]::string::String>>
[INFO] [stdout]   13:     0x5aad3bbcc500 - test[aada8e7e76ba119b]::run_test::{closure#0}
[INFO] [stdout]   14:     0x5aad3bbcbc2c - std[617be2ca0a6fd877]::sys::backtrace::__rust_begin_short_backtrace::<test[aada8e7e76ba119b]::run_test::{closure#1}, ()>
[INFO] [stdout]   15:     0x5aad3bbeb95c - <std[617be2ca0a6fd877]::thread::lifecycle::spawn_unchecked<test[aada8e7e76ba119b]::run_test::{closure#1}, ()>::{closure#1} as core[a373ad73a504971]::ops::function::FnOnce<()>>::call_once::{shim:vtable#0}
[INFO] [stdout]   16:     0x5aad3bbb3a14 - <std[617be2ca0a6fd877]::sys::thread::unix::Thread>::new::thread_start
[INFO] [stdout]   17:     0x7bfb57244dfa - <unknown>
[INFO] [stdout]   18:     0x7bfb572d83d4 - clone
[INFO] [stdout]   19:                0x0 - <unknown>
[INFO] [stdout] 
[INFO] [stdout] ---- escapeapp::tests::test_base_escape_stdin_single stdout ----
[INFO] [stdout] 
[INFO] [stdout] thread 'escapeapp::tests::test_base_escape_stdin_single' (1177) panicked at src/escapeapp.rs:362:14:
[INFO] [stdout] Could not run binary: CargoError { cause: Some(NotFoundError { path: "/opt/rustwide/target/release/build/rsbkb/6d718bdfe8a779e6/out/rsbkb" }) }
[INFO] [stdout] stack backtrace:
[INFO] [stdout]    0:     0x5aad3bb8c2d5 - <<std[617be2ca0a6fd877]::sys::backtrace::BacktraceLock>::print::DisplayBacktrace as core[a373ad73a504971]::fmt::Display>::fmt
[INFO] [stdout]    1:     0x5aad3bb62b6a - core[a373ad73a504971]::fmt::write
[INFO] [stdout]    2:     0x5aad3bb8b96b - <alloc[2e1b2a31b91974c5]::vec::Vec<u8> as core[a373ad73a504971]::io::write::Write>::write_fmt
[INFO] [stdout]    3:     0x5aad3bb8b44f - std[617be2ca0a6fd877]::panicking::default_hook::{closure#0}
[INFO] [stdout]    4:     0x5aad3bb8b07a - std[617be2ca0a6fd877]::panicking::default_hook
[INFO] [stdout]    5:     0x5aad3bb8abb5 - std[617be2ca0a6fd877]::panicking::panic_with_hook
[INFO] [stdout]    6:     0x5aad3bbb19e1 - std[617be2ca0a6fd877]::panicking::panic_handler::{closure#0}
[INFO] [stdout]    7:     0x5aad3bbb1999 - std[617be2ca0a6fd877]::sys::backtrace::__rust_end_short_backtrace::<std[617be2ca0a6fd877]::panicking::panic_handler::{closure#0}, !>
[INFO] [stdout]    8:     0x5aad3bbb1e9c - __rustc[ea4f61d10b84890b]::rust_begin_unwind
[INFO] [stdout]    9:     0x5aad3bb629fb - core[a373ad73a504971]::panicking::panic_fmt
[INFO] [stdout]   10:     0x5aad3bb66851 - core[a373ad73a504971]::result::unwrap_failed
[INFO] [stdout]   11:     0x5aad3bb52dea - <rsbkb[bb2289cf86fb6809]::escapeapp::tests::test_base_escape_stdin_single::{closure#0} as core[a373ad73a504971]::ops::function::FnOnce<()>>::call_once
[INFO] [stdout]   12:     0x5aad3bbd0a6b - test[aada8e7e76ba119b]::__rust_begin_short_backtrace::<core[a373ad73a504971]::result::Result<(), alloc[2e1b2a31b91974c5]::string::String>, fn() -> core[a373ad73a504971]::result::Result<(), alloc[2e1b2a31b91974c5]::string::String>>
[INFO] [stdout]   13:     0x5aad3bbcc500 - test[aada8e7e76ba119b]::run_test::{closure#0}
[INFO] [stdout]   14:     0x5aad3bbcbc2c - std[617be2ca0a6fd877]::sys::backtrace::__rust_begin_short_backtrace::<test[aada8e7e76ba119b]::run_test::{closure#1}, ()>
[INFO] [stdout]   15:     0x5aad3bbeb95c - <std[617be2ca0a6fd877]::thread::lifecycle::spawn_unchecked<test[aada8e7e76ba119b]::run_test::{closure#1}, ()>::{closure#1} as core[a373ad73a504971]::ops::function::FnOnce<()>>::call_once::{shim:vtable#0}
[INFO] [stdout]   16:     0x5aad3bbb3a14 - <std[617be2ca0a6fd877]::sys::thread::unix::Thread>::new::thread_start
[INFO] [stdout]   17:     0x7bfb57244dfa - <unknown>
[INFO] [stdout]   18:     0x7bfb572d83d4 - clone
[INFO] [stdout]   19:                0x0 - <unknown>
[INFO] [stdout] 
[INFO] [stdout] ---- bgrepapp::tests::test_recursive stdout ----
[INFO] [stdout] 
[INFO] [stdout] thread 'bgrepapp::tests::test_recursive' (1165) panicked at src/bgrepapp.rs:244:14:
[INFO] [stdout] Could not run binary: CargoError { cause: Some(NotFoundError { path: "/opt/rustwide/target/release/build/rsbkb/6d718bdfe8a779e6/out/rsbkb" }) }
[INFO] [stdout] stack backtrace:
[INFO] [stdout]    0:     0x5aad3bb8c2d5 - <<std[617be2ca0a6fd877]::sys::backtrace::BacktraceLock>::print::DisplayBacktrace as core[a373ad73a504971]::fmt::Display>::fmt
[INFO] [stdout]    1:     0x5aad3bb62b6a - core[a373ad73a504971]::fmt::write
[INFO] [stdout]    2:     0x5aad3bb8b96b - <alloc[2e1b2a31b91974c5]::vec::Vec<u8> as core[a373ad73a504971]::io::write::Write>::write_fmt
[INFO] [stdout]    3:     0x5aad3bb8b44f - std[617be2ca0a6fd877]::panicking::default_hook::{closure#0}
[INFO] [stdout]    4:     0x5aad3bb8b07a - std[617be2ca0a6fd877]::panicking::default_hook
[INFO] [stdout]    5:     0x5aad3bb8abb5 - std[617be2ca0a6fd877]::panicking::panic_with_hook
[INFO] [stdout]    6:     0x5aad3bbb19e1 - std[617be2ca0a6fd877]::panicking::panic_handler::{closure#0}
[INFO] [stdout]    7:     0x5aad3bbb1999 - std[617be2ca0a6fd877]::sys::backtrace::__rust_end_short_backtrace::<std[617be2ca0a6fd877]::panicking::panic_handler::{closure#0}, !>
[INFO] [stdout]    8:     0x5aad3bbb1e9c - __rustc[ea4f61d10b84890b]::rust_begin_unwind
[INFO] [stdout]    9:     0x5aad3bb629fb - core[a373ad73a504971]::panicking::panic_fmt
[INFO] [stdout]   10:     0x5aad3bb66851 - core[a373ad73a504971]::result::unwrap_failed
[INFO] [stdout]   11:     0x5aad3bb4c3cd - <rsbkb[bb2289cf86fb6809]::bgrepapp::tests::test_recursive::{closure#0} as core[a373ad73a504971]::ops::function::FnOnce<()>>::call_once
[INFO] [stdout]   12:     0x5aad3bbd0a6b - test[aada8e7e76ba119b]::__rust_begin_short_backtrace::<core[a373ad73a504971]::result::Result<(), alloc[2e1b2a31b91974c5]::string::String>, fn() -> core[a373ad73a504971]::result::Result<(), alloc[2e1b2a31b91974c5]::string::String>>
[INFO] [stdout]   13:     0x5aad3bbcc500 - test[aada8e7e76ba119b]::run_test::{closure#0}
[INFO] [stdout]   14:     0x5aad3bbcbc2c - std[617be2ca0a6fd877]::sys::backtrace::__rust_begin_short_backtrace::<test[aada8e7e76ba119b]::run_test::{closure#1}, ()>
[INFO] [stdout]   15:     0x5aad3bbeb95c - <std[617be2ca0a6fd877]::thread::lifecycle::spawn_unchecked<test[aada8e7e76ba119b]::run_test::{closure#1}, ()>::{closure#1} as core[a373ad73a504971]::ops::function::FnOnce<()>>::call_once::{shim:vtable#0}
[INFO] [stdout]   16:     0x5aad3bbb3a14 - <std[617be2ca0a6fd877]::sys::thread::unix::Thread>::new::thread_start
[INFO] [stdout]   17:     0x7bfb57244dfa - <unknown>
[INFO] [stdout]   18:     0x7bfb572d83d4 - clone
[INFO] [stdout]   19:                0x0 - <unknown>
[INFO] [stdout] 
[INFO] [stdout] ---- baseapp::tests::test_base_cli_arg_to stdout ----
[INFO] [stdout] 
[INFO] [stdout] thread 'baseapp::tests::test_base_cli_arg_to' (1160) panicked at src/baseapp.rs:141:14:
[INFO] [stdout] Could not run binary: CargoError { cause: Some(NotFoundError { path: "/opt/rustwide/target/release/build/rsbkb/6d718bdfe8a779e6/out/rsbkb" }) }
[INFO] [stdout] stack backtrace:
[INFO] [stdout]    0:     0x5aad3bb8c2d5 - <<std[617be2ca0a6fd877]::sys::backtrace::BacktraceLock>::print::DisplayBacktrace as core[a373ad73a504971]::fmt::Display>::fmt
[INFO] [stdout]    1:     0x5aad3bb62b6a - core[a373ad73a504971]::fmt::write
[INFO] [stdout]    2:     0x5aad3bb8b96b - <alloc[2e1b2a31b91974c5]::vec::Vec<u8> as core[a373ad73a504971]::io::write::Write>::write_fmt
[INFO] [stdout]    3:     0x5aad3bb8b44f - std[617be2ca0a6fd877]::panicking::default_hook::{closure#0}
[INFO] [stdout]    4:     0x5aad3bb8b07a - std[617be2ca0a6fd877]::panicking::default_hook
[INFO] [stdout]    5:     0x5aad3bb8abb5 - std[617be2ca0a6fd877]::panicking::panic_with_hook
[INFO] [stdout]    6:     0x5aad3bbb19e1 - std[617be2ca0a6fd877]::panicking::panic_handler::{closure#0}
[INFO] [stdout]    7:     0x5aad3bbb1999 - std[617be2ca0a6fd877]::sys::backtrace::__rust_end_short_backtrace::<std[617be2ca0a6fd877]::panicking::panic_handler::{closure#0}, !>
[INFO] [stdout]    8:     0x5aad3bbb1e9c - __rustc[ea4f61d10b84890b]::rust_begin_unwind
[INFO] [stdout]    9:     0x5aad3bb629fb - core[a373ad73a504971]::panicking::panic_fmt
[INFO] [stdout]   10:     0x5aad3bb66851 - core[a373ad73a504971]::result::unwrap_failed
[INFO] [stdout]   11:     0x5aad3bb491e6 - <rsbkb[bb2289cf86fb6809]::baseapp::tests::test_base_cli_arg_to::{closure#0} as core[a373ad73a504971]::ops::function::FnOnce<()>>::call_once
[INFO] [stdout]   12:     0x5aad3bbd0a6b - test[aada8e7e76ba119b]::__rust_begin_short_backtrace::<core[a373ad73a504971]::result::Result<(), alloc[2e1b2a31b91974c5]::string::String>, fn() -> core[a373ad73a504971]::result::Result<(), alloc[2e1b2a31b91974c5]::string::String>>
[INFO] [stdout]   13:     0x5aad3bbcc500 - test[aada8e7e76ba119b]::run_test::{closure#0}
[INFO] [stdout]   14:     0x5aad3bbcbc2c - std[617be2ca0a6fd877]::sys::backtrace::__rust_begin_short_backtrace::<test[aada8e7e76ba119b]::run_test::{closure#1}, ()>
[INFO] [stdout]   15:     0x5aad3bbeb95c - <std[617be2ca0a6fd877]::thread::lifecycle::spawn_unchecked<test[aada8e7e76ba119b]::run_test::{closure#1}, ()>::{closure#1} as core[a373ad73a504971]::ops::function::FnOnce<()>>::call_once::{shim:vtable#0}
[INFO] [stdout]   16:     0x5aad3bbb3a14 - <std[617be2ca0a6fd877]::sys::thread::unix::Thread>::new::thread_start
[INFO] [stdout]   17:     0x7bfb57244dfa - <unknown>
[INFO] [stdout]   18:     0x7bfb572d83d4 - clone
[INFO] [stdout]   19:                0x0 - <unknown>
[INFO] [stdout] 
[INFO] [stdout] ---- baseapp::tests::test_base_cli_no_radix stdout ----
[INFO] [stdout] 
[INFO] [stdout] thread 'baseapp::tests::test_base_cli_no_radix' (1161) panicked at src/baseapp.rs:100:14:
[INFO] [stdout] Could not run binary: CargoError { cause: Some(NotFoundError { path: "/opt/rustwide/target/release/build/rsbkb/6d718bdfe8a779e6/out/rsbkb" }) }
[INFO] [stdout] stack backtrace:
[INFO] [stdout]    0:     0x5aad3bb8c2d5 - <<std[617be2ca0a6fd877]::sys::backtrace::BacktraceLock>::print::DisplayBacktrace as core[a373ad73a504971]::fmt::Display>::fmt
[INFO] [stdout]    1:     0x5aad3bb62b6a - core[a373ad73a504971]::fmt::write
[INFO] [stdout]    2:     0x5aad3bb8b96b - <alloc[2e1b2a31b91974c5]::vec::Vec<u8> as core[a373ad73a504971]::io::write::Write>::write_fmt
[INFO] [stdout]    3:     0x5aad3bb8b44f - std[617be2ca0a6fd877]::panicking::default_hook::{closure#0}
[INFO] [stdout]    4:     0x5aad3bb8b07a - std[617be2ca0a6fd877]::panicking::default_hook
[INFO] [stdout]    5:     0x5aad3bb8abb5 - std[617be2ca0a6fd877]::panicking::panic_with_hook
[INFO] [stdout]    6:     0x5aad3bbb19e1 - std[617be2ca0a6fd877]::panicking::panic_handler::{closure#0}
[INFO] [stdout]    7:     0x5aad3bbb1999 - std[617be2ca0a6fd877]::sys::backtrace::__rust_end_short_backtrace::<std[617be2ca0a6fd877]::panicking::panic_handler::{closure#0}, !>
[INFO] [stdout]    8:     0x5aad3bbb1e9c - __rustc[ea4f61d10b84890b]::rust_begin_unwind
[INFO] [stdout]    9:     0x5aad3bb629fb - core[a373ad73a504971]::panicking::panic_fmt
[INFO] [stdout]   10:     0x5aad3bb66851 - core[a373ad73a504971]::result::unwrap_failed
[INFO] [stdout]   11:     0x5aad3bb49534 - <rsbkb[bb2289cf86fb6809]::baseapp::tests::test_base_cli_no_radix::{closure#0} as core[a373ad73a504971]::ops::function::FnOnce<()>>::call_once
[INFO] [stdout]   12:     0x5aad3bbd0a6b - test[aada8e7e76ba119b]::__rust_begin_short_backtrace::<core[a373ad73a504971]::result::Result<(), alloc[2e1b2a31b91974c5]::string::String>, fn() -> core[a373ad73a504971]::result::Result<(), alloc[2e1b2a31b91974c5]::string::String>>
[INFO] [stdout]   13:     0x5aad3bbcc500 - test[aada8e7e76ba119b]::run_test::{closure#0}
[INFO] [stdout]   14:     0x5aad3bbcbc2c - std[617be2ca0a6fd877]::sys::backtrace::__rust_begin_short_backtrace::<test[aada8e7e76ba119b]::run_test::{closure#1}, ()>
[INFO] [stdout]   15:     0x5aad3bbeb95c - <std[617be2ca0a6fd877]::thread::lifecycle::spawn_unchecked<test[aada8e7e76ba119b]::run_test::{closure#1}, ()>::{closure#1} as core[a373ad73a504971]::ops::function::FnOnce<()>>::call_once::{shim:vtable#0}
[INFO] [stdout]   16:     0x5aad3bbb3a14 - <std[617be2ca0a6fd877]::sys::thread::unix::Thread>::new::thread_start
[INFO] [stdout]   17:     0x7bfb57244dfa - <unknown>
[INFO] [stdout]   18:     0x7bfb572d83d4 - clone
[INFO] [stdout]   19:                0x0 - <unknown>
[INFO] [stdout] 
[INFO] [stdout] ---- escapeapp::tests::test_base_escape_stdin_single_noquote stdout ----
[INFO] [stdout] 
[INFO] [stdout] thread 'escapeapp::tests::test_base_escape_stdin_single_noquote' (1178) panicked at src/escapeapp.rs:373:14:
[INFO] [stdout] Could not run binary: CargoError { cause: Some(NotFoundError { path: "/opt/rustwide/target/release/build/rsbkb/6d718bdfe8a779e6/out/rsbkb" }) }
[INFO] [stdout] stack backtrace:
[INFO] [stdout]    0:     0x5aad3bb8c2d5 - <<std[617be2ca0a6fd877]::sys::backtrace::BacktraceLock>::print::DisplayBacktrace as core[a373ad73a504971]::fmt::Display>::fmt
[INFO] [stdout]    1:     0x5aad3bb62b6a - core[a373ad73a504971]::fmt::write
[INFO] [stdout]    2:     0x5aad3bb8b96b - <alloc[2e1b2a31b91974c5]::vec::Vec<u8> as core[a373ad73a504971]::io::write::Write>::write_fmt
[INFO] [stdout]    3:     0x5aad3bb8b44f - std[617be2ca0a6fd877]::panicking::default_hook::{closure#0}
[INFO] [stdout]    4:     0x5aad3bb8b07a - std[617be2ca0a6fd877]::panicking::default_hook
[INFO] [stdout]    5:     0x5aad3bb8abb5 - std[617be2ca0a6fd877]::panicking::panic_with_hook
[INFO] [stdout]    6:     0x5aad3bbb19e1 - std[617be2ca0a6fd877]::panicking::panic_handler::{closure#0}
[INFO] [stdout]    7:     0x5aad3bbb1999 - std[617be2ca0a6fd877]::sys::backtrace::__rust_end_short_backtrace::<std[617be2ca0a6fd877]::panicking::panic_handler::{closure#0}, !>
[INFO] [stdout]    8:     0x5aad3bbb1e9c - __rustc[ea4f61d10b84890b]::rust_begin_unwind
[INFO] [stdout]    9:     0x5aad3bb629fb - core[a373ad73a504971]::panicking::panic_fmt
[INFO] [stdout]   10:     0x5aad3bb66851 - core[a373ad73a504971]::result::unwrap_failed
[INFO] [stdout]   11:     0x5aad3bb54123 - <rsbkb[bb2289cf86fb6809]::escapeapp::tests::test_base_escape_stdin_single_noquote::{closure#0} as core[a373ad73a504971]::ops::function::FnOnce<()>>::call_once
[INFO] [stdout]   12:     0x5aad3bbd0a6b - test[aada8e7e76ba119b]::__rust_begin_short_backtrace::<core[a373ad73a504971]::result::Result<(), alloc[2e1b2a31b91974c5]::string::String>, fn() -> core[a373ad73a504971]::result::Result<(), alloc[2e1b2a31b91974c5]::string::String>>
[INFO] [stdout]   13:     0x5aad3bbcc500 - test[aada8e7e76ba119b]::run_test::{closure#0}
[INFO] [stdout]   14:     0x5aad3bbcbc2c - std[617be2ca0a6fd877]::sys::backtrace::__rust_begin_short_backtrace::<test[aada8e7e76ba119b]::run_test::{closure#1}, ()>
[INFO] [stdout]   15:     0x5aad3bbeb95c - <std[617be2ca0a6fd877]::thread::lifecycle::spawn_unchecked<test[aada8e7e76ba119b]::run_test::{closure#1}, ()>::{closure#1} as core[a373ad73a504971]::ops::function::FnOnce<()>>::call_once::{shim:vtable#0}
[INFO] [stdout]   16:     0x5aad3bbb3a14 - <std[617be2ca0a6fd877]::sys::thread::unix::Thread>::new::thread_start
[INFO] [stdout]   17:     0x7bfb57244dfa - <unknown>
[INFO] [stdout]   18:     0x7bfb572d83d4 - clone
[INFO] [stdout]   19:                0x0 - <unknown>
[INFO] [stdout] 
[INFO] [stdout] ---- escapeapp::tests::test_base_escape_stdin_auto stdout ----
[INFO] [stdout] 
[INFO] [stdout] thread 'escapeapp::tests::test_base_escape_stdin_auto' (1171) panicked at src/escapeapp.rs:293:14:
[INFO] [stdout] Could not run binary: CargoError { cause: Some(NotFoundError { path: "/opt/rustwide/target/release/build/rsbkb/6d718bdfe8a779e6/out/rsbkb" }) }
[INFO] [stdout] stack backtrace:
[INFO] [stdout]    0:     0x5aad3bb8c2d5 - <<std[617be2ca0a6fd877]::sys::backtrace::BacktraceLock>::print::DisplayBacktrace as core[a373ad73a504971]::fmt::Display>::fmt
[INFO] [stdout]    1:     0x5aad3bb62b6a - core[a373ad73a504971]::fmt::write
[INFO] [stdout]    2:     0x5aad3bb8b96b - <alloc[2e1b2a31b91974c5]::vec::Vec<u8> as core[a373ad73a504971]::io::write::Write>::write_fmt
[INFO] [stdout]    3:     0x5aad3bb8b44f - std[617be2ca0a6fd877]::panicking::default_hook::{closure#0}
[INFO] [stdout]    4:     0x5aad3bb8b07a - std[617be2ca0a6fd877]::panicking::default_hook
[INFO] [stdout]    5:     0x5aad3bb8abb5 - std[617be2ca0a6fd877]::panicking::panic_with_hook
[INFO] [stdout]    6:     0x5aad3bbb19e1 - std[617be2ca0a6fd877]::panicking::panic_handler::{closure#0}
[INFO] [stdout]    7:     0x5aad3bbb1999 - std[617be2ca0a6fd877]::sys::backtrace::__rust_end_short_backtrace::<std[617be2ca0a6fd877]::panicking::panic_handler::{closure#0}, !>
[INFO] [stdout]    8:     0x5aad3bbb1e9c - __rustc[ea4f61d10b84890b]::rust_begin_unwind
[INFO] [stdout]    9:     0x5aad3bb629fb - core[a373ad73a504971]::panicking::panic_fmt
[INFO] [stdout]   10:     0x5aad3bb66851 - core[a373ad73a504971]::result::unwrap_failed
[INFO] [stdout]   11:     0x5aad3bb52638 - <rsbkb[bb2289cf86fb6809]::escapeapp::tests::test_base_escape_stdin_auto::{closure#0} as core[a373ad73a504971]::ops::function::FnOnce<()>>::call_once
[INFO] [stdout]   12:     0x5aad3bbd0a6b - test[aada8e7e76ba119b]::__rust_begin_short_backtrace::<core[a373ad73a504971]::result::Result<(), alloc[2e1b2a31b91974c5]::string::String>, fn() -> core[a373ad73a504971]::result::Result<(), alloc[2e1b2a31b91974c5]::string::String>>
[INFO] [stdout]   13:     0x5aad3bbcc500 - test[aada8e7e76ba119b]::run_test::{closure#0}
[INFO] [stdout]   14:     0x5aad3bbcbc2c - std[617be2ca0a6fd877]::sys::backtrace::__rust_begin_short_backtrace::<test[aada8e7e76ba119b]::run_test::{closure#1}, ()>
[INFO] [stdout]   15:     0x5aad3bbeb95c - <std[617be2ca0a6fd877]::thread::lifecycle::spawn_unchecked<test[aada8e7e76ba119b]::run_test::{closure#1}, ()>::{closure#1} as core[a373ad73a504971]::ops::function::FnOnce<()>>::call_once::{shim:vtable#0}
[INFO] [stdout]   16:     0x5aad3bbb3a14 - <std[617be2ca0a6fd877]::sys::thread::unix::Thread>::new::thread_start
[INFO] [stdout]   17:     0x7bfb57244dfa - <unknown>
[INFO] [stdout]   18:     0x7bfb572d83d4 - clone
[INFO] [stdout]   19:                0x0 - <unknown>
[INFO] [stdout] 
[INFO] [stdout] ---- escapeapp::tests::test_base_escape_stdin_posix_shell stdout ----
[INFO] [stdout] 
[INFO] [stdout] thread 'escapeapp::tests::test_base_escape_stdin_posix_shell' (1176) panicked at src/escapeapp.rs:351:14:
[INFO] [stdout] Could not run binary: CargoError { cause: Some(NotFoundError { path: "/opt/rustwide/target/release/build/rsbkb/6d718bdfe8a779e6/out/rsbkb" }) }
[INFO] [stdout] stack backtrace:
[INFO] [stdout]    0:     0x5aad3bb8c2d5 - <<std[617be2ca0a6fd877]::sys::backtrace::BacktraceLock>::print::DisplayBacktrace as core[a373ad73a504971]::fmt::Display>::fmt
[INFO] [stdout]    1:     0x5aad3bb62b6a - core[a373ad73a504971]::fmt::write
[INFO] [stdout]    2:     0x5aad3bb8b96b - <alloc[2e1b2a31b91974c5]::vec::Vec<u8> as core[a373ad73a504971]::io::write::Write>::write_fmt
[INFO] [stdout]    3:     0x5aad3bb8b44f - std[617be2ca0a6fd877]::panicking::default_hook::{closure#0}
[INFO] [stdout]    4:     0x5aad3bb8b07a - std[617be2ca0a6fd877]::panicking::default_hook
[INFO] [stdout]    5:     0x5aad3bb8abb5 - std[617be2ca0a6fd877]::panicking::panic_with_hook
[INFO] [stdout]    6:     0x5aad3bbb19e1 - std[617be2ca0a6fd877]::panicking::panic_handler::{closure#0}
[INFO] [stdout]    7:     0x5aad3bbb1999 - std[617be2ca0a6fd877]::sys::backtrace::__rust_end_short_backtrace::<std[617be2ca0a6fd877]::panicking::panic_handler::{closure#0}, !>
[INFO] [stdout]    8:     0x5aad3bbb1e9c - __rustc[ea4f61d10b84890b]::rust_begin_unwind
[INFO] [stdout]    9:     0x5aad3bb629fb - core[a373ad73a504971]::panicking::panic_fmt
[INFO] [stdout]   10:     0x5aad3bb66851 - core[a373ad73a504971]::result::unwrap_failed
[INFO] [stdout]   11:     0x5aad3bb53961 - <rsbkb[bb2289cf86fb6809]::escapeapp::tests::test_base_escape_stdin_posix_shell::{closure#0} as core[a373ad73a504971]::ops::function::FnOnce<()>>::call_once
[INFO] [stdout]   12:     0x5aad3bbd0a6b - test[aada8e7e76ba119b]::__rust_begin_short_backtrace::<core[a373ad73a504971]::result::Result<(), alloc[2e1b2a31b91974c5]::string::String>, fn() -> core[a373ad73a504971]::result::Result<(), alloc[2e1b2a31b91974c5]::string::String>>
[INFO] [stdout]   13:     0x5aad3bbcc500 - test[aada8e7e76ba119b]::run_test::{closure#0}
[INFO] [stdout]   14:     0x5aad3bbcbc2c - std[617be2ca0a6fd877]::sys::backtrace::__rust_begin_short_backtrace::<test[aada8e7e76ba119b]::run_test::{closure#1}, ()>
[INFO] [stdout]   15:     0x5aad3bbeb95c - <std[617be2ca0a6fd877]::thread::lifecycle::spawn_unchecked<test[aada8e7e76ba119b]::run_test::{closure#1}, ()>::{closure#1} as core[a373ad73a504971]::ops::function::FnOnce<()>>::call_once::{shim:vtable#0}
[INFO] [stdout]   16:     0x5aad3bbb3a14 - <std[617be2ca0a6fd877]::sys::thread::unix::Thread>::new::thread_start
[INFO] [stdout]   17:     0x7bfb57244dfa - <unknown>
[INFO] [stdout]   18:     0x7bfb572d83d4 - clone
[INFO] [stdout]   19:                0x0 - <unknown>
[INFO] [stdout] 
[INFO] [stdout] ---- hexapp::tests::test_unhex_cli_stdin stdout ----
[INFO] [stdout] 
[INFO] [stdout] thread 'hexapp::tests::test_unhex_cli_stdin' (1187) panicked at src/hexapp.rs:174:14:
[INFO] [stdout] Could not run binary: CargoError { cause: Some(NotFoundError { path: "/opt/rustwide/target/release/build/rsbkb/6d718bdfe8a779e6/out/rsbkb" }) }
[INFO] [stdout] stack backtrace:
[INFO] [stdout]    0:     0x5aad3bb8c2d5 - <<std[617be2ca0a6fd877]::sys::backtrace::BacktraceLock>::print::DisplayBacktrace as core[a373ad73a504971]::fmt::Display>::fmt
[INFO] [stderr] error: test failed, to rerun pass `--bin rsbkb`
[INFO] [stdout]    1:     0x5aad3bb62b6a - core[a373ad73a504971]::fmt::write
[INFO] [stdout]    2:     0x5aad3bb8b96b - <alloc[2e1b2a31b91974c5]::vec::Vec<u8> as core[a373ad73a504971]::io::write::Write>::write_fmt
[INFO] [stdout]    3:     0x5aad3bb8b44f - std[617be2ca0a6fd877]::panicking::default_hook::{closure#0}
[INFO] [stdout]    4:     0x5aad3bb8b07a - std[617be2ca0a6fd877]::panicking::default_hook
[INFO] [stdout]    5:     0x5aad3bb8abb5 - std[617be2ca0a6fd877]::panicking::panic_with_hook
[INFO] [stdout]    6:     0x5aad3bbb19e1 - std[617be2ca0a6fd877]::panicking::panic_handler::{closure#0}
[INFO] [stdout]    7:     0x5aad3bbb1999 - std[617be2ca0a6fd877]::sys::backtrace::__rust_end_short_backtrace::<std[617be2ca0a6fd877]::panicking::panic_handler::{closure#0}, !>
[INFO] [stdout]    8:     0x5aad3bbb1e9c - __rustc[ea4f61d10b84890b]::rust_begin_unwind
[INFO] [stdout]    9:     0x5aad3bb629fb - core[a373ad73a504971]::panicking::panic_fmt
[INFO] [stdout]   10:     0x5aad3bb66851 - core[a373ad73a504971]::result::unwrap_failed
[INFO] [stdout]   11:     0x5aad3bb43c7f - <rsbkb[bb2289cf86fb6809]::hexapp::tests::test_unhex_cli_stdin::{closure#0} as core[a373ad73a504971]::ops::function::FnOnce<()>>::call_once
[INFO] [stdout]   12:     0x5aad3bbd0a6b - test[aada8e7e76ba119b]::__rust_begin_short_backtrace::<core[a373ad73a504971]::result::Result<(), alloc[2e1b2a31b91974c5]::string::String>, fn() -> core[a373ad73a504971]::result::Result<(), alloc[2e1b2a31b91974c5]::string::String>>
[INFO] [stdout]   13:     0x5aad3bbcc500 - test[aada8e7e76ba119b]::run_test::{closure#0}
[INFO] [stdout]   14:     0x5aad3bbcbc2c - std[617be2ca0a6fd877]::sys::backtrace::__rust_begin_short_backtrace::<test[aada8e7e76ba119b]::run_test::{closure#1}, ()>
[INFO] [stdout]   15:     0x5aad3bbeb95c - <std[617be2ca0a6fd877]::thread::lifecycle::spawn_unchecked<test[aada8e7e76ba119b]::run_test::{closure#1}, ()>::{closure#1} as core[a373ad73a504971]::ops::function::FnOnce<()>>::call_once::{shim:vtable#0}
[INFO] [stdout]   16:     0x5aad3bbb3a14 - <std[617be2ca0a6fd877]::sys::thread::unix::Thread>::new::thread_start
[INFO] [stdout]   17:     0x7bfb57244dfa - <unknown>
[INFO] [stdout]   18:     0x7bfb572d83d4 - clone
[INFO] [stdout]   19:                0x0 - <unknown>
[INFO] [stdout] 
[INFO] [stdout] ---- baseapp::tests::test_base_cli_arg stdout ----
[INFO] [stdout] 
[INFO] [stdout] thread 'baseapp::tests::test_base_cli_arg' (1158) panicked at src/baseapp.rs:110:14:
[INFO] [stdout] Could not run binary: CargoError { cause: Some(NotFoundError { path: "/opt/rustwide/target/release/build/rsbkb/6d718bdfe8a779e6/out/rsbkb" }) }
[INFO] [stdout] stack backtrace:
[INFO] [stdout]    0:     0x5aad3bb8c2d5 - <<std[617be2ca0a6fd877]::sys::backtrace::BacktraceLock>::print::DisplayBacktrace as core[a373ad73a504971]::fmt::Display>::fmt
[INFO] [stdout]    1:     0x5aad3bb62b6a - core[a373ad73a504971]::fmt::write
[INFO] [stdout]    2:     0x5aad3bb8b96b - <alloc[2e1b2a31b91974c5]::vec::Vec<u8> as core[a373ad73a504971]::io::write::Write>::write_fmt
[INFO] [stdout]    3:     0x5aad3bb8b44f - std[617be2ca0a6fd877]::panicking::default_hook::{closure#0}
[INFO] [stdout]    4:     0x5aad3bb8b07a - std[617be2ca0a6fd877]::panicking::default_hook
[INFO] [stdout]    5:     0x5aad3bb8abb5 - std[617be2ca0a6fd877]::panicking::panic_with_hook
[INFO] [stdout]    6:     0x5aad3bbb19e1 - std[617be2ca0a6fd877]::panicking::panic_handler::{closure#0}
[INFO] [stdout]    7:     0x5aad3bbb1999 - std[617be2ca0a6fd877]::sys::backtrace::__rust_end_short_backtrace::<std[617be2ca0a6fd877]::panicking::panic_handler::{closure#0}, !>
[INFO] [stdout]    8:     0x5aad3bbb1e9c - __rustc[ea4f61d10b84890b]::rust_begin_unwind
[INFO] [stdout]    9:     0x5aad3bb629fb - core[a373ad73a504971]::panicking::panic_fmt
[INFO] [stdout]   10:     0x5aad3bb66851 - core[a373ad73a504971]::result::unwrap_failed
[INFO] [stdout]   11:     0x5aad3bb48ac4 - <rsbkb[bb2289cf86fb6809]::baseapp::tests::test_base_cli_arg::{closure#0} as core[a373ad73a504971]::ops::function::FnOnce<()>>::call_once
[INFO] [stdout]   12:     0x5aad3bbd0a6b - test[aada8e7e76ba119b]::__rust_begin_short_backtrace::<core[a373ad73a504971]::result::Result<(), alloc[2e1b2a31b91974c5]::string::String>, fn() -> core[a373ad73a504971]::result::Result<(), alloc[2e1b2a31b91974c5]::string::String>>
[INFO] [stdout]   13:     0x5aad3bbcc500 - test[aada8e7e76ba119b]::run_test::{closure#0}
[INFO] [stdout]   14:     0x5aad3bbcbc2c - std[617be2ca0a6fd877]::sys::backtrace::__rust_begin_short_backtrace::<test[aada8e7e76ba119b]::run_test::{closure#1}, ()>
[INFO] [stdout]   15:     0x5aad3bbeb95c - <std[617be2ca0a6fd877]::thread::lifecycle::spawn_unchecked<test[aada8e7e76ba119b]::run_test::{closure#1}, ()>::{closure#1} as core[a373ad73a504971]::ops::function::FnOnce<()>>::call_once::{shim:vtable#0}
[INFO] [stdout]   16:     0x5aad3bbb3a14 - <std[617be2ca0a6fd877]::sys::thread::unix::Thread>::new::thread_start
[INFO] [stdout]   17:     0x7bfb57244dfa - <unknown>
[INFO] [stdout]   18:     0x7bfb572d83d4 - clone
[INFO] [stdout]   19:                0x0 - <unknown>
[INFO] [stdout] 
[INFO] [stdout] ---- bgrepapp::tests::test_cli stdout ----
[INFO] [stdout] 
[INFO] [stdout] thread 'bgrepapp::tests::test_cli' (1163) panicked at src/bgrepapp.rs:205:14:
[INFO] [stdout] Could not run binary: CargoError { cause: Some(NotFoundError { path: "/opt/rustwide/target/release/build/rsbkb/6d718bdfe8a779e6/out/rsbkb" }) }
[INFO] [stdout] stack backtrace:
[INFO] [stdout]    0:     0x5aad3bb8c2d5 - <<std[617be2ca0a6fd877]::sys::backtrace::BacktraceLock>::print::DisplayBacktrace as core[a373ad73a504971]::fmt::Display>::fmt
[INFO] [stdout]    1:     0x5aad3bb62b6a - core[a373ad73a504971]::fmt::write
[INFO] [stdout]    2:     0x5aad3bb8b96b - <alloc[2e1b2a31b91974c5]::vec::Vec<u8> as core[a373ad73a504971]::io::write::Write>::write_fmt
[INFO] [stdout]    3:     0x5aad3bb8b44f - std[617be2ca0a6fd877]::panicking::default_hook::{closure#0}
[INFO] [stdout]    4:     0x5aad3bb8b07a - std[617be2ca0a6fd877]::panicking::default_hook
[INFO] [stdout]    5:     0x5aad3bb8abb5 - std[617be2ca0a6fd877]::panicking::panic_with_hook
[INFO] [stdout]    6:     0x5aad3bbb19e1 - std[617be2ca0a6fd877]::panicking::panic_handler::{closure#0}
[INFO] [stdout]    7:     0x5aad3bbb1999 - std[617be2ca0a6fd877]::sys::backtrace::__rust_end_short_backtrace::<std[617be2ca0a6fd877]::panicking::panic_handler::{closure#0}, !>
[INFO] [stdout]    8:     0x5aad3bbb1e9c - __rustc[ea4f61d10b84890b]::rust_begin_unwind
[INFO] [stdout]    9:     0x5aad3bb629fb - core[a373ad73a504971]::panicking::panic_fmt
[INFO] [stdout]   10:     0x5aad3bb66851 - core[a373ad73a504971]::result::unwrap_failed
[INFO] [stdout]   11:     0x5aad3bb4d4ba - <rsbkb[bb2289cf86fb6809]::bgrepapp::tests::test_cli::{closure#0} as core[a373ad73a504971]::ops::function::FnOnce<()>>::call_once
[INFO] [stdout]   12:     0x5aad3bbd0a6b - test[aada8e7e76ba119b]::__rust_begin_short_backtrace::<core[a373ad73a504971]::result::Result<(), alloc[2e1b2a31b91974c5]::string::String>, fn() -> core[a373ad73a504971]::result::Result<(), alloc[2e1b2a31b91974c5]::string::String>>
[INFO] [stdout]   13:     0x5aad3bbcc500 - test[aada8e7e76ba119b]::run_test::{closure#0}
[INFO] [stdout]   14:     0x5aad3bbcbc2c - std[617be2ca0a6fd877]::sys::backtrace::__rust_begin_short_backtrace::<test[aada8e7e76ba119b]::run_test::{closure#1}, ()>
[INFO] [stdout]   15:     0x5aad3bbeb95c - <std[617be2ca0a6fd877]::thread::lifecycle::spawn_unchecked<test[aada8e7e76ba119b]::run_test::{closure#1}, ()>::{closure#1} as core[a373ad73a504971]::ops::function::FnOnce<()>>::call_once::{shim:vtable#0}
[INFO] [stdout]   16:     0x5aad3bbb3a14 - <std[617be2ca0a6fd877]::sys::thread::unix::Thread>::new::thread_start
[INFO] [stdout]   17:     0x7bfb57244dfa - <unknown>
[INFO] [stdout]   18:     0x7bfb572d83d4 - clone
[INFO] [stdout]   19:                0x0 - <unknown>
[INFO] [stdout] 
[INFO] [stdout] ---- hexapp::tests::test_hex_cli_arg stdout ----
[INFO] [stdout] 
[INFO] [stdout] thread 'hexapp::tests::test_hex_cli_arg' (1183) panicked at src/hexapp.rs:143:14:
[INFO] [stdout] Could not run binary: CargoError { cause: Some(NotFoundError { path: "/opt/rustwide/target/release/build/rsbkb/6d718bdfe8a779e6/out/rsbkb" }) }
[INFO] [stdout] stack backtrace:
[INFO] [stdout]    0:     0x5aad3bb8c2d5 - <<std[617be2ca0a6fd877]::sys::backtrace::BacktraceLock>::print::DisplayBacktrace as core[a373ad73a504971]::fmt::Display>::fmt
[INFO] [stdout]    1:     0x5aad3bb62b6a - core[a373ad73a504971]::fmt::write
[INFO] [stdout]    2:     0x5aad3bb8b96b - <alloc[2e1b2a31b91974c5]::vec::Vec<u8> as core[a373ad73a504971]::io::write::Write>::write_fmt
[INFO] [stdout]    3:     0x5aad3bb8b44f - std[617be2ca0a6fd877]::panicking::default_hook::{closure#0}
[INFO] [stdout]    4:     0x5aad3bb8b07a - std[617be2ca0a6fd877]::panicking::default_hook
[INFO] [stdout]    5:     0x5aad3bb8abb5 - std[617be2ca0a6fd877]::panicking::panic_with_hook
[INFO] [stdout]    6:     0x5aad3bbb19e1 - std[617be2ca0a6fd877]::panicking::panic_handler::{closure#0}
[INFO] [stdout]    7:     0x5aad3bbb1999 - std[617be2ca0a6fd877]::sys::backtrace::__rust_end_short_backtrace::<std[617be2ca0a6fd877]::panicking::panic_handler::{closure#0}, !>
[INFO] [stdout]    8:     0x5aad3bbb1e9c - __rustc[ea4f61d10b84890b]::rust_begin_unwind
[INFO] [stdout]    9:     0x5aad3bb629fb - core[a373ad73a504971]::panicking::panic_fmt
[INFO] [stdout]   10:     0x5aad3bb66851 - core[a373ad73a504971]::result::unwrap_failed
[INFO] [stdout]   11:     0x5aad3bb42c04 - <rsbkb[bb2289cf86fb6809]::hexapp::tests::test_hex_cli_arg::{closure#0} as core[a373ad73a504971]::ops::function::FnOnce<()>>::call_once
[INFO] [stdout]   12:     0x5aad3bbd0a6b - test[aada8e7e76ba119b]::__rust_begin_short_backtrace::<core[a373ad73a504971]::result::Result<(), alloc[2e1b2a31b91974c5]::string::String>, fn() -> core[a373ad73a504971]::result::Result<(), alloc[2e1b2a31b91974c5]::string::String>>
[INFO] [stdout]   13:     0x5aad3bbcc500 - test[aada8e7e76ba119b]::run_test::{closure#0}
[INFO] [stdout]   14:     0x5aad3bbcbc2c - std[617be2ca0a6fd877]::sys::backtrace::__rust_begin_short_backtrace::<test[aada8e7e76ba119b]::run_test::{closure#1}, ()>
[INFO] [stdout]   15:     0x5aad3bbeb95c - <std[617be2ca0a6fd877]::thread::lifecycle::spawn_unchecked<test[aada8e7e76ba119b]::run_test::{closure#1}, ()>::{closure#1} as core[a373ad73a504971]::ops::function::FnOnce<()>>::call_once::{shim:vtable#0}
[INFO] [stdout]   16:     0x5aad3bbb3a14 - <std[617be2ca0a6fd877]::sys::thread::unix::Thread>::new::thread_start
[INFO] [stdout]   17:     0x7bfb57244dfa - <unknown>
[INFO] [stdout]   18:     0x7bfb572d83d4 - clone
[INFO] [stdout]   19:                0x0 - <unknown>
[INFO] [stdout] 
[INFO] [stdout] ---- bgrepapp::tests::test_cli_multiple stdout ----
[INFO] [stdout] 
[INFO] [stdout] thread 'bgrepapp::tests::test_cli_multiple' (1164) panicked at src/bgrepapp.rs:221:14:
[INFO] [stdout] Could not run binary: CargoError { cause: Some(NotFoundError { path: "/opt/rustwide/target/release/build/rsbkb/6d718bdfe8a779e6/out/rsbkb" }) }
[INFO] [stdout] stack backtrace:
[INFO] [stdout]    0:     0x5aad3bb8c2d5 - <<std[617be2ca0a6fd877]::sys::backtrace::BacktraceLock>::print::DisplayBacktrace as core[a373ad73a504971]::fmt::Display>::fmt
[INFO] [stdout]    1:     0x5aad3bb62b6a - core[a373ad73a504971]::fmt::write
[INFO] [stdout]    2:     0x5aad3bb8b96b - <alloc[2e1b2a31b91974c5]::vec::Vec<u8> as core[a373ad73a504971]::io::write::Write>::write_fmt
[INFO] [stdout]    3:     0x5aad3bb8b44f - std[617be2ca0a6fd877]::panicking::default_hook::{closure#0}
[INFO] [stdout]    4:     0x5aad3bb8b07a - std[617be2ca0a6fd877]::panicking::default_hook
[INFO] [stdout]    5:     0x5aad3bb8abb5 - std[617be2ca0a6fd877]::panicking::panic_with_hook
[INFO] [stdout]    6:     0x5aad3bbb19e1 - std[617be2ca0a6fd877]::panicking::panic_handler::{closure#0}
[INFO] [stdout]    7:     0x5aad3bbb1999 - std[617be2ca0a6fd877]::sys::backtrace::__rust_end_short_backtrace::<std[617be2ca0a6fd877]::panicking::panic_handler::{closure#0}, !>
[INFO] [stdout]    8:     0x5aad3bbb1e9c - __rustc[ea4f61d10b84890b]::rust_begin_unwind
[INFO] [stdout]    9:     0x5aad3bb629fb - core[a373ad73a504971]::panicking::panic_fmt
[INFO] [stdout]   10:     0x5aad3bb66851 - core[a373ad73a504971]::result::unwrap_failed
[INFO] [stdout]   11:     0x5aad3bb4cdde - <rsbkb[bb2289cf86fb6809]::bgrepapp::tests::test_cli_multiple::{closure#0} as core[a373ad73a504971]::ops::function::FnOnce<()>>::call_once
[INFO] [stdout]   12:     0x5aad3bbd0a6b - test[aada8e7e76ba119b]::__rust_begin_short_backtrace::<core[a373ad73a504971]::result::Result<(), alloc[2e1b2a31b91974c5]::string::String>, fn() -> core[a373ad73a504971]::result::Result<(), alloc[2e1b2a31b91974c5]::string::String>>
[INFO] [stdout]   13:     0x5aad3bbcc500 - test[aada8e7e76ba119b]::run_test::{closure#0}
[INFO] [stdout]   14:     0x5aad3bbcbc2c - std[617be2ca0a6fd877]::sys::backtrace::__rust_begin_short_backtrace::<test[aada8e7e76ba119b]::run_test::{closure#1}, ()>
[INFO] [stdout]   15:     0x5aad3bbeb95c - <std[617be2ca0a6fd877]::thread::lifecycle::spawn_unchecked<test[aada8e7e76ba119b]::run_test::{closure#1}, ()>::{closure#1} as core[a373ad73a504971]::ops::function::FnOnce<()>>::call_once::{shim:vtable#0}
[INFO] [stdout]   16:     0x5aad3bbb3a14 - <std[617be2ca0a6fd877]::sys::thread::unix::Thread>::new::thread_start
[INFO] [stdout]   17:     0x7bfb57244dfa - <unknown>
[INFO] [stdout]   18:     0x7bfb572d83d4 - clone
[INFO] [stdout]   19:                0x0 - <unknown>
[INFO] [stdout] 
[INFO] [stdout] ---- escapeapp::tests::test_base_escape_stdin_auto_multiline stdout ----
[INFO] [stdout] 
[INFO] [stdout] thread 'escapeapp::tests::test_base_escape_stdin_auto_multiline' (1172) panicked at src/escapeapp.rs:317:14:
[INFO] [stdout] Could not run binary: CargoError { cause: Some(NotFoundError { path: "/opt/rustwide/target/release/build/rsbkb/6d718bdfe8a779e6/out/rsbkb" }) }
[INFO] [stdout] stack backtrace:
[INFO] [stdout]    0:     0x5aad3bb8c2d5 - <<std[617be2ca0a6fd877]::sys::backtrace::BacktraceLock>::print::DisplayBacktrace as core[a373ad73a504971]::fmt::Display>::fmt
[INFO] [stdout]    1:     0x5aad3bb62b6a - core[a373ad73a504971]::fmt::write
[INFO] [stdout]    2:     0x5aad3bb8b96b - <alloc[2e1b2a31b91974c5]::vec::Vec<u8> as core[a373ad73a504971]::io::write::Write>::write_fmt
[INFO] [stdout]    3:     0x5aad3bb8b44f - std[617be2ca0a6fd877]::panicking::default_hook::{closure#0}
[INFO] [stdout]    4:     0x5aad3bb8b07a - std[617be2ca0a6fd877]::panicking::default_hook
[INFO] [stdout]    5:     0x5aad3bb8abb5 - std[617be2ca0a6fd877]::panicking::panic_with_hook
[INFO] [stdout]    6:     0x5aad3bbb19e1 - std[617be2ca0a6fd877]::panicking::panic_handler::{closure#0}
[INFO] [stdout]    7:     0x5aad3bbb1999 - std[617be2ca0a6fd877]::sys::backtrace::__rust_end_short_backtrace::<std[617be2ca0a6fd877]::panicking::panic_handler::{closure#0}, !>
[INFO] [stdout]    8:     0x5aad3bbb1e9c - __rustc[ea4f61d10b84890b]::rust_begin_unwind
[INFO] [stdout]    9:     0x5aad3bb629fb - core[a373ad73a504971]::panicking::panic_fmt
[INFO] [stdout]   10:     0x5aad3bb66851 - core[a373ad73a504971]::result::unwrap_failed
[INFO] [stdout]   11:     0x5aad3bb53d29 - <rsbkb[bb2289cf86fb6809]::escapeapp::tests::test_base_escape_stdin_auto_multiline::{closure#0} as core[a373ad73a504971]::ops::function::FnOnce<()>>::call_once
[INFO] [stdout]   12:     0x5aad3bbd0a6b - test[aada8e7e76ba119b]::__rust_begin_short_backtrace::<core[a373ad73a504971]::result::Result<(), alloc[2e1b2a31b91974c5]::string::String>, fn() -> core[a373ad73a504971]::result::Result<(), alloc[2e1b2a31b91974c5]::string::String>>
[INFO] [stdout]   13:     0x5aad3bbcc500 - test[aada8e7e76ba119b]::run_test::{closure#0}
[INFO] [stdout]   14:     0x5aad3bbcbc2c - std[617be2ca0a6fd877]::sys::backtrace::__rust_begin_short_backtrace::<test[aada8e7e76ba119b]::run_test::{closure#1}, ()>
[INFO] [stdout]   15:     0x5aad3bbeb95c - <std[617be2ca0a6fd877]::thread::lifecycle::spawn_unchecked<test[aada8e7e76ba119b]::run_test::{closure#1}, ()>::{closure#1} as core[a373ad73a504971]::ops::function::FnOnce<()>>::call_once::{shim:vtable#0}
[INFO] [stdout]   16:     0x5aad3bbb3a14 - <std[617be2ca0a6fd877]::sys::thread::unix::Thread>::new::thread_start
[INFO] [stdout]   17:     0x7bfb57244dfa - <unknown>
[INFO] [stdout]   18:     0x7bfb572d83d4 - clone
[INFO] [stdout]   19:                0x0 - <unknown>
[INFO] [stdout] 
[INFO] [stdout] ---- escapeapp::tests::test_base_escape_stdin_bash stdout ----
[INFO] [stdout] 
[INFO] [stdout] thread 'escapeapp::tests::test_base_escape_stdin_bash' (1173) panicked at src/escapeapp.rs:340:14:
[INFO] [stdout] Could not run binary: CargoError { cause: Some(NotFoundError { path: "/opt/rustwide/target/release/build/rsbkb/6d718bdfe8a779e6/out/rsbkb" }) }
[INFO] [stdout] stack backtrace:
[INFO] [stdout]    0:     0x5aad3bb8c2d5 - <<std[617be2ca0a6fd877]::sys::backtrace::BacktraceLock>::print::DisplayBacktrace as core[a373ad73a504971]::fmt::Display>::fmt
[INFO] [stdout]    1:     0x5aad3bb62b6a - core[a373ad73a504971]::fmt::write
[INFO] [stdout]    2:     0x5aad3bb8b96b - <alloc[2e1b2a31b91974c5]::vec::Vec<u8> as core[a373ad73a504971]::io::write::Write>::write_fmt
[INFO] [stdout]    3:     0x5aad3bb8b44f - std[617be2ca0a6fd877]::panicking::default_hook::{closure#0}
[INFO] [stdout]    4:     0x5aad3bb8b07a - std[617be2ca0a6fd877]::panicking::default_hook
[INFO] [stdout]    5:     0x5aad3bb8abb5 - std[617be2ca0a6fd877]::panicking::panic_with_hook
[INFO] [stdout]    6:     0x5aad3bbb19e1 - std[617be2ca0a6fd877]::panicking::panic_handler::{closure#0}
[INFO] [stdout]    7:     0x5aad3bbb1999 - std[617be2ca0a6fd877]::sys::backtrace::__rust_end_short_backtrace::<std[617be2ca0a6fd877]::panicking::panic_handler::{closure#0}, !>
[INFO] [stdout]    8:     0x5aad3bbb1e9c - __rustc[ea4f61d10b84890b]::rust_begin_unwind
[INFO] [stdout]    9:     0x5aad3bb629fb - core[a373ad73a504971]::panicking::panic_fmt
[INFO] [stdout]   10:     0x5aad3bb66851 - core[a373ad73a504971]::result::unwrap_failed
[INFO] [stdout]   11:     0x5aad3bb52a11 - <rsbkb[bb2289cf86fb6809]::escapeapp::tests::test_base_escape_stdin_bash::{closure#0} as core[a373ad73a504971]::ops::function::FnOnce<()>>::call_once
[INFO] [stdout]   12:     0x5aad3bbd0a6b - test[aada8e7e76ba119b]::__rust_begin_short_backtrace::<core[a373ad73a504971]::result::Result<(), alloc[2e1b2a31b91974c5]::string::String>, fn() -> core[a373ad73a504971]::result::Result<(), alloc[2e1b2a31b91974c5]::string::String>>
[INFO] [stdout]   13:     0x5aad3bbcc500 - test[aada8e7e76ba119b]::run_test::{closure#0}
[INFO] [stdout]   14:     0x5aad3bbcbc2c - std[617be2ca0a6fd877]::sys::backtrace::__rust_begin_short_backtrace::<test[aada8e7e76ba119b]::run_test::{closure#1}, ()>
[INFO] [stdout]   15:     0x5aad3bbeb95c - <std[617be2ca0a6fd877]::thread::lifecycle::spawn_unchecked<test[aada8e7e76ba119b]::run_test::{closure#1}, ()>::{closure#1} as core[a373ad73a504971]::ops::function::FnOnce<()>>::call_once::{shim:vtable#0}
[INFO] [stdout]   16:     0x5aad3bbb3a14 - <std[617be2ca0a6fd877]::sys::thread::unix::Thread>::new::thread_start
[INFO] [stdout]   17:     0x7bfb57244dfa - <unknown>
[INFO] [stdout]   18:     0x7bfb572d83d4 - clone
[INFO] [stdout]   19:                0x0 - <unknown>
[INFO] [stdout] 
[INFO] [stdout] ---- escapeapp::tests::test_base_escape_arg_auto stdout ----
[INFO] [stdout] 
[INFO] [stdout] thread 'escapeapp::tests::test_base_escape_arg_auto' (1170) panicked at src/escapeapp.rs:283:14:
[INFO] [stdout] Could not run binary: CargoError { cause: Some(NotFoundError { path: "/opt/rustwide/target/release/build/rsbkb/6d718bdfe8a779e6/out/rsbkb" }) }
[INFO] [stdout] stack backtrace:
[INFO] [stdout]    0:     0x5aad3bb8c2d5 - <<std[617be2ca0a6fd877]::sys::backtrace::BacktraceLock>::print::DisplayBacktrace as core[a373ad73a504971]::fmt::Display>::fmt
[INFO] [stdout]    1:     0x5aad3bb62b6a - core[a373ad73a504971]::fmt::write
[INFO] [stdout]    2:     0x5aad3bb8b96b - <alloc[2e1b2a31b91974c5]::vec::Vec<u8> as core[a373ad73a504971]::io::write::Write>::write_fmt
[INFO] [stdout]    3:     0x5aad3bb8b44f - std[617be2ca0a6fd877]::panicking::default_hook::{closure#0}
[INFO] [stdout]    4:     0x5aad3bb8b07a - std[617be2ca0a6fd877]::panicking::default_hook
[INFO] [stdout]    5:     0x5aad3bb8abb5 - std[617be2ca0a6fd877]::panicking::panic_with_hook
[INFO] [stdout]    6:     0x5aad3bbb19e1 - std[617be2ca0a6fd877]::panicking::panic_handler::{closure#0}
[INFO] [stdout]    7:     0x5aad3bbb1999 - std[617be2ca0a6fd877]::sys::backtrace::__rust_end_short_backtrace::<std[617be2ca0a6fd877]::panicking::panic_handler::{closure#0}, !>
[INFO] [stdout]    8:     0x5aad3bbb1e9c - __rustc[ea4f61d10b84890b]::rust_begin_unwind
[INFO] [stdout]    9:     0x5aad3bb629fb - core[a373ad73a504971]::panicking::panic_fmt
[INFO] [stdout]   10:     0x5aad3bb66851 - core[a373ad73a504971]::result::unwrap_failed
[INFO] [stdout]   11:     0x5aad3bb522a4 - <rsbkb[bb2289cf86fb6809]::escapeapp::tests::test_base_escape_arg_auto::{closure#0} as core[a373ad73a504971]::ops::function::FnOnce<()>>::call_once
[INFO] [stdout]   12:     0x5aad3bbd0a6b - test[aada8e7e76ba119b]::__rust_begin_short_backtrace::<core[a373ad73a504971]::result::Result<(), alloc[2e1b2a31b91974c5]::string::String>, fn() -> core[a373ad73a504971]::result::Result<(), alloc[2e1b2a31b91974c5]::string::String>>
[INFO] [stdout]   13:     0x5aad3bbcc500 - test[aada8e7e76ba119b]::run_test::{closure#0}
[INFO] [stdout]   14:     0x5aad3bbcbc2c - std[617be2ca0a6fd877]::sys::backtrace::__rust_begin_short_backtrace::<test[aada8e7e76ba119b]::run_test::{closure#1}, ()>
[INFO] [stdout]   15:     0x5aad3bbeb95c - <std[617be2ca0a6fd877]::thread::lifecycle::spawn_unchecked<test[aada8e7e76ba119b]::run_test::{closure#1}, ()>::{closure#1} as core[a373ad73a504971]::ops::function::FnOnce<()>>::call_once::{shim:vtable#0}
[INFO] [stdout]   16:     0x5aad3bbb3a14 - <std[617be2ca0a6fd877]::sys::thread::unix::Thread>::new::thread_start
[INFO] [stdout]   17:     0x7bfb57244dfa - <unknown>
[INFO] [stdout]   18:     0x7bfb572d83d4 - clone
[INFO] [stdout]   19:                0x0 - <unknown>
[INFO] [stdout] 
[INFO] [stdout] ---- hexapp::tests::test_unhex_cli_arg stdout ----
[INFO] [stdout] 
[INFO] [stdout] thread 'hexapp::tests::test_unhex_cli_arg' (1186) panicked at src/hexapp.rs:164:14:
[INFO] [stdout] Could not run binary: CargoError { cause: Some(NotFoundError { path: "/opt/rustwide/target/release/build/rsbkb/6d718bdfe8a779e6/out/rsbkb" }) }
[INFO] [stdout] stack backtrace:
[INFO] [stdout]    0:     0x5aad3bb8c2d5 - <<std[617be2ca0a6fd877]::sys::backtrace::BacktraceLock>::print::DisplayBacktrace as core[a373ad73a504971]::fmt::Display>::fmt
[INFO] [stdout]    1:     0x5aad3bb62b6a - core[a373ad73a504971]::fmt::write
[INFO] [stdout]    2:     0x5aad3bb8b96b - <alloc[2e1b2a31b91974c5]::vec::Vec<u8> as core[a373ad73a504971]::io::write::Write>::write_fmt
[INFO] [stdout]    3:     0x5aad3bb8b44f - std[617be2ca0a6fd877]::panicking::default_hook::{closure#0}
[INFO] [stdout]    4:     0x5aad3bb8b07a - std[617be2ca0a6fd877]::panicking::default_hook
[INFO] [stdout]    5:     0x5aad3bb8abb5 - std[617be2ca0a6fd877]::panicking::panic_with_hook
[INFO] [stdout]    6:     0x5aad3bbb19e1 - std[617be2ca0a6fd877]::panicking::panic_handler::{closure#0}
[INFO] [stdout]    7:     0x5aad3bbb1999 - std[617be2ca0a6fd877]::sys::backtrace::__rust_end_short_backtrace::<std[617be2ca0a6fd877]::panicking::panic_handler::{closure#0}, !>
[INFO] [stdout]    8:     0x5aad3bbb1e9c - __rustc[ea4f61d10b84890b]::rust_begin_unwind
[INFO] [stdout]    9:     0x5aad3bb629fb - core[a373ad73a504971]::panicking::panic_fmt
[INFO] [stdout]   10:     0x5aad3bb66851 - core[a373ad73a504971]::result::unwrap_failed
[INFO] [stdout]   11:     0x5aad3bb43476 - <rsbkb[bb2289cf86fb6809]::hexapp::tests::test_unhex_cli_arg::{closure#0} as core[a373ad73a504971]::ops::function::FnOnce<()>>::call_once
[INFO] [stdout]   12:     0x5aad3bbd0a6b - test[aada8e7e76ba119b]::__rust_begin_short_backtrace::<core[a373ad73a504971]::result::Result<(), alloc[2e1b2a31b91974c5]::string::String>, fn() -> core[a373ad73a504971]::result::Result<(), alloc[2e1b2a31b91974c5]::string::String>>
[INFO] [stdout]   13:     0x5aad3bbcc500 - test[aada8e7e76ba119b]::run_test::{closure#0}
[INFO] [stdout]   14:     0x5aad3bbcbc2c - std[617be2ca0a6fd877]::sys::backtrace::__rust_begin_short_backtrace::<test[aada8e7e76ba119b]::run_test::{closure#1}, ()>
[INFO] [stdout]   15:     0x5aad3bbeb95c - <std[617be2ca0a6fd877]::thread::lifecycle::spawn_unchecked<test[aada8e7e76ba119b]::run_test::{closure#1}, ()>::{closure#1} as core[a373ad73a504971]::ops::function::FnOnce<()>>::call_once::{shim:vtable#0}
[INFO] [stdout]   16:     0x5aad3bbb3a14 - <std[617be2ca0a6fd877]::sys::thread::unix::Thread>::new::thread_start
[INFO] [stdout]   17:     0x7bfb57244dfa - <unknown>
[INFO] [stdout]   18:     0x7bfb572d83d4 - clone
[INFO] [stdout]   19:                0x0 - <unknown>
[INFO] [stdout] 
[INFO] [stdout] ---- hexapp::tests::test_hex_cli_stdin stdout ----
[INFO] [stdout] 
[INFO] [stdout] thread 'hexapp::tests::test_hex_cli_stdin' (1184) panicked at src/hexapp.rs:153:14:
[INFO] [stdout] Could not run binary: CargoError { cause: Some(NotFoundError { path: "/opt/rustwide/target/release/build/rsbkb/6d718bdfe8a779e6/out/rsbkb" }) }
[INFO] [stdout] stack backtrace:
[INFO] [stdout]    0:     0x5aad3bb8c2d5 - <<std[617be2ca0a6fd877]::sys::backtrace::BacktraceLock>::print::DisplayBacktrace as core[a373ad73a504971]::fmt::Display>::fmt
[INFO] [stdout]    1:     0x5aad3bb62b6a - core[a373ad73a504971]::fmt::write
[INFO] [stdout]    2:     0x5aad3bb8b96b - <alloc[2e1b2a31b91974c5]::vec::Vec<u8> as core[a373ad73a504971]::io::write::Write>::write_fmt
[INFO] [stdout]    3:     0x5aad3bb8b44f - std[617be2ca0a6fd877]::panicking::default_hook::{closure#0}
[INFO] [stdout]    4:     0x5aad3bb8b07a - std[617be2ca0a6fd877]::panicking::default_hook
[INFO] [stdout]    5:     0x5aad3bb8abb5 - std[617be2ca0a6fd877]::panicking::panic_with_hook
[INFO] [stdout]    6:     0x5aad3bbb19e1 - std[617be2ca0a6fd877]::panicking::panic_handler::{closure#0}
[INFO] [stdout]    7:     0x5aad3bbb1999 - std[617be2ca0a6fd877]::sys::backtrace::__rust_end_short_backtrace::<std[617be2ca0a6fd877]::panicking::panic_handler::{closure#0}, !>
[INFO] [stdout]    8:     0x5aad3bbb1e9c - __rustc[ea4f61d10b84890b]::rust_begin_unwind
[INFO] [stdout]    9:     0x5aad3bb629fb - core[a373ad73a504971]::panicking::panic_fmt
[INFO] [stdout]   10:     0x5aad3bb66851 - core[a373ad73a504971]::result::unwrap_failed
[INFO] [stdout]   11:     0x5aad3bb42f97 - <rsbkb[bb2289cf86fb6809]::hexapp::tests::test_hex_cli_stdin::{closure#0} as core[a373ad73a504971]::ops::function::FnOnce<()>>::call_once
[INFO] [stdout]   12:     0x5aad3bbd0a6b - test[aada8e7e76ba119b]::__rust_begin_short_backtrace::<core[a373ad73a504971]::result::Result<(), alloc[2e1b2a31b91974c5]::string::String>, fn() -> core[a373ad73a504971]::result::Result<(), alloc[2e1b2a31b91974c5]::string::String>>
[INFO] [stdout]   13:     0x5aad3bbcc500 - test[aada8e7e76ba119b]::run_test::{closure#0}
[INFO] [stdout]   14:     0x5aad3bbcbc2c - std[617be2ca0a6fd877]::sys::backtrace::__rust_begin_short_backtrace::<test[aada8e7e76ba119b]::run_test::{closure#1}, ()>
[INFO] [stdout]   15:     0x5aad3bbeb95c - <std[617be2ca0a6fd877]::thread::lifecycle::spawn_unchecked<test[aada8e7e76ba119b]::run_test::{closure#1}, ()>::{closure#1} as core[a373ad73a504971]::ops::function::FnOnce<()>>::call_once::{shim:vtable#0}
[INFO] [stdout]   16:     0x5aad3bbb3a14 - <std[617be2ca0a6fd877]::sys::thread::unix::Thread>::new::thread_start
[INFO] [stdout]   17:     0x7bfb57244dfa - <unknown>
[INFO] [stdout]   18:     0x7bfb572d83d4 - clone
[INFO] [stdout]   19:                0x0 - <unknown>
[INFO] [stdout] 
[INFO] [stdout] ---- sliceapp::tests::test_cli_stdin stdout ----
[INFO] [stdout] 
[INFO] [stdout] thread 'sliceapp::tests::test_cli_stdin' (1195) panicked at src/sliceapp.rs:378:14:
[INFO] [stdout] Could not run binary: CargoError { cause: Some(NotFoundError { path: "/opt/rustwide/target/release/build/rsbkb/6d718bdfe8a779e6/out/rsbkb" }) }
[INFO] [stdout] stack backtrace:
[INFO] [stdout]    0:     0x5aad3bb8c2d5 - <<std[617be2ca0a6fd877]::sys::backtrace::BacktraceLock>::print::DisplayBacktrace as core[a373ad73a504971]::fmt::Display>::fmt
[INFO] [stdout]    1:     0x5aad3bb62b6a - core[a373ad73a504971]::fmt::write
[INFO] [stdout]    2:     0x5aad3bb8b96b - <alloc[2e1b2a31b91974c5]::vec::Vec<u8> as core[a373ad73a504971]::io::write::Write>::write_fmt
[INFO] [stdout]    3:     0x5aad3bb8b44f - std[617be2ca0a6fd877]::panicking::default_hook::{closure#0}
[INFO] [stdout]    4:     0x5aad3bb8b07a - std[617be2ca0a6fd877]::panicking::default_hook
[INFO] [stdout]    5:     0x5aad3bb8abb5 - std[617be2ca0a6fd877]::panicking::panic_with_hook
[INFO] [stdout]    6:     0x5aad3bbb19e1 - std[617be2ca0a6fd877]::panicking::panic_handler::{closure#0}
[INFO] [stdout]    7:     0x5aad3bbb1999 - std[617be2ca0a6fd877]::sys::backtrace::__rust_end_short_backtrace::<std[617be2ca0a6fd877]::panicking::panic_handler::{closure#0}, !>
[INFO] [stdout]    8:     0x5aad3bbb1e9c - __rustc[ea4f61d10b84890b]::rust_begin_unwind
[INFO] [stdout]    9:     0x5aad3bb629fb - core[a373ad73a504971]::panicking::panic_fmt
[INFO] [stdout]   10:     0x5aad3bb66851 - core[a373ad73a504971]::result::unwrap_failed
[INFO] [stdout]   11:     0x5aad3bb50d9a - <rsbkb[bb2289cf86fb6809]::sliceapp::tests::test_cli_stdin::{closure#0} as core[a373ad73a504971]::ops::function::FnOnce<()>>::call_once
[INFO] [stdout]   12:     0x5aad3bbd0a6b - test[aada8e7e76ba119b]::__rust_begin_short_backtrace::<core[a373ad73a504971]::result::Result<(), alloc[2e1b2a31b91974c5]::string::String>, fn() -> core[a373ad73a504971]::result::Result<(), alloc[2e1b2a31b91974c5]::string::String>>
[INFO] [stdout]   13:     0x5aad3bbcc500 - test[aada8e7e76ba119b]::run_test::{closure#0}
[INFO] [stdout]   14:     0x5aad3bbcbc2c - std[617be2ca0a6fd877]::sys::backtrace::__rust_begin_short_backtrace::<test[aada8e7e76ba119b]::run_test::{closure#1}, ()>
[INFO] [stdout]   15:     0x5aad3bbeb95c - <std[617be2ca0a6fd877]::thread::lifecycle::spawn_unchecked<test[aada8e7e76ba119b]::run_test::{closure#1}, ()>::{closure#1} as core[a373ad73a504971]::ops::function::FnOnce<()>>::call_once::{shim:vtable#0}
[INFO] [stdout]   16:     0x5aad3bbb3a14 - <std[617be2ca0a6fd877]::sys::thread::unix::Thread>::new::thread_start
[INFO] [stdout]   17:     0x7bfb57244dfa - <unknown>
[INFO] [stdout]   18:     0x7bfb572d83d4 - clone
[INFO] [stdout]   19:                0x0 - <unknown>
[INFO] [stdout] 
[INFO] [stdout] ---- baseapp::tests::test_base_cli_stdin stdout ----
[INFO] [stdout] 
[INFO] [stdout] thread 'baseapp::tests::test_base_cli_stdin' (1162) panicked at src/baseapp.rs:130:14:
[INFO] [stdout] Could not run binary: CargoError { cause: Some(NotFoundError { path: "/opt/rustwide/target/release/build/rsbkb/6d718bdfe8a779e6/out/rsbkb" }) }
[INFO] [stdout] stack backtrace:
[INFO] [stdout]    0:     0x5aad3bb8c2d5 - <<std[617be2ca0a6fd877]::sys::backtrace::BacktraceLock>::print::DisplayBacktrace as core[a373ad73a504971]::fmt::Display>::fmt
[INFO] [stdout]    1:     0x5aad3bb62b6a - core[a373ad73a504971]::fmt::write
[INFO] [stdout]    2:     0x5aad3bb8b96b - <alloc[2e1b2a31b91974c5]::vec::Vec<u8> as core[a373ad73a504971]::io::write::Write>::write_fmt
[INFO] [stdout]    3:     0x5aad3bb8b44f - std[617be2ca0a6fd877]::panicking::default_hook::{closure#0}
[INFO] [stdout]    4:     0x5aad3bb8b07a - std[617be2ca0a6fd877]::panicking::default_hook
[INFO] [stdout]    5:     0x5aad3bb8abb5 - std[617be2ca0a6fd877]::panicking::panic_with_hook
[INFO] [stdout]    6:     0x5aad3bbb19e1 - std[617be2ca0a6fd877]::panicking::panic_handler::{closure#0}
[INFO] [stdout]    7:     0x5aad3bbb1999 - std[617be2ca0a6fd877]::sys::backtrace::__rust_end_short_backtrace::<std[617be2ca0a6fd877]::panicking::panic_handler::{closure#0}, !>
[INFO] [stdout]    8:     0x5aad3bbb1e9c - __rustc[ea4f61d10b84890b]::rust_begin_unwind
[INFO] [stdout]    9:     0x5aad3bb629fb - core[a373ad73a504971]::panicking::panic_fmt
[INFO] [stdout]   10:     0x5aad3bb66851 - core[a373ad73a504971]::result::unwrap_failed
[INFO] [stdout]   11:     0x5aad3bb48e51 - <rsbkb[bb2289cf86fb6809]::baseapp::tests::test_base_cli_stdin::{closure#0} as core[a373ad73a504971]::ops::function::FnOnce<()>>::call_once
[INFO] [stdout]   12:     0x5aad3bbd0a6b - test[aada8e7e76ba119b]::__rust_begin_short_backtrace::<core[a373ad73a504971]::result::Result<(), alloc[2e1b2a31b91974c5]::string::String>, fn() -> core[a373ad73a504971]::result::Result<(), alloc[2e1b2a31b91974c5]::string::String>>
[INFO] [stdout]   13:     0x5aad3bbcc500 - test[aada8e7e76ba119b]::run_test::{closure#0}
[INFO] [stdout]   14:     0x5aad3bbcbc2c - std[617be2ca0a6fd877]::sys::backtrace::__rust_begin_short_backtrace::<test[aada8e7e76ba119b]::run_test::{closure#1}, ()>
[INFO] [stdout]   15:     0x5aad3bbeb95c - <std[617be2ca0a6fd877]::thread::lifecycle::spawn_unchecked<test[aada8e7e76ba119b]::run_test::{closure#1}, ()>::{closure#1} as core[a373ad73a504971]::ops::function::FnOnce<()>>::call_once::{shim:vtable#0}
[INFO] [stdout]   16:     0x5aad3bbb3a14 - <std[617be2ca0a6fd877]::sys::thread::unix::Thread>::new::thread_start
[INFO] [stdout]   17:     0x7bfb57244dfa - <unknown>
[INFO] [stdout]   18:     0x7bfb572d83d4 - clone
[INFO] [stdout]   19:                0x0 - <unknown>
[INFO] [stdout] 
[INFO] [stdout] ---- sliceapp::tests::test_cli_file stdout ----
[INFO] [stdout] 
[INFO] [stdout] thread 'sliceapp::tests::test_cli_file' (1194) panicked at src/sliceapp.rs:322:14:
[INFO] [stdout] Could not run binary: CargoError { cause: Some(NotFoundError { path: "/opt/rustwide/target/release/build/rsbkb/6d718bdfe8a779e6/out/rsbkb" }) }
[INFO] [stdout] stack backtrace:
[INFO] [stdout]    0:     0x5aad3bb8c2d5 - <<std[617be2ca0a6fd877]::sys::backtrace::BacktraceLock>::print::DisplayBacktrace as core[a373ad73a504971]::fmt::Display>::fmt
[INFO] [stdout]    1:     0x5aad3bb62b6a - core[a373ad73a504971]::fmt::write
[INFO] [stdout]    2:     0x5aad3bb8b96b - <alloc[2e1b2a31b91974c5]::vec::Vec<u8> as core[a373ad73a504971]::io::write::Write>::write_fmt
[INFO] [stdout]    3:     0x5aad3bb8b44f - std[617be2ca0a6fd877]::panicking::default_hook::{closure#0}
[INFO] [stdout]    4:     0x5aad3bb8b07a - std[617be2ca0a6fd877]::panicking::default_hook
[INFO] [stdout]    5:     0x5aad3bb8abb5 - std[617be2ca0a6fd877]::panicking::panic_with_hook
[INFO] [stdout]    6:     0x5aad3bbb19e1 - std[617be2ca0a6fd877]::panicking::panic_handler::{closure#0}
[INFO] [stdout]    7:     0x5aad3bbb1999 - std[617be2ca0a6fd877]::sys::backtrace::__rust_end_short_backtrace::<std[617be2ca0a6fd877]::panicking::panic_handler::{closure#0}, !>
[INFO] [stdout]    8:     0x5aad3bbb1e9c - __rustc[ea4f61d10b84890b]::rust_begin_unwind
[INFO] [stdout]    9:     0x5aad3bb629fb - core[a373ad73a504971]::panicking::panic_fmt
[INFO] [stdout]   10:     0x5aad3bb66851 - core[a373ad73a504971]::result::unwrap_failed
[INFO] [stdout]   11:     0x5aad3bb4f298 - <rsbkb[bb2289cf86fb6809]::sliceapp::tests::test_cli_file::{closure#0} as core[a373ad73a504971]::ops::function::FnOnce<()>>::call_once
[INFO] [stdout]   12:     0x5aad3bbd0a6b - test[aada8e7e76ba119b]::__rust_begin_short_backtrace::<core[a373ad73a504971]::result::Result<(), alloc[2e1b2a31b91974c5]::string::String>, fn() -> core[a373ad73a504971]::result::Result<(), alloc[2e1b2a31b91974c5]::string::String>>
[INFO] [stdout]   13:     0x5aad3bbcc500 - test[aada8e7e76ba119b]::run_test::{closure#0}
[INFO] [stdout]   14:     0x5aad3bbcbc2c - std[617be2ca0a6fd877]::sys::backtrace::__rust_begin_short_backtrace::<test[aada8e7e76ba119b]::run_test::{closure#1}, ()>
[INFO] [stdout]   15:     0x5aad3bbeb95c - <std[617be2ca0a6fd877]::thread::lifecycle::spawn_unchecked<test[aada8e7e76ba119b]::run_test::{closure#1}, ()>::{closure#1} as core[a373ad73a504971]::ops::function::FnOnce<()>>::call_once::{shim:vtable#0}
[INFO] [stdout]   16:     0x5aad3bbb3a14 - <std[617be2ca0a6fd877]::sys::thread::unix::Thread>::new::thread_start
[INFO] [stdout]   17:     0x7bfb57244dfa - <unknown>
[INFO] [stdout]   18:     0x7bfb572d83d4 - clone
[INFO] [stdout]   19:                0x0 - <unknown>
[INFO] [stdout] 
[INFO] [stdout] ---- timeapp::tests::test_tsenc_cli_stdin stdout ----
[INFO] [stdout] 
[INFO] [stdout] thread 'timeapp::tests::test_tsenc_cli_stdin' (1204) panicked at src/timeapp.rs:320:14:
[INFO] [stdout] Could not run binary: CargoError { cause: Some(NotFoundError { path: "/opt/rustwide/target/release/build/rsbkb/6d718bdfe8a779e6/out/rsbkb" }) }
[INFO] [stdout] stack backtrace:
[INFO] [stdout]    0:     0x5aad3bb8c2d5 - <<std[617be2ca0a6fd877]::sys::backtrace::BacktraceLock>::print::DisplayBacktrace as core[a373ad73a504971]::fmt::Display>::fmt
[INFO] [stdout]    1:     0x5aad3bb62b6a - core[a373ad73a504971]::fmt::write
[INFO] [stdout]    2:     0x5aad3bb8b96b - <alloc[2e1b2a31b91974c5]::vec::Vec<u8> as core[a373ad73a504971]::io::write::Write>::write_fmt
[INFO] [stdout]    3:     0x5aad3bb8b44f - std[617be2ca0a6fd877]::panicking::default_hook::{closure#0}
[INFO] [stdout]    4:     0x5aad3bb8b07a - std[617be2ca0a6fd877]::panicking::default_hook
[INFO] [stdout]    5:     0x5aad3bb8abb5 - std[617be2ca0a6fd877]::panicking::panic_with_hook
[INFO] [stdout]    6:     0x5aad3bbb19e1 - std[617be2ca0a6fd877]::panicking::panic_handler::{closure#0}
[INFO] [stdout]    7:     0x5aad3bbb1999 - std[617be2ca0a6fd877]::sys::backtrace::__rust_end_short_backtrace::<std[617be2ca0a6fd877]::panicking::panic_handler::{closure#0}, !>
[INFO] [stdout]    8:     0x5aad3bbb1e9c - __rustc[ea4f61d10b84890b]::rust_begin_unwind
[INFO] [stdout]    9:     0x5aad3bb629fb - core[a373ad73a504971]::panicking::panic_fmt
[INFO] [stdout]   10:     0x5aad3bb66851 - core[a373ad73a504971]::result::unwrap_failed
[INFO] [stdout]   11:     0x5aad3bb4ae71 - <rsbkb[bb2289cf86fb6809]::timeapp::tests::test_tsenc_cli_stdin::{closure#0} as core[a373ad73a504971]::ops::function::FnOnce<()>>::call_once
[INFO] [stdout]   12:     0x5aad3bbd0a6b - test[aada8e7e76ba119b]::__rust_begin_short_backtrace::<core[a373ad73a504971]::result::Result<(), alloc[2e1b2a31b91974c5]::string::String>, fn() -> core[a373ad73a504971]::result::Result<(), alloc[2e1b2a31b91974c5]::string::String>>
[INFO] [stdout]   13:     0x5aad3bbcc500 - test[aada8e7e76ba119b]::run_test::{closure#0}
[INFO] [stdout]   14:     0x5aad3bbcbc2c - std[617be2ca0a6fd877]::sys::backtrace::__rust_begin_short_backtrace::<test[aada8e7e76ba119b]::run_test::{closure#1}, ()>
[INFO] [stdout]   15:     0x5aad3bbeb95c - <std[617be2ca0a6fd877]::thread::lifecycle::spawn_unchecked<test[aada8e7e76ba119b]::run_test::{closure#1}, ()>::{closure#1} as core[a373ad73a504971]::ops::function::FnOnce<()>>::call_once::{shim:vtable#0}
[INFO] [stdout]   16:     0x5aad3bbb3a14 - <std[617be2ca0a6fd877]::sys::thread::unix::Thread>::new::thread_start
[INFO] [stdout]   17:     0x7bfb57244dfa - <unknown>
[INFO] [stdout]   18:     0x7bfb572d83d4 - clone
[INFO] [stdout]   19:                0x0 - <unknown>
[INFO] [stdout] 
[INFO] [stdout] ---- escapeapp::tests::test_base_escape_stdin_no_detect stdout ----
[INFO] [stdout] 
[INFO] [stdout] thread 'escapeapp::tests::test_base_escape_stdin_no_detect' (1175) panicked at src/escapeapp.rs:304:14:
[INFO] [stdout] Could not run binary: CargoError { cause: Some(NotFoundError { path: "/opt/rustwide/target/release/build/rsbkb/6d718bdfe8a779e6/out/rsbkb" }) }
[INFO] [stdout] stack backtrace:
[INFO] [stdout]    0:     0x5aad3bb8c2d5 - <<std[617be2ca0a6fd877]::sys::backtrace::BacktraceLock>::print::DisplayBacktrace as core[a373ad73a504971]::fmt::Display>::fmt
[INFO] [stdout]    1:     0x5aad3bb62b6a - core[a373ad73a504971]::fmt::write
[INFO] [stdout]    2:     0x5aad3bb8b96b - <alloc[2e1b2a31b91974c5]::vec::Vec<u8> as core[a373ad73a504971]::io::write::Write>::write_fmt
[INFO] [stdout]    3:     0x5aad3bb8b44f - std[617be2ca0a6fd877]::panicking::default_hook::{closure#0}
[INFO] [stdout]    4:     0x5aad3bb8b07a - std[617be2ca0a6fd877]::panicking::default_hook
[INFO] [stdout]    5:     0x5aad3bb8abb5 - std[617be2ca0a6fd877]::panicking::panic_with_hook
[INFO] [stdout]    6:     0x5aad3bbb19e1 - std[617be2ca0a6fd877]::panicking::panic_handler::{closure#0}
[INFO] [stdout]    7:     0x5aad3bbb1999 - std[617be2ca0a6fd877]::sys::backtrace::__rust_end_short_backtrace::<std[617be2ca0a6fd877]::panicking::panic_handler::{closure#0}, !>
[INFO] [stdout]    8:     0x5aad3bbb1e9c - __rustc[ea4f61d10b84890b]::rust_begin_unwind
[INFO] [stdout]    9:     0x5aad3bb629fb - core[a373ad73a504971]::panicking::panic_fmt
[INFO] [stdout]   10:     0x5aad3bb66851 - core[a373ad73a504971]::result::unwrap_failed
[INFO] [stdout]   11:     0x5aad3bb531b0 - <rsbkb[bb2289cf86fb6809]::escapeapp::tests::test_base_escape_stdin_no_detect::{closure#0} as core[a373ad73a504971]::ops::function::FnOnce<()>>::call_once
[INFO] [stdout]   12:     0x5aad3bbd0a6b - test[aada8e7e76ba119b]::__rust_begin_short_backtrace::<core[a373ad73a504971]::result::Result<(), alloc[2e1b2a31b91974c5]::string::String>, fn() -> core[a373ad73a504971]::result::Result<(), alloc[2e1b2a31b91974c5]::string::String>>
[INFO] [stdout]   13:     0x5aad3bbcc500 - test[aada8e7e76ba119b]::run_test::{closure#0}
[INFO] [stdout]   14:     0x5aad3bbcbc2c - std[617be2ca0a6fd877]::sys::backtrace::__rust_begin_short_backtrace::<test[aada8e7e76ba119b]::run_test::{closure#1}, ()>
[INFO] [stdout]   15:     0x5aad3bbeb95c - <std[617be2ca0a6fd877]::thread::lifecycle::spawn_unchecked<test[aada8e7e76ba119b]::run_test::{closure#1}, ()>::{closure#1} as core[a373ad73a504971]::ops::function::FnOnce<()>>::call_once::{shim:vtable#0}
[INFO] [stdout]   16:     0x5aad3bbb3a14 - <std[617be2ca0a6fd877]::sys::thread::unix::Thread>::new::thread_start
[INFO] [stdout]   17:     0x7bfb57244dfa - <unknown>
[INFO] [stdout]   18:     0x7bfb572d83d4 - clone
[INFO] [stdout]   19:                0x0 - <unknown>
[INFO] [stdout] 
[INFO] [stdout] ---- hexapp::tests::test_unhex_cli_stdin_hexonly stdout ----
[INFO] [stdout] 
[INFO] [stdout] thread 'hexapp::tests::test_unhex_cli_stdin_hexonly' (1188) panicked at src/hexapp.rs:185:14:
[INFO] [stdout] Could not run binary: CargoError { cause: Some(NotFoundError { path: "/opt/rustwide/target/release/build/rsbkb/6d718bdfe8a779e6/out/rsbkb" }) }
[INFO] [stdout] stack backtrace:
[INFO] [stdout]    0:     0x5aad3bb8c2d5 - <<std[617be2ca0a6fd877]::sys::backtrace::BacktraceLock>::print::DisplayBacktrace as core[a373ad73a504971]::fmt::Display>::fmt
[INFO] [stdout]    1:     0x5aad3bb62b6a - core[a373ad73a504971]::fmt::write
[INFO] [stdout]    2:     0x5aad3bb8b96b - <alloc[2e1b2a31b91974c5]::vec::Vec<u8> as core[a373ad73a504971]::io::write::Write>::write_fmt
[INFO] [stdout]    3:     0x5aad3bb8b44f - std[617be2ca0a6fd877]::panicking::default_hook::{closure#0}
[INFO] [stdout]    4:     0x5aad3bb8b07a - std[617be2ca0a6fd877]::panicking::default_hook
[INFO] [stdout]    5:     0x5aad3bb8abb5 - std[617be2ca0a6fd877]::panicking::panic_with_hook
[INFO] [stdout]    6:     0x5aad3bbb19e1 - std[617be2ca0a6fd877]::panicking::panic_handler::{closure#0}
[INFO] [stdout]    7:     0x5aad3bbb1999 - std[617be2ca0a6fd877]::sys::backtrace::__rust_end_short_backtrace::<std[617be2ca0a6fd877]::panicking::panic_handler::{closure#0}, !>
[INFO] [stdout]    8:     0x5aad3bbb1e9c - __rustc[ea4f61d10b84890b]::rust_begin_unwind
[INFO] [stdout]    9:     0x5aad3bb629fb - core[a373ad73a504971]::panicking::panic_fmt
[INFO] [stdout]   10:     0x5aad3bb66851 - core[a373ad73a504971]::result::unwrap_failed
[INFO] [stdout]   11:     0x5aad3bb45038 - <rsbkb[bb2289cf86fb6809]::hexapp::tests::test_unhex_cli_stdin_hexonly::{closure#0} as core[a373ad73a504971]::ops::function::FnOnce<()>>::call_once
[INFO] [stdout]   12:     0x5aad3bbd0a6b - test[aada8e7e76ba119b]::__rust_begin_short_backtrace::<core[a373ad73a504971]::result::Result<(), alloc[2e1b2a31b91974c5]::string::String>, fn() -> core[a373ad73a504971]::result::Result<(), alloc[2e1b2a31b91974c5]::string::String>>
[INFO] [stdout]   13:     0x5aad3bbcc500 - test[aada8e7e76ba119b]::run_test::{closure#0}
[INFO] [stdout]   14:     0x5aad3bbcbc2c - std[617be2ca0a6fd877]::sys::backtrace::__rust_begin_short_backtrace::<test[aada8e7e76ba119b]::run_test::{closure#1}, ()>
[INFO] [stdout]   15:     0x5aad3bbeb95c - <std[617be2ca0a6fd877]::thread::lifecycle::spawn_unchecked<test[aada8e7e76ba119b]::run_test::{closure#1}, ()>::{closure#1} as core[a373ad73a504971]::ops::function::FnOnce<()>>::call_once::{shim:vtable#0}
[INFO] [stdout]   16:     0x5aad3bbb3a14 - <std[617be2ca0a6fd877]::sys::thread::unix::Thread>::new::thread_start
[INFO] [stdout]   17:     0x7bfb57244dfa - <unknown>
[INFO] [stdout]   18:     0x7bfb572d83d4 - clone
[INFO] [stdout]   19:                0x0 - <unknown>
[INFO] [stdout] 
[INFO] [stdout] ---- hexapp::tests::test_unhex_cli_stdin_strict stdout ----
[INFO] [stdout] 
[INFO] [stdout] thread 'hexapp::tests::test_unhex_cli_stdin_strict' (1189) panicked at src/hexapp.rs:196:14:
[INFO] [stdout] Could not run binary: CargoError { cause: Some(NotFoundError { path: "/opt/rustwide/target/release/build/rsbkb/6d718bdfe8a779e6/out/rsbkb" }) }
[INFO] [stdout] stack backtrace:
[INFO] [stdout]    0:     0x5aad3bb8c2d5 - <<std[617be2ca0a6fd877]::sys::backtrace::BacktraceLock>::print::DisplayBacktrace as core[a373ad73a504971]::fmt::Display>::fmt
[INFO] [stdout]    1:     0x5aad3bb62b6a - core[a373ad73a504971]::fmt::write
[INFO] [stdout]    2:     0x5aad3bb8b96b - <alloc[2e1b2a31b91974c5]::vec::Vec<u8> as core[a373ad73a504971]::io::write::Write>::write_fmt
[INFO] [stdout]    3:     0x5aad3bb8b44f - std[617be2ca0a6fd877]::panicking::default_hook::{closure#0}
[INFO] [stdout]    4:     0x5aad3bb8b07a - std[617be2ca0a6fd877]::panicking::default_hook
[INFO] [stdout]    5:     0x5aad3bb8abb5 - std[617be2ca0a6fd877]::panicking::panic_with_hook
[INFO] [stdout]    6:     0x5aad3bbb19e1 - std[617be2ca0a6fd877]::panicking::panic_handler::{closure#0}
[INFO] [stdout]    7:     0x5aad3bbb1999 - std[617be2ca0a6fd877]::sys::backtrace::__rust_end_short_backtrace::<std[617be2ca0a6fd877]::panicking::panic_handler::{closure#0}, !>
[INFO] [stdout]    8:     0x5aad3bbb1e9c - __rustc[ea4f61d10b84890b]::rust_begin_unwind
[INFO] [stdout]    9:     0x5aad3bb629fb - core[a373ad73a504971]::panicking::panic_fmt
[INFO] [stdout]   10:     0x5aad3bb66851 - core[a373ad73a504971]::result::unwrap_failed
[INFO] [stdout]   11:     0x5aad3bb448ed - <rsbkb[bb2289cf86fb6809]::hexapp::tests::test_unhex_cli_stdin_strict::{closure#0} as core[a373ad73a504971]::ops::function::FnOnce<()>>::call_once
[INFO] [stdout]   12:     0x5aad3bbd0a6b - test[aada8e7e76ba119b]::__rust_begin_short_backtrace::<core[a373ad73a504971]::result::Result<(), alloc[2e1b2a31b91974c5]::string::String>, fn() -> core[a373ad73a504971]::result::Result<(), alloc[2e1b2a31b91974c5]::string::String>>
[INFO] [stdout]   13:     0x5aad3bbcc500 - test[aada8e7e76ba119b]::run_test::{closure#0}
[INFO] [stdout]   14:     0x5aad3bbcbc2c - std[617be2ca0a6fd877]::sys::backtrace::__rust_begin_short_backtrace::<test[aada8e7e76ba119b]::run_test::{closure#1}, ()>
[INFO] [stdout]   15:     0x5aad3bbeb95c - <std[617be2ca0a6fd877]::thread::lifecycle::spawn_unchecked<test[aada8e7e76ba119b]::run_test::{closure#1}, ()>::{closure#1} as core[a373ad73a504971]::ops::function::FnOnce<()>>::call_once::{shim:vtable#0}
[INFO] [stdout]   16:     0x5aad3bbb3a14 - <std[617be2ca0a6fd877]::sys::thread::unix::Thread>::new::thread_start
[INFO] [stdout]   17:     0x7bfb57244dfa - <unknown>
[INFO] [stdout]   18:     0x7bfb572d83d4 - clone
[INFO] [stdout]   19:                0x0 - <unknown>
[INFO] [stdout] 
[INFO] [stdout] ---- urlapp::tests::test_urlenc_cli_arg stdout ----
[INFO] [stdout] 
[INFO] [stdout] thread 'urlapp::tests::test_urlenc_cli_arg' (1207) panicked at src/urlapp.rs:161:14:
[INFO] [stdout] Could not run binary: CargoError { cause: Some(NotFoundError { path: "/opt/rustwide/target/release/build/rsbkb/6d718bdfe8a779e6/out/rsbkb" }) }
[INFO] [stdout] stack backtrace:
[INFO] [stdout]    0:     0x5aad3bb8c2d5 - <<std[617be2ca0a6fd877]::sys::backtrace::BacktraceLock>::print::DisplayBacktrace as core[a373ad73a504971]::fmt::Display>::fmt
[INFO] [stdout]    1:     0x5aad3bb62b6a - core[a373ad73a504971]::fmt::write
[INFO] [stdout]    2:     0x5aad3bb8b96b - <alloc[2e1b2a31b91974c5]::vec::Vec<u8> as core[a373ad73a504971]::io::write::Write>::write_fmt
[INFO] [stdout]    3:     0x5aad3bb8b44f - std[617be2ca0a6fd877]::panicking::default_hook::{closure#0}
[INFO] [stdout]    4:     0x5aad3bb8b07a - std[617be2ca0a6fd877]::panicking::default_hook
[INFO] [stdout]    5:     0x5aad3bb8abb5 - std[617be2ca0a6fd877]::panicking::panic_with_hook
[INFO] [stdout]    6:     0x5aad3bbb19e1 - std[617be2ca0a6fd877]::panicking::panic_handler::{closure#0}
[INFO] [stdout]    7:     0x5aad3bbb1999 - std[617be2ca0a6fd877]::sys::backtrace::__rust_end_short_backtrace::<std[617be2ca0a6fd877]::panicking::panic_handler::{closure#0}, !>
[INFO] [stdout]    8:     0x5aad3bbb1e9c - __rustc[ea4f61d10b84890b]::rust_begin_unwind
[INFO] [stdout]    9:     0x5aad3bb629fb - core[a373ad73a504971]::panicking::panic_fmt
[INFO] [stdout]   10:     0x5aad3bb66851 - core[a373ad73a504971]::result::unwrap_failed
[INFO] [stdout]   11:     0x5aad3bb46684 - <rsbkb[bb2289cf86fb6809]::urlapp::tests::test_urlenc_cli_arg::{closure#0} as core[a373ad73a504971]::ops::function::FnOnce<()>>::call_once
[INFO] [stdout]   12:     0x5aad3bbd0a6b - test[aada8e7e76ba119b]::__rust_begin_short_backtrace::<core[a373ad73a504971]::result::Result<(), alloc[2e1b2a31b91974c5]::string::String>, fn() -> core[a373ad73a504971]::result::Result<(), alloc[2e1b2a31b91974c5]::string::String>>
[INFO] [stdout]   13:     0x5aad3bbcc500 - test[aada8e7e76ba119b]::run_test::{closure#0}
[INFO] [stdout]   14:     0x5aad3bbcbc2c - std[617be2ca0a6fd877]::sys::backtrace::__rust_begin_short_backtrace::<test[aada8e7e76ba119b]::run_test::{closure#1}, ()>
[INFO] [stdout]   15:     0x5aad3bbeb95c - <std[617be2ca0a6fd877]::thread::lifecycle::spawn_unchecked<test[aada8e7e76ba119b]::run_test::{closure#1}, ()>::{closure#1} as core[a373ad73a504971]::ops::function::FnOnce<()>>::call_once::{shim:vtable#0}
[INFO] [stdout]   16:     0x5aad3bbb3a14 - <std[617be2ca0a6fd877]::sys::thread::unix::Thread>::new::thread_start
[INFO] [stdout]   17:     0x7bfb57244dfa - <unknown>
[INFO] [stdout]   18:     0x7bfb572d83d4 - clone
[INFO] [stdout]   19:                0x0 - <unknown>
[INFO] [stdout] 
[INFO] [stdout] ---- xorapp::tests::test_key_file_cli_stdin stdout ----
[INFO] [stdout] 
[INFO] [stdout] thread 'xorapp::tests::test_key_file_cli_stdin' (1213) panicked at src/xorapp.rs:78:14:
[INFO] [stdout] Could not run binary: CargoError { cause: Some(NotFoundError { path: "/opt/rustwide/target/release/build/rsbkb/6d718bdfe8a779e6/out/rsbkb" }) }
[INFO] [stdout] stack backtrace:
[INFO] [stdout]    0:     0x5aad3bb8c2d5 - <<std[617be2ca0a6fd877]::sys::backtrace::BacktraceLock>::print::DisplayBacktrace as core[a373ad73a504971]::fmt::Display>::fmt
[INFO] [stdout]    1:     0x5aad3bb62b6a - core[a373ad73a504971]::fmt::write
[INFO] [stdout]    2:     0x5aad3bb8b96b - <alloc[2e1b2a31b91974c5]::vec::Vec<u8> as core[a373ad73a504971]::io::write::Write>::write_fmt
[INFO] [stdout]    3:     0x5aad3bb8b44f - std[617be2ca0a6fd877]::panicking::default_hook::{closure#0}
[INFO] [stdout]    4:     0x5aad3bb8b07a - std[617be2ca0a6fd877]::panicking::default_hook
[INFO] [stdout]    5:     0x5aad3bb8abb5 - std[617be2ca0a6fd877]::panicking::panic_with_hook
[INFO] [stdout]    6:     0x5aad3bbb19e1 - std[617be2ca0a6fd877]::panicking::panic_handler::{closure#0}
[INFO] [stdout]    7:     0x5aad3bbb1999 - std[617be2ca0a6fd877]::sys::backtrace::__rust_end_short_backtrace::<std[617be2ca0a6fd877]::panicking::panic_handler::{closure#0}, !>
[INFO] [stdout]    8:     0x5aad3bbb1e9c - __rustc[ea4f61d10b84890b]::rust_begin_unwind
[INFO] [stdout]    9:     0x5aad3bb629fb - core[a373ad73a504971]::panicking::panic_fmt
[INFO] [stdout]   10:     0x5aad3bb66851 - core[a373ad73a504971]::result::unwrap_failed
[INFO] [stdout]   11:     0x5aad3bb483f3 - <rsbkb[bb2289cf86fb6809]::xorapp::tests::test_key_file_cli_stdin::{closure#0} as core[a373ad73a504971]::ops::function::FnOnce<()>>::call_once
[INFO] [stdout]   12:     0x5aad3bbd0a6b - test[aada8e7e76ba119b]::__rust_begin_short_backtrace::<core[a373ad73a504971]::result::Result<(), alloc[2e1b2a31b91974c5]::string::String>, fn() -> core[a373ad73a504971]::result::Result<(), alloc[2e1b2a31b91974c5]::string::String>>
[INFO] [stdout]   13:     0x5aad3bbcc500 - test[aada8e7e76ba119b]::run_test::{closure#0}
[INFO] [stdout]   14:     0x5aad3bbcbc2c - std[617be2ca0a6fd877]::sys::backtrace::__rust_begin_short_backtrace::<test[aada8e7e76ba119b]::run_test::{closure#1}, ()>
[INFO] [stdout]   15:     0x5aad3bbeb95c - <std[617be2ca0a6fd877]::thread::lifecycle::spawn_unchecked<test[aada8e7e76ba119b]::run_test::{closure#1}, ()>::{closure#1} as core[a373ad73a504971]::ops::function::FnOnce<()>>::call_once::{shim:vtable#0}
[INFO] [stdout]   16:     0x5aad3bbb3a14 - <std[617be2ca0a6fd877]::sys::thread::unix::Thread>::new::thread_start
[INFO] [stdout]   17:     0x7bfb57244dfa - <unknown>
[INFO] [stdout]   18:     0x7bfb572d83d4 - clone
[INFO] [stdout]   19:                0x0 - <unknown>
[INFO] [stdout] 
[INFO] [stdout] ---- urlapp::tests::test_urlenc_cli_arg_exclude stdout ----
[INFO] [stdout] 
[INFO] [stdout] thread 'urlapp::tests::test_urlenc_cli_arg_exclude' (1209) panicked at src/urlapp.rs:171:14:
[INFO] [stdout] Could not run binary: CargoError { cause: Some(NotFoundError { path: "/opt/rustwide/target/release/build/rsbkb/6d718bdfe8a779e6/out/rsbkb" }) }
[INFO] [stdout] stack backtrace:
[INFO] [stdout]    0:     0x5aad3bb8c2d5 - <<std[617be2ca0a6fd877]::sys::backtrace::BacktraceLock>::print::DisplayBacktrace as core[a373ad73a504971]::fmt::Display>::fmt
[INFO] [stdout]    1:     0x5aad3bb62b6a - core[a373ad73a504971]::fmt::write
[INFO] [stdout]    2:     0x5aad3bb8b96b - <alloc[2e1b2a31b91974c5]::vec::Vec<u8> as core[a373ad73a504971]::io::write::Write>::write_fmt
[INFO] [stdout]    3:     0x5aad3bb8b44f - std[617be2ca0a6fd877]::panicking::default_hook::{closure#0}
[INFO] [stdout]    4:     0x5aad3bb8b07a - std[617be2ca0a6fd877]::panicking::default_hook
[INFO] [stdout]    5:     0x5aad3bb8abb5 - std[617be2ca0a6fd877]::panicking::panic_with_hook
[INFO] [stdout]    6:     0x5aad3bbb19e1 - std[617be2ca0a6fd877]::panicking::panic_handler::{closure#0}
[INFO] [stdout]    7:     0x5aad3bbb1999 - std[617be2ca0a6fd877]::sys::backtrace::__rust_end_short_backtrace::<std[617be2ca0a6fd877]::panicking::panic_handler::{closure#0}, !>
[INFO] [stdout]    8:     0x5aad3bbb1e9c - __rustc[ea4f61d10b84890b]::rust_begin_unwind
[INFO] [stdout]    9:     0x5aad3bb629fb - core[a373ad73a504971]::panicking::panic_fmt
[INFO] [stdout]   10:     0x5aad3bb66851 - core[a373ad73a504971]::result::unwrap_failed
[INFO] [stdout]   11:     0x5aad3bb46db6 - <rsbkb[bb2289cf86fb6809]::urlapp::tests::test_urlenc_cli_arg_exclude::{closure#0} as core[a373ad73a504971]::ops::function::FnOnce<()>>::call_once
[INFO] [stdout]   12:     0x5aad3bbd0a6b - test[aada8e7e76ba119b]::__rust_begin_short_backtrace::<core[a373ad73a504971]::result::Result<(), alloc[2e1b2a31b91974c5]::string::String>, fn() -> core[a373ad73a504971]::result::Result<(), alloc[2e1b2a31b91974c5]::string::String>>
[INFO] [stdout]   13:     0x5aad3bbcc500 - test[aada8e7e76ba119b]::run_test::{closure#0}
[INFO] [stdout]   14:     0x5aad3bbcbc2c - std[617be2ca0a6fd877]::sys::backtrace::__rust_begin_short_backtrace::<test[aada8e7e76ba119b]::run_test::{closure#1}, ()>
[INFO] [stdout]   15:     0x5aad3bbeb95c - <std[617be2ca0a6fd877]::thread::lifecycle::spawn_unchecked<test[aada8e7e76ba119b]::run_test::{closure#1}, ()>::{closure#1} as core[a373ad73a504971]::ops::function::FnOnce<()>>::call_once::{shim:vtable#0}
[INFO] [stdout]   16:     0x5aad3bbb3a14 - <std[617be2ca0a6fd877]::sys::thread::unix::Thread>::new::thread_start
[INFO] [stdout]   17:     0x7bfb57244dfa - <unknown>
[INFO] [stdout]   18:     0x7bfb572d83d4 - clone
[INFO] [stdout]   19:                0x0 - <unknown>
[INFO] [stdout] 
[INFO] [stdout] ---- xorapp::tests::test_hex_key_cli stdout ----
[INFO] [stdout] 
[INFO] [stdout] thread 'xorapp::tests::test_hex_key_cli' (1212) panicked at src/xorapp.rs:59:14:
[INFO] [stdout] Could not run binary: CargoError { cause: Some(NotFoundError { path: "/opt/rustwide/target/release/build/rsbkb/6d718bdfe8a779e6/out/rsbkb" }) }
[INFO] [stdout] stack backtrace:
[INFO] [stdout]    0:     0x5aad3bb8c2d5 - <<std[617be2ca0a6fd877]::sys::backtrace::BacktraceLock>::print::DisplayBacktrace as core[a373ad73a504971]::fmt::Display>::fmt
[INFO] [stdout]    1:     0x5aad3bb62b6a - core[a373ad73a504971]::fmt::write
[INFO] [stdout]    2:     0x5aad3bb8b96b - <alloc[2e1b2a31b91974c5]::vec::Vec<u8> as core[a373ad73a504971]::io::write::Write>::write_fmt
[INFO] [stdout]    3:     0x5aad3bb8b44f - std[617be2ca0a6fd877]::panicking::default_hook::{closure#0}
[INFO] [stdout]    4:     0x5aad3bb8b07a - std[617be2ca0a6fd877]::panicking::default_hook
[INFO] [stdout]    5:     0x5aad3bb8abb5 - std[617be2ca0a6fd877]::panicking::panic_with_hook
[INFO] [stdout]    6:     0x5aad3bbb19e1 - std[617be2ca0a6fd877]::panicking::panic_handler::{closure#0}
[INFO] [stdout]    7:     0x5aad3bbb1999 - std[617be2ca0a6fd877]::sys::backtrace::__rust_end_short_backtrace::<std[617be2ca0a6fd877]::panicking::panic_handler::{closure#0}, !>
[INFO] [stdout]    8:     0x5aad3bbb1e9c - __rustc[ea4f61d10b84890b]::rust_begin_unwind
[INFO] [stdout]    9:     0x5aad3bb629fb - core[a373ad73a504971]::panicking::panic_fmt
[INFO] [stdout]   10:     0x5aad3bb66851 - core[a373ad73a504971]::result::unwrap_failed
[INFO] [stdout]   11:     0x5aad3bb4788a - <rsbkb[bb2289cf86fb6809]::xorapp::tests::test_hex_key_cli::{closure#0} as core[a373ad73a504971]::ops::function::FnOnce<()>>::call_once
[INFO] [stdout]   12:     0x5aad3bbd0a6b - test[aada8e7e76ba119b]::__rust_begin_short_backtrace::<core[a373ad73a504971]::result::Result<(), alloc[2e1b2a31b91974c5]::string::String>, fn() -> core[a373ad73a504971]::result::Result<(), alloc[2e1b2a31b91974c5]::string::String>>
[INFO] [stdout]   13:     0x5aad3bbcc500 - test[aada8e7e76ba119b]::run_test::{closure#0}
[INFO] [stdout]   14:     0x5aad3bbcbc2c - std[617be2ca0a6fd877]::sys::backtrace::__rust_begin_short_backtrace::<test[aada8e7e76ba119b]::run_test::{closure#1}, ()>
[INFO] [stdout]   15:     0x5aad3bbeb95c - <std[617be2ca0a6fd877]::thread::lifecycle::spawn_unchecked<test[aada8e7e76ba119b]::run_test::{closure#1}, ()>::{closure#1} as core[a373ad73a504971]::ops::function::FnOnce<()>>::call_once::{shim:vtable#0}
[INFO] [stdout]   16:     0x5aad3bbb3a14 - <std[617be2ca0a6fd877]::sys::thread::unix::Thread>::new::thread_start
[INFO] [stdout]   17:     0x7bfb57244dfa - <unknown>
[INFO] [stdout]   18:     0x7bfb572d83d4 - clone
[INFO] [stdout]   19:                0x0 - <unknown>
[INFO] [stdout] 
[INFO] [stdout] ---- timeapp::tests::test_tsdec_verbose_cli_stdin stdout ----
[INFO] [stdout] 
[INFO] [stdout] thread 'timeapp::tests::test_tsdec_verbose_cli_stdin' (1202) panicked at src/timeapp.rs:267:14:
[INFO] [stdout] Could not run binary: CargoError { cause: Some(NotFoundError { path: "/opt/rustwide/target/release/build/rsbkb/6d718bdfe8a779e6/out/rsbkb" }) }
[INFO] [stdout] stack backtrace:
[INFO] [stdout]    0:     0x5aad3bb8c2d5 - <<std[617be2ca0a6fd877]::sys::backtrace::BacktraceLock>::print::DisplayBacktrace as core[a373ad73a504971]::fmt::Display>::fmt
[INFO] [stdout]    1:     0x5aad3bb62b6a - core[a373ad73a504971]::fmt::write
[INFO] [stdout]    2:     0x5aad3bb8b96b - <alloc[2e1b2a31b91974c5]::vec::Vec<u8> as core[a373ad73a504971]::io::write::Write>::write_fmt
[INFO] [stdout]    3:     0x5aad3bb8b44f - std[617be2ca0a6fd877]::panicking::default_hook::{closure#0}
[INFO] [stdout]    4:     0x5aad3bb8b07a - std[617be2ca0a6fd877]::panicking::default_hook
[INFO] [stdout]    5:     0x5aad3bb8abb5 - std[617be2ca0a6fd877]::panicking::panic_with_hook
[INFO] [stdout]    6:     0x5aad3bbb19e1 - std[617be2ca0a6fd877]::panicking::panic_handler::{closure#0}
[INFO] [stdout]    7:     0x5aad3bbb1999 - std[617be2ca0a6fd877]::sys::backtrace::__rust_end_short_backtrace::<std[617be2ca0a6fd877]::panicking::panic_handler::{closure#0}, !>
[INFO] [stdout]    8:     0x5aad3bbb1e9c - __rustc[ea4f61d10b84890b]::rust_begin_unwind
[INFO] [stdout]    9:     0x5aad3bb629fb - core[a373ad73a504971]::panicking::panic_fmt
[INFO] [stdout]   10:     0x5aad3bb66851 - core[a373ad73a504971]::result::unwrap_failed
[INFO] [stdout]   11:     0x5aad3bb4b7d4 - <rsbkb[bb2289cf86fb6809]::timeapp::tests::test_tsdec_verbose_cli_stdin::{closure#0} as core[a373ad73a504971]::ops::function::FnOnce<()>>::call_once
[INFO] [stdout]   12:     0x5aad3bbd0a6b - test[aada8e7e76ba119b]::__rust_begin_short_backtrace::<core[a373ad73a504971]::result::Result<(), alloc[2e1b2a31b91974c5]::string::String>, fn() -> core[a373ad73a504971]::result::Result<(), alloc[2e1b2a31b91974c5]::string::String>>
[INFO] [stdout]   13:     0x5aad3bbcc500 - test[aada8e7e76ba119b]::run_test::{closure#0}
[INFO] [stdout]   14:     0x5aad3bbcbc2c - std[617be2ca0a6fd877]::sys::backtrace::__rust_begin_short_backtrace::<test[aada8e7e76ba119b]::run_test::{closure#1}, ()>
[INFO] [stdout]   15:     0x5aad3bbeb95c - <std[617be2ca0a6fd877]::thread::lifecycle::spawn_unchecked<test[aada8e7e76ba119b]::run_test::{closure#1}, ()>::{closure#1} as core[a373ad73a504971]::ops::function::FnOnce<()>>::call_once::{shim:vtable#0}
[INFO] [stdout]   16:     0x5aad3bbb3a14 - <std[617be2ca0a6fd877]::sys::thread::unix::Thread>::new::thread_start
[INFO] [stdout]   17:     0x7bfb57244dfa - <unknown>
[INFO] [stdout]   18:     0x7bfb572d83d4 - clone
[INFO] [stdout]   19:                0x0 - <unknown>
[INFO] [stdout] 
[INFO] [stdout] ---- urlapp::tests::test_urlenc_cli_arg_custom stdout ----
[INFO] [stdout] 
[INFO] [stdout] thread 'urlapp::tests::test_urlenc_cli_arg_custom' (1208) panicked at src/urlapp.rs:181:14:
[INFO] [stdout] Could not run binary: CargoError { cause: Some(NotFoundError { path: "/opt/rustwide/target/release/build/rsbkb/6d718bdfe8a779e6/out/rsbkb" }) }
[INFO] [stdout] stack backtrace:
[INFO] [stdout]    0:     0x5aad3bb8c2d5 - <<std[617be2ca0a6fd877]::sys::backtrace::BacktraceLock>::print::DisplayBacktrace as core[a373ad73a504971]::fmt::Display>::fmt
[INFO] [stdout]    1:     0x5aad3bb62b6a - core[a373ad73a504971]::fmt::write
[INFO] [stdout]    2:     0x5aad3bb8b96b - <alloc[2e1b2a31b91974c5]::vec::Vec<u8> as core[a373ad73a504971]::io::write::Write>::write_fmt
[INFO] [stdout]    3:     0x5aad3bb8b44f - std[617be2ca0a6fd877]::panicking::default_hook::{closure#0}
[INFO] [stdout]    4:     0x5aad3bb8b07a - std[617be2ca0a6fd877]::panicking::default_hook
[INFO] [stdout]    5:     0x5aad3bb8abb5 - std[617be2ca0a6fd877]::panicking::panic_with_hook
[INFO] [stdout]    6:     0x5aad3bbb19e1 - std[617be2ca0a6fd877]::panicking::panic_handler::{closure#0}
[INFO] [stdout]    7:     0x5aad3bbb1999 - std[617be2ca0a6fd877]::sys::backtrace::__rust_end_short_backtrace::<std[617be2ca0a6fd877]::panicking::panic_handler::{closure#0}, !>
[INFO] [stdout]    8:     0x5aad3bbb1e9c - __rustc[ea4f61d10b84890b]::rust_begin_unwind
[INFO] [stdout]    9:     0x5aad3bb629fb - core[a373ad73a504971]::panicking::panic_fmt
[INFO] [stdout]   10:     0x5aad3bb66851 - core[a373ad73a504971]::result::unwrap_failed
[INFO] [stdout]   11:     0x5aad3bb46a38 - <rsbkb[bb2289cf86fb6809]::urlapp::tests::test_urlenc_cli_arg_custom::{closure#0} as core[a373ad73a504971]::ops::function::FnOnce<()>>::call_once
[INFO] [stdout]   12:     0x5aad3bbd0a6b - test[aada8e7e76ba119b]::__rust_begin_short_backtrace::<core[a373ad73a504971]::result::Result<(), alloc[2e1b2a31b91974c5]::string::String>, fn() -> core[a373ad73a504971]::result::Result<(), alloc[2e1b2a31b91974c5]::string::String>>
[INFO] [stdout]   13:     0x5aad3bbcc500 - test[aada8e7e76ba119b]::run_test::{closure#0}
[INFO] [stdout]   14:     0x5aad3bbcbc2c - std[617be2ca0a6fd877]::sys::backtrace::__rust_begin_short_backtrace::<test[aada8e7e76ba119b]::run_test::{closure#1}, ()>
[INFO] [stdout]   15:     0x5aad3bbeb95c - <std[617be2ca0a6fd877]::thread::lifecycle::spawn_unchecked<test[aada8e7e76ba119b]::run_test::{closure#1}, ()>::{closure#1} as core[a373ad73a504971]::ops::function::FnOnce<()>>::call_once::{shim:vtable#0}
[INFO] [stdout]   16:     0x5aad3bbb3a14 - <std[617be2ca0a6fd877]::sys::thread::unix::Thread>::new::thread_start
[INFO] [stdout]   17:     0x7bfb57244dfa - <unknown>
[INFO] [stdout]   18:     0x7bfb572d83d4 - clone
[INFO] [stdout]   19:                0x0 - <unknown>
[INFO] [stdout] 
[INFO] [stdout] ---- urlapp::tests::test_urlenc_stdin stdout ----
[INFO] [stdout] 
[INFO] [stdout] thread 'urlapp::tests::test_urlenc_stdin' (1210) panicked at src/urlapp.rs:191:14:
[INFO] [stdout] Could not run binary: CargoError { cause: Some(NotFoundError { path: "/opt/rustwide/target/release/build/rsbkb/6d718bdfe8a779e6/out/rsbkb" }) }
[INFO] [stdout] stack backtrace:
[INFO] [stdout]    0:     0x5aad3bb8c2d5 - <<std[617be2ca0a6fd877]::sys::backtrace::BacktraceLock>::print::DisplayBacktrace as core[a373ad73a504971]::fmt::Display>::fmt
[INFO] [stdout]    1:     0x5aad3bb62b6a - core[a373ad73a504971]::fmt::write
[INFO] [stdout]    2:     0x5aad3bb8b96b - <alloc[2e1b2a31b91974c5]::vec::Vec<u8> as core[a373ad73a504971]::io::write::Write>::write_fmt
[INFO] [stdout]    3:     0x5aad3bb8b44f - std[617be2ca0a6fd877]::panicking::default_hook::{closure#0}
[INFO] [stdout]    4:     0x5aad3bb8b07a - std[617be2ca0a6fd877]::panicking::default_hook
[INFO] [stdout]    5:     0x5aad3bb8abb5 - std[617be2ca0a6fd877]::panicking::panic_with_hook
[INFO] [stdout]    6:     0x5aad3bbb19e1 - std[617be2ca0a6fd877]::panicking::panic_handler::{closure#0}
[INFO] [stdout]    7:     0x5aad3bbb1999 - std[617be2ca0a6fd877]::sys::backtrace::__rust_end_short_backtrace::<std[617be2ca0a6fd877]::panicking::panic_handler::{closure#0}, !>
[INFO] [stdout]    8:     0x5aad3bbb1e9c - __rustc[ea4f61d10b84890b]::rust_begin_unwind
[INFO] [stdout]    9:     0x5aad3bb629fb - core[a373ad73a504971]::panicking::panic_fmt
[INFO] [stdout]   10:     0x5aad3bb66851 - core[a373ad73a504971]::result::unwrap_failed
[INFO] [stdout]   11:     0x5aad3bb46327 - <rsbkb[bb2289cf86fb6809]::urlapp::tests::test_urlenc_stdin::{closure#0} as core[a373ad73a504971]::ops::function::FnOnce<()>>::call_once
[INFO] [stdout]   12:     0x5aad3bbd0a6b - test[aada8e7e76ba119b]::__rust_begin_short_backtrace::<core[a373ad73a504971]::result::Result<(), alloc[2e1b2a31b91974c5]::string::String>, fn() -> core[a373ad73a504971]::result::Result<(), alloc[2e1b2a31b91974c5]::string::String>>
[INFO] [stdout]   13:     0x5aad3bbcc500 - test[aada8e7e76ba119b]::run_test::{closure#0}
[INFO] [stdout]   14:     0x5aad3bbcbc2c - std[617be2ca0a6fd877]::sys::backtrace::__rust_begin_short_backtrace::<test[aada8e7e76ba119b]::run_test::{closure#1}, ()>
[INFO] [stdout]   15:     0x5aad3bbeb95c - <std[617be2ca0a6fd877]::thread::lifecycle::spawn_unchecked<test[aada8e7e76ba119b]::run_test::{closure#1}, ()>::{closure#1} as core[a373ad73a504971]::ops::function::FnOnce<()>>::call_once::{shim:vtable#0}
[INFO] [stdout]   16:     0x5aad3bbb3a14 - <std[617be2ca0a6fd877]::sys::thread::unix::Thread>::new::thread_start
[INFO] [stdout]   17:     0x7bfb57244dfa - <unknown>
[INFO] [stdout]   18:     0x7bfb572d83d4 - clone
[INFO] [stdout]   19:                0x0 - <unknown>
[INFO] [stdout] 
[INFO] [stdout] 
[INFO] [stdout] failures:
[INFO] [stdout]     baseapp::tests::test_base_cli_arg
[INFO] [stdout]     baseapp::tests::test_base_cli_arg_from_to
[INFO] [stdout]     baseapp::tests::test_base_cli_arg_to
[INFO] [stdout]     baseapp::tests::test_base_cli_no_radix
[INFO] [stdout]     baseapp::tests::test_base_cli_stdin
[INFO] [stdout]     bgrepapp::tests::test_cli
[INFO] [stdout]     bgrepapp::tests::test_cli_multiple
[INFO] [stdout]     bgrepapp::tests::test_recursive
[INFO] [stdout]     escapeapp::tests::test_base_escape_arg_auto
[INFO] [stdout]     escapeapp::tests::test_base_escape_stdin_auto
[INFO] [stdout]     escapeapp::tests::test_base_escape_stdin_auto_multiline
[INFO] [stdout]     escapeapp::tests::test_base_escape_stdin_bash
[INFO] [stdout]     escapeapp::tests::test_base_escape_stdin_bash_single
[INFO] [stdout]     escapeapp::tests::test_base_escape_stdin_no_detect
[INFO] [stdout]     escapeapp::tests::test_base_escape_stdin_posix_shell
[INFO] [stdout]     escapeapp::tests::test_base_escape_stdin_single
[INFO] [stdout]     escapeapp::tests::test_base_escape_stdin_single_noquote
[INFO] [stdout]     hexapp::tests::test_hex_cli_arg
[INFO] [stdout]     hexapp::tests::test_hex_cli_stdin
[INFO] [stdout]     hexapp::tests::test_unhex_cli_arg
[INFO] [stdout]     hexapp::tests::test_unhex_cli_stdin
[INFO] [stdout]     hexapp::tests::test_unhex_cli_stdin_hexonly
[INFO] [stdout]     hexapp::tests::test_unhex_cli_stdin_strict
[INFO] [stdout]     sliceapp::tests::test_cli_file
[INFO] [stdout]     sliceapp::tests::test_cli_stdin
[INFO] [stdout]     timeapp::tests::test_tsdec_verbose_cli_stdin
[INFO] [stdout]     timeapp::tests::test_tsenc_cli_stdin
[INFO] [stdout]     urlapp::tests::test_urlenc_cli_arg
[INFO] [stdout]     urlapp::tests::test_urlenc_cli_arg_custom
[INFO] [stdout]     urlapp::tests::test_urlenc_cli_arg_exclude
[INFO] [stdout]     urlapp::tests::test_urlenc_stdin
[INFO] [stdout]     xorapp::tests::test_hex_key_cli
[INFO] [stdout]     xorapp::tests::test_key_file_cli_stdin
[INFO] [stdout] 
[INFO] [stdout] test result: FAILED. 29 passed; 33 failed; 0 ignored; 0 measured; 0 filtered out; finished in 0.06s
[INFO] [stdout] 
[INFO] running `Command { std: "docker" "inspect" "426907b872e57cdb311a4384b8884c6b57cfe051ff24392e104b89f98e1939f9", kill_on_drop: false }`
[INFO] running `Command { std: "docker" "rm" "-f" "426907b872e57cdb311a4384b8884c6b57cfe051ff24392e104b89f98e1939f9", kill_on_drop: false }`
[INFO] [stdout] 426907b872e57cdb311a4384b8884c6b57cfe051ff24392e104b89f98e1939f9
