[INFO] fetching crate rivid-core 1.1.0...
[INFO] testing rivid-core-1.1.0 against 1.100.0-beta.1+cargoflags=--release for beta-release-1.100-2
[INFO] extracting crate rivid-core 1.1.0 into /workspace/builds/worker-7-tc2/source
[INFO] started tweaking crates.io crate rivid-core 1.1.0
[INFO] removed 0 missing examples
[INFO] finished tweaking crates.io crate rivid-core 1.1.0
[INFO] tweaked toml for crates.io crate rivid-core 1.1.0 written to /workspace/builds/worker-7-tc2/source/Cargo.toml
[INFO] validating manifest of crates.io crate rivid-core 1.1.0 on toolchain 1.100.0-beta.1
[INFO] running `Command { std: CARGO_HOME="/workspace/cargo-home" RUSTUP_HOME="/workspace/rustup-home" "/workspace/cargo-home/bin/cargo" "+1.100.0-beta.1" "metadata" "--manifest-path" "Cargo.toml" "--no-deps", kill_on_drop: false }`
[INFO] crate crates.io crate rivid-core 1.1.0 already has a lockfile, it will not be regenerated
[INFO] running `Command { std: CARGO_HOME="/workspace/cargo-home" RUSTUP_HOME="/workspace/rustup-home" "/workspace/cargo-home/bin/cargo" "+1.100.0-beta.1" "fetch" "--manifest-path" "Cargo.toml", kill_on_drop: false }`
[INFO] running `Command { std: "docker" "create" "-v" "/var/lib/crater-agent-workspace/builds/worker-7-tc2/source:/opt/rustwide/workdir:ro,Z" "-v" "/var/lib/crater-agent-workspace/builds/worker-7-tc2/target:/opt/rustwide/target:rw,Z" "-v" "/var/lib/crater-agent-workspace/cargo-home:/opt/rustwide/cargo-home:ro,Z" "-v" "/var/lib/crater-agent-workspace/rustup-home:/opt/rustwide/rustup-home:ro,Z" "-m" "1610612736" "--network" "none" "ghcr.io/rust-lang/crates-build-env/linux@sha256:77db811e55d90add9212f6832c23229e3de5f1c1f9905e8cb07319ea15df73ac" "sleep" "infinity", kill_on_drop: false }`
[INFO] [stdout] b91c830258a658ae2f6828e1db4699ab455def797036a39b43ea589733617c2a
[INFO] running `Command { std: "docker" "start" "b91c830258a658ae2f6828e1db4699ab455def797036a39b43ea589733617c2a", kill_on_drop: false }`
[INFO] running `Command { std: "docker" "inspect" "b91c830258a658ae2f6828e1db4699ab455def797036a39b43ea589733617c2a", kill_on_drop: false }`
[INFO] running `Command { std: "docker" "exec" "-e" "SOURCE_DIR=/opt/rustwide/workdir" "-e" "CARGO_HOME=/opt/rustwide/cargo-home" "-e" "RUSTUP_HOME=/opt/rustwide/rustup-home" "-e" "CARGO_TARGET_DIR=/opt/rustwide/target" "-w" "/opt/rustwide/workdir" "--user" "0:0" "b91c830258a658ae2f6828e1db4699ab455def797036a39b43ea589733617c2a" "/opt/rustwide/cargo-home/bin/cargo" "+1.100.0-beta.1" "metadata" "--no-deps" "--format-version=1", kill_on_drop: false }`
[INFO] running `Command { std: "docker" "inspect" "b91c830258a658ae2f6828e1db4699ab455def797036a39b43ea589733617c2a", kill_on_drop: false }`
[INFO] running `Command { std: "docker" "exec" "-e" "SOURCE_DIR=/opt/rustwide/workdir" "-e" "CARGO_HOME=/opt/rustwide/cargo-home" "-e" "RUSTUP_HOME=/opt/rustwide/rustup-home" "-e" "CARGO_TARGET_DIR=/opt/rustwide/target" "-e" "CARGO_INCREMENTAL=0" "-e" "RUST_BACKTRACE=full" "-e" "RUSTFLAGS=--cap-lints=warn" "-e" "RUSTDOCFLAGS=--cap-lints=warn" "-w" "/opt/rustwide/workdir" "--user" "0:0" "b91c830258a658ae2f6828e1db4699ab455def797036a39b43ea589733617c2a" "/opt/rustwide/cargo-home/bin/cargo" "+1.100.0-beta.1" "build" "--frozen" "--message-format=json" "--release", kill_on_drop: false }`
[INFO] [stderr]    Compiling libc v0.2.189
[INFO] [stderr]    Compiling getrandom v0.4.3
[INFO] [stderr]    Compiling chacha20 v0.10.1
[INFO] [stderr]    Compiling rand v0.10.2
[INFO] [stderr]    Compiling rivid-core v1.1.0 (/opt/rustwide/workdir)
[INFO] [stderr]     Finished `release` profile [optimized] target(s) in 4.01s
[INFO] running `Command { std: "docker" "inspect" "b91c830258a658ae2f6828e1db4699ab455def797036a39b43ea589733617c2a", kill_on_drop: false }`
[INFO] running `Command { std: "docker" "exec" "-e" "SOURCE_DIR=/opt/rustwide/workdir" "-e" "CARGO_HOME=/opt/rustwide/cargo-home" "-e" "RUSTUP_HOME=/opt/rustwide/rustup-home" "-e" "CARGO_TARGET_DIR=/opt/rustwide/target" "-e" "CARGO_INCREMENTAL=0" "-e" "RUST_BACKTRACE=full" "-e" "RUSTFLAGS=--cap-lints=warn" "-e" "RUSTDOCFLAGS=--cap-lints=warn" "-w" "/opt/rustwide/workdir" "--user" "0:0" "b91c830258a658ae2f6828e1db4699ab455def797036a39b43ea589733617c2a" "/opt/rustwide/cargo-home/bin/cargo" "+1.100.0-beta.1" "test" "--frozen" "--no-run" "--message-format=json" "--release", kill_on_drop: false }`
[INFO] [stderr]    Compiling rivid-core v1.1.0 (/opt/rustwide/workdir)
[INFO] [stderr]     Finished `release` profile [optimized] target(s) in 3.91s
[INFO] running `Command { std: "docker" "inspect" "b91c830258a658ae2f6828e1db4699ab455def797036a39b43ea589733617c2a", kill_on_drop: false }`
[INFO] running `Command { std: "docker" "exec" "-e" "SOURCE_DIR=/opt/rustwide/workdir" "-e" "CARGO_HOME=/opt/rustwide/cargo-home" "-e" "RUSTUP_HOME=/opt/rustwide/rustup-home" "-e" "CARGO_TARGET_DIR=/opt/rustwide/target" "-e" "CARGO_INCREMENTAL=0" "-e" "RUST_BACKTRACE=full" "-e" "RUSTFLAGS=--cap-lints=warn" "-e" "RUSTDOCFLAGS=--cap-lints=warn" "-w" "/opt/rustwide/workdir" "--user" "0:0" "b91c830258a658ae2f6828e1db4699ab455def797036a39b43ea589733617c2a" "/opt/rustwide/cargo-home/bin/cargo" "+1.100.0-beta.1" "test" "--frozen" "--release", kill_on_drop: false }`
[INFO] [stderr]     Finished `release` profile [optimized] target(s) in 0.03s
[INFO] [stderr]      Running unittests src/lib.rs (/opt/rustwide/target/release/build/rivid-core/fc5ebcf23f8bc04d/out/rivid_core-fc5ebcf23f8bc04d)
[INFO] [stdout] 
[INFO] [stdout] running 60 tests
[INFO] [stdout] test base58::tests::leading_zeros_preserved ... ok
[INFO] [stdout] test base58::tests::length_examples ... ok
[INFO] [stdout] test base64url::tests::fixed_length_for_ids ... ok
[INFO] [stdout] test base64url::tests::rejects_bad_input ... ok
[INFO] [stdout] test base64url::tests::rfc4648_vectors ... ok
[INFO] [stdout] test base58::tests::rejects_invalid_characters ... ok
[INFO] [stdout] test base58::tests::known_vectors ... ok
[INFO] [stdout] test batch::tests::fill_random_pairs_produces_varied_output ... ok
[INFO] [stdout] test batch::tests::fill_produces_valid_ids ... ok
[INFO] [stdout] test convert::tests::known_conversion_vectors_from_reference_impl ... ok
[INFO] [stdout] test batch::tests::fill_rejects_bad_lengths ... ok
[INFO] [stdout] test base64url::tests::url_safe_alphabet_only ... ok
[INFO] [stdout] test convert::tests::format_matches_canonical_shape ... ok
[INFO] [stdout] test batch::tests::byte_batch_matches_string_encoding ... ok
[INFO] [stdout] test base64url::tests::round_trip_128_bit_ids ... ok
[INFO] [stdout] test convert::tests::max_ulid_converts_to_max_uuid ... ok
[INFO] [stdout] test crockford::tests::known_timestamp_vectors ... ok
[INFO] [stdout] test crockford::tests::decode_known_vectors ... ok
[INFO] [stdout] test crockford::tests::decode_time_too_large ... ok
[INFO] [stdout] test convert::tests::uuid_parsing_is_strict ... ok
[INFO] [stdout] test crockford::tests::alphabet_matches_spec ... ok
[INFO] [stdout] test crockford::tests::decode_rejects_bad_input ... ok
[INFO] [stdout] test crockford::tests::zero_and_max_encode ... ok
[INFO] [stdout] test id128::tests::be_bytes_layout_matches_ulid_spec ... ok
[INFO] [stdout] test id128::tests::parts_round_trip ... ok
[INFO] [stdout] test id128::tests::truncates_out_of_domain_timestamp ... ok
[INFO] [stdout] test monotonic::tests::deterministic_mode_is_monotonic_and_reproducible ... ok
[INFO] [stdout] test monotonic::tests::seed_time_semantics_match_reference ... ok
[INFO] [stdout] test monotonic::tests::strictly_increasing_within_same_call_batch ... ok
[INFO] [stdout] test rng::tests::deterministic_different_seeds_differ ... ok
[INFO] [stdout] test rng::tests::fill_bytes_covers_remainder ... ok
[INFO] [stdout] test rng::tests::deterministic_same_seed_same_sequence ... ok
[INFO] [stdout] test rng::tests::secure_rng_produces_varied_output ... ok
[INFO] [stdout] test sortable::tests::alphabet_is_ascii_ordered_and_url_safe ... ok
[INFO] [stdout] test sortable::tests::fixed_length ... ok
[INFO] [stdout] test sortable::tests::rejects_non_canonical_and_invalid ... ok
[INFO] [stdout] test sortable::tests::shorter_than_ulid ... ok
[INFO] [stdout] test id128::tests::ord_is_big_endian_value_order ... ok
[INFO] [stdout] test tests::clock_override_round_trip ... ok
[INFO] [stdout] test sortable::tests::round_trip ... ok
[INFO] [stdout] test ulid::tests::compare_semantics ... ok
[INFO] [stdout] test tests::constants_match_spec ... ok
[INFO] [stdout] test ulid::tests::decode_time_matches_vector ... ok
[INFO] [stdout] test ulid::tests::generate_at_range_checks ... ok
[INFO] [stdout] test monotonic::tests::fresh_ms_resets_random_component ... ok
[INFO] [stdout] test tests::batch_paths_honor_override ... ok
[INFO] [stdout] test ulid::tests::generates_valid_ulids ... FAILED
[INFO] [stdout] test ulid::tests::encode_rejects_wrong_sizes ... ok
[INFO] [stdout] test ulid::tests::monotonic_property_of_ids_within_generation ... ok
[INFO] [stdout] test ulid::tests::validation_rules ... ok
[INFO] [stdout] test uuidv7::tests::batch_fill_sets_fields ... ok
[INFO] [stdout] test batch::tests::strings_are_unique_and_valid ... ok
[INFO] [stdout] test uuidv7::tests::timestamp_round_trip ... ok
[INFO] [stdout] test uuidv7::tests::rejects_non_multiple_lengths ... ok
[INFO] [stdout] test uuidv7::tests::version_and_variant_bits_set ... ok
[INFO] [stdout] test crockford::tests::round_trip_all_bit_patterns ... ok
[INFO] [stdout] test base58::tests::round_trip_random_16_byte_ids ... ok
[INFO] [stdout] test uuidv7::tests::uniqueness_smoke ... ok
[INFO] [stdout] test ulid::tests::uniqueness_smoke ... ok
[INFO] [stdout] test sortable::tests::lexicographic_order_equals_numeric_order ... ok
[INFO] [stdout] 
[INFO] [stdout] failures:
[INFO] [stdout] 
[INFO] [stdout] ---- ulid::tests::generates_valid_ulids stdout ----
[INFO] [stdout] 
[INFO] [stdout] thread 'ulid::tests::generates_valid_ulids' (308) panicked at src/ulid.rs:124:13:
[INFO] [stdout] assertion failed: ts > 1_600_000_000_000 && ts < 3_000_000_000_000
[INFO] [stdout] stack backtrace:
[INFO] [stdout]    0:     0x60c5158411c1 - <<std[617be2ca0a6fd877]::sys::backtrace::BacktraceLock>::print::DisplayBacktrace as core[a373ad73a504971]::fmt::Display>::fmt
[INFO] [stdout]    1:     0x60c515855e3a - core[a373ad73a504971]::fmt::write
[INFO] [stdout]    2:     0x60c5158453dc - <alloc[2e1b2a31b91974c5]::vec::Vec<u8> as core[a373ad73a504971]::io::write::Write>::write_fmt
[INFO] [stdout]    3:     0x60c51581d626 - std[617be2ca0a6fd877]::panicking::default_hook::{closure#0}
[INFO] [stdout]    4:     0x60c515839859 - std[617be2ca0a6fd877]::panicking::default_hook
[INFO] [stdout]    5:     0x60c5157d5430 - test[aada8e7e76ba119b]::test_main_inner::{closure#0}
[INFO] [stdout]    6:     0x60c515839a12 - std[617be2ca0a6fd877]::panicking::panic_with_hook
[INFO] [stdout]    7:     0x60c51581d704 - std[617be2ca0a6fd877]::panicking::panic_handler::{closure#0}
[INFO] [stdout]    8:     0x60c5158163e9 - std[617be2ca0a6fd877]::sys::backtrace::__rust_end_short_backtrace::<std[617be2ca0a6fd877]::panicking::panic_handler::{closure#0}, !>
[INFO] [stdout]    9:     0x60c51581e2dd - __rustc[ea4f61d10b84890b]::rust_begin_unwind
[INFO] [stdout]   10:     0x60c51585656c - core[a373ad73a504971]::panicking::panic_fmt
[INFO] [stdout]   11:     0x60c515856532 - core[a373ad73a504971]::panicking::panic
[INFO] [stdout]   12:     0x60c5157bfae6 - <rivid_core[2824f92b2a895fca]::ulid::tests::generates_valid_ulids::{closure#0} as core[a373ad73a504971]::ops::function::FnOnce<()>>::call_once
[INFO] [stdout]   13:     0x60c5157c887b - test[aada8e7e76ba119b]::__rust_begin_short_backtrace::<core[a373ad73a504971]::result::Result<(), alloc[2e1b2a31b91974c5]::string::String>, fn() -> core[a373ad73a504971]::result::Result<(), alloc[2e1b2a31b91974c5]::string::String>>
[INFO] [stdout]   14:     0x60c5157d5a55 - test[aada8e7e76ba119b]::run_test::{closure#0}
[INFO] [stdout]   15:     0x60c5157cf344 - std[617be2ca0a6fd877]::sys::backtrace::__rust_begin_short_backtrace::<test[aada8e7e76ba119b]::run_test::{closure#1}, ()>
[INFO] [stdout]   16:     0x60c5157d8ae2 - <std[617be2ca0a6fd877]::thread::lifecycle::spawn_unchecked<test[aada8e7e76ba119b]::run_test::{closure#1}, ()>::{closure#1} as core[a373ad73a504971]::ops::function::FnOnce<()>>::call_once::{shim:vtable#0}
[INFO] [stdout]   17:     0x60c515840a1f - <std[617be2ca0a6fd877]::sys::thread::unix::Thread>::new::thread_start
[INFO] [stdout]   18:     0x7351dc96bdfa - <unknown>
[INFO] [stdout]   19:     0x7351dc9ff3d4 - clone
[INFO] [stdout]   20:                0x0 - <unknown>
[INFO] [stdout] 
[INFO] [stdout] 
[INFO] [stdout] failures:
[INFO] [stdout]     ulid::tests::generates_valid_ulids
[INFO] [stdout] 
[INFO] [stdout] test result: FAILED. 59 passed; 1 failed; 0 ignored; 0 measured; 0 filtered out; finished in 0.18s
[INFO] [stdout] 
[INFO] [stderr] error: test failed, to rerun pass `--lib`
[INFO] running `Command { std: "docker" "inspect" "b91c830258a658ae2f6828e1db4699ab455def797036a39b43ea589733617c2a", kill_on_drop: false }`
[INFO] running `Command { std: "docker" "rm" "-f" "b91c830258a658ae2f6828e1db4699ab455def797036a39b43ea589733617c2a", kill_on_drop: false }`
[INFO] [stdout] b91c830258a658ae2f6828e1db4699ab455def797036a39b43ea589733617c2a
