[INFO] fetching crate redlock 2.0.0...
[INFO] testing redlock-2.0.0 against 1.99.0-beta.8+cargoflags=--release for beta-release-1.100-2
[INFO] extracting crate redlock 2.0.0 into /workspace/builds/worker-2-tc1/source
[INFO] started tweaking crates.io crate redlock 2.0.0
[INFO] finished tweaking crates.io crate redlock 2.0.0
[INFO] tweaked toml for crates.io crate redlock 2.0.0 written to /workspace/builds/worker-2-tc1/source/Cargo.toml
[INFO] validating manifest of crates.io crate redlock 2.0.0 on toolchain 1.99.0-beta.8
[INFO] running `Command { std: CARGO_HOME="/workspace/cargo-home" RUSTUP_HOME="/workspace/rustup-home" "/workspace/cargo-home/bin/cargo" "+1.99.0-beta.8" "metadata" "--manifest-path" "Cargo.toml" "--no-deps", kill_on_drop: false }`
[INFO] crate crates.io crate redlock 2.0.0 already has a lockfile, it will not be regenerated
[INFO] running `Command { std: CARGO_HOME="/workspace/cargo-home" RUSTUP_HOME="/workspace/rustup-home" "/workspace/cargo-home/bin/cargo" "+1.99.0-beta.8" "fetch" "--manifest-path" "Cargo.toml", kill_on_drop: false }`
[INFO] [stderr]  Downloading crates ...
[INFO] [stderr]   Downloaded cpufeatures v0.2.6
[INFO] [stderr]   Downloaded darling_macro v0.13.4
[INFO] [stderr]   Downloaded cxxbridge-flags v1.0.94
[INFO] [stderr]   Downloaded testcontainers v0.14.0
[INFO] [stderr]   Downloaded serde_with_macros v1.5.2
[INFO] [stderr]   Downloaded darling v0.13.4
[INFO] [stderr]   Downloaded iana-time-zone v0.1.56
[INFO] [stderr]   Downloaded unicode-bidi v0.3.13
[INFO] [stderr]   Downloaded bollard-stubs v1.41.0
[INFO] [stderr]   Downloaded darling_core v0.13.4
[INFO] [stderr]   Downloaded cxxbridge-macro v1.0.94
[INFO] [stderr]   Downloaded anyhow v1.0.70
[INFO] [stderr]   Downloaded serde_derive v1.0.159
[INFO] [stderr]   Downloaded cxx-build v1.0.94
[INFO] [stderr]   Downloaded serde_json v1.0.95
[INFO] [stderr]   Downloaded serde v1.0.159
[INFO] [stderr]   Downloaded serde_with v1.14.0
[INFO] [stderr]   Downloaded redis v0.23.0
[INFO] [stderr]   Downloaded chrono v0.4.24
[INFO] [stderr]   Downloaded cxx v1.0.94
[INFO] [stderr]   Downloaded syn v2.0.13
[INFO] [stderr]   Downloaded tokio v1.27.0
[INFO] [stderr]   Downloaded libc v0.2.141
[INFO] running `Command { std: "docker" "create" "-v" "/var/lib/crater-agent-workspace/builds/worker-2-tc1/source:/opt/rustwide/workdir:ro,Z" "-v" "/var/lib/crater-agent-workspace/builds/worker-2-tc1/target:/opt/rustwide/target:rw,Z" "-v" "/var/lib/crater-agent-workspace/cargo-home:/opt/rustwide/cargo-home:ro,Z" "-v" "/var/lib/crater-agent-workspace/rustup-home:/opt/rustwide/rustup-home:ro,Z" "-m" "1610612736" "--network" "none" "ghcr.io/rust-lang/crates-build-env/linux@sha256:77db811e55d90add9212f6832c23229e3de5f1c1f9905e8cb07319ea15df73ac" "sleep" "infinity", kill_on_drop: false }`
[INFO] [stdout] ab476b33dd01c904e6eebed6013bb56b259167335eb86b04cdde6568de20cb5e
[INFO] running `Command { std: "docker" "start" "ab476b33dd01c904e6eebed6013bb56b259167335eb86b04cdde6568de20cb5e", kill_on_drop: false }`
[INFO] running `Command { std: "docker" "inspect" "ab476b33dd01c904e6eebed6013bb56b259167335eb86b04cdde6568de20cb5e", kill_on_drop: false }`
[INFO] running `Command { std: "docker" "exec" "-e" "SOURCE_DIR=/opt/rustwide/workdir" "-e" "CARGO_HOME=/opt/rustwide/cargo-home" "-e" "RUSTUP_HOME=/opt/rustwide/rustup-home" "-e" "CARGO_TARGET_DIR=/opt/rustwide/target" "-w" "/opt/rustwide/workdir" "--user" "0:0" "ab476b33dd01c904e6eebed6013bb56b259167335eb86b04cdde6568de20cb5e" "/opt/rustwide/cargo-home/bin/cargo" "+1.99.0-beta.8" "metadata" "--no-deps" "--format-version=1", kill_on_drop: false }`
[INFO] running `Command { std: "docker" "inspect" "ab476b33dd01c904e6eebed6013bb56b259167335eb86b04cdde6568de20cb5e", kill_on_drop: false }`
[INFO] running `Command { std: "docker" "exec" "-e" "SOURCE_DIR=/opt/rustwide/workdir" "-e" "CARGO_HOME=/opt/rustwide/cargo-home" "-e" "RUSTUP_HOME=/opt/rustwide/rustup-home" "-e" "CARGO_TARGET_DIR=/opt/rustwide/target" "-e" "CARGO_INCREMENTAL=0" "-e" "RUST_BACKTRACE=full" "-e" "RUSTFLAGS=--cap-lints=warn" "-e" "RUSTDOCFLAGS=--cap-lints=warn" "-w" "/opt/rustwide/workdir" "--user" "0:0" "ab476b33dd01c904e6eebed6013bb56b259167335eb86b04cdde6568de20cb5e" "/opt/rustwide/cargo-home/bin/cargo" "+1.99.0-beta.8" "build" "--frozen" "--message-format=json" "--release", kill_on_drop: false }`
[INFO] [stderr]    Compiling libc v0.2.141
[INFO] [stderr]    Compiling memchr v2.5.0
[INFO] [stderr]    Compiling percent-encoding v2.2.0
[INFO] [stderr]    Compiling unicode-bidi v0.3.13
[INFO] [stderr]    Compiling sha1_smol v1.0.0
[INFO] [stderr]    Compiling tinyvec v1.6.0
[INFO] [stderr]    Compiling form_urlencoded v1.1.0
[INFO] [stderr]    Compiling combine v4.6.6
[INFO] [stderr]    Compiling getrandom v0.2.8
[INFO] [stderr]    Compiling rand_core v0.6.4
[INFO] [stderr]    Compiling unicode-normalization v0.1.22
[INFO] [stderr]    Compiling rand_chacha v0.3.1
[INFO] [stderr]    Compiling idna v0.3.0
[INFO] [stderr]    Compiling rand v0.8.5
[INFO] [stderr]    Compiling url v2.3.1
[INFO] [stderr]    Compiling redis v0.23.0
[INFO] [stderr]    Compiling redlock v2.0.0 (/opt/rustwide/workdir)
[INFO] [stdout] warning: hiding a lifetime that's elided elsewhere is confusing
[INFO] [stdout]    --> src/redlock.rs:136:17
[INFO] [stdout]     |
[INFO] [stdout] 136 |     pub fn lock(&self, resource: &[u8], ttl: usize) -> Result<Option<Lock>, RedisError> {
[INFO] [stdout]     |                 ^^^^^ the lifetime is elided here                    ^^^^ the same lifetime is hidden here
[INFO] [stdout]     |
[INFO] [stdout]     = help: the same lifetime is referred to in inconsistent ways, making the signature confusing
[INFO] [stdout]     = note: `#[warn(mismatched_lifetime_syntaxes)]` on by default
[INFO] [stdout] help: use `'_` for type paths
[INFO] [stdout]     |
[INFO] [stdout] 136 |     pub fn lock(&self, resource: &[u8], ttl: usize) -> Result<Option<Lock<'_>>, RedisError> {
[INFO] [stdout]     |                                                                          ++++
[INFO] [stdout] 
[INFO] [stdout] 
[INFO] [stderr]     Finished `release` profile [optimized] target(s) in 14.55s
[INFO] [stderr] warning: the following packages contain code that will be rejected by a future version of Rust: redis v0.23.0
[INFO] [stderr] note: to see what the problems were, use the option `--future-incompat-report`, or run `cargo report future-incompatibilities --id 1`
[INFO] running `Command { std: "docker" "inspect" "ab476b33dd01c904e6eebed6013bb56b259167335eb86b04cdde6568de20cb5e", kill_on_drop: false }`
[INFO] running `Command { std: "docker" "exec" "-e" "SOURCE_DIR=/opt/rustwide/workdir" "-e" "CARGO_HOME=/opt/rustwide/cargo-home" "-e" "RUSTUP_HOME=/opt/rustwide/rustup-home" "-e" "CARGO_TARGET_DIR=/opt/rustwide/target" "-e" "CARGO_INCREMENTAL=0" "-e" "RUST_BACKTRACE=full" "-e" "RUSTFLAGS=--cap-lints=warn" "-e" "RUSTDOCFLAGS=--cap-lints=warn" "-w" "/opt/rustwide/workdir" "--user" "0:0" "ab476b33dd01c904e6eebed6013bb56b259167335eb86b04cdde6568de20cb5e" "/opt/rustwide/cargo-home/bin/cargo" "+1.99.0-beta.8" "test" "--frozen" "--no-run" "--message-format=json" "--release", kill_on_drop: false }`
[INFO] [stderr]    Compiling libc v0.2.141
[INFO] [stderr]    Compiling serde_derive v1.0.159
[INFO] [stderr]    Compiling serde v1.0.159
[INFO] [stderr]    Compiling generic-array v0.14.7
[INFO] [stderr]    Compiling futures-core v0.3.28
[INFO] [stderr]    Compiling num-traits v0.2.15
[INFO] [stderr]    Compiling futures-task v0.3.28
[INFO] [stderr]    Compiling futures-channel v0.3.28
[INFO] [stderr]    Compiling num-integer v0.1.45
[INFO] [stderr]    Compiling futures-util v0.3.28
[INFO] [stderr]    Compiling futures-sink v0.3.28
[INFO] [stderr]    Compiling syn v2.0.13
[INFO] [stderr]    Compiling syn v1.0.109
[INFO] [stderr]    Compiling subtle v2.4.1
[INFO] [stderr]    Compiling futures-io v0.3.28
[INFO] [stderr]    Compiling iana-time-zone v0.1.56
[INFO] [stderr]    Compiling serde_json v1.0.95
[INFO] [stderr]    Compiling combine v4.6.6
[INFO] [stderr]    Compiling cpufeatures v0.2.6
[INFO] [stderr]    Compiling anyhow v1.0.70
[INFO] [stderr]    Compiling either v1.8.1
[INFO] [stderr]    Compiling itertools v0.10.5
[INFO] [stderr]    Compiling block-buffer v0.10.4
[INFO] [stderr]    Compiling crypto-common v0.1.6
[INFO] [stderr]    Compiling getrandom v0.2.8
[INFO] [stderr]    Compiling time v0.1.45
[INFO] [stderr]    Compiling digest v0.10.6
[INFO] [stderr]    Compiling rand_core v0.6.4
[INFO] [stderr]    Compiling hmac v0.12.1
[INFO] [stderr]    Compiling sha2 v0.10.6
[INFO] [stderr]    Compiling rand_chacha v0.3.1
[INFO] [stderr]    Compiling rand v0.8.5
[INFO] [stderr]    Compiling futures-macro v0.3.28
[INFO] [stderr]    Compiling darling_core v0.13.4
[INFO] [stderr]    Compiling darling_macro v0.13.4
[INFO] [stderr]    Compiling darling v0.13.4
[INFO] [stderr]    Compiling serde_with_macros v1.5.2
[INFO] [stderr]    Compiling redis v0.23.0
[INFO] [stderr]    Compiling futures-executor v0.3.28
[INFO] [stderr]    Compiling futures v0.3.28
[INFO] [stderr]    Compiling redlock v2.0.0 (/opt/rustwide/workdir)
[INFO] [stdout] warning: hiding a lifetime that's elided elsewhere is confusing
[INFO] [stdout]    --> src/redlock.rs:136:17
[INFO] [stdout]     |
[INFO] [stdout] 136 |     pub fn lock(&self, resource: &[u8], ttl: usize) -> Result<Option<Lock>, RedisError> {
[INFO] [stdout]     |                 ^^^^^ the lifetime is elided here                    ^^^^ the same lifetime is hidden here
[INFO] [stdout]     |
[INFO] [stdout]     = help: the same lifetime is referred to in inconsistent ways, making the signature confusing
[INFO] [stdout]     = note: `#[warn(mismatched_lifetime_syntaxes)]` on by default
[INFO] [stdout] help: use `'_` for type paths
[INFO] [stdout]     |
[INFO] [stdout] 136 |     pub fn lock(&self, resource: &[u8], ttl: usize) -> Result<Option<Lock<'_>>, RedisError> {
[INFO] [stdout]     |                                                                          ++++
[INFO] [stdout] 
[INFO] [stdout] 
[INFO] [stderr]    Compiling serde_with v1.14.0
[INFO] [stderr]    Compiling chrono v0.4.24
[INFO] [stderr]    Compiling bollard-stubs v1.41.0
[INFO] [stderr]    Compiling testcontainers v0.14.0
[INFO] [stdout] warning: hiding a lifetime that's elided elsewhere is confusing
[INFO] [stdout]    --> src/redlock.rs:136:17
[INFO] [stdout]     |
[INFO] [stdout] 136 |     pub fn lock(&self, resource: &[u8], ttl: usize) -> Result<Option<Lock>, RedisError> {
[INFO] [stdout]     |                 ^^^^^ the lifetime is elided here                    ^^^^ the same lifetime is hidden here
[INFO] [stdout]     |
[INFO] [stdout]     = help: the same lifetime is referred to in inconsistent ways, making the signature confusing
[INFO] [stdout]     = note: `#[warn(mismatched_lifetime_syntaxes)]` on by default
[INFO] [stdout] help: use `'_` for type paths
[INFO] [stdout]     |
[INFO] [stdout] 136 |     pub fn lock(&self, resource: &[u8], ttl: usize) -> Result<Option<Lock<'_>>, RedisError> {
[INFO] [stdout]     |                                                                          ++++
[INFO] [stdout] 
[INFO] [stdout] 
[INFO] [stdout] warning: hiding a lifetime that's elided elsewhere is confusing
[INFO] [stdout]    --> src/redlock.rs:245:21
[INFO] [stdout]     |
[INFO] [stdout] 245 |     fn init(docker: &Cli) -> (Option<Vec<Container<GenericImage>>>, Vec<String>) {
[INFO] [stdout]     |                     ^^^^                 ^^^^^^^^^^^^^^^^^^^^^^^ the same lifetime is hidden here
[INFO] [stdout]     |                     |
[INFO] [stdout]     |                     the lifetime is elided here
[INFO] [stdout]     |
[INFO] [stdout]     = help: the same lifetime is referred to in inconsistent ways, making the signature confusing
[INFO] [stdout] help: use `'_` for type paths
[INFO] [stdout]     |
[INFO] [stdout] 245 |     fn init(docker: &Cli) -> (Option<Vec<Container<'_, GenericImage>>>, Vec<String>) {
[INFO] [stdout]     |                                                    +++
[INFO] [stdout] 
[INFO] [stdout] 
[INFO] [stdout] warning: hiding a lifetime that's elided elsewhere is confusing
[INFO] [stdout]    --> src/redlock.rs:255:32
[INFO] [stdout]     |
[INFO] [stdout] 255 |     fn start_container(docker: &Cli) -> (Vec<Container<GenericImage>>, Vec<String>) {
[INFO] [stdout]     |                                ^^^^          ^^^^^^^^^^^^^^^^^^^^^^^ the same lifetime is hidden here
[INFO] [stdout]     |                                |
[INFO] [stdout]     |                                the lifetime is elided here
[INFO] [stdout]     |
[INFO] [stdout]     = help: the same lifetime is referred to in inconsistent ways, making the signature confusing
[INFO] [stdout] help: use `'_` for type paths
[INFO] [stdout]     |
[INFO] [stdout] 255 |     fn start_container(docker: &Cli) -> (Vec<Container<'_, GenericImage>>, Vec<String>) {
[INFO] [stdout]     |                                                        +++
[INFO] [stdout] 
[INFO] [stdout] 
[INFO] [stderr]     Finished `release` profile [optimized] target(s) in 49.10s
[INFO] [stderr] warning: the following packages contain code that will be rejected by a future version of Rust: redis v0.23.0
[INFO] [stderr] note: to see what the problems were, use the option `--future-incompat-report`, or run `cargo report future-incompatibilities --id 1`
[INFO] running `Command { std: "docker" "inspect" "ab476b33dd01c904e6eebed6013bb56b259167335eb86b04cdde6568de20cb5e", kill_on_drop: false }`
[INFO] running `Command { std: "docker" "exec" "-e" "SOURCE_DIR=/opt/rustwide/workdir" "-e" "CARGO_HOME=/opt/rustwide/cargo-home" "-e" "RUSTUP_HOME=/opt/rustwide/rustup-home" "-e" "CARGO_TARGET_DIR=/opt/rustwide/target" "-e" "CARGO_INCREMENTAL=0" "-e" "RUST_BACKTRACE=full" "-e" "RUSTFLAGS=--cap-lints=warn" "-e" "RUSTDOCFLAGS=--cap-lints=warn" "-w" "/opt/rustwide/workdir" "--user" "0:0" "ab476b33dd01c904e6eebed6013bb56b259167335eb86b04cdde6568de20cb5e" "/opt/rustwide/cargo-home/bin/cargo" "+1.99.0-beta.8" "test" "--frozen" "--release", kill_on_drop: false }`
[INFO] [stderr] warning: hiding a lifetime that's elided elsewhere is confusing
[INFO] [stderr]    --> src/redlock.rs:136:17
[INFO] [stderr]     |
[INFO] [stderr] 136 |     pub fn lock(&self, resource: &[u8], ttl: usize) -> Result<Option<Lock>, RedisError> {
[INFO] [stderr]     |                 ^^^^^ the lifetime is elided here                    ^^^^ the same lifetime is hidden here
[INFO] [stderr]     |
[INFO] [stderr]     = help: the same lifetime is referred to in inconsistent ways, making the signature confusing
[INFO] [stderr]     = note: `#[warn(mismatched_lifetime_syntaxes)]` on by default
[INFO] [stderr] help: use `'_` for type paths
[INFO] [stderr]     |
[INFO] [stderr] 136 |     pub fn lock(&self, resource: &[u8], ttl: usize) -> Result<Option<Lock<'_>>, RedisError> {
[INFO] [stderr]     |                                                                          ++++
[INFO] [stderr] 
[INFO] [stderr] warning: `redlock` (lib) generated 1 warning (run `cargo fix --lib -p redlock` to apply 1 suggestion)
[INFO] [stderr] warning: hiding a lifetime that's elided elsewhere is confusing
[INFO] [stderr]    --> src/redlock.rs:245:21
[INFO] [stderr]     |
[INFO] [stderr] 245 |     fn init(docker: &Cli) -> (Option<Vec<Container<GenericImage>>>, Vec<String>) {
[INFO] [stderr]     |                     ^^^^                 ^^^^^^^^^^^^^^^^^^^^^^^ the same lifetime is hidden here
[INFO] [stderr]     |                     |
[INFO] [stderr]     |                     the lifetime is elided here
[INFO] [stderr]     |
[INFO] [stderr]     = help: the same lifetime is referred to in inconsistent ways, making the signature confusing
[INFO] [stderr] help: use `'_` for type paths
[INFO] [stderr]     |
[INFO] [stderr] 245 |     fn init(docker: &Cli) -> (Option<Vec<Container<'_, GenericImage>>>, Vec<String>) {
[INFO] [stderr]     |                                                    +++
[INFO] [stderr] 
[INFO] [stderr] warning: hiding a lifetime that's elided elsewhere is confusing
[INFO] [stderr]    --> src/redlock.rs:255:32
[INFO] [stderr]     |
[INFO] [stderr] 255 |     fn start_container(docker: &Cli) -> (Vec<Container<GenericImage>>, Vec<String>) {
[INFO] [stderr]     |                                ^^^^          ^^^^^^^^^^^^^^^^^^^^^^^ the same lifetime is hidden here
[INFO] [stderr]     |                                |
[INFO] [stderr]     |                                the lifetime is elided here
[INFO] [stderr]     |
[INFO] [stderr]     = help: the same lifetime is referred to in inconsistent ways, making the signature confusing
[INFO] [stderr] help: use `'_` for type paths
[INFO] [stderr]     |
[INFO] [stderr] 255 |     fn start_container(docker: &Cli) -> (Vec<Container<'_, GenericImage>>, Vec<String>) {
[INFO] [stderr]     |                                                        +++
[INFO] [stderr] 
[INFO] [stderr] warning: `redlock` (lib test) generated 3 warnings (1 duplicate) (run `cargo fix --lib -p redlock --tests` to apply 2 suggestions)
[INFO] [stderr]     Finished `release` profile [optimized] target(s) in 0.09s
[INFO] [stderr] warning: the following packages contain code that will be rejected by a future version of Rust: redis v0.23.0
[INFO] [stderr] note: to see what the problems were, use the option `--future-incompat-report`, or run `cargo report future-incompatibilities --id 1`
[INFO] [stderr]      Running unittests src/lib.rs (/opt/rustwide/target/release/deps/redlock-7625b4cad523489a)
[INFO] [stdout] 
[INFO] [stdout] running 11 tests
[INFO] [stdout] test redlock::tests::test_redlock_get_unique_id_uniqueness ... ok
[INFO] [stdout] test redlock::tests::test_redlock_get_unique_id ... ok
[INFO] [stdout] test redlock::tests::test_redlock_lock_error ... ok
[INFO] [stdout] test redlock::tests::test_redlock_lock_unlock_raii ... FAILED
[INFO] [stdout] test redlock::tests::test_redlock_direct_lock_succeeds ... FAILED
[INFO] [stdout] test redlock::tests::test_redlock_unlock ... FAILED
[INFO] [stdout] test redlock::tests::test_redlock_lock_unlock ... FAILED
[INFO] [stdout] test redlock::tests::test_redlock_direct_unlock_fails ... FAILED
[INFO] [stdout] test redlock::tests::test_redlock_valid_instance ... FAILED
[INFO] [stdout] test redlock::tests::test_redlock_lock ... FAILED
[INFO] [stdout] test redlock::tests::test_redlock_direct_unlock_succeeds ... FAILED
[INFO] [stdout] 
[INFO] [stdout] failures:
[INFO] [stdout] 
[INFO] [stdout] ---- redlock::tests::test_redlock_lock_unlock_raii stdout ----
[INFO] [stdout] 
[INFO] [stdout] thread 'redlock::tests::test_redlock_lock_unlock_raii' (1498) panicked at /opt/rustwide/cargo-home/registry/src/index.crates.io-1949cf8c6b5b557f/testcontainers-0.14.0/src/clients/cli.rs:48:9:
[INFO] [stdout] failed to start container
[INFO] [stdout] stack backtrace:
[INFO] [stdout]    0:     0x5bea5d276021 - <<std[70759c8f55707aa4]::sys::backtrace::BacktraceLock>::print::DisplayBacktrace as core[df12db4294e9bfd3]::fmt::Display>::fmt
[INFO] [stdout]    1:     0x5bea5d28cd7a - core[df12db4294e9bfd3]::fmt::write
[INFO] [stdout]    2:     0x5bea5d27bbac - <alloc[2182bb758b4b3781]::vec::Vec<u8> as core[df12db4294e9bfd3]::io::write::Write>::write_fmt
[INFO] [stdout]    3:     0x5bea5d251056 - std[70759c8f55707aa4]::panicking::default_hook::{closure#0}
[INFO] [stdout]    4:     0x5bea5d26dee9 - std[70759c8f55707aa4]::panicking::default_hook
[INFO] [stdout]    5:     0x5bea5d16a500 - test[9d35eded1c95d3be]::test_main_inner::<test[9d35eded1c95d3be]::test_main_static::{closure#0}>::{closure#0}
[INFO] [stdout]    6:     0x5bea5d26e0a2 - std[70759c8f55707aa4]::panicking::panic_with_hook
[INFO] [stdout]    7:     0x5bea5d251134 - std[70759c8f55707aa4]::panicking::panic_handler::{closure#0}
[INFO] [stdout]    8:     0x5bea5d249da9 - std[70759c8f55707aa4]::sys::backtrace::__rust_end_short_backtrace::<std[70759c8f55707aa4]::panicking::panic_handler::{closure#0}, !>
[INFO] [stdout]    9:     0x5bea5d251eed - __rustc[8fa7c3cbc660c2b3]::rust_begin_unwind
[INFO] [stdout]   10:     0x5bea5d28d4ac - core[df12db4294e9bfd3]::panicking::panic_fmt
[INFO] [stdout]   11:     0x5bea5d15098e - <testcontainers[dc581e6c43b96f6b]::clients::cli::Cli>::run::<testcontainers[dc581e6c43b96f6b]::images::generic::GenericImage, testcontainers[dc581e6c43b96f6b]::images::generic::GenericImage>
[INFO] [stdout]   12:     0x5bea5d15c4a5 - redlock[94444434d7a70beb]::redlock::tests::start_container::{closure#0}
[INFO] [stdout]   13:     0x5bea5d157f99 - <(alloc[2182bb758b4b3781]::vec::Vec<testcontainers[dc581e6c43b96f6b]::core::container::Container<testcontainers[dc581e6c43b96f6b]::images::generic::GenericImage>>, alloc[2182bb758b4b3781]::vec::Vec<alloc[2182bb758b4b3781]::string::String>) as core[df12db4294e9bfd3]::iter::traits::collect::default_extend::SpecExtend<core[df12db4294e9bfd3]::iter::adapters::map::Map<core[df12db4294e9bfd3]::ops::range::Range<i32>, redlock[94444434d7a70beb]::redlock::tests::start_container::{closure#0}>>>::extend
[INFO] [stdout]   14:     0x5bea5d151c90 - redlock[94444434d7a70beb]::redlock::tests::init
[INFO] [stdout]   15:     0x5bea5d153fc9 - redlock[94444434d7a70beb]::redlock::tests::test_redlock_lock_unlock_raii
[INFO] [stdout]   16:     0x5bea5d15a41f - <redlock[94444434d7a70beb]::redlock::tests::test_redlock_lock_unlock_raii::{closure#0} as core[df12db4294e9bfd3]::ops::function::FnOnce<()>>::call_once
[INFO] [stdout]   17:     0x5bea5d15d7eb - test[9d35eded1c95d3be]::__rust_begin_short_backtrace::<core[df12db4294e9bfd3]::result::Result<(), alloc[2182bb758b4b3781]::string::String>, fn() -> core[df12db4294e9bfd3]::result::Result<(), alloc[2182bb758b4b3781]::string::String>>
[INFO] [stdout]   18:     0x5bea5d16ae55 - test[9d35eded1c95d3be]::run_test::{closure#0}
[INFO] [stdout]   19:     0x5bea5d164714 - std[70759c8f55707aa4]::sys::backtrace::__rust_begin_short_backtrace::<test[9d35eded1c95d3be]::run_test::{closure#1}, ()>
[INFO] [stdout]   20:     0x5bea5d16dfb2 - <std[70759c8f55707aa4]::thread::lifecycle::spawn_unchecked<test[9d35eded1c95d3be]::run_test::{closure#1}, ()>::{closure#1} as core[df12db4294e9bfd3]::ops::function::FnOnce<()>>::call_once::{shim:vtable#0}
[INFO] [stdout]   21:     0x5bea5d275359 - <std[70759c8f55707aa4]::sys::thread::unix::Thread>::new::thread_start
[INFO] [stdout]   22:     0x71b35108bdfa - <unknown>
[INFO] [stdout]   23:     0x71b35111f3d4 - clone
[INFO] [stdout]   24:                0x0 - <unknown>
[INFO] [stdout] 
[INFO] [stdout] ---- redlock::tests::test_redlock_direct_lock_succeeds stdout ----
[INFO] [stdout] 
[INFO] [stdout] thread 'redlock::tests::test_redlock_direct_lock_succeeds' (1487) panicked at /opt/rustwide/cargo-home/registry/src/index.crates.io-1949cf8c6b5b557f/testcontainers-0.14.0/src/clients/cli.rs:48:9:
[INFO] [stdout] failed to start container
[INFO] [stdout] stack backtrace:
[INFO] [stdout]    0:     0x5bea5d276021 - <<std[70759c8f55707aa4]::sys::backtrace::BacktraceLock>::print::DisplayBacktrace as core[df12db4294e9bfd3]::fmt::Display>::fmt
[INFO] [stdout]    1:     0x5bea5d28cd7a - core[df12db4294e9bfd3]::fmt::write
[INFO] [stdout]    2:     0x5bea5d27bbac - <alloc[2182bb758b4b3781]::vec::Vec<u8> as core[df12db4294e9bfd3]::io::write::Write>::write_fmt
[INFO] [stdout]    3:     0x5bea5d251056 - std[70759c8f55707aa4]::panicking::default_hook::{closure#0}
[INFO] [stdout]    4:     0x5bea5d26dee9 - std[70759c8f55707aa4]::panicking::default_hook
[INFO] [stdout]    5:     0x5bea5d16a500 - test[9d35eded1c95d3be]::test_main_inner::<test[9d35eded1c95d3be]::test_main_static::{closure#0}>::{closure#0}
[INFO] [stdout]    6:     0x5bea5d26e0a2 - std[70759c8f55707aa4]::panicking::panic_with_hook
[INFO] [stdout]    7:     0x5bea5d251134 - std[70759c8f55707aa4]::panicking::panic_handler::{closure#0}
[INFO] [stdout]    8:     0x5bea5d249da9 - std[70759c8f55707aa4]::sys::backtrace::__rust_end_short_backtrace::<std[70759c8f55707aa4]::panicking::panic_handler::{closure#0}, !>
[INFO] [stdout]    9:     0x5bea5d251eed - __rustc[8fa7c3cbc660c2b3]::rust_begin_unwind
[INFO] [stdout]   10:     0x5bea5d28d4ac - core[df12db4294e9bfd3]::panicking::panic_fmt
[INFO] [stdout]   11:     0x5bea5d15098e - <testcontainers[dc581e6c43b96f6b]::clients::cli::Cli>::run::<testcontainers[dc581e6c43b96f6b]::images::generic::GenericImage, testcontainers[dc581e6c43b96f6b]::images::generic::GenericImage>
[INFO] [stdout]   12:     0x5bea5d15c4a5 - redlock[94444434d7a70beb]::redlock::tests::start_container::{closure#0}
[INFO] [stdout]   13:     0x5bea5d157f99 - <(alloc[2182bb758b4b3781]::vec::Vec<testcontainers[dc581e6c43b96f6b]::core::container::Container<testcontainers[dc581e6c43b96f6b]::images::generic::GenericImage>>, alloc[2182bb758b4b3781]::vec::Vec<alloc[2182bb758b4b3781]::string::String>) as core[df12db4294e9bfd3]::iter::traits::collect::default_extend::SpecExtend<core[df12db4294e9bfd3]::iter::adapters::map::Map<core[df12db4294e9bfd3]::ops::range::Range<i32>, redlock[94444434d7a70beb]::redlock::tests::start_container::{closure#0}>>>::extend
[INFO] [stdout]   14:     0x5bea5d151c90 - redlock[94444434d7a70beb]::redlock::tests::init
[INFO] [stdout]   15:     0x5bea5d1550a9 - redlock[94444434d7a70beb]::redlock::tests::test_redlock_direct_lock_succeeds
[INFO] [stdout]   16:     0x5bea5d15a57f - <redlock[94444434d7a70beb]::redlock::tests::test_redlock_direct_lock_succeeds::{closure#0} as core[df12db4294e9bfd3]::ops::function::FnOnce<()>>::call_once
[INFO] [stdout]   17:     0x5bea5d15d7eb - test[9d35eded1c95d3be]::__rust_begin_short_backtrace::<core[df12db4294e9bfd3]::result::Result<(), alloc[2182bb758b4b3781]::string::String>, fn() -> core[df12db4294e9bfd3]::result::Result<(), alloc[2182bb758b4b3781]::string::String>>
[INFO] [stdout]   18:     0x5bea5d16ae55 - test[9d35eded1c95d3be]::run_test::{closure#0}
[INFO] [stdout]   19:     0x5bea5d164714 - std[70759c8f55707aa4]::sys::backtrace::__rust_begin_short_backtrace::<test[9d35eded1c95d3be]::run_test::{closure#1}, ()>
[INFO] [stdout]   20:     0x5bea5d16dfb2 - <std[70759c8f55707aa4]::thread::lifecycle::spawn_unchecked<test[9d35eded1c95d3be]::run_test::{closure#1}, ()>::{closure#1} as core[df12db4294e9bfd3]::ops::function::FnOnce<()>>::call_once::{shim:vtable#0}
[INFO] [stdout]   21:     0x5bea5d275359 - <std[70759c8f55707aa4]::sys::thread::unix::Thread>::new::thread_start
[INFO] [stdout]   22:     0x71b35108bdfa - <unknown>
[INFO] [stdout]   23:     0x71b35111f3d4 - clone
[INFO] [stdout]   24:                0x0 - <unknown>
[INFO] [stdout] 
[INFO] [stdout] ---- redlock::tests::test_redlock_unlock stdout ----
[INFO] [stdout] 
[INFO] [stdout] thread 'redlock::tests::test_redlock_unlock' (1502) panicked at /opt/rustwide/cargo-home/registry/src/index.crates.io-1949cf8c6b5b557f/testcontainers-0.14.0/src/clients/cli.rs:48:9:
[INFO] [stdout] failed to start container
[INFO] [stdout] stack backtrace:
[INFO] [stdout]    0:     0x5bea5d276021 - <<std[70759c8f55707aa4]::sys::backtrace::BacktraceLock>::print::DisplayBacktrace as core[df12db4294e9bfd3]::fmt::Display>::fmt
[INFO] [stdout]    1:     0x5bea5d28cd7a - core[df12db4294e9bfd3]::fmt::write
[INFO] [stdout]    2:     0x5bea5d27bbac - <alloc[2182bb758b4b3781]::vec::Vec<u8> as core[df12db4294e9bfd3]::io::write::Write>::write_fmt
[INFO] [stdout]    3:     0x5bea5d251056 - std[70759c8f55707aa4]::panicking::default_hook::{closure#0}
[INFO] [stdout]    4:     0x5bea5d26dee9 - std[70759c8f55707aa4]::panicking::default_hook
[INFO] [stdout]    5:     0x5bea5d16a500 - test[9d35eded1c95d3be]::test_main_inner::<test[9d35eded1c95d3be]::test_main_static::{closure#0}>::{closure#0}
[INFO] [stdout]    6:     0x5bea5d26e0a2 - std[70759c8f55707aa4]::panicking::panic_with_hook
[INFO] [stdout]    7:     0x5bea5d251134 - std[70759c8f55707aa4]::panicking::panic_handler::{closure#0}
[INFO] [stdout]    8:     0x5bea5d249da9 - std[70759c8f55707aa4]::sys::backtrace::__rust_end_short_backtrace::<std[70759c8f55707aa4]::panicking::panic_handler::{closure#0}, !>
[INFO] [stdout]    9:     0x5bea5d251eed - __rustc[8fa7c3cbc660c2b3]::rust_begin_unwind
[INFO] [stdout]   10:     0x5bea5d28d4ac - core[df12db4294e9bfd3]::panicking::panic_fmt
[INFO] [stdout]   11:     0x5bea5d15098e - <testcontainers[dc581e6c43b96f6b]::clients::cli::Cli>::run::<testcontainers[dc581e6c43b96f6b]::images::generic::GenericImage, testcontainers[dc581e6c43b96f6b]::images::generic::GenericImage>
[INFO] [stdout]   12:     0x5bea5d15c4a5 - redlock[94444434d7a70beb]::redlock::tests::start_container::{closure#0}
[INFO] [stdout]   13:     0x5bea5d157f99 - <(alloc[2182bb758b4b3781]::vec::Vec<testcontainers[dc581e6c43b96f6b]::core::container::Container<testcontainers[dc581e6c43b96f6b]::images::generic::GenericImage>>, alloc[2182bb758b4b3781]::vec::Vec<alloc[2182bb758b4b3781]::string::String>) as core[df12db4294e9bfd3]::iter::traits::collect::default_extend::SpecExtend<core[df12db4294e9bfd3]::iter::adapters::map::Map<core[df12db4294e9bfd3]::ops::range::Range<i32>, redlock[94444434d7a70beb]::redlock::tests::start_container::{closure#0}>>>::extend
[INFO] [stdout]   14:     0x5bea5d151c90 - redlock[94444434d7a70beb]::redlock::tests::init
[INFO] [stdout]   15:     0x5bea5d152450 - redlock[94444434d7a70beb]::redlock::tests::test_redlock_unlock
[INFO] [stdout]   16:     0x5bea5d15a13f - <redlock[94444434d7a70beb]::redlock::tests::test_redlock_unlock::{closure#0} as core[df12db4294e9bfd3]::ops::function::FnOnce<()>>::call_once
[INFO] [stdout]   17:     0x5bea5d15d7eb - test[9d35eded1c95d3be]::__rust_begin_short_backtrace::<core[df12db4294e9bfd3]::result::Result<(), alloc[2182bb758b4b3781]::string::String>, fn() -> core[df12db4294e9bfd3]::result::Result<(), alloc[2182bb758b4b3781]::string::String>>
[INFO] [stdout]   18:     0x5bea5d16ae55 - test[9d35eded1c95d3be]::run_test::{closure#0}
[INFO] [stdout]   19:     0x5bea5d164714 - std[70759c8f55707aa4]::sys::backtrace::__rust_begin_short_backtrace::<test[9d35eded1c95d3be]::run_test::{closure#1}, ()>
[INFO] [stdout]   20:     0x5bea5d16dfb2 - <std[70759c8f55707aa4]::thread::lifecycle::spawn_unchecked<test[9d35eded1c95d3be]::run_test::{closure#1}, ()>::{closure#1} as core[df12db4294e9bfd3]::ops::function::FnOnce<()>>::call_once::{shim:vtable#0}
[INFO] [stdout]   21:     0x5bea5d275359 - <std[70759c8f55707aa4]::sys::thread::unix::Thread>::new::thread_start
[INFO] [stdout]   22:     0x71b35108bdfa - <unknown>
[INFO] [stdout]   23:     0x71b35111f3d4 - clone
[INFO] [stdout]   24:                0x0 - <unknown>
[INFO] [stdout] 
[INFO] [stdout] ---- redlock::tests::test_redlock_lock_unlock stdout ----
[INFO] [stdout] 
[INFO] [stdout] thread 'redlock::tests::test_redlock_lock_unlock' (1494) panicked at /opt/rustwide/cargo-home/registry/src/index.crates.io-1949cf8c6b5b557f/testcontainers-0.14.0/src/clients/cli.rs:48:9:
[INFO] [stdout] failed to start container
[INFO] [stdout] stack backtrace:
[INFO] [stdout]    0:     0x5bea5d276021 - <<std[70759c8f55707aa4]::sys::backtrace::BacktraceLock>::print::DisplayBacktrace as core[df12db4294e9bfd3]::fmt::Display>::fmt
[INFO] [stdout]    1:     0x5bea5d28cd7a - core[df12db4294e9bfd3]::fmt::write
[INFO] [stdout]    2:     0x5bea5d27bbac - <alloc[2182bb758b4b3781]::vec::Vec<u8> as core[df12db4294e9bfd3]::io::write::Write>::write_fmt
[INFO] [stdout]    3:     0x5bea5d251056 - std[70759c8f55707aa4]::panicking::default_hook::{closure#0}
[INFO] [stdout]    4:     0x5bea5d26dee9 - std[70759c8f55707aa4]::panicking::default_hook
[INFO] [stdout]    5:     0x5bea5d16a500 - test[9d35eded1c95d3be]::test_main_inner::<test[9d35eded1c95d3be]::test_main_static::{closure#0}>::{closure#0}
[INFO] [stdout]    6:     0x5bea5d26e0a2 - std[70759c8f55707aa4]::panicking::panic_with_hook
[INFO] [stdout]    7:     0x5bea5d251134 - std[70759c8f55707aa4]::panicking::panic_handler::{closure#0}
[INFO] [stdout]    8:     0x5bea5d249da9 - std[70759c8f55707aa4]::sys::backtrace::__rust_end_short_backtrace::<std[70759c8f55707aa4]::panicking::panic_handler::{closure#0}, !>
[INFO] [stdout]    9:     0x5bea5d251eed - __rustc[8fa7c3cbc660c2b3]::rust_begin_unwind
[INFO] [stdout]   10:     0x5bea5d28d4ac - core[df12db4294e9bfd3]::panicking::panic_fmt
[INFO] [stdout]   11:     0x5bea5d15098e - <testcontainers[dc581e6c43b96f6b]::clients::cli::Cli>::run::<testcontainers[dc581e6c43b96f6b]::images::generic::GenericImage, testcontainers[dc581e6c43b96f6b]::images::generic::GenericImage>
[INFO] [stdout]   12:     0x5bea5d15c4a5 - redlock[94444434d7a70beb]::redlock::tests::start_container::{closure#0}
[INFO] [stdout]   13:     0x5bea5d157f99 - <(alloc[2182bb758b4b3781]::vec::Vec<testcontainers[dc581e6c43b96f6b]::core::container::Container<testcontainers[dc581e6c43b96f6b]::images::generic::GenericImage>>, alloc[2182bb758b4b3781]::vec::Vec<alloc[2182bb758b4b3781]::string::String>) as core[df12db4294e9bfd3]::iter::traits::collect::default_extend::SpecExtend<core[df12db4294e9bfd3]::iter::adapters::map::Map<core[df12db4294e9bfd3]::ops::range::Range<i32>, redlock[94444434d7a70beb]::redlock::tests::start_container::{closure#0}>>>::extend
[INFO] [stdout]   14:     0x5bea5d151c90 - redlock[94444434d7a70beb]::redlock::tests::init
[INFO] [stdout]   15:     0x5bea5d152f9e - redlock[94444434d7a70beb]::redlock::tests::test_redlock_lock_unlock
[INFO] [stdout]   16:     0x5bea5d15a29f - <redlock[94444434d7a70beb]::redlock::tests::test_redlock_lock_unlock::{closure#0} as core[df12db4294e9bfd3]::ops::function::FnOnce<()>>::call_once
[INFO] [stdout]   17:     0x5bea5d15d7eb - test[9d35eded1c95d3be]::__rust_begin_short_backtrace::<core[df12db4294e9bfd3]::result::Result<(), alloc[2182bb758b4b3781]::string::String>, fn() -> core[df12db4294e9bfd3]::result::Result<(), alloc[2182bb758b4b3781]::string::String>>
[INFO] [stdout]   18:     0x5bea5d16ae55 - test[9d35eded1c95d3be]::run_test::{closure#0}
[INFO] [stdout]   19:     0x5bea5d164714 - std[70759c8f55707aa4]::sys::backtrace::__rust_begin_short_backtrace::<test[9d35eded1c95d3be]::run_test::{closure#1}, ()>
[INFO] [stdout]   20:     0x5bea5d16dfb2 - <std[70759c8f55707aa4]::thread::lifecycle::spawn_unchecked<test[9d35eded1c95d3be]::run_test::{closure#1}, ()>::{closure#1} as core[df12db4294e9bfd3]::ops::function::FnOnce<()>>::call_once::{shim:vtable#0}
[INFO] [stdout]   21:     0x5bea5d275359 - <std[70759c8f55707aa4]::sys::thread::unix::Thread>::new::thread_start
[INFO] [stdout]   22:     0x71b35108bdfa - <unknown>
[INFO] [stdout]   23:     0x71b35111f3d4 - clone
[INFO] [stdout]   24:                0x0 - <unknown>
[INFO] [stdout] 
[INFO] [stdout] ---- redlock::tests::test_redlock_direct_unlock_fails stdout ----
[INFO] [stdout] 
[INFO] [stdout] thread 'redlock::tests::test_redlock_direct_unlock_fails' (1488) panicked at /opt/rustwide/cargo-home/registry/src/index.crates.io-1949cf8c6b5b557f/testcontainers-0.14.0/src/clients/cli.rs:48:9:
[INFO] [stdout] failed to start container
[INFO] [stdout] stack backtrace:
[INFO] [stdout]    0:     0x5bea5d276021 - <<std[70759c8f55707aa4]::sys::backtrace::BacktraceLock>::print::DisplayBacktrace as core[df12db4294e9bfd3]::fmt::Display>::fmt
[INFO] [stdout]    1:     0x5bea5d28cd7a - core[df12db4294e9bfd3]::fmt::write
[INFO] [stdout]    2:     0x5bea5d27bbac - <alloc[2182bb758b4b3781]::vec::Vec<u8> as core[df12db4294e9bfd3]::io::write::Write>::write_fmt
[INFO] [stdout]    3:     0x5bea5d251056 - std[70759c8f55707aa4]::panicking::default_hook::{closure#0}
[INFO] [stdout]    4:     0x5bea5d26dee9 - std[70759c8f55707aa4]::panicking::default_hook
[INFO] [stdout]    5:     0x5bea5d16a500 - test[9d35eded1c95d3be]::test_main_inner::<test[9d35eded1c95d3be]::test_main_static::{closure#0}>::{closure#0}
[INFO] [stdout]    6:     0x5bea5d26e0a2 - std[70759c8f55707aa4]::panicking::panic_with_hook
[INFO] [stdout]    7:     0x5bea5d251134 - std[70759c8f55707aa4]::panicking::panic_handler::{closure#0}
[INFO] [stdout]    8:     0x5bea5d249da9 - std[70759c8f55707aa4]::sys::backtrace::__rust_end_short_backtrace::<std[70759c8f55707aa4]::panicking::panic_handler::{closure#0}, !>
[INFO] [stdout]    9:     0x5bea5d251eed - __rustc[8fa7c3cbc660c2b3]::rust_begin_unwind
[INFO] [stdout]   10:     0x5bea5d28d4ac - core[df12db4294e9bfd3]::panicking::panic_fmt
[INFO] [stdout]   11:     0x5bea5d15098e - <testcontainers[dc581e6c43b96f6b]::clients::cli::Cli>::run::<testcontainers[dc581e6c43b96f6b]::images::generic::GenericImage, testcontainers[dc581e6c43b96f6b]::images::generic::GenericImage>
[INFO] [stdout]   12:     0x5bea5d15c4a5 - redlock[94444434d7a70beb]::redlock::tests::start_container::{closure#0}
[INFO] [stdout]   13:     0x5bea5d157f99 - <(alloc[2182bb758b4b3781]::vec::Vec<testcontainers[dc581e6c43b96f6b]::core::container::Container<testcontainers[dc581e6c43b96f6b]::images::generic::GenericImage>>, alloc[2182bb758b4b3781]::vec::Vec<alloc[2182bb758b4b3781]::string::String>) as core[df12db4294e9bfd3]::iter::traits::collect::default_extend::SpecExtend<core[df12db4294e9bfd3]::iter::adapters::map::Map<core[df12db4294e9bfd3]::ops::range::Range<i32>, redlock[94444434d7a70beb]::redlock::tests::start_container::{closure#0}>>>::extend
[INFO] [stdout]   14:     0x5bea5d151c90 - redlock[94444434d7a70beb]::redlock::tests::init
[INFO] [stdout]   15:     0x5bea5d154b8e - redlock[94444434d7a70beb]::redlock::tests::test_redlock_direct_unlock_fails
[INFO] [stdout]   16:     0x5bea5d15a4cf - <redlock[94444434d7a70beb]::redlock::tests::test_redlock_direct_unlock_fails::{closure#0} as core[df12db4294e9bfd3]::ops::function::FnOnce<()>>::call_once
[INFO] [stdout]   17:     0x5bea5d15d7eb - test[9d35eded1c95d3be]::__rust_begin_short_backtrace::<core[df12db4294e9bfd3]::result::Result<(), alloc[2182bb758b4b3781]::string::String>, fn() -> core[df12db4294e9bfd3]::result::Result<(), alloc[2182bb758b4b3781]::string::String>>
[INFO] [stdout]   18:     0x5bea5d16ae55 - test[9d35eded1c95d3be]::run_test::{closure#0}
[INFO] [stdout]   19:     0x5bea5d164714 - std[70759c8f55707aa4]::sys::backtrace::__rust_begin_short_backtrace::<test[9d35eded1c95d3be]::run_test::{closure#1}, ()>
[INFO] [stdout]   20:     0x5bea5d16dfb2 - <std[70759c8f55707aa4]::thread::lifecycle::spawn_unchecked<test[9d35eded1c95d3be]::run_test::{closure#1}, ()>::{closure#1} as core[df12db4294e9bfd3]::ops::function::FnOnce<()>>::call_once::{shim:vtable#0}
[INFO] [stdout]   21:     0x5bea5d275359 - <std[70759c8f55707aa4]::sys::thread::unix::Thread>::new::thread_start
[INFO] [stdout]   22:     0x71b35108bdfa - <unknown>
[INFO] [stdout]   23:     0x71b35111f3d4 - clone
[INFO] [stdout]   24:                0x0 - <unknown>
[INFO] [stdout] 
[INFO] [stdout] ---- redlock::tests::test_redlock_valid_instance stdout ----
[INFO] [stdout] 
[INFO] [stdout] thread 'redlock::tests::test_redlock_valid_instance' (1503) panicked at /opt/rustwide/cargo-home/registry/src/index.crates.io-1949cf8c6b5b557f/testcontainers-0.14.0/src/clients/cli.rs:48:9:
[INFO] [stdout] failed to start container
[INFO] [stdout] stack backtrace:
[INFO] [stdout]    0:     0x5bea5d276021 - <<std[70759c8f55707aa4]::sys::backtrace::BacktraceLock>::print::DisplayBacktrace as core[df12db4294e9bfd3]::fmt::Display>::fmt
[INFO] [stdout]    1:     0x5bea5d28cd7a - core[df12db4294e9bfd3]::fmt::write
[INFO] [stdout]    2:     0x5bea5d27bbac - <alloc[2182bb758b4b3781]::vec::Vec<u8> as core[df12db4294e9bfd3]::io::write::Write>::write_fmt
[INFO] [stdout]    3:     0x5bea5d251056 - std[70759c8f55707aa4]::panicking::default_hook::{closure#0}
[INFO] [stdout]    4:     0x5bea5d26dee9 - std[70759c8f55707aa4]::panicking::default_hook
[INFO] [stdout]    5:     0x5bea5d16a500 - test[9d35eded1c95d3be]::test_main_inner::<test[9d35eded1c95d3be]::test_main_static::{closure#0}>::{closure#0}
[INFO] [stdout]    6:     0x5bea5d26e0a2 - std[70759c8f55707aa4]::panicking::panic_with_hook
[INFO] [stdout]    7:     0x5bea5d251134 - std[70759c8f55707aa4]::panicking::panic_handler::{closure#0}
[INFO] [stdout]    8:     0x5bea5d249da9 - std[70759c8f55707aa4]::sys::backtrace::__rust_end_short_backtrace::<std[70759c8f55707aa4]::panicking::panic_handler::{closure#0}, !>
[INFO] [stdout]    9:     0x5bea5d251eed - __rustc[8fa7c3cbc660c2b3]::rust_begin_unwind
[INFO] [stdout]   10:     0x5bea5d28d4ac - core[df12db4294e9bfd3]::panicking::panic_fmt
[INFO] [stdout]   11:     0x5bea5d15098e - <testcontainers[dc581e6c43b96f6b]::clients::cli::Cli>::run::<testcontainers[dc581e6c43b96f6b]::images::generic::GenericImage, testcontainers[dc581e6c43b96f6b]::images::generic::GenericImage>
[INFO] [stdout]   12:     0x5bea5d15c4a5 - redlock[94444434d7a70beb]::redlock::tests::start_container::{closure#0}
[INFO] [stdout]   13:     0x5bea5d157f99 - <(alloc[2182bb758b4b3781]::vec::Vec<testcontainers[dc581e6c43b96f6b]::core::container::Container<testcontainers[dc581e6c43b96f6b]::images::generic::GenericImage>>, alloc[2182bb758b4b3781]::vec::Vec<alloc[2182bb758b4b3781]::string::String>) as core[df12db4294e9bfd3]::iter::traits::collect::default_extend::SpecExtend<core[df12db4294e9bfd3]::iter::adapters::map::Map<core[df12db4294e9bfd3]::ops::range::Range<i32>, redlock[94444434d7a70beb]::redlock::tests::start_container::{closure#0}>>>::extend
[INFO] [stdout]   14:     0x5bea5d151c90 - redlock[94444434d7a70beb]::redlock::tests::init
[INFO] [stdout]   15:     0x5bea5d153c7b - redlock[94444434d7a70beb]::redlock::tests::test_redlock_valid_instance
[INFO] [stdout]   16:     0x5bea5d15a3f9 - <redlock[94444434d7a70beb]::redlock::tests::test_redlock_valid_instance::{closure#0} as core[df12db4294e9bfd3]::ops::function::FnOnce<()>>::call_once
[INFO] [stdout]   17:     0x5bea5d15d7eb - test[9d35eded1c95d3be]::__rust_begin_short_backtrace::<core[df12db4294e9bfd3]::result::Result<(), alloc[2182bb758b4b3781]::string::String>, fn() -> core[df12db4294e9bfd3]::result::Result<(), alloc[2182bb758b4b3781]::string::String>>
[INFO] [stdout]   18:     0x5bea5d16ae55 - test[9d35eded1c95d3be]::run_test::{closure#0}
[INFO] [stdout]   19:     0x5bea5d164714 - std[70759c8f55707aa4]::sys::backtrace::__rust_begin_short_backtrace::<test[9d35eded1c95d3be]::run_test::{closure#1}, ()>
[INFO] [stdout]   20:     0x5bea5d16dfb2 - <std[70759c8f55707aa4]::thread::lifecycle::spawn_unchecked<test[9d35eded1c95d3be]::run_test::{closure#1}, ()>::{closure#1} as core[df12db4294e9bfd3]::ops::function::FnOnce<()>>::call_once::{shim:vtable#0}
[INFO] [stdout]   21:     0x5bea5d275359 - <std[70759c8f55707aa4]::sys::thread::unix::Thread>::new::thread_start
[INFO] [stdout]   22:     0x71b35108bdfa - <unknown>
[INFO] [stdout]   23:     0x71b35111f3d4 - clone
[INFO] [stdout]   24:                0x0 - <unknown>
[INFO] [stdout] 
[INFO] [stdout] ---- redlock::tests::test_redlock_lock stdout ----
[INFO] [stdout] 
[INFO] [stdout] thread 'redlock::tests::test_redlock_lock' (1492) panicked at /opt/rustwide/cargo-home/registry/src/index.crates.io-1949cf8c6b5b557f/testcontainers-0.14.0/src/clients/cli.rs:48:9:
[INFO] [stdout] failed to start container
[INFO] [stdout] stack backtrace:
[INFO] [stdout]    0:     0x5bea5d276021 - <<std[70759c8f55707aa4]::sys::backtrace::BacktraceLock>::print::DisplayBacktrace as core[df12db4294e9bfd3]::fmt::Display>::fmt
[INFO] [stdout]    1:     0x5bea5d28cd7a - core[df12db4294e9bfd3]::fmt::write
[INFO] [stdout]    2:     0x5bea5d27bbac - <alloc[2182bb758b4b3781]::vec::Vec<u8> as core[df12db4294e9bfd3]::io::write::Write>::write_fmt
[INFO] [stdout]    3:     0x5bea5d251056 - std[70759c8f55707aa4]::panicking::default_hook::{closure#0}
[INFO] [stdout]    4:     0x5bea5d26dee9 - std[70759c8f55707aa4]::panicking::default_hook
[INFO] [stdout]    5:     0x5bea5d16a500 - test[9d35eded1c95d3be]::test_main_inner::<test[9d35eded1c95d3be]::test_main_static::{closure#0}>::{closure#0}
[INFO] [stdout]    6:     0x5bea5d26e0a2 - std[70759c8f55707aa4]::panicking::panic_with_hook
[INFO] [stdout]    7:     0x5bea5d251134 - std[70759c8f55707aa4]::panicking::panic_handler::{closure#0}
[INFO] [stdout]    8:     0x5bea5d249da9 - std[70759c8f55707aa4]::sys::backtrace::__rust_end_short_backtrace::<std[70759c8f55707aa4]::panicking::panic_handler::{closure#0}, !>
[INFO] [stdout]    9:     0x5bea5d251eed - __rustc[8fa7c3cbc660c2b3]::rust_begin_unwind
[INFO] [stdout]   10:     0x5bea5d28d4ac - core[df12db4294e9bfd3]::panicking::panic_fmt
[INFO] [stdout]   11:     0x5bea5d15098e - <testcontainers[dc581e6c43b96f6b]::clients::cli::Cli>::run::<testcontainers[dc581e6c43b96f6b]::images::generic::GenericImage, testcontainers[dc581e6c43b96f6b]::images::generic::GenericImage>
[INFO] [stdout]   12:     0x5bea5d15c4a5 - redlock[94444434d7a70beb]::redlock::tests::start_container::{closure#0}
[INFO] [stdout]   13:     0x5bea5d157f99 - <(alloc[2182bb758b4b3781]::vec::Vec<testcontainers[dc581e6c43b96f6b]::core::container::Container<testcontainers[dc581e6c43b96f6b]::images::generic::GenericImage>>, alloc[2182bb758b4b3781]::vec::Vec<alloc[2182bb758b4b3781]::string::String>) as core[df12db4294e9bfd3]::iter::traits::collect::default_extend::SpecExtend<core[df12db4294e9bfd3]::iter::adapters::map::Map<core[df12db4294e9bfd3]::ops::range::Range<i32>, redlock[94444434d7a70beb]::redlock::tests::start_container::{closure#0}>>>::extend
[INFO] [stdout]   14:     0x5bea5d151c90 - redlock[94444434d7a70beb]::redlock::tests::init
[INFO] [stdout]   15:     0x5bea5d151e5e - redlock[94444434d7a70beb]::redlock::tests::test_redlock_lock
[INFO] [stdout]   16:     0x5bea5d15a08f - <redlock[94444434d7a70beb]::redlock::tests::test_redlock_lock::{closure#0} as core[df12db4294e9bfd3]::ops::function::FnOnce<()>>::call_once
[INFO] [stdout]   17:     0x5bea5d15d7eb - test[9d35eded1c95d3be]::__rust_begin_short_backtrace::<core[df12db4294e9bfd3]::result::Result<(), alloc[2182bb758b4b3781]::string::String>, fn() -> core[df12db4294e9bfd3]::result::Result<(), alloc[2182bb758b4b3781]::string::String>>
[INFO] [stdout]   18:     0x5bea5d16ae55 - test[9d35eded1c95d3be]::run_test::{closure#0}
[INFO] [stdout]   19:     0x5bea5d164714 - std[70759c8f55707aa4]::sys::backtrace::__rust_begin_short_backtrace::<test[9d35eded1c95d3be]::run_test::{closure#1}, ()>
[INFO] [stdout]   20:     0x5bea5d16dfb2 - <std[70759c8f55707aa4]::thread::lifecycle::spawn_unchecked<test[9d35eded1c95d3be]::run_test::{closure#1}, ()>::{closure#1} as core[df12db4294e9bfd3]::ops::function::FnOnce<()>>::call_once::{shim:vtable#0}
[INFO] [stdout]   21:     0x5bea5d275359 - <std[70759c8f55707aa4]::sys::thread::unix::Thread>::new::thread_start
[INFO] [stdout]   22:     0x71b35108bdfa - <unknown>
[INFO] [stdout]   23:     0x71b35111f3d4 - clone
[INFO] [stdout]   24:                0x0 - <unknown>
[INFO] [stdout] 
[INFO] [stdout] ---- redlock::tests::test_redlock_direct_unlock_succeeds stdout ----
[INFO] [stdout] 
[INFO] [stdout] thread 'redlock::tests::test_redlock_direct_unlock_succeeds' (1489) panicked at /opt/rustwide/cargo-home/registry/src/index.crates.io-1949cf8c6b5b557f/testcontainers-0.14.0/src/clients/cli.rs:48:9:
[INFO] [stdout] failed to start container
[INFO] [stdout] stack backtrace:
[INFO] [stdout]    0:     0x5bea5d276021 - <<std[70759c8f55707aa4]::sys::backtrace::BacktraceLock>::print::DisplayBacktrace as core[df12db4294e9bfd3]::fmt::Display>::fmt
[INFO] [stdout]    1:     0x5bea5d28cd7a - core[df12db4294e9bfd3]::fmt::write
[INFO] [stdout]    2:     0x5bea5d27bbac - <alloc[2182bb758b4b3781]::vec::Vec<u8> as core[df12db4294e9bfd3]::io::write::Write>::write_fmt
[INFO] [stdout]    3:     0x5bea5d251056 - std[70759c8f55707aa4]::panicking::default_hook::{closure#0}
[INFO] [stdout]    4:     0x5bea5d26dee9 - std[70759c8f55707aa4]::panicking::default_hook
[INFO] [stdout]    5:     0x5bea5d16a500 - test[9d35eded1c95d3be]::test_main_inner::<test[9d35eded1c95d3be]::test_main_static::{closure#0}>::{closure#0}
[INFO] [stdout]    6:     0x5bea5d26e0a2 - std[70759c8f55707aa4]::panicking::panic_with_hook
[INFO] [stdout]    7:     0x5bea5d251134 - std[70759c8f55707aa4]::panicking::panic_handler::{closure#0}
[INFO] [stdout]    8:     0x5bea5d249da9 - std[70759c8f55707aa4]::sys::backtrace::__rust_end_short_backtrace::<std[70759c8f55707aa4]::panicking::panic_handler::{closure#0}, !>
[INFO] [stdout]    9:     0x5bea5d251eed - __rustc[8fa7c3cbc660c2b3]::rust_begin_unwind
[INFO] [stdout]   10:     0x5bea5d28d4ac - core[df12db4294e9bfd3]::panicking::panic_fmt
[INFO] [stdout]   11:     0x5bea5d15098e - <testcontainers[dc581e6c43b96f6b]::clients::cli::Cli>::run::<testcontainers[dc581e6c43b96f6b]::images::generic::GenericImage, testcontainers[dc581e6c43b96f6b]::images::generic::GenericImage>
[INFO] [stdout]   12:     0x5bea5d15c4a5 - redlock[94444434d7a70beb]::redlock::tests::start_container::{closure#0}
[INFO] [stdout]   13:     0x5bea5d157f99 - <(alloc[2182bb758b4b3781]::vec::Vec<testcontainers[dc581e6c43b96f6b]::core::container::Container<testcontainers[dc581e6c43b96f6b]::images::generic::GenericImage>>, alloc[2182bb758b4b3781]::vec::Vec<alloc[2182bb758b4b3781]::string::String>) as core[df12db4294e9bfd3]::iter::traits::collect::default_extend::SpecExtend<core[df12db4294e9bfd3]::iter::adapters::map::Map<core[df12db4294e9bfd3]::ops::range::Range<i32>, redlock[94444434d7a70beb]::redlock::tests::start_container::{closure#0}>>>::extend
[INFO] [stdout]   14:     0x5bea5d151c90 - redlock[94444434d7a70beb]::redlock::tests::init
[INFO] [stdout]   15:     0x5bea5d1558f0 - redlock[94444434d7a70beb]::redlock::tests::test_redlock_direct_unlock_succeeds
[INFO] [stdout]   16:     0x5bea5d15a62f - <redlock[94444434d7a70beb]::redlock::tests::test_redlock_direct_unlock_succeeds::{closure#0} as core[df12db4294e9bfd3]::ops::function::FnOnce<()>>::call_once
[INFO] [stdout]   17:     0x5bea5d15d7eb - test[9d35eded1c95d3be]::__rust_begin_short_backtrace::<core[df12db4294e9bfd3]::result::Result<(), alloc[2182bb758b4b3781]::string::String>, fn() -> core[df12db4294e9bfd3]::result::Result<(), alloc[2182bb758b4b3781]::string::String>>
[INFO] [stdout]   18:     0x5bea5d16ae55 - test[9d35eded1c95d3be]::run_test::{closure#0}
[INFO] [stdout]   19:     0x5bea5d164714 - std[70759c8f55707aa4]::sys::backtrace::__rust_begin_short_backtrace::<test[9d35eded1c95d3be]::run_test::{closure#1}, ()>
[INFO] [stdout]   20:     0x5bea5d16dfb2 - <std[70759c8f55707aa4]::thread::lifecycle::spawn_unchecked<test[9d35eded1c95d3be]::run_test::{closure#1}, ()>::{closure#1} as core[df12db4294e9bfd3]::ops::function::FnOnce<()>>::call_once::{shim:vtable#0}
[INFO] [stdout]   21:     0x5bea5d275359 - <std[70759c8f55707aa4]::sys::thread::unix::Thread>::new::thread_start
[INFO] [stdout]   22:     0x71b35108bdfa - <unknown>
[INFO] [stdout]   23:     0x71b35111f3d4 - clone
[INFO] [stdout]   24:                0x0 - <unknown>
[INFO] [stdout] 
[INFO] [stdout] 
[INFO] [stdout] failures:
[INFO] [stdout]     redlock::tests::test_redlock_direct_lock_succeeds
[INFO] [stdout]     redlock::tests::test_redlock_direct_unlock_fails
[INFO] [stdout]     redlock::tests::test_redlock_direct_unlock_succeeds
[INFO] [stdout]     redlock::tests::test_redlock_lock
[INFO] [stdout]     redlock::tests::test_redlock_lock_unlock
[INFO] [stdout]     redlock::tests::test_redlock_lock_unlock_raii
[INFO] [stdout]     redlock::tests::test_redlock_unlock
[INFO] [stdout]     redlock::tests::test_redlock_valid_instance
[INFO] [stdout] 
[INFO] [stdout] test result: FAILED. 3 passed; 8 failed; 0 ignored; 0 measured; 0 filtered out; finished in 0.25s
[INFO] [stdout] 
[INFO] [stderr] error: test failed, to rerun pass `--lib`
[INFO] running `Command { std: "docker" "inspect" "ab476b33dd01c904e6eebed6013bb56b259167335eb86b04cdde6568de20cb5e", kill_on_drop: false }`
[INFO] running `Command { std: "docker" "rm" "-f" "ab476b33dd01c904e6eebed6013bb56b259167335eb86b04cdde6568de20cb5e", kill_on_drop: false }`
[INFO] [stdout] ab476b33dd01c904e6eebed6013bb56b259167335eb86b04cdde6568de20cb5e
