[INFO] fetching crate redisgraph 0.5.0...
[INFO] testing redisgraph-0.5.0 against 1.99.0-beta.8+cargoflags=--release for beta-release-1.100-2
[INFO] extracting crate redisgraph 0.5.0 into /workspace/builds/worker-0-tc1/source
[INFO] started tweaking crates.io crate redisgraph 0.5.0
[INFO] finished tweaking crates.io crate redisgraph 0.5.0
[INFO] tweaked toml for crates.io crate redisgraph 0.5.0 written to /workspace/builds/worker-0-tc1/source/Cargo.toml
[INFO] validating manifest of crates.io crate redisgraph 0.5.0 on toolchain 1.99.0-beta.8
[INFO] running `Command { std: CARGO_HOME="/workspace/cargo-home" RUSTUP_HOME="/workspace/rustup-home" "/workspace/cargo-home/bin/cargo" "+1.99.0-beta.8" "metadata" "--manifest-path" "Cargo.toml" "--no-deps", kill_on_drop: false }`
[INFO] running `Command { std: CARGO_HOME="/workspace/cargo-home" RUSTUP_HOME="/workspace/rustup-home" "/workspace/cargo-home/bin/cargo" "+1.99.0-beta.8" "generate-lockfile" "--manifest-path" "Cargo.toml", kill_on_drop: false }`
[INFO] [stderr]     Updating crates.io index
[INFO] [stderr]      Locking 137 packages to highest compatible versions
[INFO] [stderr]       Adding num v0.2.1 (available: v0.4.3)
[INFO] [stderr]       Adding num-derive v0.3.3 (available: v0.5.1)
[INFO] [stderr]       Adding redis v0.16.0 (available: v1.7.1)
[INFO] [stderr]       Adding serial_test v0.4.0 (available: v4.0.1)
[INFO] running `Command { std: CARGO_HOME="/workspace/cargo-home" RUSTUP_HOME="/workspace/rustup-home" "/workspace/cargo-home/bin/cargo" "+1.99.0-beta.8" "fetch" "--manifest-path" "Cargo.toml", kill_on_drop: false }`
[INFO] [stderr]  Downloading crates ...
[INFO] [stderr]   Downloaded redis v0.16.0
[INFO] running `Command { std: "docker" "create" "-v" "/var/lib/crater-agent-workspace/builds/worker-0-tc1/source:/opt/rustwide/workdir:ro,Z" "-v" "/var/lib/crater-agent-workspace/builds/worker-0-tc1/target:/opt/rustwide/target:rw,Z" "-v" "/var/lib/crater-agent-workspace/cargo-home:/opt/rustwide/cargo-home:ro,Z" "-v" "/var/lib/crater-agent-workspace/rustup-home:/opt/rustwide/rustup-home:ro,Z" "-m" "1610612736" "--network" "none" "ghcr.io/rust-lang/crates-build-env/linux@sha256:77db811e55d90add9212f6832c23229e3de5f1c1f9905e8cb07319ea15df73ac" "sleep" "infinity", kill_on_drop: false }`
[INFO] [stdout] 7c441d71547d14277f2f9d6bf9f51c0daa15a75807a4db1817ed7ad6df2c67d9
[INFO] running `Command { std: "docker" "start" "7c441d71547d14277f2f9d6bf9f51c0daa15a75807a4db1817ed7ad6df2c67d9", kill_on_drop: false }`
[INFO] running `Command { std: "docker" "inspect" "7c441d71547d14277f2f9d6bf9f51c0daa15a75807a4db1817ed7ad6df2c67d9", kill_on_drop: false }`
[INFO] running `Command { std: "docker" "exec" "-e" "SOURCE_DIR=/opt/rustwide/workdir" "-e" "CARGO_HOME=/opt/rustwide/cargo-home" "-e" "RUSTUP_HOME=/opt/rustwide/rustup-home" "-e" "CARGO_TARGET_DIR=/opt/rustwide/target" "-w" "/opt/rustwide/workdir" "--user" "0:0" "7c441d71547d14277f2f9d6bf9f51c0daa15a75807a4db1817ed7ad6df2c67d9" "/opt/rustwide/cargo-home/bin/cargo" "+1.99.0-beta.8" "metadata" "--no-deps" "--format-version=1", kill_on_drop: false }`
[INFO] running `Command { std: "docker" "inspect" "7c441d71547d14277f2f9d6bf9f51c0daa15a75807a4db1817ed7ad6df2c67d9", kill_on_drop: false }`
[INFO] running `Command { std: "docker" "exec" "-e" "SOURCE_DIR=/opt/rustwide/workdir" "-e" "CARGO_HOME=/opt/rustwide/cargo-home" "-e" "RUSTUP_HOME=/opt/rustwide/rustup-home" "-e" "CARGO_TARGET_DIR=/opt/rustwide/target" "-e" "CARGO_INCREMENTAL=0" "-e" "RUST_BACKTRACE=full" "-e" "RUSTFLAGS=--cap-lints=warn" "-e" "RUSTDOCFLAGS=--cap-lints=warn" "-w" "/opt/rustwide/workdir" "--user" "0:0" "7c441d71547d14277f2f9d6bf9f51c0daa15a75807a4db1817ed7ad6df2c67d9" "/opt/rustwide/cargo-home/bin/cargo" "+1.99.0-beta.8" "build" "--frozen" "--message-format=json" "--release", kill_on_drop: false }`
[INFO] [stderr]    Compiling value-bag v1.14.1
[INFO] [stderr]    Compiling event-listener v5.4.2
[INFO] [stderr]    Compiling rustix v1.1.5
[INFO] [stderr]    Compiling concurrent-queue v2.5.0
[INFO] [stderr]    Compiling net2 v0.2.39
[INFO] [stderr]    Compiling iovec v0.1.4
[INFO] [stderr]    Compiling num-integer v0.1.47
[INFO] [stderr]    Compiling num-bigint v0.2.6
[INFO] [stderr]    Compiling num-complex v0.2.4
[INFO] [stderr]    Compiling num-rational v0.2.4
[INFO] [stderr]    Compiling sha1_smol v1.0.1
[INFO] [stderr]    Compiling pin-utils v0.1.1
[INFO] [stderr]    Compiling futures-util v0.3.34
[INFO] [stderr]    Compiling async-trait v0.1.92
[INFO] [stderr]    Compiling url v2.5.8
[INFO] [stderr]    Compiling dtoa v0.4.8
[INFO] [stderr]    Compiling num-derive v0.3.3
[INFO] [stderr]    Compiling sha1 v0.6.1
[INFO] [stderr]    Compiling num-iter v0.1.46
[INFO] [stderr]    Compiling event-listener-strategy v0.5.4
[INFO] [stderr]    Compiling async-executor v1.14.0
[INFO] [stderr]    Compiling async-channel v1.9.0
[INFO] [stderr]    Compiling log v0.4.34
[INFO] [stderr]    Compiling async-channel v2.5.0
[INFO] [stderr]    Compiling async-lock v3.4.2
[INFO] [stderr]    Compiling blocking v1.7.0
[INFO] [stderr]    Compiling mio v0.6.23
[INFO] [stderr]    Compiling kv-log-macro v1.0.7
[INFO] [stderr]    Compiling num v0.2.1
[INFO] [stderr]    Compiling mio-uds v0.6.8
[INFO] [stderr]    Compiling tokio v0.2.25
[INFO] [stderr]    Compiling tokio-util v0.3.1
[INFO] [stderr]    Compiling combine v4.6.9
[INFO] [stderr]    Compiling polling v3.11.0
[INFO] [stderr]    Compiling async-io v2.6.0
[INFO] [stderr]    Compiling async-global-executor v2.4.1
[INFO] [stderr]    Compiling async-std v1.13.2
[INFO] [stderr]    Compiling redis v0.16.0
[INFO] [stderr]    Compiling redisgraph v0.5.0 (/opt/rustwide/workdir)
[INFO] [stdout] warning: unused import: `client_type_error`
[INFO] [stdout]  --> src/assignments.rs:1:13
[INFO] [stdout]   |
[INFO] [stdout] 1 | use crate::{client_type_error, RedisGraphResult, ResultSet};
[INFO] [stdout]   |             ^^^^^^^^^^^^^^^^^
[INFO] [stdout]   |
[INFO] [stdout]   = note: `#[warn(unused_imports)]` (part of `#[warn(unused)]`) on by default
[INFO] [stdout] 
[INFO] [stdout] 
[INFO] [stdout] warning: unused import: `server_type_error`
[INFO] [stdout]  --> src/graph.rs:6:5
[INFO] [stdout]   |
[INFO] [stdout] 6 |     server_type_error, RedisGraphError, RedisGraphResult, RedisString, ResultSet,
[INFO] [stdout]   |     ^^^^^^^^^^^^^^^^^
[INFO] [stdout] 
[INFO] [stdout] 
[INFO] [stdout] warning: unused import: `server_type_error`
[INFO] [stdout]  --> src/result_set.rs:9:13
[INFO] [stdout]   |
[INFO] [stdout] 9 | use crate::{server_type_error, Graph, RedisGraphError, RedisGraphResult};
[INFO] [stdout]   |             ^^^^^^^^^^^^^^^^^
[INFO] [stdout] 
[INFO] [stdout] 
[INFO] [stdout] warning: unused import: `client_type_error`
[INFO] [stdout]  --> src/conversions.rs:3:5
[INFO] [stdout]   |
[INFO] [stdout] 3 |     client_type_error,
[INFO] [stdout]   |     ^^^^^^^^^^^^^^^^^
[INFO] [stdout] 
[INFO] [stdout] 
[INFO] [stdout] warning: non-local `impl` definition, `impl` blocks should be written at the same level as their item
[INFO] [stdout]    --> src/result_set.rs:149:10
[INFO] [stdout]     |
[INFO] [stdout] 149 | #[derive(num_derive::FromPrimitive)]
[INFO] [stdout]     |          ^------------------------
[INFO] [stdout]     |          |
[INFO] [stdout]     |          `FromPrimitive` is not local
[INFO] [stdout]     |          move the `impl` block outside of this constant `_IMPL_NUM_FromPrimitive_FOR_ColumnType`
[INFO] [stdout] 150 | enum ColumnType {
[INFO] [stdout]     |      ---------- `ColumnType` is not local
[INFO] [stdout]     |
[INFO] [stdout]     = note: the derive macro `num_derive::FromPrimitive` defines the non-local `impl`, and may need to be changed
[INFO] [stdout]     = note: the derive macro `num_derive::FromPrimitive` may come from an old version of the `num_derive` crate, try updating your dependency with `cargo update -p num_derive`
[INFO] [stdout]     = note: an `impl` is never scoped, even when it is nested inside an item, as it may impact type checking outside of that item, which can be the case if neither the trait or the self type are at the same nesting level as the `impl`
[INFO] [stdout]     = note: items in an anonymous const item (`const _: () = { ... }`) are treated as in the same scope as the anonymous const's declaration for the purpose of this lint
[INFO] [stdout]     = note: `#[warn(non_local_definitions)]` on by default
[INFO] [stdout]     = note: this warning originates in the derive macro `num_derive::FromPrimitive` (in Nightly builds, run with -Z macro-backtrace for more info)
[INFO] [stdout] 
[INFO] [stdout] 
[INFO] [stdout] warning: non-local `impl` definition, `impl` blocks should be written at the same level as their item
[INFO] [stdout]    --> src/result_set.rs:347:10
[INFO] [stdout]     |
[INFO] [stdout] 347 | #[derive(num_derive::FromPrimitive)]
[INFO] [stdout]     |          ^------------------------
[INFO] [stdout]     |          |
[INFO] [stdout]     |          `FromPrimitive` is not local
[INFO] [stdout]     |          move the `impl` block outside of this constant `_IMPL_NUM_FromPrimitive_FOR_ScalarType`
[INFO] [stdout] 348 | enum ScalarType {
[INFO] [stdout]     |      ---------- `ScalarType` is not local
[INFO] [stdout]     |
[INFO] [stdout]     = note: the derive macro `num_derive::FromPrimitive` defines the non-local `impl`, and may need to be changed
[INFO] [stdout]     = note: the derive macro `num_derive::FromPrimitive` may come from an old version of the `num_derive` crate, try updating your dependency with `cargo update -p num_derive`
[INFO] [stdout]     = note: an `impl` is never scoped, even when it is nested inside an item, as it may impact type checking outside of that item, which can be the case if neither the trait or the self type are at the same nesting level as the `impl`
[INFO] [stdout]     = note: items in an anonymous const item (`const _: () = { ... }`) are treated as in the same scope as the anonymous const's declaration for the purpose of this lint
[INFO] [stdout]     = note: this warning originates in the derive macro `num_derive::FromPrimitive` (in Nightly builds, run with -Z macro-backtrace for more info)
[INFO] [stdout] 
[INFO] [stdout] 
[INFO] [stderr]     Finished `release` profile [optimized] target(s) in 28.92s
[INFO] [stderr] warning: the following packages contain code that will be rejected by a future version of Rust: redis v0.16.0
[INFO] [stderr] note: to see what the problems were, use the option `--future-incompat-report`, or run `cargo report future-incompatibilities --id 1`
[INFO] running `Command { std: "docker" "inspect" "7c441d71547d14277f2f9d6bf9f51c0daa15a75807a4db1817ed7ad6df2c67d9", kill_on_drop: false }`
[INFO] running `Command { std: "docker" "exec" "-e" "SOURCE_DIR=/opt/rustwide/workdir" "-e" "CARGO_HOME=/opt/rustwide/cargo-home" "-e" "RUSTUP_HOME=/opt/rustwide/rustup-home" "-e" "CARGO_TARGET_DIR=/opt/rustwide/target" "-e" "CARGO_INCREMENTAL=0" "-e" "RUST_BACKTRACE=full" "-e" "RUSTFLAGS=--cap-lints=warn" "-e" "RUSTDOCFLAGS=--cap-lints=warn" "-w" "/opt/rustwide/workdir" "--user" "0:0" "7c441d71547d14277f2f9d6bf9f51c0daa15a75807a4db1817ed7ad6df2c67d9" "/opt/rustwide/cargo-home/bin/cargo" "+1.99.0-beta.8" "test" "--frozen" "--no-run" "--message-format=json" "--release", kill_on_drop: false }`
[INFO] [stderr]    Compiling lock_api v0.3.4
[INFO] [stderr]    Compiling parking_lot_core v0.7.3
[INFO] [stderr]    Compiling serial_test_derive v0.4.0
[INFO] [stderr]    Compiling maplit v1.0.2
[INFO] [stdout] warning: unused import: `client_type_error`
[INFO] [stdout]  --> src/assignments.rs:1:13
[INFO] [stdout]   |
[INFO] [stdout] 1 | use crate::{client_type_error, RedisGraphResult, ResultSet};
[INFO] [stdout]   |             ^^^^^^^^^^^^^^^^^
[INFO] [stdout]   |
[INFO] [stdout]   = note: `#[warn(unused_imports)]` (part of `#[warn(unused)]`) on by default
[INFO] [stdout] 
[INFO] [stdout] 
[INFO] [stdout] warning: unused import: `server_type_error`
[INFO] [stdout]  --> src/graph.rs:6:5
[INFO] [stdout]   |
[INFO] [stdout] 6 |     server_type_error, RedisGraphError, RedisGraphResult, RedisString, ResultSet,
[INFO] [stdout]   |     ^^^^^^^^^^^^^^^^^
[INFO] [stdout] 
[INFO] [stdout] 
[INFO] [stdout] warning: unused import: `server_type_error`
[INFO] [stdout]  --> src/result_set.rs:9:13
[INFO] [stdout]   |
[INFO] [stdout] 9 | use crate::{server_type_error, Graph, RedisGraphError, RedisGraphResult};
[INFO] [stdout]   |             ^^^^^^^^^^^^^^^^^
[INFO] [stdout] 
[INFO] [stdout] 
[INFO] [stdout] warning: unused import: `client_type_error`
[INFO] [stdout]  --> src/conversions.rs:3:5
[INFO] [stdout]   |
[INFO] [stdout] 3 |     client_type_error,
[INFO] [stdout]   |     ^^^^^^^^^^^^^^^^^
[INFO] [stdout] 
[INFO] [stdout] 
[INFO] [stdout] warning: non-local `impl` definition, `impl` blocks should be written at the same level as their item
[INFO] [stdout]    --> src/result_set.rs:149:10
[INFO] [stdout]     |
[INFO] [stdout] 149 | #[derive(num_derive::FromPrimitive)]
[INFO] [stdout]     |          ^------------------------
[INFO] [stdout]     |          |
[INFO] [stdout]     |          `FromPrimitive` is not local
[INFO] [stdout]     |          move the `impl` block outside of this constant `_IMPL_NUM_FromPrimitive_FOR_ColumnType`
[INFO] [stdout] 150 | enum ColumnType {
[INFO] [stdout]     |      ---------- `ColumnType` is not local
[INFO] [stdout]     |
[INFO] [stdout]     = note: the derive macro `num_derive::FromPrimitive` defines the non-local `impl`, and may need to be changed
[INFO] [stdout]     = note: the derive macro `num_derive::FromPrimitive` may come from an old version of the `num_derive` crate, try updating your dependency with `cargo update -p num_derive`
[INFO] [stdout]     = note: an `impl` is never scoped, even when it is nested inside an item, as it may impact type checking outside of that item, which can be the case if neither the trait or the self type are at the same nesting level as the `impl`
[INFO] [stdout]     = note: items in an anonymous const item (`const _: () = { ... }`) are treated as in the same scope as the anonymous const's declaration for the purpose of this lint
[INFO] [stdout]     = note: `#[warn(non_local_definitions)]` on by default
[INFO] [stdout]     = note: this warning originates in the derive macro `num_derive::FromPrimitive` (in Nightly builds, run with -Z macro-backtrace for more info)
[INFO] [stdout] 
[INFO] [stdout] 
[INFO] [stdout] warning: non-local `impl` definition, `impl` blocks should be written at the same level as their item
[INFO] [stdout]    --> src/result_set.rs:347:10
[INFO] [stdout]     |
[INFO] [stdout] 347 | #[derive(num_derive::FromPrimitive)]
[INFO] [stdout]     |          ^------------------------
[INFO] [stdout]     |          |
[INFO] [stdout]     |          `FromPrimitive` is not local
[INFO] [stdout]     |          move the `impl` block outside of this constant `_IMPL_NUM_FromPrimitive_FOR_ScalarType`
[INFO] [stdout] 348 | enum ScalarType {
[INFO] [stdout]     |      ---------- `ScalarType` is not local
[INFO] [stdout]     |
[INFO] [stdout]     = note: the derive macro `num_derive::FromPrimitive` defines the non-local `impl`, and may need to be changed
[INFO] [stdout]     = note: the derive macro `num_derive::FromPrimitive` may come from an old version of the `num_derive` crate, try updating your dependency with `cargo update -p num_derive`
[INFO] [stdout]     = note: an `impl` is never scoped, even when it is nested inside an item, as it may impact type checking outside of that item, which can be the case if neither the trait or the self type are at the same nesting level as the `impl`
[INFO] [stdout]     = note: items in an anonymous const item (`const _: () = { ... }`) are treated as in the same scope as the anonymous const's declaration for the purpose of this lint
[INFO] [stdout]     = note: this warning originates in the derive macro `num_derive::FromPrimitive` (in Nightly builds, run with -Z macro-backtrace for more info)
[INFO] [stdout] 
[INFO] [stdout] 
[INFO] [stderr]    Compiling parking_lot v0.10.2
[INFO] [stderr]    Compiling serial_test v0.4.0
[INFO] [stderr]    Compiling redisgraph v0.5.0 (/opt/rustwide/workdir)
[INFO] [stdout] warning: function `with_graph` is never used
[INFO] [stdout]  --> tests/common/mod.rs:9:8
[INFO] [stdout]   |
[INFO] [stdout] 9 | pub fn with_graph<F: FnOnce(&mut Graph) -> ()>(action: F) {
[INFO] [stdout]   |        ^^^^^^^^^^
[INFO] [stdout]   |
[INFO] [stdout]   = note: `#[warn(dead_code)]` (part of `#[warn(unused)]`) on by default
[INFO] [stdout] 
[INFO] [stdout] 
[INFO] [stdout] warning: unused import: `client_type_error`
[INFO] [stdout]  --> src/assignments.rs:1:13
[INFO] [stdout]   |
[INFO] [stdout] 1 | use crate::{client_type_error, RedisGraphResult, ResultSet};
[INFO] [stdout]   |             ^^^^^^^^^^^^^^^^^
[INFO] [stdout]   |
[INFO] [stdout]   = note: `#[warn(unused_imports)]` (part of `#[warn(unused)]`) on by default
[INFO] [stdout] 
[INFO] [stdout] 
[INFO] [stdout] warning: unused import: `server_type_error`
[INFO] [stdout]  --> src/graph.rs:6:5
[INFO] [stdout]   |
[INFO] [stdout] 6 |     server_type_error, RedisGraphError, RedisGraphResult, RedisString, ResultSet,
[INFO] [stdout]   |     ^^^^^^^^^^^^^^^^^
[INFO] [stdout] 
[INFO] [stdout] 
[INFO] [stdout] warning: unused import: `server_type_error`
[INFO] [stdout]  --> src/result_set.rs:9:13
[INFO] [stdout]   |
[INFO] [stdout] 9 | use crate::{server_type_error, Graph, RedisGraphError, RedisGraphResult};
[INFO] [stdout]   |             ^^^^^^^^^^^^^^^^^
[INFO] [stdout] 
[INFO] [stdout] 
[INFO] [stdout] warning: unused import: `client_type_error`
[INFO] [stdout]  --> src/conversions.rs:3:5
[INFO] [stdout]   |
[INFO] [stdout] 3 |     client_type_error,
[INFO] [stdout]   |     ^^^^^^^^^^^^^^^^^
[INFO] [stdout] 
[INFO] [stdout] 
[INFO] [stdout] warning: non-local `impl` definition, `impl` blocks should be written at the same level as their item
[INFO] [stdout]    --> src/result_set.rs:149:10
[INFO] [stdout]     |
[INFO] [stdout] 149 | #[derive(num_derive::FromPrimitive)]
[INFO] [stdout]     |          ^------------------------
[INFO] [stdout]     |          |
[INFO] [stdout]     |          `FromPrimitive` is not local
[INFO] [stdout]     |          move the `impl` block outside of this constant `_IMPL_NUM_FromPrimitive_FOR_ColumnType`
[INFO] [stdout] 150 | enum ColumnType {
[INFO] [stdout]     |      ---------- `ColumnType` is not local
[INFO] [stdout]     |
[INFO] [stdout]     = note: the derive macro `num_derive::FromPrimitive` defines the non-local `impl`, and may need to be changed
[INFO] [stdout]     = note: the derive macro `num_derive::FromPrimitive` may come from an old version of the `num_derive` crate, try updating your dependency with `cargo update -p num_derive`
[INFO] [stdout]     = note: an `impl` is never scoped, even when it is nested inside an item, as it may impact type checking outside of that item, which can be the case if neither the trait or the self type are at the same nesting level as the `impl`
[INFO] [stdout]     = note: items in an anonymous const item (`const _: () = { ... }`) are treated as in the same scope as the anonymous const's declaration for the purpose of this lint
[INFO] [stdout]     = note: `#[warn(non_local_definitions)]` on by default
[INFO] [stdout]     = note: this warning originates in the derive macro `num_derive::FromPrimitive` (in Nightly builds, run with -Z macro-backtrace for more info)
[INFO] [stdout] 
[INFO] [stdout] 
[INFO] [stdout] warning: non-local `impl` definition, `impl` blocks should be written at the same level as their item
[INFO] [stdout]    --> src/result_set.rs:347:10
[INFO] [stdout]     |
[INFO] [stdout] 347 | #[derive(num_derive::FromPrimitive)]
[INFO] [stdout]     |          ^------------------------
[INFO] [stdout]     |          |
[INFO] [stdout]     |          `FromPrimitive` is not local
[INFO] [stdout]     |          move the `impl` block outside of this constant `_IMPL_NUM_FromPrimitive_FOR_ScalarType`
[INFO] [stdout] 348 | enum ScalarType {
[INFO] [stdout]     |      ---------- `ScalarType` is not local
[INFO] [stdout]     |
[INFO] [stdout]     = note: the derive macro `num_derive::FromPrimitive` defines the non-local `impl`, and may need to be changed
[INFO] [stdout]     = note: the derive macro `num_derive::FromPrimitive` may come from an old version of the `num_derive` crate, try updating your dependency with `cargo update -p num_derive`
[INFO] [stdout]     = note: an `impl` is never scoped, even when it is nested inside an item, as it may impact type checking outside of that item, which can be the case if neither the trait or the self type are at the same nesting level as the `impl`
[INFO] [stdout]     = note: items in an anonymous const item (`const _: () = { ... }`) are treated as in the same scope as the anonymous const's declaration for the purpose of this lint
[INFO] [stdout]     = note: this warning originates in the derive macro `num_derive::FromPrimitive` (in Nightly builds, run with -Z macro-backtrace for more info)
[INFO] [stdout] 
[INFO] [stdout] 
[INFO] [stderr]     Finished `release` profile [optimized] target(s) in 2.96s
[INFO] [stderr] warning: the following packages contain code that will be rejected by a future version of Rust: redis v0.16.0
[INFO] [stderr] note: to see what the problems were, use the option `--future-incompat-report`, or run `cargo report future-incompatibilities --id 1`
[INFO] running `Command { std: "docker" "inspect" "7c441d71547d14277f2f9d6bf9f51c0daa15a75807a4db1817ed7ad6df2c67d9", kill_on_drop: false }`
[INFO] running `Command { std: "docker" "exec" "-e" "SOURCE_DIR=/opt/rustwide/workdir" "-e" "CARGO_HOME=/opt/rustwide/cargo-home" "-e" "RUSTUP_HOME=/opt/rustwide/rustup-home" "-e" "CARGO_TARGET_DIR=/opt/rustwide/target" "-e" "CARGO_INCREMENTAL=0" "-e" "RUST_BACKTRACE=full" "-e" "RUSTFLAGS=--cap-lints=warn" "-e" "RUSTDOCFLAGS=--cap-lints=warn" "-w" "/opt/rustwide/workdir" "--user" "0:0" "7c441d71547d14277f2f9d6bf9f51c0daa15a75807a4db1817ed7ad6df2c67d9" "/opt/rustwide/cargo-home/bin/cargo" "+1.99.0-beta.8" "test" "--frozen" "--release", kill_on_drop: false }`
[INFO] [stderr] warning: unused import: `client_type_error`
[INFO] [stderr]  --> src/assignments.rs:1:13
[INFO] [stderr]   |
[INFO] [stderr] 1 | use crate::{client_type_error, RedisGraphResult, ResultSet};
[INFO] [stderr]   |             ^^^^^^^^^^^^^^^^^
[INFO] [stderr]   |
[INFO] [stderr]   = note: `#[warn(unused_imports)]` (part of `#[warn(unused)]`) on by default
[INFO] [stderr] 
[INFO] [stderr] warning: unused import: `server_type_error`
[INFO] [stderr]  --> src/graph.rs:6:5
[INFO] [stderr]   |
[INFO] [stderr] 6 |     server_type_error, RedisGraphError, RedisGraphResult, RedisString, ResultSet,
[INFO] [stderr]   |     ^^^^^^^^^^^^^^^^^
[INFO] [stderr] 
[INFO] [stderr] warning: unused import: `server_type_error`
[INFO] [stderr]  --> src/result_set.rs:9:13
[INFO] [stderr]   |
[INFO] [stderr] 9 | use crate::{server_type_error, Graph, RedisGraphError, RedisGraphResult};
[INFO] [stderr]   |             ^^^^^^^^^^^^^^^^^
[INFO] [stderr] 
[INFO] [stderr] warning: unused import: `client_type_error`
[INFO] [stderr]  --> src/conversions.rs:3:5
[INFO] [stderr]   |
[INFO] [stderr] 3 |     client_type_error,
[INFO] [stderr]   |     ^^^^^^^^^^^^^^^^^
[INFO] [stderr] 
[INFO] [stderr] warning: non-local `impl` definition, `impl` blocks should be written at the same level as their item
[INFO] [stderr]    --> src/result_set.rs:149:10
[INFO] [stderr]     |
[INFO] [stderr] 149 | #[derive(num_derive::FromPrimitive)]
[INFO] [stderr]     |          ^------------------------
[INFO] [stderr]     |          |
[INFO] [stderr]     |          `FromPrimitive` is not local
[INFO] [stderr]     |          move the `impl` block outside of this constant `_IMPL_NUM_FromPrimitive_FOR_ColumnType`
[INFO] [stderr] 150 | enum ColumnType {
[INFO] [stderr]     |      ---------- `ColumnType` is not local
[INFO] [stderr]     |
[INFO] [stderr]     = note: the derive macro `num_derive::FromPrimitive` defines the non-local `impl`, and may need to be changed
[INFO] [stderr]     = note: the derive macro `num_derive::FromPrimitive` may come from an old version of the `num_derive` crate, try updating your dependency with `cargo update -p num_derive`
[INFO] [stderr]     = note: an `impl` is never scoped, even when it is nested inside an item, as it may impact type checking outside of that item, which can be the case if neither the trait or the self type are at the same nesting level as the `impl`
[INFO] [stderr]     = note: items in an anonymous const item (`const _: () = { ... }`) are treated as in the same scope as the anonymous const's declaration for the purpose of this lint
[INFO] [stderr]     = note: `#[warn(non_local_definitions)]` on by default
[INFO] [stderr]     = note: this warning originates in the derive macro `num_derive::FromPrimitive` (in Nightly builds, run with -Z macro-backtrace for more info)
[INFO] [stderr] 
[INFO] [stderr] warning: non-local `impl` definition, `impl` blocks should be written at the same level as their item
[INFO] [stderr]    --> src/result_set.rs:347:10
[INFO] [stderr]     |
[INFO] [stderr] 347 | #[derive(num_derive::FromPrimitive)]
[INFO] [stderr]     |          ^------------------------
[INFO] [stderr]     |          |
[INFO] [stderr]     |          `FromPrimitive` is not local
[INFO] [stderr]     |          move the `impl` block outside of this constant `_IMPL_NUM_FromPrimitive_FOR_ScalarType`
[INFO] [stderr] 348 | enum ScalarType {
[INFO] [stderr]     |      ---------- `ScalarType` is not local
[INFO] [stderr]     |
[INFO] [stderr]     = note: the derive macro `num_derive::FromPrimitive` defines the non-local `impl`, and may need to be changed
[INFO] [stderr]     = note: the derive macro `num_derive::FromPrimitive` may come from an old version of the `num_derive` crate, try updating your dependency with `cargo update -p num_derive`
[INFO] [stderr]     = note: an `impl` is never scoped, even when it is nested inside an item, as it may impact type checking outside of that item, which can be the case if neither the trait or the self type are at the same nesting level as the `impl`
[INFO] [stderr]     = note: items in an anonymous const item (`const _: () = { ... }`) are treated as in the same scope as the anonymous const's declaration for the purpose of this lint
[INFO] [stderr]     = note: this warning originates in the derive macro `num_derive::FromPrimitive` (in Nightly builds, run with -Z macro-backtrace for more info)
[INFO] [stderr] 
[INFO] [stderr] warning: `redisgraph` (lib) generated 6 warnings (run `cargo fix --lib -p redisgraph` to apply 4 suggestions)
[INFO] [stderr] warning: function `with_graph` is never used
[INFO] [stderr]  --> tests/common/mod.rs:9:8
[INFO] [stderr]   |
[INFO] [stderr] 9 | pub fn with_graph<F: FnOnce(&mut Graph) -> ()>(action: F) {
[INFO] [stderr]   |        ^^^^^^^^^^
[INFO] [stderr]   |
[INFO] [stderr]   = note: `#[warn(dead_code)]` (part of `#[warn(unused)]`) on by default
[INFO] [stderr] 
[INFO] [stderr] warning: `redisgraph` (test "graph_test") generated 1 warning
[INFO] [stderr] warning: `redisgraph` (lib test) generated 6 warnings (6 duplicates)
[INFO] [stderr]     Finished `release` profile [optimized] target(s) in 0.14s
[INFO] [stderr] warning: the following packages contain code that will be rejected by a future version of Rust: redis v0.16.0
[INFO] [stderr] note: to see what the problems were, use the option `--future-incompat-report`, or run `cargo report future-incompatibilities --id 1`
[INFO] [stderr]      Running unittests src/lib.rs (/opt/rustwide/target/release/deps/redisgraph-969e1854629e26c2)
[INFO] [stderr]      Running tests/assignments_test.rs (/opt/rustwide/target/release/deps/assignments_test-724a2d551b7cdadf)
[INFO] [stdout] 
[INFO] [stdout] running 0 tests
[INFO] [stdout] 
[INFO] [stdout] test result: ok. 0 passed; 0 failed; 0 ignored; 0 measured; 0 filtered out; finished in 0.00s
[INFO] [stdout] 
[INFO] [stdout] 
[INFO] [stdout] running 5 tests
[INFO] [stdout] test test_out_of_bounds ... FAILED
[INFO] [stdout] test test_vec ... FAILED
[INFO] [stdout] test test_tuple_vec ... FAILED
[INFO] [stdout] test test_tuple ... FAILED
[INFO] [stdout] test test_single ... FAILED
[INFO] [stdout] 
[INFO] [stdout] failures:
[INFO] [stdout] 
[INFO] [stdout] ---- test_out_of_bounds stdout ----
[INFO] [stdout] 
[INFO] [stdout] thread 'test_out_of_bounds' (993) panicked at tests/common/mod.rs:6:29:
[INFO] [stdout] Failed to get connection!: Connection refused (os error 111)
[INFO] [stdout] stack backtrace:
[INFO] [stdout]    0:     0x58ef75b10cc1 - <<std[70759c8f55707aa4]::sys::backtrace::BacktraceLock>::print::DisplayBacktrace as core[df12db4294e9bfd3]::fmt::Display>::fmt
[INFO] [stdout]    1:     0x58ef75b26f9a - core[df12db4294e9bfd3]::fmt::write
[INFO] [stdout]    2:     0x58ef75b1552c - <alloc[2182bb758b4b3781]::vec::Vec<u8> as core[df12db4294e9bfd3]::io::write::Write>::write_fmt
[INFO] [stdout]    3:     0x58ef75aec1e6 - std[70759c8f55707aa4]::panicking::default_hook::{closure#0}
[INFO] [stdout]    4:     0x58ef75b08d39 - std[70759c8f55707aa4]::panicking::default_hook
[INFO] [stdout]    5:     0x58ef75a67160 - test[9d35eded1c95d3be]::test_main_inner::<test[9d35eded1c95d3be]::test_main_static::{closure#0}>::{closure#0}
[INFO] [stdout]    6:     0x58ef75b08ef2 - std[70759c8f55707aa4]::panicking::panic_with_hook
[INFO] [stdout]    7:     0x58ef75aec292 - std[70759c8f55707aa4]::panicking::panic_handler::{closure#0}
[INFO] [stdout]    8:     0x58ef75ae4f39 - std[70759c8f55707aa4]::sys::backtrace::__rust_end_short_backtrace::<std[70759c8f55707aa4]::panicking::panic_handler::{closure#0}, !>
[INFO] [stdout]    9:     0x58ef75aed07d - __rustc[8fa7c3cbc660c2b3]::rust_begin_unwind
[INFO] [stdout]   10:     0x58ef75b276cc - core[df12db4294e9bfd3]::panicking::panic_fmt
[INFO] [stdout]   11:     0x58ef75b274a2 - core[df12db4294e9bfd3]::result::unwrap_failed
[INFO] [stdout]   12:     0x58ef75a57fd7 - assignments_test[976c560c4950d1f]::common::get_connection
[INFO] [stdout]   13:     0x58ef75a59915 - <assignments_test[976c560c4950d1f]::test_out_of_bounds::{closure#0} as core[df12db4294e9bfd3]::ops::function::FnOnce<()>>::call_once
[INFO] [stdout]   14:     0x58ef75a9b5b4 - serial_test[3542f4edc21f4d87]::serial_core
[INFO] [stdout]   15:     0x58ef75a58358 - <assignments_test[976c560c4950d1f]::test_out_of_bounds::{closure#0} as core[df12db4294e9bfd3]::ops::function::FnOnce<()>>::call_once
[INFO] [stdout]   16:     0x58ef75a5a44b - test[9d35eded1c95d3be]::__rust_begin_short_backtrace::<core[df12db4294e9bfd3]::result::Result<(), alloc[2182bb758b4b3781]::string::String>, fn() -> core[df12db4294e9bfd3]::result::Result<(), alloc[2182bb758b4b3781]::string::String>>
[INFO] [stdout]   17:     0x58ef75a67ab5 - test[9d35eded1c95d3be]::run_test::{closure#0}
[INFO] [stdout]   18:     0x58ef75a61374 - std[70759c8f55707aa4]::sys::backtrace::__rust_begin_short_backtrace::<test[9d35eded1c95d3be]::run_test::{closure#1}, ()>
[INFO] [stdout]   19:     0x58ef75a6ac12 - <std[70759c8f55707aa4]::thread::lifecycle::spawn_unchecked<test[9d35eded1c95d3be]::run_test::{closure#1}, ()>::{closure#1} as core[df12db4294e9bfd3]::ops::function::FnOnce<()>>::call_once::{shim:vtable#0}
[INFO] [stdout]   20:     0x58ef75b10079 - <std[70759c8f55707aa4]::sys::thread::unix::Thread>::new::thread_start
[INFO] [stdout]   21:     0x7d8d7b052dfa - <unknown>
[INFO] [stdout]   22:     0x7d8d7b0e63d4 - clone
[INFO] [stdout]   23:                0x0 - <unknown>
[INFO] [stdout] 
[INFO] [stdout] ---- test_vec stdout ----
[INFO] [stdout] 
[INFO] [stdout] thread 'test_vec' (997) panicked at tests/common/mod.rs:6:29:
[INFO] [stdout] Failed to get connection!: Connection refused (os error 111)
[INFO] [stdout] stack backtrace:
[INFO] [stdout]    0:     0x58ef75b10cc1 - <<std[70759c8f55707aa4]::sys::backtrace::BacktraceLock>::print::DisplayBacktrace as core[df12db4294e9bfd3]::fmt::Display>::fmt
[INFO] [stdout]    1:     0x58ef75b26f9a - core[df12db4294e9bfd3]::fmt::write
[INFO] [stdout]    2:     0x58ef75b1552c - <alloc[2182bb758b4b3781]::vec::Vec<u8> as core[df12db4294e9bfd3]::io::write::Write>::write_fmt
[INFO] [stdout]    3:     0x58ef75aec1e6 - std[70759c8f55707aa4]::panicking::default_hook::{closure#0}
[INFO] [stdout]    4:     0x58ef75b08d39 - std[70759c8f55707aa4]::panicking::default_hook
[INFO] [stdout]    5:     0x58ef75a67160 - test[9d35eded1c95d3be]::test_main_inner::<test[9d35eded1c95d3be]::test_main_static::{closure#0}>::{closure#0}
[INFO] [stdout]    6:     0x58ef75b08ef2 - std[70759c8f55707aa4]::panicking::panic_with_hook
[INFO] [stdout]    7:     0x58ef75aec292 - std[70759c8f55707aa4]::panicking::panic_handler::{closure#0}
[INFO] [stdout]    8:     0x58ef75ae4f39 - std[70759c8f55707aa4]::sys::backtrace::__rust_end_short_backtrace::<std[70759c8f55707aa4]::panicking::panic_handler::{closure#0}, !>
[INFO] [stdout]    9:     0x58ef75aed07d - __rustc[8fa7c3cbc660c2b3]::rust_begin_unwind
[INFO] [stdout]   10:     0x58ef75b276cc - core[df12db4294e9bfd3]::panicking::panic_fmt
[INFO] [stdout]   11:     0x58ef75b274a2 - core[df12db4294e9bfd3]::result::unwrap_failed
[INFO] [stdout]   12:     0x58ef75a57fd7 - assignments_test[976c560c4950d1f]::common::get_connection
[INFO] [stdout]   13:     0x58ef75a59b8e - <assignments_test[976c560c4950d1f]::test_vec::{closure#0} as core[df12db4294e9bfd3]::ops::function::FnOnce<()>>::call_once
[INFO] [stdout]   14:     0x58ef75a9b5b4 - serial_test[3542f4edc21f4d87]::serial_core
[INFO] [stdout]   15:     0x58ef75a58388 - <assignments_test[976c560c4950d1f]::test_vec::{closure#0} as core[df12db4294e9bfd3]::ops::function::FnOnce<()>>::call_once
[INFO] [stdout]   16:     0x58ef75a5a44b - test[9d35eded1c95d3be]::__rust_begin_short_backtrace::<core[df12db4294e9bfd3]::result::Result<(), alloc[2182bb758b4b3781]::string::String>, fn() -> core[df12db4294e9bfd3]::result::Result<(), alloc[2182bb758b4b3781]::string::String>>
[INFO] [stdout]   17:     0x58ef75a67ab5 - test[9d35eded1c95d3be]::run_test::{closure#0}
[INFO] [stdout]   18:     0x58ef75a61374 - std[70759c8f55707aa4]::sys::backtrace::__rust_begin_short_backtrace::<test[9d35eded1c95d3be]::run_test::{closure#1}, ()>
[INFO] [stdout]   19:     0x58ef75a6ac12 - <std[70759c8f55707aa4]::thread::lifecycle::spawn_unchecked<test[9d35eded1c95d3be]::run_test::{closure#1}, ()>::{closure#1} as core[df12db4294e9bfd3]::ops::function::FnOnce<()>>::call_once::{shim:vtable#0}
[INFO] [stdout]   20:     0x58ef75b10079 - <std[70759c8f55707aa4]::sys::thread::unix::Thread>::new::thread_start
[INFO] [stdout]   21:     0x7d8d7b052dfa - <unknown>
[INFO] [stdout]   22:     0x7d8d7b0e63d4 - clone
[INFO] [stdout]   23:                0x0 - <unknown>
[INFO] [stdout] 
[INFO] [stdout] ---- test_tuple_vec stdout ----
[INFO] [stdout] 
[INFO] [stdout] thread 'test_tuple_vec' (996) panicked at tests/common/mod.rs:6:29:
[INFO] [stdout] Failed to get connection!: Connection refused (os error 111)
[INFO] [stdout] stack backtrace:
[INFO] [stdout]    0:     0x58ef75b10cc1 - <<std[70759c8f55707aa4]::sys::backtrace::BacktraceLock>::print::DisplayBacktrace as core[df12db4294e9bfd3]::fmt::Display>::fmt
[INFO] [stdout]    1:     0x58ef75b26f9a - core[df12db4294e9bfd3]::fmt::write
[INFO] [stdout]    2:     0x58ef75b1552c - <alloc[2182bb758b4b3781]::vec::Vec<u8> as core[df12db4294e9bfd3]::io::write::Write>::write_fmt
[INFO] [stdout]    3:     0x58ef75aec1e6 - std[70759c8f55707aa4]::panicking::default_hook::{closure#0}
[INFO] [stdout]    4:     0x58ef75b08d39 - std[70759c8f55707aa4]::panicking::default_hook
[INFO] [stdout]    5:     0x58ef75a67160 - test[9d35eded1c95d3be]::test_main_inner::<test[9d35eded1c95d3be]::test_main_static::{closure#0}>::{closure#0}
[INFO] [stdout]    6:     0x58ef75b08ef2 - std[70759c8f55707aa4]::panicking::panic_with_hook
[INFO] [stdout]    7:     0x58ef75aec292 - std[70759c8f55707aa4]::panicking::panic_handler::{closure#0}
[INFO] [stdout]    8:     0x58ef75ae4f39 - std[70759c8f55707aa4]::sys::backtrace::__rust_end_short_backtrace::<std[70759c8f55707aa4]::panicking::panic_handler::{closure#0}, !>
[INFO] [stdout]    9:     0x58ef75aed07d - __rustc[8fa7c3cbc660c2b3]::rust_begin_unwind
[INFO] [stdout]   10:     0x58ef75b276cc - core[df12db4294e9bfd3]::panicking::panic_fmt
[INFO] [stdout]   11:     0x58ef75b274a2 - core[df12db4294e9bfd3]::result::unwrap_failed
[INFO] [stdout]   12:     0x58ef75a57fd7 - assignments_test[976c560c4950d1f]::common::get_connection
[INFO] [stdout]   13:     0x58ef75a58c8e - <assignments_test[976c560c4950d1f]::test_tuple_vec::{closure#0} as core[df12db4294e9bfd3]::ops::function::FnOnce<()>>::call_once
[INFO] [stdout]   14:     0x58ef75a9b5b4 - serial_test[3542f4edc21f4d87]::serial_core
[INFO] [stdout]   15:     0x58ef75a58328 - <assignments_test[976c560c4950d1f]::test_tuple_vec::{closure#0} as core[df12db4294e9bfd3]::ops::function::FnOnce<()>>::call_once
[INFO] [stdout]   16:     0x58ef75a5a44b - test[9d35eded1c95d3be]::__rust_begin_short_backtrace::<core[df12db4294e9bfd3]::result::Result<(), alloc[2182bb758b4b3781]::string::String>, fn() -> core[df12db4294e9bfd3]::result::Result<(), alloc[2182bb758b4b3781]::string::String>>
[INFO] [stdout]   17:     0x58ef75a67ab5 - test[9d35eded1c95d3be]::run_test::{closure#0}
[INFO] [stdout]   18:     0x58ef75a61374 - std[70759c8f55707aa4]::sys::backtrace::__rust_begin_short_backtrace::<test[9d35eded1c95d3be]::run_test::{closure#1}, ()>
[INFO] [stdout]   19:     0x58ef75a6ac12 - <std[70759c8f55707aa4]::thread::lifecycle::spawn_unchecked<test[9d35eded1c95d3be]::run_test::{closure#1}, ()>::{closure#1} as core[df12db4294e9bfd3]::ops::function::FnOnce<()>>::call_once::{shim:vtable#0}
[INFO] [stdout]   20:     0x58ef75b10079 - <std[70759c8f55707aa4]::sys::thread::unix::Thread>::new::thread_start
[INFO] [stdout]   21:     0x7d8d7b052dfa - <unknown>
[INFO] [stdout]   22:     0x7d8d7b0e63d4 - clone
[INFO] [stdout]   23:                0x0 - <unknown>
[INFO] [stdout] 
[INFO] [stdout] ---- test_tuple stdout ----
[INFO] [stdout] 
[INFO] [stdout] thread 'test_tuple' (995) panicked at tests/common/mod.rs:6:29:
[INFO] [stdout] Failed to get connection!: Connection refused (os error 111)
[INFO] [stdout] stack backtrace:
[INFO] [stdout]    0:     0x58ef75b10cc1 - <<std[70759c8f55707aa4]::sys::backtrace::BacktraceLock>::print::DisplayBacktrace as core[df12db4294e9bfd3]::fmt::Display>::fmt
[INFO] [stdout]    1:     0x58ef75b26f9a - core[df12db4294e9bfd3]::fmt::write
[INFO] [stdout]    2:     0x58ef75b1552c - <alloc[2182bb758b4b3781]::vec::Vec<u8> as core[df12db4294e9bfd3]::io::write::Write>::write_fmt
[INFO] [stdout]    3:     0x58ef75aec1e6 - std[70759c8f55707aa4]::panicking::default_hook::{closure#0}
[INFO] [stdout]    4:     0x58ef75b08d39 - std[70759c8f55707aa4]::panicking::default_hook
[INFO] [stdout]    5:     0x58ef75a67160 - test[9d35eded1c95d3be]::test_main_inner::<test[9d35eded1c95d3be]::test_main_static::{closure#0}>::{closure#0}
[INFO] [stdout]    6:     0x58ef75b08ef2 - std[70759c8f55707aa4]::panicking::panic_with_hook
[INFO] [stdout]    7:     0x58ef75aec292 - std[70759c8f55707aa4]::panicking::panic_handler::{closure#0}
[INFO] [stdout]    8:     0x58ef75ae4f39 - std[70759c8f55707aa4]::sys::backtrace::__rust_end_short_backtrace::<std[70759c8f55707aa4]::panicking::panic_handler::{closure#0}, !>
[INFO] [stdout]    9:     0x58ef75aed07d - __rustc[8fa7c3cbc660c2b3]::rust_begin_unwind
[INFO] [stdout]   10:     0x58ef75b276cc - core[df12db4294e9bfd3]::panicking::panic_fmt
[INFO] [stdout]   11:     0x58ef75b274a2 - core[df12db4294e9bfd3]::result::unwrap_failed
[INFO] [stdout]   12:     0x58ef75a57fd7 - assignments_test[976c560c4950d1f]::common::get_connection
[INFO] [stdout]   13:     0x58ef75a583b5 - <assignments_test[976c560c4950d1f]::test_tuple::{closure#0} as core[df12db4294e9bfd3]::ops::function::FnOnce<()>>::call_once
[INFO] [stdout]   14:     0x58ef75a9b5b4 - serial_test[3542f4edc21f4d87]::serial_core
[INFO] [stdout]   15:     0x58ef75a582c8 - <assignments_test[976c560c4950d1f]::test_tuple::{closure#0} as core[df12db4294e9bfd3]::ops::function::FnOnce<()>>::call_once
[INFO] [stdout]   16:     0x58ef75a5a44b - test[9d35eded1c95d3be]::__rust_begin_short_backtrace::<core[df12db4294e9bfd3]::result::Result<(), alloc[2182bb758b4b3781]::string::String>, fn() -> core[df12db4294e9bfd3]::result::Result<(), alloc[2182bb758b4b3781]::string::String>>
[INFO] [stdout]   17:     0x58ef75a67ab5 - test[9d35eded1c95d3be]::run_test::{closure#0}
[INFO] [stdout]   18:     0x58ef75a61374 - std[70759c8f55707aa4]::sys::backtrace::__rust_begin_short_backtrace::<test[9d35eded1c95d3be]::run_test::{closure#1}, ()>
[INFO] [stdout]   19:     0x58ef75a6ac12 - <std[70759c8f55707aa4]::thread::lifecycle::spawn_unchecked<test[9d35eded1c95d3be]::run_test::{closure#1}, ()>::{closure#1} as core[df12db4294e9bfd3]::ops::function::FnOnce<()>>::call_once::{shim:vtable#0}
[INFO] [stdout]   20:     0x58ef75b10079 - <std[70759c8f55707aa4]::sys::thread::unix::Thread>::new::thread_start
[INFO] [stdout]   21:     0x7d8d7b052dfa - <unknown>
[INFO] [stdout]   22:     0x7d8d7b0e63d4 - clone
[INFO] [stdout]   23:                0x0 - <unknown>
[INFO] [stdout] 
[INFO] [stdout] ---- test_single stdout ----
[INFO] [stdout] 
[INFO] [stdout] thread 'test_single' (994) panicked at tests/common/mod.rs:6:29:
[INFO] [stdout] Failed to get connection!: Connection refused (os error 111)
[INFO] [stdout] stack backtrace:
[INFO] [stdout]    0:     0x58ef75b10cc1 - <<std[70759c8f55707aa4]::sys::backtrace::BacktraceLock>::print::DisplayBacktrace as core[df12db4294e9bfd3]::fmt::Display>::fmt
[INFO] [stdout]    1:     0x58ef75b26f9a - core[df12db4294e9bfd3]::fmt::write
[INFO] [stdout]    2:     0x58ef75b1552c - <alloc[2182bb758b4b3781]::vec::Vec<u8> as core[df12db4294e9bfd3]::io::write::Write>::write_fmt
[INFO] [stdout]    3:     0x58ef75aec1e6 - std[70759c8f55707aa4]::panicking::default_hook::{closure#0}
[INFO] [stdout]    4:     0x58ef75b08d39 - std[70759c8f55707aa4]::panicking::default_hook
[INFO] [stdout]    5:     0x58ef75a67160 - test[9d35eded1c95d3be]::test_main_inner::<test[9d35eded1c95d3be]::test_main_static::{closure#0}>::{closure#0}
[INFO] [stdout]    6:     0x58ef75b08ef2 - std[70759c8f55707aa4]::panicking::panic_with_hook
[INFO] [stdout]    7:     0x58ef75aec292 - std[70759c8f55707aa4]::panicking::panic_handler::{closure#0}
[INFO] [stdout]    8:     0x58ef75ae4f39 - std[70759c8f55707aa4]::sys::backtrace::__rust_end_short_backtrace::<std[70759c8f55707aa4]::panicking::panic_handler::{closure#0}, !>
[INFO] [stdout]    9:     0x58ef75aed07d - __rustc[8fa7c3cbc660c2b3]::rust_begin_unwind
[INFO] [stdout]   10:     0x58ef75b276cc - core[df12db4294e9bfd3]::panicking::panic_fmt
[INFO] [stdout]   11:     0x58ef75b274a2 - core[df12db4294e9bfd3]::result::unwrap_failed
[INFO] [stdout]   12:     0x58ef75a57fd7 - assignments_test[976c560c4950d1f]::common::get_connection
[INFO] [stdout]   13:     0x58ef75a5871e - <assignments_test[976c560c4950d1f]::test_single::{closure#0} as core[df12db4294e9bfd3]::ops::function::FnOnce<()>>::call_once
[INFO] [stdout]   14:     0x58ef75a9b5b4 - serial_test[3542f4edc21f4d87]::serial_core
[INFO] [stdout]   15:     0x58ef75a582f8 - <assignments_test[976c560c4950d1f]::test_single::{closure#0} as core[df12db4294e9bfd3]::ops::function::FnOnce<()>>::call_once
[INFO] [stdout]   16:     0x58ef75a5a44b - test[9d35eded1c95d3be]::__rust_begin_short_backtrace::<core[df12db4294e9bfd3]::result::Result<(), alloc[2182bb758b4b3781]::string::String>, fn() -> core[df12db4294e9bfd3]::result::Result<(), alloc[2182bb758b4b3781]::string::String>>
[INFO] [stdout]   17:     0x58ef75a67ab5 - test[9d35eded1c95d3be]::run_test::{closure#0}
[INFO] [stdout]   18:     0x58ef75a61374 - std[70759c8f55707aa4]::sys::backtrace::__rust_begin_short_backtrace::<test[9d35eded1c95d3be]::run_test::{closure#1}, ()>
[INFO] [stdout]   19:     0x58ef75a6ac12 - <std[70759c8f55707aa4]::thread::lifecycle::spawn_unchecked<test[9d35eded1c95d3be]::run_test::{closure#1}, ()>::{closure#1} as core[df12db4294e9bfd3]::ops::function::FnOnce<()>>::call_once::{shim:vtable#0}
[INFO] [stdout]   20:     0x58ef75b10079 - <std[70759c8f55707aa4]::sys::thread::unix::Thread>::new::thread_start
[INFO] [stdout]   21:     0x7d8d7b052dfa - <unknown>
[INFO] [stdout]   22:     0x7d8d7b0e63d4 - clone
[INFO] [stdout]   23:                0x0 - <unknown>
[INFO] [stdout] 
[INFO] [stdout] 
[INFO] [stdout] failures:
[INFO] [stdout]     test_out_of_bounds
[INFO] [stdout]     test_single
[INFO] [stdout]     test_tuple
[INFO] [stdout]     test_tuple_vec
[INFO] [stdout]     test_vec
[INFO] [stdout] 
[INFO] [stdout] test result: FAILED. 0 passed; 5 failed; 0 ignored; 0 measured; 0 filtered out; finished in 0.01s
[INFO] [stdout] 
[INFO] [stderr] error: test failed, to rerun pass `--test assignments_test`
[INFO] running `Command { std: "docker" "inspect" "7c441d71547d14277f2f9d6bf9f51c0daa15a75807a4db1817ed7ad6df2c67d9", kill_on_drop: false }`
[INFO] running `Command { std: "docker" "rm" "-f" "7c441d71547d14277f2f9d6bf9f51c0daa15a75807a4db1817ed7ad6df2c67d9", kill_on_drop: false }`
[INFO] [stdout] 7c441d71547d14277f2f9d6bf9f51c0daa15a75807a4db1817ed7ad6df2c67d9
