[INFO] fetching crate redis-zset-ts 0.2.0...
[INFO] testing redis-zset-ts-0.2.0 against 1.99.0-beta.8+cargoflags=--release for beta-release-1.100-2
[INFO] extracting crate redis-zset-ts 0.2.0 into /workspace/builds/worker-4-tc1/source
[INFO] started tweaking crates.io crate redis-zset-ts 0.2.0
[INFO] finished tweaking crates.io crate redis-zset-ts 0.2.0
[INFO] tweaked toml for crates.io crate redis-zset-ts 0.2.0 written to /workspace/builds/worker-4-tc1/source/Cargo.toml
[INFO] validating manifest of crates.io crate redis-zset-ts 0.2.0 on toolchain 1.99.0-beta.8
[INFO] running `Command { std: CARGO_HOME="/workspace/cargo-home" RUSTUP_HOME="/workspace/rustup-home" "/workspace/cargo-home/bin/cargo" "+1.99.0-beta.8" "metadata" "--manifest-path" "Cargo.toml" "--no-deps", kill_on_drop: false }`
[INFO] running `Command { std: CARGO_HOME="/workspace/cargo-home" RUSTUP_HOME="/workspace/rustup-home" "/workspace/cargo-home/bin/cargo" "+1.99.0-beta.8" "generate-lockfile" "--manifest-path" "Cargo.toml", kill_on_drop: false }`
[INFO] [stderr]     Updating crates.io index
[INFO] [stderr]      Locking 54 packages to highest compatible versions
[INFO] [stderr]       Adding redis v0.24.1 (available: v1.7.1)
[INFO] [stderr]       Adding thiserror v1.0.69 (available: v2.0.21)
[INFO] running `Command { std: CARGO_HOME="/workspace/cargo-home" RUSTUP_HOME="/workspace/rustup-home" "/workspace/cargo-home/bin/cargo" "+1.99.0-beta.8" "fetch" "--manifest-path" "Cargo.toml", kill_on_drop: false }`
[INFO] [stderr]  Downloading crates ...
[INFO] [stderr]   Downloaded redis v0.24.1
[INFO] running `Command { std: "docker" "create" "-v" "/var/lib/crater-agent-workspace/builds/worker-4-tc1/source:/opt/rustwide/workdir:ro,Z" "-v" "/var/lib/crater-agent-workspace/builds/worker-4-tc1/target:/opt/rustwide/target:rw,Z" "-v" "/var/lib/crater-agent-workspace/cargo-home:/opt/rustwide/cargo-home:ro,Z" "-v" "/var/lib/crater-agent-workspace/rustup-home:/opt/rustwide/rustup-home:ro,Z" "-m" "1610612736" "--network" "none" "ghcr.io/rust-lang/crates-build-env/linux@sha256:77db811e55d90add9212f6832c23229e3de5f1c1f9905e8cb07319ea15df73ac" "sleep" "infinity", kill_on_drop: false }`
[INFO] [stdout] 2fd941c419052c8f141bb1aba0946e18f881220415ecb46f97ee3be075827cd1
[INFO] running `Command { std: "docker" "start" "2fd941c419052c8f141bb1aba0946e18f881220415ecb46f97ee3be075827cd1", kill_on_drop: false }`
[INFO] running `Command { std: "docker" "inspect" "2fd941c419052c8f141bb1aba0946e18f881220415ecb46f97ee3be075827cd1", kill_on_drop: false }`
[INFO] running `Command { std: "docker" "exec" "-e" "SOURCE_DIR=/opt/rustwide/workdir" "-e" "CARGO_HOME=/opt/rustwide/cargo-home" "-e" "RUSTUP_HOME=/opt/rustwide/rustup-home" "-e" "CARGO_TARGET_DIR=/opt/rustwide/target" "-w" "/opt/rustwide/workdir" "--user" "0:0" "2fd941c419052c8f141bb1aba0946e18f881220415ecb46f97ee3be075827cd1" "/opt/rustwide/cargo-home/bin/cargo" "+1.99.0-beta.8" "metadata" "--no-deps" "--format-version=1", kill_on_drop: false }`
[INFO] running `Command { std: "docker" "inspect" "2fd941c419052c8f141bb1aba0946e18f881220415ecb46f97ee3be075827cd1", kill_on_drop: false }`
[INFO] running `Command { std: "docker" "exec" "-e" "SOURCE_DIR=/opt/rustwide/workdir" "-e" "CARGO_HOME=/opt/rustwide/cargo-home" "-e" "RUSTUP_HOME=/opt/rustwide/rustup-home" "-e" "CARGO_TARGET_DIR=/opt/rustwide/target" "-e" "CARGO_INCREMENTAL=0" "-e" "RUST_BACKTRACE=full" "-e" "RUSTFLAGS=--cap-lints=warn" "-e" "RUSTDOCFLAGS=--cap-lints=warn" "-w" "/opt/rustwide/workdir" "--user" "0:0" "2fd941c419052c8f141bb1aba0946e18f881220415ecb46f97ee3be075827cd1" "/opt/rustwide/cargo-home/bin/cargo" "+1.99.0-beta.8" "build" "--frozen" "--message-format=json" "--release", kill_on_drop: false }`
[INFO] [stderr]    Compiling icu_properties_data v2.3.0
[INFO] [stderr]    Compiling icu_normalizer_data v2.3.0
[INFO] [stderr]    Compiling smallvec v1.16.3
[INFO] [stderr]    Compiling libc v0.2.191
[INFO] [stderr]    Compiling num-traits v0.2.19
[INFO] [stderr]    Compiling sha1_smol v1.0.1
[INFO] [stderr]    Compiling combine v4.6.9
[INFO] [stderr]    Compiling syn v3.0.9
[INFO] [stderr]    Compiling syn v2.0.119
[INFO] [stderr]    Compiling rmp v0.8.15
[INFO] [stderr]    Compiling socket2 v0.4.10
[INFO] [stderr]    Compiling thiserror-impl v1.0.69
[INFO] [stderr]    Compiling synstructure v0.14.0
[INFO] [stderr]    Compiling zerovec-derive v0.11.6
[INFO] [stderr]    Compiling displaydoc v0.2.7
[INFO] [stderr]    Compiling serde_derive v1.0.229
[INFO] [stderr]    Compiling zerofrom-derive v0.1.8
[INFO] [stderr]    Compiling yoke-derive v0.8.4
[INFO] [stderr]    Compiling thiserror v1.0.69
[INFO] [stderr]    Compiling zerofrom v0.1.8
[INFO] [stderr]    Compiling yoke v0.8.3
[INFO] [stderr]    Compiling zerovec v0.11.8
[INFO] [stderr]    Compiling zerotrie v0.2.5
[INFO] [stderr]    Compiling tinystr v0.8.4
[INFO] [stderr]    Compiling potential_utf v0.1.6
[INFO] [stderr]    Compiling icu_collections v2.3.0
[INFO] [stderr]    Compiling icu_locale_core v2.3.0
[INFO] [stderr]    Compiling serde v1.0.229
[INFO] [stderr]    Compiling icu_provider v2.3.1
[INFO] [stderr]    Compiling rmp-serde v1.3.1
[INFO] [stderr]    Compiling icu_normalizer v2.3.0
[INFO] [stderr]    Compiling icu_properties v2.3.0
[INFO] [stderr]    Compiling idna_adapter v1.2.2
[INFO] [stderr]    Compiling idna v1.1.0
[INFO] [stderr]    Compiling url v2.5.8
[INFO] [stderr]    Compiling redis v0.24.1
[INFO] [stderr]    Compiling redis-zset-ts v0.2.0 (/opt/rustwide/workdir)
[INFO] [stdout] warning: this function depends on never type fallback being `()`
[INFO] [stdout]    --> src/time_series.rs:272:5
[INFO] [stdout]     |
[INFO] [stdout] 272 | /     pub fn purge_before<S>(&mut self, ts: S) -> Result<()>
[INFO] [stdout] 273 | |     where
[INFO] [stdout] 274 | |         S: Into<Timestamp>,
[INFO] [stdout]     | |___________________________^
[INFO] [stdout]     |
[INFO] [stdout]     = help: specify the types explicitly
[INFO] [stdout] note: in edition 2024, the requirement `!: FromRedisValue` will fail
[INFO] [stdout]    --> src/time_series.rs:277:19
[INFO] [stdout]     |
[INFO] [stdout] 277 |         self.conn.zrembyscore(&self.key, "-inf", ts)?;
[INFO] [stdout]     |                   ^^^^^^^^^^^
[INFO] [stdout]     = warning: this was previously accepted by the compiler but is being phased out; it will become a hard error in Rust 2024 and in a future release in all editions!
[INFO] [stdout]     = note: for more information, see <https://doc.rust-lang.org/edition-guide/rust-2024/never-type-fallback.html>
[INFO] [stdout]     = note: `#[warn(dependency_on_unit_never_type_fallback)]` (part of `#[warn(rust_2024_compatibility)]`) on by default
[INFO] [stdout] help: use `()` annotations to avoid fallback changes
[INFO] [stdout]     |
[INFO] [stdout] 277 |         self.conn.zrembyscore::<_, _, _, ()>(&self.key, "-inf", ts)?;
[INFO] [stdout]     |                              +++++++++++++++
[INFO] [stdout] 
[INFO] [stdout] 
[INFO] [stdout] warning: this function depends on never type fallback being `()`
[INFO] [stdout]    --> src/time_series.rs:291:5
[INFO] [stdout]     |
[INFO] [stdout] 291 |     pub fn delete(&mut self) -> Result<()> {
[INFO] [stdout]     |     ^^^^^^^^^^^^^^^^^^^^^^^^^^^^^^^^^^^^^^
[INFO] [stdout]     |
[INFO] [stdout]     = help: specify the types explicitly
[INFO] [stdout] note: in edition 2024, the requirement `!: FromRedisValue` will fail
[INFO] [stdout]    --> src/time_series.rs:292:19
[INFO] [stdout]     |
[INFO] [stdout] 292 |         self.conn.del(&self.key)?;
[INFO] [stdout]     |                   ^^^
[INFO] [stdout]     = warning: this was previously accepted by the compiler but is being phased out; it will become a hard error in Rust 2024 and in a future release in all editions!
[INFO] [stdout]     = note: for more information, see <https://doc.rust-lang.org/edition-guide/rust-2024/never-type-fallback.html>
[INFO] [stdout] help: use `()` annotations to avoid fallback changes
[INFO] [stdout]     |
[INFO] [stdout] 292 |         self.conn.del::<_, ()>(&self.key)?;
[INFO] [stdout]     |                      +++++++++
[INFO] [stdout] 
[INFO] [stdout] 
[INFO] [stdout] warning: this function depends on never type fallback being `()`
[INFO] [stdout]    --> src/time_series.rs:299:5
[INFO] [stdout]     |
[INFO] [stdout] 299 | /     pub fn add<S>(&mut self, ts: S, val: T) -> Result<()>
[INFO] [stdout] 300 | |     where
[INFO] [stdout] 301 | |         S: Into<Timestamp>,
[INFO] [stdout]     | |___________________________^
[INFO] [stdout]     |
[INFO] [stdout]     = help: specify the types explicitly
[INFO] [stdout] note: in edition 2024, the requirement `!: FromRedisValue` will fail
[INFO] [stdout]    --> src/time_series.rs:305:19
[INFO] [stdout]     |
[INFO] [stdout] 305 |         self.conn.zadd(&self.key, rval, ts.0)?;
[INFO] [stdout]     |                   ^^^^
[INFO] [stdout]     = warning: this was previously accepted by the compiler but is being phased out; it will become a hard error in Rust 2024 and in a future release in all editions!
[INFO] [stdout]     = note: for more information, see <https://doc.rust-lang.org/edition-guide/rust-2024/never-type-fallback.html>
[INFO] [stdout] help: use `()` annotations to avoid fallback changes
[INFO] [stdout]     |
[INFO] [stdout] 305 |         self.conn.zadd::<_, _, _, ()>(&self.key, rval, ts.0)?;
[INFO] [stdout]     |                       +++++++++++++++
[INFO] [stdout] 
[INFO] [stdout] 
[INFO] [stdout] warning: this function depends on never type fallback being `()`
[INFO] [stdout]    --> src/time_series.rs:326:5
[INFO] [stdout]     |
[INFO] [stdout] 326 |     pub fn add_multiple(&mut self, vals: &[TimeValue<T>]) -> Result<()> {
[INFO] [stdout]     |     ^^^^^^^^^^^^^^^^^^^^^^^^^^^^^^^^^^^^^^^^^^^^^^^^^^^^^^^^^^^^^^^^^^^
[INFO] [stdout]     |
[INFO] [stdout]     = help: specify the types explicitly
[INFO] [stdout] note: in edition 2024, the requirement `!: FromRedisValue` will fail
[INFO] [stdout]    --> src/time_series.rs:335:19
[INFO] [stdout]     |
[INFO] [stdout] 335 |         self.conn.zadd_multiple(&self.key, &rvals)?;
[INFO] [stdout]     |                   ^^^^^^^^^^^^^
[INFO] [stdout]     = warning: this was previously accepted by the compiler but is being phased out; it will become a hard error in Rust 2024 and in a future release in all editions!
[INFO] [stdout]     = note: for more information, see <https://doc.rust-lang.org/edition-guide/rust-2024/never-type-fallback.html>
[INFO] [stdout] help: use `()` annotations to avoid fallback changes
[INFO] [stdout]     |
[INFO] [stdout] 335 |         self.conn.zadd_multiple::<_, _, _, ()>(&self.key, &rvals)?;
[INFO] [stdout]     |                                +++++++++++++++
[INFO] [stdout] 
[INFO] [stdout] 
[INFO] [stdout] warning: this function depends on never type fallback being `()`
[INFO] [stdout]    --> src/time_series.rs:340:5
[INFO] [stdout]     |
[INFO] [stdout] 340 |     pub fn add_multiple_values(&mut self, vals: &[(Timestamp, T)]) -> Result<()> {
[INFO] [stdout]     |     ^^^^^^^^^^^^^^^^^^^^^^^^^^^^^^^^^^^^^^^^^^^^^^^^^^^^^^^^^^^^^^^^^^^^^^^^^^^^
[INFO] [stdout]     |
[INFO] [stdout]     = help: specify the types explicitly
[INFO] [stdout] note: in edition 2024, the requirement `!: FromRedisValue` will fail
[INFO] [stdout]    --> src/time_series.rs:346:19
[INFO] [stdout]     |
[INFO] [stdout] 346 |         self.conn.zadd_multiple(&self.key, &rvals)?;
[INFO] [stdout]     |                   ^^^^^^^^^^^^^
[INFO] [stdout]     = warning: this was previously accepted by the compiler but is being phased out; it will become a hard error in Rust 2024 and in a future release in all editions!
[INFO] [stdout]     = note: for more information, see <https://doc.rust-lang.org/edition-guide/rust-2024/never-type-fallback.html>
[INFO] [stdout] help: use `()` annotations to avoid fallback changes
[INFO] [stdout]     |
[INFO] [stdout] 346 |         self.conn.zadd_multiple::<_, _, _, ()>(&self.key, &rvals)?;
[INFO] [stdout]     |                                +++++++++++++++
[INFO] [stdout] 
[INFO] [stdout] 
[INFO] [stderr]     Finished `release` profile [optimized] target(s) in 27.09s
[INFO] [stderr] warning: the following packages contain code that will be rejected by a future version of Rust: redis-zset-ts v0.2.0 (/opt/rustwide/workdir)
[INFO] [stderr] note: to see what the problems were, use the option `--future-incompat-report`, or run `cargo report future-incompatibilities --id 1`
[INFO] running `Command { std: "docker" "inspect" "2fd941c419052c8f141bb1aba0946e18f881220415ecb46f97ee3be075827cd1", kill_on_drop: false }`
[INFO] running `Command { std: "docker" "exec" "-e" "SOURCE_DIR=/opt/rustwide/workdir" "-e" "CARGO_HOME=/opt/rustwide/cargo-home" "-e" "RUSTUP_HOME=/opt/rustwide/rustup-home" "-e" "CARGO_TARGET_DIR=/opt/rustwide/target" "-e" "CARGO_INCREMENTAL=0" "-e" "RUST_BACKTRACE=full" "-e" "RUSTFLAGS=--cap-lints=warn" "-e" "RUSTDOCFLAGS=--cap-lints=warn" "-w" "/opt/rustwide/workdir" "--user" "0:0" "2fd941c419052c8f141bb1aba0946e18f881220415ecb46f97ee3be075827cd1" "/opt/rustwide/cargo-home/bin/cargo" "+1.99.0-beta.8" "test" "--frozen" "--no-run" "--message-format=json" "--release", kill_on_drop: false }`
[INFO] [stderr]    Compiling redis-zset-ts v0.2.0 (/opt/rustwide/workdir)
[INFO] [stdout] warning: this function depends on never type fallback being `()`
[INFO] [stdout]    --> src/time_series.rs:272:5
[INFO] [stdout]     |
[INFO] [stdout] 272 | /     pub fn purge_before<S>(&mut self, ts: S) -> Result<()>
[INFO] [stdout] 273 | |     where
[INFO] [stdout] 274 | |         S: Into<Timestamp>,
[INFO] [stdout]     | |___________________________^
[INFO] [stdout]     |
[INFO] [stdout]     = help: specify the types explicitly
[INFO] [stdout] note: in edition 2024, the requirement `!: FromRedisValue` will fail
[INFO] [stdout]    --> src/time_series.rs:277:19
[INFO] [stdout]     |
[INFO] [stdout] 277 |         self.conn.zrembyscore(&self.key, "-inf", ts)?;
[INFO] [stdout]     |                   ^^^^^^^^^^^
[INFO] [stdout]     = warning: this was previously accepted by the compiler but is being phased out; it will become a hard error in Rust 2024 and in a future release in all editions!
[INFO] [stdout]     = note: for more information, see <https://doc.rust-lang.org/edition-guide/rust-2024/never-type-fallback.html>
[INFO] [stdout]     = note: `#[warn(dependency_on_unit_never_type_fallback)]` (part of `#[warn(rust_2024_compatibility)]`) on by default
[INFO] [stdout] help: use `()` annotations to avoid fallback changes
[INFO] [stdout]     |
[INFO] [stdout] 277 |         self.conn.zrembyscore::<_, _, _, ()>(&self.key, "-inf", ts)?;
[INFO] [stdout]     |                              +++++++++++++++
[INFO] [stdout] 
[INFO] [stdout] 
[INFO] [stdout] warning: this function depends on never type fallback being `()`
[INFO] [stdout]    --> src/time_series.rs:291:5
[INFO] [stdout]     |
[INFO] [stdout] 291 |     pub fn delete(&mut self) -> Result<()> {
[INFO] [stdout]     |     ^^^^^^^^^^^^^^^^^^^^^^^^^^^^^^^^^^^^^^
[INFO] [stdout]     |
[INFO] [stdout]     = help: specify the types explicitly
[INFO] [stdout] note: in edition 2024, the requirement `!: FromRedisValue` will fail
[INFO] [stdout]    --> src/time_series.rs:292:19
[INFO] [stdout]     |
[INFO] [stdout] 292 |         self.conn.del(&self.key)?;
[INFO] [stdout]     |                   ^^^
[INFO] [stdout]     = warning: this was previously accepted by the compiler but is being phased out; it will become a hard error in Rust 2024 and in a future release in all editions!
[INFO] [stdout]     = note: for more information, see <https://doc.rust-lang.org/edition-guide/rust-2024/never-type-fallback.html>
[INFO] [stdout] help: use `()` annotations to avoid fallback changes
[INFO] [stdout]     |
[INFO] [stdout] 292 |         self.conn.del::<_, ()>(&self.key)?;
[INFO] [stdout]     |                      +++++++++
[INFO] [stdout] 
[INFO] [stdout] 
[INFO] [stdout] warning: this function depends on never type fallback being `()`
[INFO] [stdout]    --> src/time_series.rs:299:5
[INFO] [stdout]     |
[INFO] [stdout] 299 | /     pub fn add<S>(&mut self, ts: S, val: T) -> Result<()>
[INFO] [stdout] 300 | |     where
[INFO] [stdout] 301 | |         S: Into<Timestamp>,
[INFO] [stdout]     | |___________________________^
[INFO] [stdout]     |
[INFO] [stdout]     = help: specify the types explicitly
[INFO] [stdout] note: in edition 2024, the requirement `!: FromRedisValue` will fail
[INFO] [stdout]    --> src/time_series.rs:305:19
[INFO] [stdout]     |
[INFO] [stdout] 305 |         self.conn.zadd(&self.key, rval, ts.0)?;
[INFO] [stdout]     |                   ^^^^
[INFO] [stdout]     = warning: this was previously accepted by the compiler but is being phased out; it will become a hard error in Rust 2024 and in a future release in all editions!
[INFO] [stdout]     = note: for more information, see <https://doc.rust-lang.org/edition-guide/rust-2024/never-type-fallback.html>
[INFO] [stdout] help: use `()` annotations to avoid fallback changes
[INFO] [stdout]     |
[INFO] [stdout] 305 |         self.conn.zadd::<_, _, _, ()>(&self.key, rval, ts.0)?;
[INFO] [stdout]     |                       +++++++++++++++
[INFO] [stdout] 
[INFO] [stdout] 
[INFO] [stdout] warning: this function depends on never type fallback being `()`
[INFO] [stdout]    --> src/time_series.rs:326:5
[INFO] [stdout]     |
[INFO] [stdout] 326 |     pub fn add_multiple(&mut self, vals: &[TimeValue<T>]) -> Result<()> {
[INFO] [stdout]     |     ^^^^^^^^^^^^^^^^^^^^^^^^^^^^^^^^^^^^^^^^^^^^^^^^^^^^^^^^^^^^^^^^^^^
[INFO] [stdout]     |
[INFO] [stdout]     = help: specify the types explicitly
[INFO] [stdout] note: in edition 2024, the requirement `!: FromRedisValue` will fail
[INFO] [stdout]    --> src/time_series.rs:335:19
[INFO] [stdout]     |
[INFO] [stdout] 335 |         self.conn.zadd_multiple(&self.key, &rvals)?;
[INFO] [stdout]     |                   ^^^^^^^^^^^^^
[INFO] [stdout]     = warning: this was previously accepted by the compiler but is being phased out; it will become a hard error in Rust 2024 and in a future release in all editions!
[INFO] [stdout]     = note: for more information, see <https://doc.rust-lang.org/edition-guide/rust-2024/never-type-fallback.html>
[INFO] [stdout] help: use `()` annotations to avoid fallback changes
[INFO] [stdout]     |
[INFO] [stdout] 335 |         self.conn.zadd_multiple::<_, _, _, ()>(&self.key, &rvals)?;
[INFO] [stdout]     |                                +++++++++++++++
[INFO] [stdout] 
[INFO] [stdout] 
[INFO] [stdout] warning: this function depends on never type fallback being `()`
[INFO] [stdout]    --> src/time_series.rs:340:5
[INFO] [stdout]     |
[INFO] [stdout] 340 |     pub fn add_multiple_values(&mut self, vals: &[(Timestamp, T)]) -> Result<()> {
[INFO] [stdout]     |     ^^^^^^^^^^^^^^^^^^^^^^^^^^^^^^^^^^^^^^^^^^^^^^^^^^^^^^^^^^^^^^^^^^^^^^^^^^^^
[INFO] [stdout]     |
[INFO] [stdout]     = help: specify the types explicitly
[INFO] [stdout] note: in edition 2024, the requirement `!: FromRedisValue` will fail
[INFO] [stdout]    --> src/time_series.rs:346:19
[INFO] [stdout]     |
[INFO] [stdout] 346 |         self.conn.zadd_multiple(&self.key, &rvals)?;
[INFO] [stdout]     |                   ^^^^^^^^^^^^^
[INFO] [stdout]     = warning: this was previously accepted by the compiler but is being phased out; it will become a hard error in Rust 2024 and in a future release in all editions!
[INFO] [stdout]     = note: for more information, see <https://doc.rust-lang.org/edition-guide/rust-2024/never-type-fallback.html>
[INFO] [stdout] help: use `()` annotations to avoid fallback changes
[INFO] [stdout]     |
[INFO] [stdout] 346 |         self.conn.zadd_multiple::<_, _, _, ()>(&self.key, &rvals)?;
[INFO] [stdout]     |                                +++++++++++++++
[INFO] [stdout] 
[INFO] [stdout] 
[INFO] [stdout] warning: this function depends on never type fallback being `()`
[INFO] [stdout]    --> src/time_series.rs:272:5
[INFO] [stdout]     |
[INFO] [stdout] 272 | /     pub fn purge_before<S>(&mut self, ts: S) -> Result<()>
[INFO] [stdout] 273 | |     where
[INFO] [stdout] 274 | |         S: Into<Timestamp>,
[INFO] [stdout]     | |___________________________^
[INFO] [stdout]     |
[INFO] [stdout]     = help: specify the types explicitly
[INFO] [stdout] note: in edition 2024, the requirement `!: FromRedisValue` will fail
[INFO] [stdout]    --> src/time_series.rs:277:19
[INFO] [stdout]     |
[INFO] [stdout] 277 |         self.conn.zrembyscore(&self.key, "-inf", ts)?;
[INFO] [stdout]     |                   ^^^^^^^^^^^
[INFO] [stdout]     = warning: this was previously accepted by the compiler but is being phased out; it will become a hard error in Rust 2024 and in a future release in all editions!
[INFO] [stdout]     = note: for more information, see <https://doc.rust-lang.org/edition-guide/rust-2024/never-type-fallback.html>
[INFO] [stdout]     = note: `#[warn(dependency_on_unit_never_type_fallback)]` (part of `#[warn(rust_2024_compatibility)]`) on by default
[INFO] [stdout] help: use `()` annotations to avoid fallback changes
[INFO] [stdout]     |
[INFO] [stdout] 277 |         self.conn.zrembyscore::<_, _, _, ()>(&self.key, "-inf", ts)?;
[INFO] [stdout]     |                              +++++++++++++++
[INFO] [stdout] 
[INFO] [stdout] 
[INFO] [stdout] warning: this function depends on never type fallback being `()`
[INFO] [stdout]    --> src/time_series.rs:291:5
[INFO] [stdout]     |
[INFO] [stdout] 291 |     pub fn delete(&mut self) -> Result<()> {
[INFO] [stdout]     |     ^^^^^^^^^^^^^^^^^^^^^^^^^^^^^^^^^^^^^^
[INFO] [stdout]     |
[INFO] [stdout]     = help: specify the types explicitly
[INFO] [stdout] note: in edition 2024, the requirement `!: FromRedisValue` will fail
[INFO] [stdout]    --> src/time_series.rs:292:19
[INFO] [stdout]     |
[INFO] [stdout] 292 |         self.conn.del(&self.key)?;
[INFO] [stdout]     |                   ^^^
[INFO] [stdout]     = warning: this was previously accepted by the compiler but is being phased out; it will become a hard error in Rust 2024 and in a future release in all editions!
[INFO] [stdout]     = note: for more information, see <https://doc.rust-lang.org/edition-guide/rust-2024/never-type-fallback.html>
[INFO] [stdout] help: use `()` annotations to avoid fallback changes
[INFO] [stdout]     |
[INFO] [stdout] 292 |         self.conn.del::<_, ()>(&self.key)?;
[INFO] [stdout]     |                      +++++++++
[INFO] [stdout] 
[INFO] [stdout] 
[INFO] [stdout] warning: this function depends on never type fallback being `()`
[INFO] [stdout]    --> src/time_series.rs:299:5
[INFO] [stdout]     |
[INFO] [stdout] 299 | /     pub fn add<S>(&mut self, ts: S, val: T) -> Result<()>
[INFO] [stdout] 300 | |     where
[INFO] [stdout] 301 | |         S: Into<Timestamp>,
[INFO] [stdout]     | |___________________________^
[INFO] [stdout]     |
[INFO] [stdout]     = help: specify the types explicitly
[INFO] [stdout] note: in edition 2024, the requirement `!: FromRedisValue` will fail
[INFO] [stdout]    --> src/time_series.rs:305:19
[INFO] [stdout]     |
[INFO] [stdout] 305 |         self.conn.zadd(&self.key, rval, ts.0)?;
[INFO] [stdout]     |                   ^^^^
[INFO] [stdout]     = warning: this was previously accepted by the compiler but is being phased out; it will become a hard error in Rust 2024 and in a future release in all editions!
[INFO] [stdout]     = note: for more information, see <https://doc.rust-lang.org/edition-guide/rust-2024/never-type-fallback.html>
[INFO] [stdout] help: use `()` annotations to avoid fallback changes
[INFO] [stdout]     |
[INFO] [stdout] 305 |         self.conn.zadd::<_, _, _, ()>(&self.key, rval, ts.0)?;
[INFO] [stdout]     |                       +++++++++++++++
[INFO] [stdout] 
[INFO] [stdout] 
[INFO] [stdout] warning: this function depends on never type fallback being `()`
[INFO] [stdout]    --> src/time_series.rs:326:5
[INFO] [stdout]     |
[INFO] [stdout] 326 |     pub fn add_multiple(&mut self, vals: &[TimeValue<T>]) -> Result<()> {
[INFO] [stdout]     |     ^^^^^^^^^^^^^^^^^^^^^^^^^^^^^^^^^^^^^^^^^^^^^^^^^^^^^^^^^^^^^^^^^^^
[INFO] [stdout]     |
[INFO] [stdout]     = help: specify the types explicitly
[INFO] [stdout] note: in edition 2024, the requirement `!: FromRedisValue` will fail
[INFO] [stdout]    --> src/time_series.rs:335:19
[INFO] [stdout]     |
[INFO] [stdout] 335 |         self.conn.zadd_multiple(&self.key, &rvals)?;
[INFO] [stdout]     |                   ^^^^^^^^^^^^^
[INFO] [stdout]     = warning: this was previously accepted by the compiler but is being phased out; it will become a hard error in Rust 2024 and in a future release in all editions!
[INFO] [stdout]     = note: for more information, see <https://doc.rust-lang.org/edition-guide/rust-2024/never-type-fallback.html>
[INFO] [stdout] help: use `()` annotations to avoid fallback changes
[INFO] [stdout]     |
[INFO] [stdout] 335 |         self.conn.zadd_multiple::<_, _, _, ()>(&self.key, &rvals)?;
[INFO] [stdout]     |                                +++++++++++++++
[INFO] [stdout] 
[INFO] [stdout] 
[INFO] [stdout] warning: this function depends on never type fallback being `()`
[INFO] [stdout]    --> src/time_series.rs:340:5
[INFO] [stdout]     |
[INFO] [stdout] 340 |     pub fn add_multiple_values(&mut self, vals: &[(Timestamp, T)]) -> Result<()> {
[INFO] [stdout]     |     ^^^^^^^^^^^^^^^^^^^^^^^^^^^^^^^^^^^^^^^^^^^^^^^^^^^^^^^^^^^^^^^^^^^^^^^^^^^^
[INFO] [stdout]     |
[INFO] [stdout]     = help: specify the types explicitly
[INFO] [stdout] note: in edition 2024, the requirement `!: FromRedisValue` will fail
[INFO] [stdout]    --> src/time_series.rs:346:19
[INFO] [stdout]     |
[INFO] [stdout] 346 |         self.conn.zadd_multiple(&self.key, &rvals)?;
[INFO] [stdout]     |                   ^^^^^^^^^^^^^
[INFO] [stdout]     = warning: this was previously accepted by the compiler but is being phased out; it will become a hard error in Rust 2024 and in a future release in all editions!
[INFO] [stdout]     = note: for more information, see <https://doc.rust-lang.org/edition-guide/rust-2024/never-type-fallback.html>
[INFO] [stdout] help: use `()` annotations to avoid fallback changes
[INFO] [stdout]     |
[INFO] [stdout] 346 |         self.conn.zadd_multiple::<_, _, _, ()>(&self.key, &rvals)?;
[INFO] [stdout]     |                                +++++++++++++++
[INFO] [stdout] 
[INFO] [stdout] 
[INFO] [stderr]     Finished `release` profile [optimized] target(s) in 1.16s
[INFO] [stderr] warning: the following packages contain code that will be rejected by a future version of Rust: redis-zset-ts v0.2.0 (/opt/rustwide/workdir)
[INFO] [stderr] note: to see what the problems were, use the option `--future-incompat-report`, or run `cargo report future-incompatibilities --id 2`
[INFO] running `Command { std: "docker" "inspect" "2fd941c419052c8f141bb1aba0946e18f881220415ecb46f97ee3be075827cd1", kill_on_drop: false }`
[INFO] running `Command { std: "docker" "exec" "-e" "SOURCE_DIR=/opt/rustwide/workdir" "-e" "CARGO_HOME=/opt/rustwide/cargo-home" "-e" "RUSTUP_HOME=/opt/rustwide/rustup-home" "-e" "CARGO_TARGET_DIR=/opt/rustwide/target" "-e" "CARGO_INCREMENTAL=0" "-e" "RUST_BACKTRACE=full" "-e" "RUSTFLAGS=--cap-lints=warn" "-e" "RUSTDOCFLAGS=--cap-lints=warn" "-w" "/opt/rustwide/workdir" "--user" "0:0" "2fd941c419052c8f141bb1aba0946e18f881220415ecb46f97ee3be075827cd1" "/opt/rustwide/cargo-home/bin/cargo" "+1.99.0-beta.8" "test" "--frozen" "--release", kill_on_drop: false }`
[INFO] [stderr] warning: this function depends on never type fallback being `()`
[INFO] [stderr]    --> src/time_series.rs:272:5
[INFO] [stderr]     |
[INFO] [stderr] 272 | /     pub fn purge_before<S>(&mut self, ts: S) -> Result<()>
[INFO] [stderr] 273 | |     where
[INFO] [stderr] 274 | |         S: Into<Timestamp>,
[INFO] [stderr]     | |___________________________^
[INFO] [stderr]     |
[INFO] [stderr]     = help: specify the types explicitly
[INFO] [stderr] note: in edition 2024, the requirement `!: FromRedisValue` will fail
[INFO] [stderr]    --> src/time_series.rs:277:19
[INFO] [stderr]     |
[INFO] [stderr] 277 |         self.conn.zrembyscore(&self.key, "-inf", ts)?;
[INFO] [stderr]     |                   ^^^^^^^^^^^
[INFO] [stderr]     = warning: this was previously accepted by the compiler but is being phased out; it will become a hard error in Rust 2024 and in a future release in all editions!
[INFO] [stderr]     = note: for more information, see <https://doc.rust-lang.org/edition-guide/rust-2024/never-type-fallback.html>
[INFO] [stderr]     = note: `#[warn(dependency_on_unit_never_type_fallback)]` (part of `#[warn(rust_2024_compatibility)]`) on by default
[INFO] [stderr] help: use `()` annotations to avoid fallback changes
[INFO] [stderr]     |
[INFO] [stderr] 277 |         self.conn.zrembyscore::<_, _, _, ()>(&self.key, "-inf", ts)?;
[INFO] [stderr]     |                              +++++++++++++++
[INFO] [stderr] 
[INFO] [stderr] warning: this function depends on never type fallback being `()`
[INFO] [stderr]    --> src/time_series.rs:291:5
[INFO] [stderr]     |
[INFO] [stderr] 291 |     pub fn delete(&mut self) -> Result<()> {
[INFO] [stderr]     |     ^^^^^^^^^^^^^^^^^^^^^^^^^^^^^^^^^^^^^^
[INFO] [stderr]     |
[INFO] [stderr]     = help: specify the types explicitly
[INFO] [stderr] note: in edition 2024, the requirement `!: FromRedisValue` will fail
[INFO] [stderr]    --> src/time_series.rs:292:19
[INFO] [stderr]     |
[INFO] [stderr] 292 |         self.conn.del(&self.key)?;
[INFO] [stderr]     |                   ^^^
[INFO] [stderr]     = warning: this was previously accepted by the compiler but is being phased out; it will become a hard error in Rust 2024 and in a future release in all editions!
[INFO] [stderr]     = note: for more information, see <https://doc.rust-lang.org/edition-guide/rust-2024/never-type-fallback.html>
[INFO] [stderr] help: use `()` annotations to avoid fallback changes
[INFO] [stderr]     |
[INFO] [stderr] 292 |         self.conn.del::<_, ()>(&self.key)?;
[INFO] [stderr]     |                      +++++++++
[INFO] [stderr] 
[INFO] [stderr] warning: this function depends on never type fallback being `()`
[INFO] [stderr]    --> src/time_series.rs:299:5
[INFO] [stderr]     |
[INFO] [stderr] 299 | /     pub fn add<S>(&mut self, ts: S, val: T) -> Result<()>
[INFO] [stderr] 300 | |     where
[INFO] [stderr] 301 | |         S: Into<Timestamp>,
[INFO] [stderr]     | |___________________________^
[INFO] [stderr]     |
[INFO] [stderr]     = help: specify the types explicitly
[INFO] [stderr] note: in edition 2024, the requirement `!: FromRedisValue` will fail
[INFO] [stderr]    --> src/time_series.rs:305:19
[INFO] [stderr]     |
[INFO] [stderr] 305 |         self.conn.zadd(&self.key, rval, ts.0)?;
[INFO] [stderr]     |                   ^^^^
[INFO] [stderr]     = warning: this was previously accepted by the compiler but is being phased out; it will become a hard error in Rust 2024 and in a future release in all editions!
[INFO] [stderr]     = note: for more information, see <https://doc.rust-lang.org/edition-guide/rust-2024/never-type-fallback.html>
[INFO] [stderr] help: use `()` annotations to avoid fallback changes
[INFO] [stderr]     |
[INFO] [stderr] 305 |         self.conn.zadd::<_, _, _, ()>(&self.key, rval, ts.0)?;
[INFO] [stderr]     |                       +++++++++++++++
[INFO] [stderr] 
[INFO] [stderr] warning: this function depends on never type fallback being `()`
[INFO] [stderr]    --> src/time_series.rs:326:5
[INFO] [stderr]     |
[INFO] [stderr] 326 |     pub fn add_multiple(&mut self, vals: &[TimeValue<T>]) -> Result<()> {
[INFO] [stderr]     |     ^^^^^^^^^^^^^^^^^^^^^^^^^^^^^^^^^^^^^^^^^^^^^^^^^^^^^^^^^^^^^^^^^^^
[INFO] [stderr]     |
[INFO] [stderr]     = help: specify the types explicitly
[INFO] [stderr] note: in edition 2024, the requirement `!: FromRedisValue` will fail
[INFO] [stderr]    --> src/time_series.rs:335:19
[INFO] [stderr]     |
[INFO] [stderr] 335 |         self.conn.zadd_multiple(&self.key, &rvals)?;
[INFO] [stderr]     |                   ^^^^^^^^^^^^^
[INFO] [stderr]     = warning: this was previously accepted by the compiler but is being phased out; it will become a hard error in Rust 2024 and in a future release in all editions!
[INFO] [stderr]     = note: for more information, see <https://doc.rust-lang.org/edition-guide/rust-2024/never-type-fallback.html>
[INFO] [stderr] help: use `()` annotations to avoid fallback changes
[INFO] [stderr]     |
[INFO] [stderr] 335 |         self.conn.zadd_multiple::<_, _, _, ()>(&self.key, &rvals)?;
[INFO] [stderr]     |                                +++++++++++++++
[INFO] [stderr] 
[INFO] [stderr] warning: this function depends on never type fallback being `()`
[INFO] [stderr]    --> src/time_series.rs:340:5
[INFO] [stderr]     |
[INFO] [stderr] 340 |     pub fn add_multiple_values(&mut self, vals: &[(Timestamp, T)]) -> Result<()> {
[INFO] [stderr]     |     ^^^^^^^^^^^^^^^^^^^^^^^^^^^^^^^^^^^^^^^^^^^^^^^^^^^^^^^^^^^^^^^^^^^^^^^^^^^^
[INFO] [stderr]     |
[INFO] [stderr]     = help: specify the types explicitly
[INFO] [stderr] note: in edition 2024, the requirement `!: FromRedisValue` will fail
[INFO] [stderr]    --> src/time_series.rs:346:19
[INFO] [stderr]     |
[INFO] [stderr] 346 |         self.conn.zadd_multiple(&self.key, &rvals)?;
[INFO] [stderr]     |                   ^^^^^^^^^^^^^
[INFO] [stderr]     = warning: this was previously accepted by the compiler but is being phased out; it will become a hard error in Rust 2024 and in a future release in all editions!
[INFO] [stderr]     = note: for more information, see <https://doc.rust-lang.org/edition-guide/rust-2024/never-type-fallback.html>
[INFO] [stderr] help: use `()` annotations to avoid fallback changes
[INFO] [stderr]     |
[INFO] [stderr] 346 |         self.conn.zadd_multiple::<_, _, _, ()>(&self.key, &rvals)?;
[INFO] [stderr]     |                                +++++++++++++++
[INFO] [stderr] 
[INFO] [stderr] warning: `redis-zset-ts` (lib) generated 5 warnings (run `cargo fix --lib -p redis-zset-ts` to apply 5 suggestions)
[INFO] [stderr] warning: `redis-zset-ts` (lib test) generated 5 warnings (5 duplicates)
[INFO] [stderr]     Finished `release` profile [optimized] target(s) in 0.07s
[INFO] [stderr] warning: the following packages contain code that will be rejected by a future version of Rust: redis-zset-ts v0.2.0 (/opt/rustwide/workdir)
[INFO] [stderr] note: to see what the problems were, use the option `--future-incompat-report`, or run `cargo report future-incompatibilities --id 2`
[INFO] [stderr]      Running unittests src/lib.rs (/opt/rustwide/target/release/deps/redis_zset_ts-71f4ab0fce176232)
[INFO] [stdout] 
[INFO] [stdout] running 5 tests
[INFO] [stdout] test time_series::tests::test_time_value ... ok
[INFO] [stdout] test time_series::tests::test_purge ... FAILED
[INFO] [stdout] test time_series::tests::test_add ... FAILED
[INFO] [stdout] test time_series::tests::test_get ... FAILED
[INFO] [stdout] test time_series::tests::test_conn ... FAILED
[INFO] [stdout] 
[INFO] [stdout] failures:
[INFO] [stdout] 
[INFO] [stdout] ---- time_series::tests::test_purge stdout ----
[INFO] [stdout] 
[INFO] [stdout] thread 'time_series::tests::test_purge' (857) panicked at src/time_series.rs:466:62:
[INFO] [stdout] called `Result::unwrap()` on an `Err` value: Redis(Connection refused (os error 111))
[INFO] [stdout] stack backtrace:
[INFO] [stdout]    0:     0x56ff514d4291 - <<std[70759c8f55707aa4]::sys::backtrace::BacktraceLock>::print::DisplayBacktrace as core[df12db4294e9bfd3]::fmt::Display>::fmt
[INFO] [stdout]    1:     0x56ff514e95fa - core[df12db4294e9bfd3]::fmt::write
[INFO] [stdout]    2:     0x56ff514d8afc - <alloc[2182bb758b4b3781]::vec::Vec<u8> as core[df12db4294e9bfd3]::io::write::Write>::write_fmt
[INFO] [stdout]    3:     0x56ff514af7b6 - std[70759c8f55707aa4]::panicking::default_hook::{closure#0}
[INFO] [stdout]    4:     0x56ff514cc309 - std[70759c8f55707aa4]::panicking::default_hook
[INFO] [stdout]    5:     0x56ff51430f60 - test[9d35eded1c95d3be]::test_main_inner::<test[9d35eded1c95d3be]::test_main_static::{closure#0}>::{closure#0}
[INFO] [stdout]    6:     0x56ff514cc4c2 - std[70759c8f55707aa4]::panicking::panic_with_hook
[INFO] [stdout]    7:     0x56ff514af862 - std[70759c8f55707aa4]::panicking::panic_handler::{closure#0}
[INFO] [stdout]    8:     0x56ff514a8509 - std[70759c8f55707aa4]::sys::backtrace::__rust_end_short_backtrace::<std[70759c8f55707aa4]::panicking::panic_handler::{closure#0}, !>
[INFO] [stdout]    9:     0x56ff514b064d - __rustc[8fa7c3cbc660c2b3]::rust_begin_unwind
[INFO] [stdout]   10:     0x56ff514e9d2c - core[df12db4294e9bfd3]::panicking::panic_fmt
[INFO] [stdout]   11:     0x56ff514e9b02 - core[df12db4294e9bfd3]::result::unwrap_failed
[INFO] [stdout]   12:     0x56ff5141d2a4 - <redis_zset_ts[faa88f6a21f7d1ab]::time_series::tests::test_purge::{closure#0} as core[df12db4294e9bfd3]::ops::function::FnOnce<()>>::call_once
[INFO] [stdout]   13:     0x56ff5142424b - test[9d35eded1c95d3be]::__rust_begin_short_backtrace::<core[df12db4294e9bfd3]::result::Result<(), alloc[2182bb758b4b3781]::string::String>, fn() -> core[df12db4294e9bfd3]::result::Result<(), alloc[2182bb758b4b3781]::string::String>>
[INFO] [stdout]   14:     0x56ff514318b5 - test[9d35eded1c95d3be]::run_test::{closure#0}
[INFO] [stdout]   15:     0x56ff5142b174 - std[70759c8f55707aa4]::sys::backtrace::__rust_begin_short_backtrace::<test[9d35eded1c95d3be]::run_test::{closure#1}, ()>
[INFO] [stdout]   16:     0x56ff51434a12 - <std[70759c8f55707aa4]::thread::lifecycle::spawn_unchecked<test[9d35eded1c95d3be]::run_test::{closure#1}, ()>::{closure#1} as core[df12db4294e9bfd3]::ops::function::FnOnce<()>>::call_once::{shim:vtable#0}
[INFO] [stdout]   17:     0x56ff514d3649 - <std[70759c8f55707aa4]::sys::thread::unix::Thread>::new::thread_start
[INFO] [stdout]   18:     0x73992a818dfa - <unknown>
[INFO] [stdout]   19:     0x73992a8ac3d4 - clone
[INFO] [stdout]   20:                0x0 - <unknown>
[INFO] [stdout] 
[INFO] [stdout] ---- time_series::tests::test_add stdout ----
[INFO] [stdout] 
[INFO] [stdout] thread 'time_series::tests::test_add' (854) panicked at src/time_series.rs:429:60:
[INFO] [stdout] called `Result::unwrap()` on an `Err` value: Redis(Connection refused (os error 111))
[INFO] [stdout] stack backtrace:
[INFO] [stdout]    0:     0x56ff514d4291 - <<std[70759c8f55707aa4]::sys::backtrace::BacktraceLock>::print::DisplayBacktrace as core[df12db4294e9bfd3]::fmt::Display>::fmt
[INFO] [stdout]    1:     0x56ff514e95fa - core[df12db4294e9bfd3]::fmt::write
[INFO] [stdout]    2:     0x56ff514d8afc - <alloc[2182bb758b4b3781]::vec::Vec<u8> as core[df12db4294e9bfd3]::io::write::Write>::write_fmt
[INFO] [stdout]    3:     0x56ff514af7b6 - std[70759c8f55707aa4]::panicking::default_hook::{closure#0}
[INFO] [stdout]    4:     0x56ff514cc309 - std[70759c8f55707aa4]::panicking::default_hook
[INFO] [stdout]    5:     0x56ff51430f60 - test[9d35eded1c95d3be]::test_main_inner::<test[9d35eded1c95d3be]::test_main_static::{closure#0}>::{closure#0}
[INFO] [stdout]    6:     0x56ff514cc4c2 - std[70759c8f55707aa4]::panicking::panic_with_hook
[INFO] [stdout]    7:     0x56ff514af862 - std[70759c8f55707aa4]::panicking::panic_handler::{closure#0}
[INFO] [stdout]    8:     0x56ff514a8509 - std[70759c8f55707aa4]::sys::backtrace::__rust_end_short_backtrace::<std[70759c8f55707aa4]::panicking::panic_handler::{closure#0}, !>
[INFO] [stdout]    9:     0x56ff514b064d - __rustc[8fa7c3cbc660c2b3]::rust_begin_unwind
[INFO] [stdout]   10:     0x56ff514e9d2c - core[df12db4294e9bfd3]::panicking::panic_fmt
[INFO] [stdout]   11:     0x56ff514e9b02 - core[df12db4294e9bfd3]::result::unwrap_failed
[INFO] [stdout]   12:     0x56ff5141d716 - <redis_zset_ts[faa88f6a21f7d1ab]::time_series::tests::test_add::{closure#0} as core[df12db4294e9bfd3]::ops::function::FnOnce<()>>::call_once
[INFO] [stdout]   13:     0x56ff5142424b - test[9d35eded1c95d3be]::__rust_begin_short_backtrace::<core[df12db4294e9bfd3]::result::Result<(), alloc[2182bb758b4b3781]::string::String>, fn() -> core[df12db4294e9bfd3]::result::Result<(), alloc[2182bb758b4b3781]::string::String>>
[INFO] [stdout]   14:     0x56ff514318b5 - test[9d35eded1c95d3be]::run_test::{closure#0}
[INFO] [stdout]   15:     0x56ff5142b174 - std[70759c8f55707aa4]::sys::backtrace::__rust_begin_short_backtrace::<test[9d35eded1c95d3be]::run_test::{closure#1}, ()>
[INFO] [stdout]   16:     0x56ff51434a12 - <std[70759c8f55707aa4]::thread::lifecycle::spawn_unchecked<test[9d35eded1c95d3be]::run_test::{closure#1}, ()>::{closure#1} as core[df12db4294e9bfd3]::ops::function::FnOnce<()>>::call_once::{shim:vtable#0}
[INFO] [stdout]   17:     0x56ff514d3649 - <std[70759c8f55707aa4]::sys::thread::unix::Thread>::new::thread_start
[INFO] [stdout]   18:     0x73992a818dfa - <unknown>
[INFO] [stdout]   19:     0x73992a8ac3d4 - clone
[INFO] [stdout]   20:                0x0 - <unknown>
[INFO] [stdout] 
[INFO] [stdout] ---- time_series::tests::test_get stdout ----
[INFO] [stdout] 
[INFO] [stdout] thread 'time_series::tests::test_get' (856) panicked at src/time_series.rs:436:60:
[INFO] [stdout] called `Result::unwrap()` on an `Err` value: Redis(Connection refused (os error 111))
[INFO] [stdout] stack backtrace:
[INFO] [stdout]    0:     0x56ff514d4291 - <<std[70759c8f55707aa4]::sys::backtrace::BacktraceLock>::print::DisplayBacktrace as core[df12db4294e9bfd3]::fmt::Display>::fmt
[INFO] [stdout]    1:     0x56ff514e95fa - core[df12db4294e9bfd3]::fmt::write
[INFO] [stdout]    2:     0x56ff514d8afc - <alloc[2182bb758b4b3781]::vec::Vec<u8> as core[df12db4294e9bfd3]::io::write::Write>::write_fmt
[INFO] [stdout]    3:     0x56ff514af7b6 - std[70759c8f55707aa4]::panicking::default_hook::{closure#0}
[INFO] [stdout]    4:     0x56ff514cc309 - std[70759c8f55707aa4]::panicking::default_hook
[INFO] [stdout]    5:     0x56ff51430f60 - test[9d35eded1c95d3be]::test_main_inner::<test[9d35eded1c95d3be]::test_main_static::{closure#0}>::{closure#0}
[INFO] [stdout]    6:     0x56ff514cc4c2 - std[70759c8f55707aa4]::panicking::panic_with_hook
[INFO] [stdout]    7:     0x56ff514af862 - std[70759c8f55707aa4]::panicking::panic_handler::{closure#0}
[INFO] [stdout]    8:     0x56ff514a8509 - std[70759c8f55707aa4]::sys::backtrace::__rust_end_short_backtrace::<std[70759c8f55707aa4]::panicking::panic_handler::{closure#0}, !>
[INFO] [stdout]    9:     0x56ff514b064d - __rustc[8fa7c3cbc660c2b3]::rust_begin_unwind
[INFO] [stdout]   10:     0x56ff514e9d2c - core[df12db4294e9bfd3]::panicking::panic_fmt
[INFO] [stdout]   11:     0x56ff514e9b02 - core[df12db4294e9bfd3]::result::unwrap_failed
[INFO] [stdout]   12:     0x56ff5141dba3 - <redis_zset_ts[faa88f6a21f7d1ab]::time_series::tests::test_get::{closure#0} as core[df12db4294e9bfd3]::ops::function::FnOnce<()>>::call_once
[INFO] [stdout]   13:     0x56ff5142424b - test[9d35eded1c95d3be]::__rust_begin_short_backtrace::<core[df12db4294e9bfd3]::result::Result<(), alloc[2182bb758b4b3781]::string::String>, fn() -> core[df12db4294e9bfd3]::result::Result<(), alloc[2182bb758b4b3781]::string::String>>
[INFO] [stdout]   14:     0x56ff514318b5 - test[9d35eded1c95d3be]::run_test::{closure#0}
[INFO] [stdout]   15:     0x56ff5142b174 - std[70759c8f55707aa4]::sys::backtrace::__rust_begin_short_backtrace::<test[9d35eded1c95d3be]::run_test::{closure#1}, ()>
[INFO] [stdout]   16:     0x56ff51434a12 - <std[70759c8f55707aa4]::thread::lifecycle::spawn_unchecked<test[9d35eded1c95d3be]::run_test::{closure#1}, ()>::{closure#1} as core[df12db4294e9bfd3]::ops::function::FnOnce<()>>::call_once::{shim:vtable#0}
[INFO] [stdout]   17:     0x56ff514d3649 - <std[70759c8f55707aa4]::sys::thread::unix::Thread>::new::thread_start
[INFO] [stdout]   18:     0x73992a818dfa - <unknown>
[INFO] [stdout]   19:     0x73992a8ac3d4 - clone
[INFO] [stdout]   20:                0x0 - <unknown>
[INFO] [stdout] 
[INFO] [stdout] ---- time_series::tests::test_conn stdout ----
[INFO] [stdout] 
[INFO] [stdout] thread 'time_series::tests::test_conn' (855) panicked at src/time_series.rs:423:68:
[INFO] [stdout] called `Result::unwrap()` on an `Err` value: Redis(Connection refused (os error 111))
[INFO] [stdout] stack backtrace:
[INFO] [stdout]    0:     0x56ff514d4291 - <<std[70759c8f55707aa4]::sys::backtrace::BacktraceLock>::print::DisplayBacktrace as core[df12db4294e9bfd3]::fmt::Display>::fmt
[INFO] [stdout]    1:     0x56ff514e95fa - core[df12db4294e9bfd3]::fmt::write
[INFO] [stdout]    2:     0x56ff514d8afc - <alloc[2182bb758b4b3781]::vec::Vec<u8> as core[df12db4294e9bfd3]::io::write::Write>::write_fmt
[INFO] [stdout]    3:     0x56ff514af7b6 - std[70759c8f55707aa4]::panicking::default_hook::{closure#0}
[INFO] [stdout]    4:     0x56ff514cc309 - std[70759c8f55707aa4]::panicking::default_hook
[INFO] [stdout]    5:     0x56ff51430f60 - test[9d35eded1c95d3be]::test_main_inner::<test[9d35eded1c95d3be]::test_main_static::{closure#0}>::{closure#0}
[INFO] [stdout]    6:     0x56ff514cc4c2 - std[70759c8f55707aa4]::panicking::panic_with_hook
[INFO] [stdout]    7:     0x56ff514af862 - std[70759c8f55707aa4]::panicking::panic_handler::{closure#0}
[INFO] [stdout]    8:     0x56ff514a8509 - std[70759c8f55707aa4]::sys::backtrace::__rust_end_short_backtrace::<std[70759c8f55707aa4]::panicking::panic_handler::{closure#0}, !>
[INFO] [stdout]    9:     0x56ff514b064d - __rustc[8fa7c3cbc660c2b3]::rust_begin_unwind
[INFO] [stdout]   10:     0x56ff514e9d2c - core[df12db4294e9bfd3]::panicking::panic_fmt
[INFO] [stdout]   11:     0x56ff514e9b02 - core[df12db4294e9bfd3]::result::unwrap_failed
[INFO] [stdout]   12:     0x56ff5141e1de - <redis_zset_ts[faa88f6a21f7d1ab]::time_series::tests::test_conn::{closure#0} as core[df12db4294e9bfd3]::ops::function::FnOnce<()>>::call_once
[INFO] [stdout]   13:     0x56ff5142424b - test[9d35eded1c95d3be]::__rust_begin_short_backtrace::<core[df12db4294e9bfd3]::result::Result<(), alloc[2182bb758b4b3781]::string::String>, fn() -> core[df12db4294e9bfd3]::result::Result<(), alloc[2182bb758b4b3781]::string::String>>
[INFO] [stdout]   14:     0x56ff514318b5 - test[9d35eded1c95d3be]::run_test::{closure#0}
[INFO] [stdout]   15:     0x56ff5142b174 - std[70759c8f55707aa4]::sys::backtrace::__rust_begin_short_backtrace::<test[9d35eded1c95d3be]::run_test::{closure#1}, ()>
[INFO] [stdout]   16:     0x56ff51434a12 - <std[70759c8f55707aa4]::thread::lifecycle::spawn_unchecked<test[9d35eded1c95d3be]::run_test::{closure#1}, ()>::{closure#1} as core[df12db4294e9bfd3]::ops::function::FnOnce<()>>::call_once::{shim:vtable#0}
[INFO] [stdout]   17:     0x56ff514d3649 - <std[70759c8f55707aa4]::sys::thread::unix::Thread>::new::thread_start
[INFO] [stdout]   18:     0x73992a818dfa - <unknown>
[INFO] [stdout]   19:     0x73992a8ac3d4 - clone
[INFO] [stdout]   20:                0x0 - <unknown>
[INFO] [stdout] 
[INFO] [stdout] 
[INFO] [stdout] failures:
[INFO] [stdout]     time_series::tests::test_add
[INFO] [stdout]     time_series::tests::test_conn
[INFO] [stdout]     time_series::tests::test_get
[INFO] [stdout]     time_series::tests::test_purge
[INFO] [stdout] 
[INFO] [stdout] test result: FAILED. 1 passed; 4 failed; 0 ignored; 0 measured; 0 filtered out; finished in 0.01s
[INFO] [stdout] 
[INFO] [stderr] error: test failed, to rerun pass `--lib`
[INFO] running `Command { std: "docker" "inspect" "2fd941c419052c8f141bb1aba0946e18f881220415ecb46f97ee3be075827cd1", kill_on_drop: false }`
[INFO] running `Command { std: "docker" "rm" "-f" "2fd941c419052c8f141bb1aba0946e18f881220415ecb46f97ee3be075827cd1", kill_on_drop: false }`
[INFO] [stdout] 2fd941c419052c8f141bb1aba0946e18f881220415ecb46f97ee3be075827cd1
