[INFO] fetching crate q-debug 0.1.1...
[INFO] testing q-debug-0.1.1 against 1.100.0-beta.1+cargoflags=--release for beta-release-1.100-2
[INFO] extracting crate q-debug 0.1.1 into /workspace/builds/worker-1-tc2/source
[INFO] started tweaking crates.io crate q-debug 0.1.1
[INFO] finished tweaking crates.io crate q-debug 0.1.1
[INFO] tweaked toml for crates.io crate q-debug 0.1.1 written to /workspace/builds/worker-1-tc2/source/Cargo.toml
[INFO] validating manifest of crates.io crate q-debug 0.1.1 on toolchain 1.100.0-beta.1
[INFO] running `Command { std: CARGO_HOME="/workspace/cargo-home" RUSTUP_HOME="/workspace/rustup-home" "/workspace/cargo-home/bin/cargo" "+1.100.0-beta.1" "metadata" "--manifest-path" "Cargo.toml" "--no-deps", kill_on_drop: false }`
[INFO] crate crates.io crate q-debug 0.1.1 already has a lockfile, it will not be regenerated
[INFO] running `Command { std: CARGO_HOME="/workspace/cargo-home" RUSTUP_HOME="/workspace/rustup-home" "/workspace/cargo-home/bin/cargo" "+1.100.0-beta.1" "fetch" "--manifest-path" "Cargo.toml", kill_on_drop: false }`
[INFO] [stderr] warning: `package.homepage` is redundant with `package.repository`
[INFO] [stderr]   --> Cargo.toml:15:12
[INFO] [stderr]    |
[INFO] [stderr] 15 | homepage = "https://github.com/SteadBytes/q-rs"
[INFO] [stderr]    |            ^^^^^^^^^^^^^^^^^^^^^^^^^^^^^^^^^^^^
[INFO] [stderr] ...
[INFO] [stderr] 20 | repository = "https://github.com/SteadBytes/q-rs"
[INFO] [stderr]    |              ------------------------------------
[INFO] [stderr]    |
[INFO] [stderr]    = note: `cargo::redundant_homepage` is set to `warn` by default
[INFO] [stderr] help: consider removing `package.homepage`
[INFO] [stderr] warning: `q-debug` (manifest) generated 1 warning
[INFO] running `Command { std: "docker" "create" "-v" "/var/lib/crater-agent-workspace/builds/worker-1-tc2/source:/opt/rustwide/workdir:ro,Z" "-v" "/var/lib/crater-agent-workspace/builds/worker-1-tc2/target:/opt/rustwide/target:rw,Z" "-v" "/var/lib/crater-agent-workspace/cargo-home:/opt/rustwide/cargo-home:ro,Z" "-v" "/var/lib/crater-agent-workspace/rustup-home:/opt/rustwide/rustup-home:ro,Z" "-m" "1610612736" "--network" "none" "ghcr.io/rust-lang/crates-build-env/linux@sha256:77db811e55d90add9212f6832c23229e3de5f1c1f9905e8cb07319ea15df73ac" "sleep" "infinity", kill_on_drop: false }`
[INFO] [stdout] 29f8c8a808f87403ab8802d097482ba43255aa0d06ad150bcb955afa3714d1f6
[INFO] running `Command { std: "docker" "start" "29f8c8a808f87403ab8802d097482ba43255aa0d06ad150bcb955afa3714d1f6", kill_on_drop: false }`
[INFO] running `Command { std: "docker" "inspect" "29f8c8a808f87403ab8802d097482ba43255aa0d06ad150bcb955afa3714d1f6", kill_on_drop: false }`
[INFO] running `Command { std: "docker" "exec" "-e" "SOURCE_DIR=/opt/rustwide/workdir" "-e" "CARGO_HOME=/opt/rustwide/cargo-home" "-e" "RUSTUP_HOME=/opt/rustwide/rustup-home" "-e" "CARGO_TARGET_DIR=/opt/rustwide/target" "-w" "/opt/rustwide/workdir" "--user" "0:0" "29f8c8a808f87403ab8802d097482ba43255aa0d06ad150bcb955afa3714d1f6" "/opt/rustwide/cargo-home/bin/cargo" "+1.100.0-beta.1" "metadata" "--no-deps" "--format-version=1", kill_on_drop: false }`
[INFO] running `Command { std: "docker" "inspect" "29f8c8a808f87403ab8802d097482ba43255aa0d06ad150bcb955afa3714d1f6", kill_on_drop: false }`
[INFO] running `Command { std: "docker" "exec" "-e" "SOURCE_DIR=/opt/rustwide/workdir" "-e" "CARGO_HOME=/opt/rustwide/cargo-home" "-e" "RUSTUP_HOME=/opt/rustwide/rustup-home" "-e" "CARGO_TARGET_DIR=/opt/rustwide/target" "-e" "CARGO_INCREMENTAL=0" "-e" "RUST_BACKTRACE=full" "-e" "RUSTFLAGS=--cap-lints=warn" "-e" "RUSTDOCFLAGS=--cap-lints=warn" "-w" "/opt/rustwide/workdir" "--user" "0:0" "29f8c8a808f87403ab8802d097482ba43255aa0d06ad150bcb955afa3714d1f6" "/opt/rustwide/cargo-home/bin/cargo" "+1.100.0-beta.1" "build" "--frozen" "--message-format=json" "--release", kill_on_drop: false }`
[INFO] [stderr] warning: `package.homepage` is redundant with `package.repository`
[INFO] [stderr]   --> Cargo.toml:15:12
[INFO] [stderr]    |
[INFO] [stderr] 15 | homepage = "https://github.com/SteadBytes/q-rs"
[INFO] [stderr]    |            ^^^^^^^^^^^^^^^^^^^^^^^^^^^^^^^^^^^^
[INFO] [stderr] ...
[INFO] [stderr] 20 | repository = "https://github.com/SteadBytes/q-rs"
[INFO] [stderr]    |              ------------------------------------
[INFO] [stderr]    |
[INFO] [stderr]    = note: `cargo::redundant_homepage` is set to `warn` by default
[INFO] [stderr] help: consider removing `package.homepage`
[INFO] [stderr] warning: `q-debug` (manifest) generated 1 warning
[INFO] [stderr]    Compiling autocfg v1.0.0
[INFO] [stderr]    Compiling libc v0.2.71
[INFO] [stderr]    Compiling num-traits v0.2.12
[INFO] [stderr]    Compiling num-integer v0.1.43
[INFO] [stderr]    Compiling time v0.1.43
[INFO] [stderr]    Compiling chrono v0.4.11
[INFO] [stderr]    Compiling q-debug v0.1.1 (/opt/rustwide/workdir)
[INFO] [stderr]     Finished `release` profile [optimized] target(s) in 4.00s
[INFO] running `Command { std: "docker" "inspect" "29f8c8a808f87403ab8802d097482ba43255aa0d06ad150bcb955afa3714d1f6", kill_on_drop: false }`
[INFO] running `Command { std: "docker" "exec" "-e" "SOURCE_DIR=/opt/rustwide/workdir" "-e" "CARGO_HOME=/opt/rustwide/cargo-home" "-e" "RUSTUP_HOME=/opt/rustwide/rustup-home" "-e" "CARGO_TARGET_DIR=/opt/rustwide/target" "-e" "CARGO_INCREMENTAL=0" "-e" "RUST_BACKTRACE=full" "-e" "RUSTFLAGS=--cap-lints=warn" "-e" "RUSTDOCFLAGS=--cap-lints=warn" "-w" "/opt/rustwide/workdir" "--user" "0:0" "29f8c8a808f87403ab8802d097482ba43255aa0d06ad150bcb955afa3714d1f6" "/opt/rustwide/cargo-home/bin/cargo" "+1.100.0-beta.1" "test" "--frozen" "--no-run" "--message-format=json" "--release", kill_on_drop: false }`
[INFO] [stderr] warning: `package.homepage` is redundant with `package.repository`
[INFO] [stderr]   --> Cargo.toml:15:12
[INFO] [stderr]    |
[INFO] [stderr] 15 | homepage = "https://github.com/SteadBytes/q-rs"
[INFO] [stderr]    |            ^^^^^^^^^^^^^^^^^^^^^^^^^^^^^^^^^^^^
[INFO] [stderr] ...
[INFO] [stderr] 20 | repository = "https://github.com/SteadBytes/q-rs"
[INFO] [stderr]    |              ------------------------------------
[INFO] [stderr]    |
[INFO] [stderr]    = note: `cargo::redundant_homepage` is set to `warn` by default
[INFO] [stderr] help: consider removing `package.homepage`
[INFO] [stderr] warning: `q-debug` (manifest) generated 1 warning
[INFO] [stderr]    Compiling memchr v2.3.3
[INFO] [stderr]    Compiling regex-syntax v0.6.18
[INFO] [stderr]    Compiling thread_local v1.0.1
[INFO] [stderr]    Compiling aho-corasick v0.7.10
[INFO] [stderr]    Compiling regex v1.3.9
[INFO] [stderr]    Compiling q-debug v0.1.1 (/opt/rustwide/workdir)
[INFO] [stderr]     Finished `release` profile [optimized] target(s) in 12.50s
[INFO] running `Command { std: "docker" "inspect" "29f8c8a808f87403ab8802d097482ba43255aa0d06ad150bcb955afa3714d1f6", kill_on_drop: false }`
[INFO] running `Command { std: "docker" "exec" "-e" "SOURCE_DIR=/opt/rustwide/workdir" "-e" "CARGO_HOME=/opt/rustwide/cargo-home" "-e" "RUSTUP_HOME=/opt/rustwide/rustup-home" "-e" "CARGO_TARGET_DIR=/opt/rustwide/target" "-e" "CARGO_INCREMENTAL=0" "-e" "RUST_BACKTRACE=full" "-e" "RUSTFLAGS=--cap-lints=warn" "-e" "RUSTDOCFLAGS=--cap-lints=warn" "-w" "/opt/rustwide/workdir" "--user" "0:0" "29f8c8a808f87403ab8802d097482ba43255aa0d06ad150bcb955afa3714d1f6" "/opt/rustwide/cargo-home/bin/cargo" "+1.100.0-beta.1" "test" "--frozen" "--release", kill_on_drop: false }`
[INFO] [stderr] warning: `package.homepage` is redundant with `package.repository`
[INFO] [stderr]   --> Cargo.toml:15:12
[INFO] [stderr]    |
[INFO] [stderr] 15 | homepage = "https://github.com/SteadBytes/q-rs"
[INFO] [stderr]    |            ^^^^^^^^^^^^^^^^^^^^^^^^^^^^^^^^^^^^
[INFO] [stderr] ...
[INFO] [stderr] 20 | repository = "https://github.com/SteadBytes/q-rs"
[INFO] [stderr]    |              ------------------------------------
[INFO] [stderr]    |
[INFO] [stderr]    = note: `cargo::redundant_homepage` is set to `warn` by default
[INFO] [stderr] help: consider removing `package.homepage`
[INFO] [stderr] warning: `q-debug` (manifest) generated 1 warning
[INFO] [stderr]     Finished `release` profile [optimized] target(s) in 0.04s
[INFO] [stderr]      Running unittests src/lib.rs (/opt/rustwide/target/release/build/q-debug/b0541a3e89d5054e/out/q_debug-b0541a3e89d5054e)
[INFO] [stdout] 
[INFO] [stdout] running 10 tests
[INFO] [stdout] test fmt::tests::test_header ... ok
[INFO] [stdout] test macros::tests::test_function ... ok
[INFO] [stdout] test fmt::tests::test_q ... ok
[INFO] [stdout] test logging::tests::test_header_returns_some_if_prev_function_differs ... ok
[INFO] [stdout] test logging::tests::test_header_returns_some_if_header_interval_elapsed ... ok
[INFO] [stdout] test fmt::tests::test_q_expr ... ok
[INFO] [stdout] test logging::tests::test_header_returns_some_if_not_logged_previously ... ok
[INFO] [stdout] test fmt::tests::test_q_literal ... ok
[INFO] [stdout] test logging::tests::test_header_returns_some_if_prev_module_differs ... ok
[INFO] [stderr]      Running tests/smoke.rs (/opt/rustwide/target/release/build/q-debug/5c8c941714cfb8cf/out/smoke-5c8c941714cfb8cf)
[INFO] [stdout] test logging::tests::test_header_returns_none_if_header_interval_not_elapsed_and_prev_module_and_function_same ... ok
[INFO] [stdout] 
[INFO] [stdout] test result: ok. 10 passed; 0 failed; 0 ignored; 0 measured; 0 filtered out; finished in 0.01s
[INFO] [stdout] 
[INFO] [stdout] 
[INFO] [stdout] running 6 tests
[INFO] [stdout] test test_empty_call ... ok
[INFO] [stdout] test test_expr ... ok
[INFO] [stdout] test test_header_on_function_or_module_change ... FAILED
[INFO] [stdout] test test_ident ... ok
[INFO] [stdout] test test_literal ... ok
[INFO] [stdout] test test_header_interval ... ok
[INFO] [stderr] error: test failed, to rerun pass `--test smoke`
[INFO] [stdout] 
[INFO] [stdout] failures:
[INFO] [stdout] 
[INFO] [stdout] ---- test_header_on_function_or_module_change stdout ----
[INFO] [stdout] 
[INFO] [stdout] thread 'test_header_on_function_or_module_change' (552) panicked at tests/smoke.rs:179:5:
[INFO] [stdout] assertion failed: !HEADER_RE.is_match(&output_2)
[INFO] [stdout] stack backtrace:
[INFO] [stdout]    0:     0x63917abe1311 - <<std[617be2ca0a6fd877]::sys::backtrace::BacktraceLock>::print::DisplayBacktrace as core[a373ad73a504971]::fmt::Display>::fmt
[INFO] [stdout]    1:     0x63917abf642a - core[a373ad73a504971]::fmt::write
[INFO] [stdout]    2:     0x63917abe55fc - <alloc[2e1b2a31b91974c5]::vec::Vec<u8> as core[a373ad73a504971]::io::write::Write>::write_fmt
[INFO] [stdout]    3:     0x63917abbd3d6 - std[617be2ca0a6fd877]::panicking::default_hook::{closure#0}
[INFO] [stdout]    4:     0x63917abd98a9 - std[617be2ca0a6fd877]::panicking::default_hook
[INFO] [stdout]    5:     0x63917aaf5450 - test[aada8e7e76ba119b]::test_main_inner::{closure#0}
[INFO] [stdout]    6:     0x63917abd9a62 - std[617be2ca0a6fd877]::panicking::panic_with_hook
[INFO] [stdout]    7:     0x63917abbd4b4 - std[617be2ca0a6fd877]::panicking::panic_handler::{closure#0}
[INFO] [stdout]    8:     0x63917abb6169 - std[617be2ca0a6fd877]::sys::backtrace::__rust_end_short_backtrace::<std[617be2ca0a6fd877]::panicking::panic_handler::{closure#0}, !>
[INFO] [stdout]    9:     0x63917abbe08d - __rustc[ea4f61d10b84890b]::rust_begin_unwind
[INFO] [stdout]   10:     0x63917abf6b8c - core[a373ad73a504971]::panicking::panic_fmt
[INFO] [stdout]   11:     0x63917abf6b52 - core[a373ad73a504971]::panicking::panic
[INFO] [stdout]   12:     0x63917aae1efa - smoke[4c42ccffeb0a68a5]::test_header_on_function_or_module_change
[INFO] [stdout]   13:     0x63917aae6869 - <smoke[4c42ccffeb0a68a5]::test_header_on_function_or_module_change::{closure#0} as core[a373ad73a504971]::ops::function::FnOnce<()>>::call_once
[INFO] [stdout]   14:     0x63917aae889b - test[aada8e7e76ba119b]::__rust_begin_short_backtrace::<core[a373ad73a504971]::result::Result<(), alloc[2e1b2a31b91974c5]::string::String>, fn() -> core[a373ad73a504971]::result::Result<(), alloc[2e1b2a31b91974c5]::string::String>>
[INFO] [stdout]   15:     0x63917aaf5a75 - test[aada8e7e76ba119b]::run_test::{closure#0}
[INFO] [stdout]   16:     0x63917aaef364 - std[617be2ca0a6fd877]::sys::backtrace::__rust_begin_short_backtrace::<test[aada8e7e76ba119b]::run_test::{closure#1}, ()>
[INFO] [stdout]   17:     0x63917aaf8b02 - <std[617be2ca0a6fd877]::thread::lifecycle::spawn_unchecked<test[aada8e7e76ba119b]::run_test::{closure#1}, ()>::{closure#1} as core[a373ad73a504971]::ops::function::FnOnce<()>>::call_once::{shim:vtable#0}
[INFO] [stdout]   18:     0x63917abe0b6f - <std[617be2ca0a6fd877]::sys::thread::unix::Thread>::new::thread_start
[INFO] [stdout]   19:     0x7523ffa84dfa - <unknown>
[INFO] [stdout]   20:     0x7523ffb183d4 - clone
[INFO] [stdout]   21:                0x0 - <unknown>
[INFO] [stdout] 
[INFO] [stdout] 
[INFO] [stdout] failures:
[INFO] [stdout]     test_header_on_function_or_module_change
[INFO] [stdout] 
[INFO] [stdout] test result: FAILED. 5 passed; 1 failed; 0 ignored; 0 measured; 0 filtered out; finished in 0.25s
[INFO] [stdout] 
[INFO] running `Command { std: "docker" "inspect" "29f8c8a808f87403ab8802d097482ba43255aa0d06ad150bcb955afa3714d1f6", kill_on_drop: false }`
[INFO] running `Command { std: "docker" "rm" "-f" "29f8c8a808f87403ab8802d097482ba43255aa0d06ad150bcb955afa3714d1f6", kill_on_drop: false }`
[INFO] [stdout] 29f8c8a808f87403ab8802d097482ba43255aa0d06ad150bcb955afa3714d1f6
