[INFO] fetching crate pspp 0.6.1...
[INFO] testing pspp-0.6.1 against 1.99.0-beta.8+cargoflags=--release for beta-release-1.100-2
[INFO] extracting crate pspp 0.6.1 into /workspace/builds/worker-4-tc1/source
[INFO] started tweaking crates.io crate pspp 0.6.1
[INFO] finished tweaking crates.io crate pspp 0.6.1
[INFO] tweaked toml for crates.io crate pspp 0.6.1 written to /workspace/builds/worker-4-tc1/source/Cargo.toml
[INFO] validating manifest of crates.io crate pspp 0.6.1 on toolchain 1.99.0-beta.8
[INFO] running `Command { std: CARGO_HOME="/workspace/cargo-home" RUSTUP_HOME="/workspace/rustup-home" "/workspace/cargo-home/bin/cargo" "+1.99.0-beta.8" "metadata" "--manifest-path" "Cargo.toml" "--no-deps", kill_on_drop: false }`
[INFO] crate crates.io crate pspp 0.6.1 already has a lockfile, it will not be regenerated
[INFO] running `Command { std: CARGO_HOME="/workspace/cargo-home" RUSTUP_HOME="/workspace/rustup-home" "/workspace/cargo-home/bin/cargo" "+1.99.0-beta.8" "fetch" "--manifest-path" "Cargo.toml", kill_on_drop: false }`
[INFO] [stderr]     Updating crates.io index
[INFO] [stderr]  Downloading crates ...
[INFO] [stderr]   Downloaded cc v1.2.24
[INFO] [stderr]   Downloaded liblzma v0.4.1
[INFO] [stderr]   Downloaded derive_arbitrary v1.4.1
[INFO] [stderr]   Downloaded deflate64 v0.1.9
[INFO] [stderr]   Downloaded serde_spanned v1.0.0
[INFO] [stderr]   Downloaded readpass v1.0.3
[INFO] [stderr]   Downloaded smallstr v0.3.0
[INFO] [stderr]   Downloaded toml_writer v1.0.2
[INFO] [stderr]   Downloaded toml_datetime v0.7.0
[INFO] [stderr]   Downloaded paper-sizes v0.4.0
[INFO] [stderr]   Downloaded toml v0.9.5
[INFO] [stderr]   Downloaded toml_parser v1.0.2
[INFO] [stderr]   Downloaded pspp-derive v0.1.0
[INFO] [stderr]   Downloaded zopfli v0.8.2
[INFO] [stderr]   Downloaded flate2 v1.1.1
[INFO] [stderr]   Downloaded zip v4.0.0
[INFO] [stderr]   Downloaded prettyplease v0.2.34
[INFO] [stderr]   Downloaded pangocairo v0.20.10
[INFO] [stderr]   Downloaded pangocairo-sys v0.20.10
[INFO] [stderr]   Downloaded toml_datetime v0.6.9
[INFO] [stderr]   Downloaded cairo-sys-rs v0.20.10
[INFO] [stderr]   Downloaded system-deps v7.0.5
[INFO] [stderr]   Downloaded pango-sys v0.20.10
[INFO] [stderr]   Downloaded gobject-sys v0.20.10
[INFO] [stderr]   Downloaded target-lexicon v0.13.2
[INFO] [stderr]   Downloaded cfg-expr v0.20.0
[INFO] [stderr]   Downloaded termcolor v0.3.6
[INFO] [stderr]   Downloaded glib-sys v0.20.10
[INFO] [stderr]   Downloaded pango v0.20.10
[INFO] [stderr]   Downloaded glib-macros v0.20.10
[INFO] [stderr]   Downloaded hexplay v0.2.1
[INFO] [stderr]   Downloaded wincolor v0.1.6
[INFO] [stderr]   Downloaded ordered-float v3.9.2
[INFO] [stderr]   Downloaded toml v0.8.22
[INFO] [stderr]   Downloaded html_parser v0.7.0
[INFO] [stderr]   Downloaded toml_edit v0.22.26
[INFO] [stderr]   Downloaded gio-sys v0.20.10
[INFO] [stderr]   Downloaded cairo-rs v0.20.10
[INFO] [stderr]   Downloaded nodit v0.10.0
[INFO] [stderr]   Downloaded btree_monstrousity v0.0.5
[INFO] [stderr]   Downloaded enumset v1.1.10
[INFO] [stderr]   Downloaded enumset_derive v0.14.0
[INFO] [stderr]   Downloaded glib v0.20.10
[INFO] [stderr]   Downloaded gio v0.20.11
[INFO] [stderr]   Downloaded portable-atomic v1.11.0
[INFO] [stderr]   Downloaded enum-iterator v2.1.0
[INFO] [stderr]   Downloaded enum-iterator-derive v1.4.0
[INFO] [stderr]   Downloaded enum-map v2.7.3
[INFO] [stderr]   Downloaded enum-map-derive v0.17.0
[INFO] [stderr]   Downloaded color v0.2.4
[INFO] [stderr]   Downloaded codepage-437 v0.1.0
[INFO] [stderr]   Downloaded liblzma-sys v0.4.3
[INFO] [stderr]   Downloaded clap v4.5.39
[INFO] [stderr]   Downloaded errno v0.3.12
[INFO] [stderr]   Downloaded anstyle-wincon v3.0.8
[INFO] [stderr]   Downloaded clap_builder v4.5.39
[INFO] [stderr]   Downloaded binrw v0.14.1
[INFO] [stderr]   Downloaded chardetng v0.1.17
[INFO] [stderr]   Downloaded binrw_derive v0.14.1
[INFO] running `Command { std: "docker" "create" "-v" "/var/lib/crater-agent-workspace/builds/worker-4-tc1/source:/opt/rustwide/workdir:ro,Z" "-v" "/var/lib/crater-agent-workspace/builds/worker-4-tc1/target:/opt/rustwide/target:rw,Z" "-v" "/var/lib/crater-agent-workspace/cargo-home:/opt/rustwide/cargo-home:ro,Z" "-v" "/var/lib/crater-agent-workspace/rustup-home:/opt/rustwide/rustup-home:ro,Z" "-m" "1610612736" "--network" "none" "ghcr.io/rust-lang/crates-build-env/linux@sha256:77db811e55d90add9212f6832c23229e3de5f1c1f9905e8cb07319ea15df73ac" "sleep" "infinity", kill_on_drop: false }`
[INFO] [stdout] 79f057c2be89014ab27e218cbc10bf4cf20370690ed09a22a9bb0bd0ccf974fd
[INFO] running `Command { std: "docker" "start" "79f057c2be89014ab27e218cbc10bf4cf20370690ed09a22a9bb0bd0ccf974fd", kill_on_drop: false }`
[INFO] running `Command { std: "docker" "inspect" "79f057c2be89014ab27e218cbc10bf4cf20370690ed09a22a9bb0bd0ccf974fd", kill_on_drop: false }`
[INFO] running `Command { std: "docker" "exec" "-e" "SOURCE_DIR=/opt/rustwide/workdir" "-e" "CARGO_HOME=/opt/rustwide/cargo-home" "-e" "RUSTUP_HOME=/opt/rustwide/rustup-home" "-e" "CARGO_TARGET_DIR=/opt/rustwide/target" "-w" "/opt/rustwide/workdir" "--user" "0:0" "79f057c2be89014ab27e218cbc10bf4cf20370690ed09a22a9bb0bd0ccf974fd" "/opt/rustwide/cargo-home/bin/cargo" "+1.99.0-beta.8" "metadata" "--no-deps" "--format-version=1", kill_on_drop: false }`
[INFO] running `Command { std: "docker" "inspect" "79f057c2be89014ab27e218cbc10bf4cf20370690ed09a22a9bb0bd0ccf974fd", kill_on_drop: false }`
[INFO] running `Command { std: "docker" "exec" "-e" "SOURCE_DIR=/opt/rustwide/workdir" "-e" "CARGO_HOME=/opt/rustwide/cargo-home" "-e" "RUSTUP_HOME=/opt/rustwide/rustup-home" "-e" "CARGO_TARGET_DIR=/opt/rustwide/target" "-e" "CARGO_INCREMENTAL=0" "-e" "RUST_BACKTRACE=full" "-e" "RUSTFLAGS=--cap-lints=warn" "-e" "RUSTDOCFLAGS=--cap-lints=warn" "-w" "/opt/rustwide/workdir" "--user" "0:0" "79f057c2be89014ab27e218cbc10bf4cf20370690ed09a22a9bb0bd0ccf974fd" "/opt/rustwide/cargo-home/bin/cargo" "+1.99.0-beta.8" "build" "--frozen" "--message-format=json" "--release", kill_on_drop: false }`
[INFO] [stderr]    Compiling proc-macro2 v1.0.95
[INFO] [stderr]    Compiling libc v0.2.176
[INFO] [stderr]    Compiling pkg-config v0.3.32
[INFO] [stderr]    Compiling serde v1.0.228
[INFO] [stderr]    Compiling hashbrown v0.15.5
[INFO] [stderr]    Compiling typenum v1.18.0
[INFO] [stderr]    Compiling winnow v0.7.10
[INFO] [stderr]    Compiling target-lexicon v0.13.2
[INFO] [stderr]    Compiling autocfg v1.4.0
[INFO] [stderr]    Compiling version-compare v0.2.0
[INFO] [stderr]    Compiling memchr v2.7.4
[INFO] [stderr]    Compiling indexmap v2.9.0
[INFO] [stderr]    Compiling cfg-expr v0.20.0
[INFO] [stderr]    Compiling quote v1.0.40
[INFO] [stderr]    Compiling jobserver v0.1.33
[INFO] [stderr]    Compiling serde_spanned v0.6.8
[INFO] [stderr]    Compiling syn v2.0.101
[INFO] [stderr]    Compiling toml_datetime v0.6.9
[INFO] [stderr]    Compiling cc v1.2.24
[INFO] [stderr]    Compiling num-traits v0.2.19
[INFO] [stderr]    Compiling zstd-safe v7.2.4
[INFO] [stderr]    Compiling slab v0.4.9
[INFO] [stderr]    Compiling bitflags v2.9.1
[INFO] [stderr]    Compiling generic-array v0.14.7
[INFO] [stderr]    Compiling getrandom v0.3.3
[INFO] [stderr]    Compiling prettyplease v0.2.34
[INFO] [stderr]    Compiling itoa v1.0.15
[INFO] [stderr]    Compiling smallvec v1.15.0
[INFO] [stderr]    Compiling ryu v1.0.20
[INFO] [stderr]    Compiling toml_edit v0.22.26
[INFO] [stderr]    Compiling either v1.15.0
[INFO] [stderr]    Compiling regex-syntax v0.8.5
[INFO] [stderr]    Compiling crypto-common v0.1.6
[INFO] [stderr]    Compiling block-buffer v0.10.4
[INFO] [stderr]    Compiling anyhow v1.0.98
[INFO] [stderr]    Compiling digest v0.10.7
[INFO] [stderr]    Compiling num-integer v0.1.46
[INFO] [stderr]    Compiling inout v0.1.4
[INFO] [stderr]    Compiling nom v7.1.3
[INFO] [stderr]    Compiling futures-channel v0.3.31
[INFO] [stderr]    Compiling libloading v0.8.9
[INFO] [stderr]    Compiling crc32fast v1.4.2
[INFO] [stderr]    Compiling zstd-sys v2.0.15+zstd.1.5.7
[INFO] [stderr]    Compiling bzip2-sys v0.1.13+1.0.8
[INFO] [stderr]    Compiling liblzma-sys v0.4.3
[INFO] [stderr]    Compiling bindgen v0.72.1
[INFO] [stderr]    Compiling zlib-rs v0.5.1
[INFO] [stderr]    Compiling powerfmt v0.2.0
[INFO] [stderr]    Compiling ucd-trie v0.1.7
[INFO] [stderr]    Compiling rustix v1.0.7
[INFO] [stderr]    Compiling regex-automata v0.4.9
[INFO] [stderr]    Compiling pest v2.8.3
[INFO] [stderr]    Compiling toml v0.8.22
[INFO] [stderr]    Compiling system-deps v7.0.5
[INFO] [stderr]    Compiling proc-macro-crate v3.3.0
[INFO] [stderr]    Compiling darling_core v0.21.3
[INFO] [stderr]    Compiling libz-rs-sys v0.5.1
[INFO] [stderr]    Compiling glib-sys v0.20.10
[INFO] [stderr]    Compiling gobject-sys v0.20.10
[INFO] [stderr]    Compiling gio-sys v0.20.10
[INFO] [stderr]    Compiling pango-sys v0.20.10
[INFO] [stderr]    Compiling cairo-sys-rs v0.20.10
[INFO] [stderr]    Compiling regex v1.11.1
[INFO] [stderr]    Compiling cexpr v0.6.0
[INFO] [stderr]    Compiling deranged v0.4.0
[INFO] [stderr]    Compiling clang-sys v1.8.1
[INFO] [stderr]    Compiling hmac v0.12.1
[INFO] [stderr]    Compiling cipher v0.4.4
[INFO] [stderr]    Compiling itertools v0.13.0
[INFO] [stderr]    Compiling serde_derive v1.0.228
[INFO] [stderr]    Compiling futures-macro v0.3.31
[INFO] [stderr]    Compiling zeroize_derive v1.4.2
[INFO] [stderr]    Compiling futures-util v0.3.31
[INFO] [stderr]    Compiling glib-macros v0.20.10
[INFO] [stderr]    Compiling csv-core v0.1.12
[INFO] [stderr]    Compiling linux-raw-sys v0.9.4
[INFO] [stderr]    Compiling bumpalo v3.17.0
[INFO] [stderr]    Compiling simd-adler32 v0.3.7
[INFO] [stderr]    Compiling gio v0.20.11
[INFO] [stderr]    Compiling time-core v0.1.4
[INFO] [stderr]    Compiling num-conv v0.1.0
[INFO] [stderr]    Compiling time v0.3.41
[INFO] [stderr]    Compiling futures-executor v0.3.31
[INFO] [stderr]    Compiling zopfli v0.8.2
[INFO] [stderr]    Compiling anstyle-parse v0.2.6
[INFO] [stderr]    Compiling csv v1.3.1
[INFO] [stderr]    Compiling darling_macro v0.21.3
[INFO] [stderr]    Compiling zeroize v1.8.1
[INFO] [stderr]    Compiling aes v0.8.4
[INFO] [stderr]    Compiling pbkdf2 v0.12.2
[INFO] [stderr]    Compiling bzip2 v0.5.2
[INFO] [stderr]    Compiling liblzma v0.4.1
[INFO] [stderr]    Compiling flate2 v1.1.1
[INFO] [stderr]    Compiling pangocairo-sys v0.20.10
[INFO] [stderr]    Compiling pest_meta v2.8.3
[INFO] [stderr]    Compiling sha1 v0.10.6
[INFO] [stderr]    Compiling serde_json v1.0.145
[INFO] [stderr]    Compiling matrixmultiply v0.3.10
[INFO] [stderr]    Compiling glib v0.20.10
[INFO] [stderr]    Compiling binrw_derive v0.14.1
[INFO] [stderr]    Compiling constant_time_eq v0.3.1
[INFO] [stderr]    Compiling colorchoice v1.0.3
[INFO] [stderr]    Compiling anstyle v1.0.10
[INFO] [stderr]    Compiling deflate64 v0.1.9
[INFO] [stderr]    Compiling anstyle-query v1.1.2
[INFO] [stderr]    Compiling futures-io v0.3.31
[INFO] [stderr]    Compiling adler2 v2.0.0
[INFO] [stderr]    Compiling zstd v0.13.3
[INFO] [stderr]    Compiling zip v4.0.0
[INFO] [stderr]    Compiling pest_generator v2.8.3
[INFO] [stderr]    Compiling miniz_oxide v0.8.8
[INFO] [stderr]    Compiling anstream v0.6.18
[INFO] [stderr]    Compiling terminal_size v0.4.2
[INFO] [stderr]    Compiling codepage-437 v0.1.0
[INFO] [stderr]    Compiling darling v0.21.3
[INFO] [stderr]    Compiling syn v1.0.109
[INFO] [stderr]    Compiling thiserror-impl v1.0.69
[INFO] [stderr]    Compiling num-bigint v0.4.6
[INFO] [stderr]    Compiling num-complex v0.4.6
[INFO] [stderr]    Compiling paper-sizes v0.4.0
[INFO] [stderr]    Compiling clap_lex v0.7.4
[INFO] [stderr]    Compiling owo-colors v3.5.0
[INFO] [stderr]    Compiling erased-serde v0.4.9
[INFO] [stderr]    Compiling binrw v0.14.1
[INFO] [stderr]    Compiling num-rational v0.4.2
[INFO] [stderr]    Compiling derive_more-impl v2.0.1
[INFO] [stderr]    Compiling toml_parser v1.0.2
[INFO] [stderr]    Compiling clap_builder v4.5.39
[INFO] [stderr]    Compiling thiserror v1.0.69
[INFO] [stderr]    Compiling cairo-rs v0.20.10
[INFO] [stderr]    Compiling pspp v0.6.1 (/opt/rustwide/workdir)
[INFO] [stderr]    Compiling btree_monstrousity v0.0.5
[INFO] [stderr]    Compiling enumset_derive v0.14.0
[INFO] [stderr]    Compiling pest_derive v2.8.3
[INFO] [stderr]    Compiling toml_datetime v0.7.0
[INFO] [stderr]    Compiling serde_spanned v1.0.0
[INFO] [stderr]    Compiling encoding_rs v0.8.35
[INFO] [stderr]    Compiling enum-map-derive v0.17.0
[INFO] [stderr]    Compiling clap_derive v4.5.32
[INFO] [stderr]    Compiling enum-iterator-derive v1.4.0
[INFO] [stderr]    Compiling num-iter v0.1.45
[INFO] [stderr]    Compiling dbl v0.3.2
[INFO] [stderr]    Compiling atty v0.2.14
[INFO] [stderr]    Compiling bytemuck v1.23.0
[INFO] [stderr]    Compiling iana-time-zone v0.1.63
[INFO] [stderr]    Compiling array-init v2.1.0
[INFO] [stderr]    Compiling xdg v3.0.0
[INFO] [stderr]    Compiling toml_writer v1.0.2
[INFO] [stderr]    Compiling termcolor v0.3.6
[INFO] [stderr]    Compiling clap v4.5.39
[INFO] [stderr]    Compiling toml v0.9.5
[INFO] [stderr]    Compiling hexplay v0.2.1
[INFO] [stderr]    Compiling chardetng v0.1.17
[INFO] [stderr]    Compiling chrono v0.4.41
[INFO] [stderr]    Compiling enum-iterator v2.1.0
[INFO] [stderr]    Compiling cmac v0.7.2
[INFO] [stderr]    Compiling num v0.4.3
[INFO] [stderr]    Compiling enum-map v2.7.3
[INFO] [stderr]    Compiling nodit v0.10.0
[INFO] [stderr]    Compiling enumset v1.1.10
[INFO] [stderr]    Compiling html_parser v0.7.0
[INFO] [stderr]    Compiling derive_more v2.0.1
[INFO] [stderr]    Compiling ndarray v0.16.1
[INFO] [stderr]    Compiling readpass v1.0.3
[INFO] [stderr]    Compiling itertools v0.14.0
[INFO] [stderr]    Compiling color v0.2.4
[INFO] [stderr]    Compiling quick-xml v0.38.4
[INFO] [stderr]    Compiling serde_path_to_error v0.1.20
[INFO] [stderr]    Compiling displaydoc v0.2.5
[INFO] [stderr]    Compiling pspp-derive v0.1.0
[INFO] [stderr]    Compiling ordered-float v3.9.2
[INFO] [stderr]    Compiling smallstr v0.3.0
[INFO] [stderr]    Compiling unicase v2.8.1
[INFO] [stderr]    Compiling unicode-properties v0.1.3
[INFO] [stderr]    Compiling unicode-width v0.2.0
[INFO] [stderr]    Compiling unicode-linebreak v0.1.5
[INFO] [stderr]    Compiling pango v0.20.10
[INFO] [stderr]    Compiling pangocairo v0.20.10
[INFO] [stdout] warning: missing pattern for `...` argument
[INFO] [stdout]    --> src/spv/read/light.rs:422:51
[INFO] [stdout]     |
[INFO] [stdout] 422 | pub fn parse_explicit_optional<'a, T, A>(args: A, ...) -> BinResult<Option<T>>
[INFO] [stdout]     |                                                   ^^^
[INFO] [stdout]     |
[INFO] [stdout]     = warning: this was previously accepted by the compiler but is being phased out; it will become a hard error in a future release!
[INFO] [stdout]     = note: for more information, see issue #145544 <https://github.com/rust-lang/rust/issues/145544>
[INFO] [stdout]     = note: `#[warn(varargs_without_pattern)]` (part of `#[warn(future_incompatible)]`) on by default
[INFO] [stdout] help: name the argument, or use `_` to continue ignoring it
[INFO] [stdout]     |
[INFO] [stdout] 422 | pub fn parse_explicit_optional<'a, T, A>(args: A, _: ...) -> BinResult<Option<T>>
[INFO] [stdout]     |                                                   ++
[INFO] [stdout] 
[INFO] [stdout] 
[INFO] [stdout] warning: missing pattern for `...` argument
[INFO] [stdout]    --> src/spv/read/light.rs:437:45
[INFO] [stdout]     |
[INFO] [stdout] 437 | pub(super) fn parse_vec<'a, T, A>(inner: A, ...) -> BinResult<Vec<T>>
[INFO] [stdout]     |                                             ^^^
[INFO] [stdout]     |
[INFO] [stdout]     = warning: this was previously accepted by the compiler but is being phased out; it will become a hard error in a future release!
[INFO] [stdout]     = note: for more information, see issue #145544 <https://github.com/rust-lang/rust/issues/145544>
[INFO] [stdout] help: name the argument, or use `_` to continue ignoring it
[INFO] [stdout]     |
[INFO] [stdout] 437 | pub(super) fn parse_vec<'a, T, A>(inner: A, _: ...) -> BinResult<Vec<T>>
[INFO] [stdout]     |                                             ++
[INFO] [stdout] 
[INFO] [stdout] 
[INFO] [stdout] warning: missing pattern for `...` argument
[INFO] [stdout]    --> src/spv/read/light.rs:920:33
[INFO] [stdout]     |
[INFO] [stdout] 920 | fn parse_counted<T, A>(args: A, ...) -> BinResult<T>
[INFO] [stdout]     |                                 ^^^
[INFO] [stdout]     |
[INFO] [stdout]     = warning: this was previously accepted by the compiler but is being phased out; it will become a hard error in a future release!
[INFO] [stdout]     = note: for more information, see issue #145544 <https://github.com/rust-lang/rust/issues/145544>
[INFO] [stdout] help: name the argument, or use `_` to continue ignoring it
[INFO] [stdout]     |
[INFO] [stdout] 920 | fn parse_counted<T, A>(args: A, _: ...) -> BinResult<T>
[INFO] [stdout]     |                                 ++
[INFO] [stdout] 
[INFO] [stdout] 
[INFO] [stdout] warning: unused variable: `graph`
[INFO] [stdout]    --> src/spv/read/graph.rs:171:13
[INFO] [stdout]     |
[INFO] [stdout] 171 |         let graph = self.graph()?;
[INFO] [stdout]     |             ^^^^^ help: if this is intentional, prefix it with an underscore: `_graph`
[INFO] [stdout]     |
[INFO] [stdout]     = note: `#[warn(unused_variables)]` (part of `#[warn(unused)]`) on by default
[INFO] [stdout] 
[INFO] [stdout] 
[INFO] [stdout] warning: unused variable: `series`
[INFO] [stdout]    --> src/spv/read/graph.rs:172:13
[INFO] [stdout]     |
[INFO] [stdout] 172 |         let series = self.decode_series(binary_data, warn);
[INFO] [stdout]     |             ^^^^^^ help: if this is intentional, prefix it with an underscore: `_series`
[INFO] [stdout] 
[INFO] [stdout] 
[INFO] [stdout] warning: unused variable: `styles`
[INFO] [stdout]    --> src/spv/read/graph.rs:173:13
[INFO] [stdout]     |
[INFO] [stdout] 173 |         let styles = self
[INFO] [stdout]     |             ^^^^^^ help: if this is intentional, prefix it with an underscore: `_styles`
[INFO] [stdout] 
[INFO] [stdout] 
[INFO] [stderr]     Finished `release` profile [optimized] target(s) in 7m 55s
[INFO] [stderr] warning: the following packages contain code that will be rejected by a future version of Rust: binrw v0.14.1, pspp v0.6.1 (/opt/rustwide/workdir)
[INFO] [stderr] note: to see what the problems were, use the option `--future-incompat-report`, or run `cargo report future-incompatibilities --id 4`
[INFO] running `Command { std: "docker" "inspect" "79f057c2be89014ab27e218cbc10bf4cf20370690ed09a22a9bb0bd0ccf974fd", kill_on_drop: false }`
[INFO] running `Command { std: "docker" "exec" "-e" "SOURCE_DIR=/opt/rustwide/workdir" "-e" "CARGO_HOME=/opt/rustwide/cargo-home" "-e" "RUSTUP_HOME=/opt/rustwide/rustup-home" "-e" "CARGO_TARGET_DIR=/opt/rustwide/target" "-e" "CARGO_INCREMENTAL=0" "-e" "RUST_BACKTRACE=full" "-e" "RUSTFLAGS=--cap-lints=warn" "-e" "RUSTDOCFLAGS=--cap-lints=warn" "-w" "/opt/rustwide/workdir" "--user" "0:0" "79f057c2be89014ab27e218cbc10bf4cf20370690ed09a22a9bb0bd0ccf974fd" "/opt/rustwide/cargo-home/bin/cargo" "+1.99.0-beta.8" "test" "--frozen" "--no-run" "--message-format=json" "--release", kill_on_drop: false }`
[INFO] [stderr]    Compiling zerocopy v0.8.26
[INFO] [stderr]    Compiling rand_core v0.9.3
[INFO] [stdout] warning: missing pattern for `...` argument
[INFO] [stdout]    --> src/spv/read/light.rs:422:51
[INFO] [stdout]     |
[INFO] [stdout] 422 | pub fn parse_explicit_optional<'a, T, A>(args: A, ...) -> BinResult<Option<T>>
[INFO] [stdout]     |                                                   ^^^
[INFO] [stdout]     |
[INFO] [stdout]     = warning: this was previously accepted by the compiler but is being phased out; it will become a hard error in a future release!
[INFO] [stdout]     = note: for more information, see issue #145544 <https://github.com/rust-lang/rust/issues/145544>
[INFO] [stdout]     = note: `#[warn(varargs_without_pattern)]` (part of `#[warn(future_incompatible)]`) on by default
[INFO] [stdout] help: name the argument, or use `_` to continue ignoring it
[INFO] [stdout]     |
[INFO] [stdout] 422 | pub fn parse_explicit_optional<'a, T, A>(args: A, _: ...) -> BinResult<Option<T>>
[INFO] [stdout]     |                                                   ++
[INFO] [stdout] 
[INFO] [stdout] 
[INFO] [stdout] warning: missing pattern for `...` argument
[INFO] [stdout]    --> src/spv/read/light.rs:437:45
[INFO] [stdout]     |
[INFO] [stdout] 437 | pub(super) fn parse_vec<'a, T, A>(inner: A, ...) -> BinResult<Vec<T>>
[INFO] [stdout]     |                                             ^^^
[INFO] [stdout]     |
[INFO] [stdout]     = warning: this was previously accepted by the compiler but is being phased out; it will become a hard error in a future release!
[INFO] [stdout]     = note: for more information, see issue #145544 <https://github.com/rust-lang/rust/issues/145544>
[INFO] [stdout] help: name the argument, or use `_` to continue ignoring it
[INFO] [stdout]     |
[INFO] [stdout] 437 | pub(super) fn parse_vec<'a, T, A>(inner: A, _: ...) -> BinResult<Vec<T>>
[INFO] [stdout]     |                                             ++
[INFO] [stdout] 
[INFO] [stdout] 
[INFO] [stdout] warning: missing pattern for `...` argument
[INFO] [stdout]    --> src/spv/read/light.rs:920:33
[INFO] [stdout]     |
[INFO] [stdout] 920 | fn parse_counted<T, A>(args: A, ...) -> BinResult<T>
[INFO] [stdout]     |                                 ^^^
[INFO] [stdout]     |
[INFO] [stdout]     = warning: this was previously accepted by the compiler but is being phased out; it will become a hard error in a future release!
[INFO] [stdout]     = note: for more information, see issue #145544 <https://github.com/rust-lang/rust/issues/145544>
[INFO] [stdout] help: name the argument, or use `_` to continue ignoring it
[INFO] [stdout]     |
[INFO] [stdout] 920 | fn parse_counted<T, A>(args: A, _: ...) -> BinResult<T>
[INFO] [stdout]     |                                 ++
[INFO] [stdout] 
[INFO] [stdout] 
[INFO] [stdout] warning: unused variable: `graph`
[INFO] [stdout]    --> src/spv/read/graph.rs:171:13
[INFO] [stdout]     |
[INFO] [stdout] 171 |         let graph = self.graph()?;
[INFO] [stdout]     |             ^^^^^ help: if this is intentional, prefix it with an underscore: `_graph`
[INFO] [stdout]     |
[INFO] [stdout]     = note: `#[warn(unused_variables)]` (part of `#[warn(unused)]`) on by default
[INFO] [stdout] 
[INFO] [stdout] 
[INFO] [stdout] warning: unused variable: `series`
[INFO] [stdout]    --> src/spv/read/graph.rs:172:13
[INFO] [stdout]     |
[INFO] [stdout] 172 |         let series = self.decode_series(binary_data, warn);
[INFO] [stdout]     |             ^^^^^^ help: if this is intentional, prefix it with an underscore: `_series`
[INFO] [stdout] 
[INFO] [stdout] 
[INFO] [stdout] warning: unused variable: `styles`
[INFO] [stdout]    --> src/spv/read/graph.rs:173:13
[INFO] [stdout]     |
[INFO] [stdout] 173 |         let styles = self
[INFO] [stdout]     |             ^^^^^^ help: if this is intentional, prefix it with an underscore: `_styles`
[INFO] [stdout] 
[INFO] [stdout] 
[INFO] [stderr]    Compiling ppv-lite86 v0.2.21
[INFO] [stderr]    Compiling rand_chacha v0.9.0
[INFO] [stderr]    Compiling rand v0.9.1
[INFO] [stderr]    Compiling pspp v0.6.1 (/opt/rustwide/workdir)
[INFO] [stdout] warning: missing pattern for `...` argument
[INFO] [stdout]    --> src/spv/read/light.rs:422:51
[INFO] [stdout]     |
[INFO] [stdout] 422 | pub fn parse_explicit_optional<'a, T, A>(args: A, ...) -> BinResult<Option<T>>
[INFO] [stdout]     |                                                   ^^^
[INFO] [stdout]     |
[INFO] [stdout]     = warning: this was previously accepted by the compiler but is being phased out; it will become a hard error in a future release!
[INFO] [stdout]     = note: for more information, see issue #145544 <https://github.com/rust-lang/rust/issues/145544>
[INFO] [stdout]     = note: `#[warn(varargs_without_pattern)]` (part of `#[warn(future_incompatible)]`) on by default
[INFO] [stdout] help: name the argument, or use `_` to continue ignoring it
[INFO] [stdout]     |
[INFO] [stdout] 422 | pub fn parse_explicit_optional<'a, T, A>(args: A, _: ...) -> BinResult<Option<T>>
[INFO] [stdout]     |                                                   ++
[INFO] [stdout] 
[INFO] [stdout] 
[INFO] [stdout] warning: missing pattern for `...` argument
[INFO] [stdout]    --> src/spv/read/light.rs:437:45
[INFO] [stdout]     |
[INFO] [stdout] 437 | pub(super) fn parse_vec<'a, T, A>(inner: A, ...) -> BinResult<Vec<T>>
[INFO] [stdout]     |                                             ^^^
[INFO] [stdout]     |
[INFO] [stdout]     = warning: this was previously accepted by the compiler but is being phased out; it will become a hard error in a future release!
[INFO] [stdout]     = note: for more information, see issue #145544 <https://github.com/rust-lang/rust/issues/145544>
[INFO] [stdout] help: name the argument, or use `_` to continue ignoring it
[INFO] [stdout]     |
[INFO] [stdout] 437 | pub(super) fn parse_vec<'a, T, A>(inner: A, _: ...) -> BinResult<Vec<T>>
[INFO] [stdout]     |                                             ++
[INFO] [stdout] 
[INFO] [stdout] 
[INFO] [stdout] warning: missing pattern for `...` argument
[INFO] [stdout]    --> src/spv/read/light.rs:920:33
[INFO] [stdout]     |
[INFO] [stdout] 920 | fn parse_counted<T, A>(args: A, ...) -> BinResult<T>
[INFO] [stdout]     |                                 ^^^
[INFO] [stdout]     |
[INFO] [stdout]     = warning: this was previously accepted by the compiler but is being phased out; it will become a hard error in a future release!
[INFO] [stdout]     = note: for more information, see issue #145544 <https://github.com/rust-lang/rust/issues/145544>
[INFO] [stdout] help: name the argument, or use `_` to continue ignoring it
[INFO] [stdout]     |
[INFO] [stdout] 920 | fn parse_counted<T, A>(args: A, _: ...) -> BinResult<T>
[INFO] [stdout]     |                                 ++
[INFO] [stdout] 
[INFO] [stdout] 
[INFO] [stdout] warning: use of deprecated constant `std::f64::INFINITY`: replaced by the `INFINITY` associated constant on `f64`
[INFO] [stdout]    --> src/por/write.rs:893:20
[INFO] [stdout]     |
[INFO] [stdout] 893 |         check(f64::INFINITY, p(10), "*.");
[INFO] [stdout]     |                    ^^^^^^^^
[INFO] [stdout]     |
[INFO] [stdout]     = note: `#[warn(deprecated)]` on by default
[INFO] [stdout] 
[INFO] [stdout] 
[INFO] [stdout] warning: use of deprecated constant `std::f64::MIN_POSITIVE`: replaced by the `MIN_POSITIVE` associated constant on `f64`
[INFO] [stdout]    --> src/por/write.rs:894:20
[INFO] [stdout]     |
[INFO] [stdout] 894 |         check(f64::MIN_POSITIVE / 2.0, p(10), "0/");
[INFO] [stdout]     |                    ^^^^^^^^^^^^
[INFO] [stdout] 
[INFO] [stdout] 
[INFO] [stdout] warning: unused variable: `graph`
[INFO] [stdout]    --> src/spv/read/graph.rs:171:13
[INFO] [stdout]     |
[INFO] [stdout] 171 |         let graph = self.graph()?;
[INFO] [stdout]     |             ^^^^^ help: if this is intentional, prefix it with an underscore: `_graph`
[INFO] [stdout]     |
[INFO] [stdout]     = note: `#[warn(unused_variables)]` (part of `#[warn(unused)]`) on by default
[INFO] [stdout] 
[INFO] [stdout] 
[INFO] [stdout] warning: unused variable: `series`
[INFO] [stdout]    --> src/spv/read/graph.rs:172:13
[INFO] [stdout]     |
[INFO] [stdout] 172 |         let series = self.decode_series(binary_data, warn);
[INFO] [stdout]     |             ^^^^^^ help: if this is intentional, prefix it with an underscore: `_series`
[INFO] [stdout] 
[INFO] [stdout] 
[INFO] [stdout] warning: unused variable: `styles`
[INFO] [stdout]    --> src/spv/read/graph.rs:173:13
[INFO] [stdout]     |
[INFO] [stdout] 173 |         let styles = self
[INFO] [stdout]     |             ^^^^^^ help: if this is intentional, prefix it with an underscore: `_styles`
[INFO] [stdout] 
[INFO] [stdout] 
[INFO] [stderr]     Finished `release` profile [optimized] target(s) in 2m 45s
[INFO] [stderr] warning: the following packages contain code that will be rejected by a future version of Rust: binrw v0.14.1, pspp v0.6.1 (/opt/rustwide/workdir)
[INFO] [stderr] note: to see what the problems were, use the option `--future-incompat-report`, or run `cargo report future-incompatibilities --id 5`
[INFO] running `Command { std: "docker" "inspect" "79f057c2be89014ab27e218cbc10bf4cf20370690ed09a22a9bb0bd0ccf974fd", kill_on_drop: false }`
[INFO] running `Command { std: "docker" "exec" "-e" "SOURCE_DIR=/opt/rustwide/workdir" "-e" "CARGO_HOME=/opt/rustwide/cargo-home" "-e" "RUSTUP_HOME=/opt/rustwide/rustup-home" "-e" "CARGO_TARGET_DIR=/opt/rustwide/target" "-e" "CARGO_INCREMENTAL=0" "-e" "RUST_BACKTRACE=full" "-e" "RUSTFLAGS=--cap-lints=warn" "-e" "RUSTDOCFLAGS=--cap-lints=warn" "-w" "/opt/rustwide/workdir" "--user" "0:0" "79f057c2be89014ab27e218cbc10bf4cf20370690ed09a22a9bb0bd0ccf974fd" "/opt/rustwide/cargo-home/bin/cargo" "+1.99.0-beta.8" "test" "--frozen" "--release", kill_on_drop: false }`
[INFO] [stderr] warning: missing pattern for `...` argument
[INFO] [stderr]    --> src/spv/read/light.rs:422:51
[INFO] [stderr]     |
[INFO] [stderr] 422 | pub fn parse_explicit_optional<'a, T, A>(args: A, ...) -> BinResult<Option<T>>
[INFO] [stderr]     |                                                   ^^^
[INFO] [stderr]     |
[INFO] [stderr]     = warning: this was previously accepted by the compiler but is being phased out; it will become a hard error in a future release!
[INFO] [stderr]     = note: for more information, see issue #145544 <https://github.com/rust-lang/rust/issues/145544>
[INFO] [stderr]     = note: `#[warn(varargs_without_pattern)]` (part of `#[warn(future_incompatible)]`) on by default
[INFO] [stderr] help: name the argument, or use `_` to continue ignoring it
[INFO] [stderr]     |
[INFO] [stderr] 422 | pub fn parse_explicit_optional<'a, T, A>(args: A, _: ...) -> BinResult<Option<T>>
[INFO] [stderr]     |                                                   ++
[INFO] [stderr] 
[INFO] [stderr] warning: missing pattern for `...` argument
[INFO] [stderr]    --> src/spv/read/light.rs:437:45
[INFO] [stderr]     |
[INFO] [stderr] 437 | pub(super) fn parse_vec<'a, T, A>(inner: A, ...) -> BinResult<Vec<T>>
[INFO] [stderr]     |                                             ^^^
[INFO] [stderr]     |
[INFO] [stderr]     = warning: this was previously accepted by the compiler but is being phased out; it will become a hard error in a future release!
[INFO] [stderr]     = note: for more information, see issue #145544 <https://github.com/rust-lang/rust/issues/145544>
[INFO] [stderr] help: name the argument, or use `_` to continue ignoring it
[INFO] [stderr]     |
[INFO] [stderr] 437 | pub(super) fn parse_vec<'a, T, A>(inner: A, _: ...) -> BinResult<Vec<T>>
[INFO] [stderr]     |                                             ++
[INFO] [stderr] 
[INFO] [stderr] warning: missing pattern for `...` argument
[INFO] [stderr]    --> src/spv/read/light.rs:920:33
[INFO] [stderr]     |
[INFO] [stderr] 920 | fn parse_counted<T, A>(args: A, ...) -> BinResult<T>
[INFO] [stderr]     |                                 ^^^
[INFO] [stderr]     |
[INFO] [stderr]     = warning: this was previously accepted by the compiler but is being phased out; it will become a hard error in a future release!
[INFO] [stderr]     = note: for more information, see issue #145544 <https://github.com/rust-lang/rust/issues/145544>
[INFO] [stderr] help: name the argument, or use `_` to continue ignoring it
[INFO] [stderr]     |
[INFO] [stderr] 920 | fn parse_counted<T, A>(args: A, _: ...) -> BinResult<T>
[INFO] [stderr]     |                                 ++
[INFO] [stderr] 
[INFO] [stderr] warning: unused variable: `graph`
[INFO] [stderr]    --> src/spv/read/graph.rs:171:13
[INFO] [stderr]     |
[INFO] [stderr] 171 |         let graph = self.graph()?;
[INFO] [stderr]     |             ^^^^^ help: if this is intentional, prefix it with an underscore: `_graph`
[INFO] [stderr]     |
[INFO] [stderr]     = note: `#[warn(unused_variables)]` (part of `#[warn(unused)]`) on by default
[INFO] [stderr] 
[INFO] [stderr] warning: unused variable: `series`
[INFO] [stderr]    --> src/spv/read/graph.rs:172:13
[INFO] [stderr]     |
[INFO] [stderr] 172 |         let series = self.decode_series(binary_data, warn);
[INFO] [stderr]     |             ^^^^^^ help: if this is intentional, prefix it with an underscore: `_series`
[INFO] [stderr] 
[INFO] [stderr] warning: unused variable: `styles`
[INFO] [stderr]    --> src/spv/read/graph.rs:173:13
[INFO] [stderr]     |
[INFO] [stderr] 173 |         let styles = self
[INFO] [stderr]     |             ^^^^^^ help: if this is intentional, prefix it with an underscore: `_styles`
[INFO] [stderr] 
[INFO] [stderr] warning: `pspp` (lib) generated 6 warnings (run `cargo fix --lib -p pspp` to apply 6 suggestions)
[INFO] [stderr] warning: use of deprecated constant `std::f64::INFINITY`: replaced by the `INFINITY` associated constant on `f64`
[INFO] [stderr]    --> src/por/write.rs:893:20
[INFO] [stderr]     |
[INFO] [stderr] 893 |         check(f64::INFINITY, p(10), "*.");
[INFO] [stderr]     |                    ^^^^^^^^
[INFO] [stderr]     |
[INFO] [stderr]     = note: `#[warn(deprecated)]` on by default
[INFO] [stderr] 
[INFO] [stderr] warning: use of deprecated constant `std::f64::MIN_POSITIVE`: replaced by the `MIN_POSITIVE` associated constant on `f64`
[INFO] [stderr]    --> src/por/write.rs:894:20
[INFO] [stderr]     |
[INFO] [stderr] 894 |         check(f64::MIN_POSITIVE / 2.0, p(10), "0/");
[INFO] [stderr]     |                    ^^^^^^^^^^^^
[INFO] [stderr] 
[INFO] [stderr] warning: `pspp` (lib test) generated 8 warnings (6 duplicates)
[INFO] [stderr]     Finished `release` profile [optimized] target(s) in 0.48s
[INFO] [stderr] warning: the following packages contain code that will be rejected by a future version of Rust: binrw v0.14.1, pspp v0.6.1 (/opt/rustwide/workdir)
[INFO] [stderr] note: to see what the problems were, use the option `--future-incompat-report`, or run `cargo report future-incompatibilities --id 5`
[INFO] [stderr]      Running unittests src/lib.rs (/opt/rustwide/target/release/deps/pspp-4d720a555b8946af)
[INFO] [stdout] 
[INFO] [stdout] running 527 tests
[INFO] [stdout] test command::descriptives::tests::include_missing_listwise ... ok
[INFO] [stdout] test command::descriptives::tests::include_missing ... ok
[INFO] [stdout] test command::descriptives::tests::basics ... ok
[INFO] [stdout] test command::crosstabs::tests::integer_mode ... ok
[INFO] [stdout] test command::crosstabs::tests::basics ... ok
[INFO] [stdout] test command::data_list::tests::basics ... ok
[INFO] [stdout] test command::descriptives::tests::z_scores ... ok
[INFO] [stdout] test crypto::tests::spv_file ... ok
[INFO] [stdout] test command::descriptives::tests::mean_only ... ok
[INFO] [stdout] test command::data_list::tests::syntax_errors ... ok
[INFO] [stdout] test command::descriptives::tests::syntax_errors ... ok
[INFO] [stdout] test command::ctables::tests::basics ... ok
[INFO] [stdout] test engine::tests::test_echo ... ignored
[INFO] [stdout] test crypto::tests::password_encoding ... ok
[INFO] [stdout] test dictionary::tests::codepage_to_unicode ... ok
[INFO] [stdout] test dictionary::tests::short_names ... ok
[INFO] [stdout] test data::encoded::tests::codepage_to_unicode ... ok
[INFO] [stdout] test engine::tests::test_descriptives ... ok
[INFO] [stdout] test crypto::tests::sys_file ... ok
[INFO] [stdout] test crypto::tests::syntax_file ... ok
[INFO] [stdout] test file::tests::file_type ... ok
[INFO] [stdout] test format::display::tests::adate8 ... ok
[INFO] [stdout] test format::display::tests::adate10 ... ok
[INFO] [stdout] test format::display::tests::date9 ... ok
[INFO] [stdout] test format::display::tests::date11 ... ok
[INFO] [stdout] test format::display::tests::datetime17 ... ok
[INFO] [stdout] test format::display::tests::datetime19 ... ok
[INFO] [stdout] test format::display::tests::datetime20 ... ok
[INFO] [stdout] test format::display::tests::datetime18 ... ok
[INFO] [stdout] test format::display::tests::datetime21 ... ok
[INFO] [stdout] test format::display::tests::datetime22_1 ... ok
[INFO] [stdout] test format::display::tests::datetime22 ... ok
[INFO] [stdout] test format::display::tests::datetime23_2 ... ok
[INFO] [stdout] test format::display::tests::datetime24_3 ... ok
[INFO] [stdout] test format::display::tests::datetime25_4 ... ok
[INFO] [stdout] test format::display::tests::datetime26_5 ... ok
[INFO] [stdout] test format::display::tests::ccd ... ok
[INFO] [stdout] test format::display::tests::dtime10 ... ok
[INFO] [stdout] test format::display::tests::dtime11 ... ok
[INFO] [stdout] test format::display::tests::dtime12 ... ok
[INFO] [stdout] test format::display::tests::dtime13 ... ok
[INFO] [stdout] test format::display::tests::comma ... ok
[INFO] [stdout] test format::display::tests::dtime14 ... ok
[INFO] [stdout] test format::display::tests::dtime13_1 ... ok
[INFO] [stdout] test format::display::tests::cce ... ok
[INFO] [stdout] test format::display::tests::ccb ... ok
[INFO] [stdout] test format::display::tests::dtime14_1 ... ok
[INFO] [stdout] test format::display::tests::dtime14_2 ... ok
[INFO] [stdout] test format::display::tests::dtime15 ... ok
[INFO] [stdout] test format::display::tests::dtime15_1 ... ok
[INFO] [stdout] test format::display::tests::dtime15_3 ... ok
[INFO] [stdout] test format::display::tests::dtime15_2 ... ok
[INFO] [stdout] test format::display::tests::dtime16_3 ... ok
[INFO] [stdout] test format::display::tests::cca ... ok
[INFO] [stdout] test format::display::tests::dtime16_2 ... ok
[INFO] [stdout] test format::display::tests::dtime16_1 ... ok
[INFO] [stdout] test format::display::tests::dtime16 ... ok
[INFO] [stdout] test format::display::tests::dtime16_4 ... ok
[INFO] [stdout] test format::display::tests::dtime17_2 ... ok
[INFO] [stdout] test format::display::tests::dtime17 ... ok
[INFO] [stdout] test format::display::tests::dtime17_5 ... ok
[INFO] [stdout] test format::display::tests::dtime17_3 ... ok
[INFO] [stdout] test format::display::tests::dtime18 ... ok
[INFO] [stdout] test format::display::tests::dtime18_1 ... ok
[INFO] [stdout] test format::display::tests::dtime17_4 ... ok
[INFO] [stdout] test format::display::tests::dtime18_2 ... ok
[INFO] [stdout] test format::display::tests::dtime18_3 ... ok
[INFO] [stdout] test format::display::tests::dtime18_4 ... ok
[INFO] [stdout] test format::display::tests::dot ... ok
[INFO] [stdout] test format::display::tests::ccc ... ok
[INFO] [stdout] test format::display::tests::dtime8 ... ok
[INFO] [stdout] test format::display::tests::dtime18_5 ... ok
[INFO] [stdout] test format::display::tests::dtime18_6 ... ok
[INFO] [stdout] test format::display::tests::dtime9 ... ok
[INFO] [stdout] test format::display::tests::edate8 ... ok
[INFO] [stdout] test format::display::tests::edate10 ... ok
[INFO] [stdout] test format::display::tests::jdate5 ... ok
[INFO] [stdout] test format::display::tests::dollar ... ok
[INFO] [stdout] test format::display::tests::jdate7 ... ok
[INFO] [stdout] test format::display::tests::leading_zeros ... ok
[INFO] [stdout] test format::display::tests::moyr6 ... ok
[INFO] [stdout] test format::display::tests::moyr8 ... ok
[INFO] [stdout] test format::display::tests::mtime10 ... ok
[INFO] [stdout] test format::display::tests::mtime10_4 ... ok
[INFO] [stdout] test format::display::tests::mtime10_3 ... ok
[INFO] [stdout] test format::display::tests::mtime11 ... ok
[INFO] [stdout] test format::display::tests::mtime11_1 ... ok
[INFO] [stdout] test format::display::tests::mtime11_3 ... ok
[INFO] [stdout] test format::display::tests::mtime10_2 ... ok
[INFO] [stdout] test format::display::tests::mtime11_4 ... ok
[INFO] [stdout] test format::display::tests::ib ... ok
[INFO] [stdout] test format::display::tests::mtime11_5 ... ok
[INFO] [stdout] test format::display::tests::mtime12_5 ... ok
[INFO] [stdout] test format::display::tests::mtime13_5 ... ok
[INFO] [stdout] test format::display::tests::mtime10_1 ... ok
[INFO] [stdout] test format::display::tests::mtime16_5 ... ok
[INFO] [stdout] test format::display::tests::mtime11_2 ... ok
[INFO] [stdout] test format::display::tests::mtime14_5 ... ok
[INFO] [stdout] test format::display::tests::mtime7 ... ok
[INFO] [stdout] test format::display::tests::mtime6 ... ok
[INFO] [stdout] test format::display::tests::mtime5 ... ok
[INFO] [stdout] test format::display::tests::mtime7_1 ... ok
[INFO] [stdout] test format::display::tests::mtime8 ... ok
[INFO] [stdout] test format::display::tests::mtime8_2 ... ok
[INFO] [stdout] test format::display::tests::mtime9_1 ... ok
[INFO] [stdout] test format::display::tests::mtime9_3 ... ok
[INFO] [stdout] test format::display::tests::mtime9 ... ok
[INFO] [stdout] test format::display::tests::mtime9_2 ... ok
[INFO] [stdout] test format::display::tests::dtime17_1 ... ok
[INFO] [stdout] test format::display::tests::non_ascii_cc ... ok
[INFO] [stdout] test format::display::tests::p ... ok
[INFO] [stdout] test format::display::tests::mtime8_1 ... ok
[INFO] [stdout] test format::display::tests::mtime15_5 ... ok
[INFO] [stdout] test format::display::tests::qyr6 ... ok
[INFO] [stdout] test format::display::tests::qyr8 ... ok
[INFO] [stdout] test format::display::tests::pibhex ... ok
[INFO] [stdout] test format::display::tests::rb ... ok
[INFO] [stdout] test format::display::tests::rbhex ... ok
[INFO] [stdout] test format::display::tests::pk ... ok
[INFO] [stdout] test format::display::tests::time10 ... ok
[INFO] [stdout] test format::display::tests::pib ... ok
[INFO] [stdout] test format::display::tests::sdate10 ... ok
[INFO] [stdout] test format::display::tests::time10_1 ... ok
[INFO] [stdout] test format::display::tests::time11 ... ok
[INFO] [stdout] test format::display::tests::sdate8 ... ok
[INFO] [stdout] test format::display::tests::time11_2 ... ok
[INFO] [stdout] test format::display::tests::time11_1 ... ok
[INFO] [stdout] test format::display::tests::time12_1 ... ok
[INFO] [stdout] test format::display::tests::time12_3 ... ok
[INFO] [stdout] test format::display::tests::time12 ... ok
[INFO] [stdout] test format::display::tests::time12_2 ... ok
[INFO] [stdout] test format::display::tests::time13 ... ok
[INFO] [stdout] test format::display::tests::time13_1 ... ok
[INFO] [stdout] test format::display::tests::time13_4 ... ok
[INFO] [stdout] test format::display::tests::time13_3 ... ok
[INFO] [stdout] test format::display::tests::time13_2 ... ok
[INFO] [stdout] test format::display::tests::time14 ... ok
[INFO] [stdout] test format::display::tests::time14_1 ... ok
[INFO] [stdout] test format::display::tests::time14_3 ... ok
[INFO] [stdout] test format::display::tests::time14_4 ... ok
[INFO] [stdout] test format::display::tests::time14_2 ... ok
[INFO] [stdout] test format::display::tests::e ... ok
[INFO] [stdout] test format::display::tests::time15 ... ok
[INFO] [stdout] test format::display::tests::time15_1 ... ok
[INFO] [stdout] test format::display::tests::time14_5 ... ok
[INFO] [stdout] test format::display::tests::time15_2 ... ok
[INFO] [stdout] test format::display::tests::time15_4 ... ok
[INFO] [stdout] test format::display::tests::time15_5 ... ok
[INFO] [stdout] test format::display::tests::time15_6 ... ok
[INFO] [stdout] test format::display::tests::time5 ... ok
[INFO] [stdout] test format::display::tests::time15_3 ... ok
[INFO] [stdout] test format::display::tests::wkyr10 ... ok
[INFO] [stdout] test format::display::tests::time9 ... ok
[INFO] [stdout] test format::display::tests::ymdhms16 ... ok
[INFO] [stdout] test format::display::tests::time6 ... ok
[INFO] [stdout] test format::display::tests::time7 ... ok
[INFO] [stdout] test format::display::tests::time8 ... ok
[INFO] [stdout] test format::display::tests::ymdhms18 ... ok
[INFO] [stdout] test format::display::tests::ymdhms19 ... ok
[INFO] [stdout] test format::display::tests::ymdhms20 ... ok
[INFO] [stdout] test format::display::tests::ymdhms21 ... ok
[INFO] [stdout] test format::display::tests::ymdhms21_1 ... ok
[INFO] [stdout] test format::display::tests::ymdhms22_2 ... ok
[INFO] [stdout] test format::display::tests::ymdhms23_3 ... ok
[INFO] [stdout] test format::display::tests::ymdhms24_4 ... ok
[INFO] [stdout] test format::display::tests::ymdhms25_5 ... ok
[INFO] [stdout] test format::parse::tests::ahex ... ok
[INFO] [stdout] test format::display::tests::ymdhms17 ... ok
[INFO] [stdout] test format::display::tests::wkyr8 ... ok
[INFO] [stdout] test format::parse::tests::adate ... ok
[INFO] [stdout] test format::display::tests::n ... ok
[INFO] [stdout] test format::parse::tests::comma ... ok
[INFO] [stdout] test format::parse::tests::date ... ok
[INFO] [stdout] test format::parse::tests::dollar ... ok
[INFO] [stdout] test format::parse::tests::dtime ... ok
[INFO] [stdout] test format::parse::tests::dot ... ok
[INFO] [stdout] test format::parse::tests::e ... ok
[INFO] [stdout] test format::parse::tests::f ... ok
[INFO] [stdout] test format::parse::tests::edate ... ok
[INFO] [stdout] test format::parse::tests::jdate ... ok
[INFO] [stdout] test format::parse::tests::moyr ... ok
[INFO] [stdout] test format::display::tests::f ... ok
[INFO] [stdout] test format::parse::tests::n ... ok
[INFO] [stdout] test format::parse::tests::mtime ... ok
[INFO] [stdout] test format::parse::tests::pct ... ok
[INFO] [stdout] test format::display::tests::pct ... ok
[INFO] [stdout] test format::parse::tests::qyr ... ok
[INFO] [stdout] test format::parse::tests::pibhex ... ok
[INFO] [stdout] test format::display::tests::z ... ok
[INFO] [stdout] test format::parse::tests::month ... ok
[INFO] [stdout] test format::parse::tests::rb ... ok
[INFO] [stdout] test format::parse::tests::rbhex ... ok
[INFO] [stdout] test format::parse::tests::wkday ... ok
[INFO] [stdout] test format::parse::tests::time ... ok
[INFO] [stdout] test format::parse::tests::wkyr ... ok
[INFO] [stdout] test format::tests::decimal ... ok
[INFO] [stdout] test hexfloat::hex_float_tests::test ... ok
[INFO] [stdout] test identifier::tests::codepage_to_unicode ... ok
[INFO] [stdout] test identifier::tests::identifier ... ok
[INFO] [stdout] test identifier::tests::shortened ... ok
[INFO] [stdout] test identifier::tests::with_suffix ... ok
[INFO] [stdout] test lex::lexer::new_lexer_tests::test ... ok
[INFO] [stdout] test lex::scan::tests::define::test_all_on_one_line ... ok
[INFO] [stdout] test lex::scan::tests::define::test_arguments ... ok
[INFO] [stdout] test lex::scan::tests::define::test_arguments_start_on_second_line ... ok
[INFO] [stdout] test lex::scan::tests::define::test_blank_lines ... ok
[INFO] [stdout] test lex::scan::tests::define::test_early_end_of_command_1 ... ok
[INFO] [stdout] test lex::scan::tests::define::test_early_end_of_command_2 ... ok
[INFO] [stdout] test lex::scan::tests::define::test_early_end_of_command_3 ... ok
[INFO] [stdout] test lex::scan::tests::define::test_early_end_of_command_4 ... ok
[INFO] [stdout] test lex::scan::tests::define::test_empty ... ok
[INFO] [stdout] test lex::scan::tests::define::test_missing_enddefine ... ok
[INFO] [stdout] test lex::scan::tests::define::test_multiline_arguments ... ok
[INFO] [stdout] test format::parse::tests::z ... ok
[INFO] [stdout] test format::tests::codepage_to_unicode ... ok
[INFO] [stdout] test lex::scan::tests::define::test_no_newline_before_enddefine ... ok
[INFO] [stdout] test lex::scan::tests::define::test_simple ... ok
[INFO] [stdout] test lex::scan::tests::test_begin_data ... ok
[INFO] [stdout] test lex::scan::tests::test_comments ... ok
[INFO] [stdout] test lex::scan::tests::test_do_repeat ... ok
[INFO] [stdout] test lex::scan::tests::test_do_repeat_batch ... ok
[INFO] [stdout] test lex::scan::tests::test_document ... ok
[INFO] [stdout] test lex::scan::tests::test_batch_mode ... ok
[INFO] [stdout] test lex::scan::tests::test_file_label ... ok
[INFO] [stdout] test format::parse::tests::sdate ... ok
[INFO] [stdout] test lex::scan::tests::test_positive_numbers ... ok
[INFO] [stdout] test lex::scan::tests::test_identifiers ... ok
[INFO] [stdout] test lex::scan::tests::test_negative_numbers ... ok
[INFO] [stdout] test lex::scan::tests::test_punctuation ... ok
[INFO] [stdout] test lex::scan::tests::test_reserved_words ... ok
[INFO] [stdout] test lex::scan::tests::define::test_no_newline_after_parentheses ... ok
[INFO] [stdout] test lex::scan::tests::test_strings ... ok
[INFO] [stdout] test lex::segment::tests::define::test_all_on_one_line ... ok
[INFO] [stdout] test lex::segment::tests::define::test_arguments ... ok
[INFO] [stdout] test lex::segment::tests::define::test_arguments_start_on_second_line ... ok
[INFO] [stdout] test lex::segment::tests::define::test_early_end_of_command_2 ... ok
[INFO] [stdout] test lex::segment::tests::define::test_blank_lines ... ok
[INFO] [stdout] test lex::segment::tests::define::test_early_end_of_command_1 ... ok
[INFO] [stdout] test lex::segment::tests::define::test_early_end_of_command_3 ... ok
[INFO] [stdout] test lex::segment::tests::define::test_empty ... ok
[INFO] [stdout] test lex::segment::tests::define::test_missing_enddefine ... ok
[INFO] [stdout] test lex::segment::tests::define::test_missing_enddefine_2 ... ok
[INFO] [stdout] test lex::segment::tests::define::test_multiline_arguments ... ok
[INFO] [stdout] test lex::scan::tests::test_shbang ... ok
[INFO] [stdout] test lex::segment::tests::define::test_early_end_of_command_4 ... ok
[INFO] [stdout] test lex::segment::tests::define::test_simple ... ok
[INFO] [stdout] test lex::segment::tests::define::test_no_newline_before_enddefine ... ok
[INFO] [stdout] test lex::segment::tests::test_auto_mode ... ok
[INFO] [stdout] test lex::segment::tests::define::test_no_newline_after_parentheses ... ok
[INFO] [stdout] test lex::segment::tests::test_batch_mode ... ok
[INFO] [stdout] test lex::segment::tests::test_begin_data ... ok
[INFO] [stdout] test lex::segment::tests::test_do_repeat_batch ... ok
[INFO] [stdout] test lex::segment::tests::test_comment_command ... ok
[INFO] [stdout] test lex::segment::tests::test_document_command ... ok
[INFO] [stdout] test lex::segment::tests::test_do_repeat ... ok
[INFO] [stdout] test lex::segment::tests::test_file_label_command ... ok
[INFO] [stdout] test lex::segment::tests::test_identifiers ... ok
[INFO] [stdout] test lex::segment::tests::test_do_repeat_overflow ... ok
[INFO] [stdout] test lex::segment::tests::test_identifiers_ending_in_dot ... ok
[INFO] [stdout] test lex::segment::tests::test_negative_numbers ... ok
[INFO] [stdout] test lex::segment::tests::test_reserved_words ... ok
[INFO] [stdout] test lex::segment::tests::test_positive_numbers ... ok
[INFO] [stdout] test lex::segment::tests::test_punctuation ... ok
[INFO] [stdout] test lex::segment::tests::test_strings ... ok
[INFO] [stdout] test lex::token::tests::test_neg0 ... ok
[INFO] [stdout] test format::parse::tests::datetime_without_seconds ... ok
[INFO] [stdout] test lex::segment::tests::test_shbang ... ok
[INFO] [stdout] test lex::token::tests::test_string ... ok
[INFO] [stdout] test output::drivers::text::tests::line_breaks ... ok
[INFO] [stdout] test output::drivers::tests::toml ... ok
[INFO] [stdout] test output::drivers::text::text_line::tests::aligned_double_width_partial ... ok
[INFO] [stdout] test output::drivers::text::text_line::tests::aligned_rest_single_over_double ... ok
[INFO] [stdout] test output::drivers::text::text_line::tests::aligned_partial_single_over_double ... ok
[INFO] [stdout] test output::drivers::text::tests::unicode_width ... ok
[INFO] [stdout] test output::drivers::text::text_line::tests::misaligned_double_width_rest_of_line ... ok
[INFO] [stdout] test output::drivers::text::text_line::tests::misaligned_double_width_partial ... ok
[INFO] [stdout] test output::drivers::text::text_line::tests::misaligned_partial_single_over_double ... ok
[INFO] [stdout] test output::drivers::text::text_line::tests::aligned_double_width_rest_of_line ... ok
[INFO] [stdout] test output::drivers::text::text_line::tests::misaligned_rest_single_over_double ... ok
[INFO] [stdout] test output::drivers::text::text_line::tests::overwrite_partial_line ... ok
[INFO] [stdout] test output::drivers::text::text_line::tests::overwrite_rest_of_line ... ok
[INFO] [stdout] test output::page::tests::margins ... ok
[INFO] [stdout] test output::pivot::look_xml::tests::dimension ... ok
[INFO] [stdout] test output::page::tests::page_setup ... ok
[INFO] [stdout] test output::pivot::look_xml::tests::look ... ok
[INFO] [stdout] test output::pivot::test::display_26adic ... ok
[INFO] [stdout] test output::drivers::text::text_line::tests::overwrite_rest_with_double_width ... ok
[INFO] [stdout] test output::drivers::cairo::tests::create ... FAILED
[INFO] [stdout] test output::pivot::test::template ... ok
[INFO] [stdout] test output::drivers::text::text_line::tests::overwrite_partial_with_double_width ... ok
[INFO] [stdout] test output::pivot::test::metadata_entry ... ok
[INFO] [stdout] test output::pivot::test::parse_color ... ok
[INFO] [stdout] test output::pivot::tests::category_and_dimension_borders_3 ... ok
[INFO] [stdout] test output::pivot::tests::category_borders_1 ... ok
[INFO] [stdout] test output::pivot::tests::color ... ok
[INFO] [stdout] test output::pivot::tests::category_borders_2 ... ok
[INFO] [stdout] test output::pivot::tests::d1_c ... ok
[INFO] [stdout] test output::pivot::tests::category_and_dimension_borders_2 ... ok
[INFO] [stdout] test output::pivot::tests::d2_cc ... ok
[INFO] [stdout] test output::pivot::tests::d2_cc_with_dim_labels ... ok
[INFO] [stdout] test output::pivot::tests::category_and_dimension_borders_1 ... ok
[INFO] [stdout] test output::pivot::tests::d2_cl ... ok
[INFO] [stdout] test output::pivot::tests::d2_cr_with_corner_dim_labels ... ok
[INFO] [stdout] test output::pivot::tests::d2_rc_with_corner_dim_labels ... ok
[INFO] [stdout] test output::pivot::tests::d1_r ... ok
[INFO] [stdout] test output::pivot::tests::d2_cr_with_nested_dim_labels ... ok
[INFO] [stdout] test output::pivot::tests::d2_rr ... ok
[INFO] [stdout] test output::pivot::tests::d2_rc_with_nested_dim_labels ... ok
[INFO] [stdout] test output::pivot::tests::d2_rl ... ok
[INFO] [stdout] test output::pivot::tests::d2_rr_with_corner_dim_labels ... ok
[INFO] [stdout] test output::pivot::tests::d2_rr_with_nested_dim_labels ... ok
[INFO] [stdout] test output::pivot::tests::d2m_rc ... ok
[INFO] [stdout] test output::pivot::tests::d2m_rr ... ok
[INFO] [stdout] test output::pivot::tests::d2m_cc ... ok
[INFO] [stdout] test output::pivot::tests::d2m_cr ... ok
[INFO] [stdout] test output::pivot::tests::dimension_borders_2 ... ok
[INFO] [stdout] test output::pivot::tests::empty_dimensions ... ok
[INFO] [stdout] test output::pivot::tests::empty_groups ... ok
[INFO] [stdout] test output::pivot::tests::footnote_alphabetic_subscript ... ok
[INFO] [stdout] test output::pivot::tests::dimension_borders_1 ... ok
[INFO] [stdout] test output::pivot::tests::footnote_hidden ... ok
[INFO] [stdout] test output::pivot::tests::footnote_numeric_subscript ... ok
[INFO] [stdout] test output::pivot::tests::footnote_numeric_superscript ... ok
[INFO] [stdout] test output::pivot::tests::no_dimension ... ok
[INFO] [stdout] test output::pivot::tests::d2_cr ... ok
[INFO] [stdout] test output::pivot::tests::footnote_alphabetic_superscript ... ok
[INFO] [stdout] test output::pivot::tests::d3 ... ok
[INFO] [stdout] test output::pivot::tests::template_formats_dollar ... ok
[INFO] [stdout] test output::pivot::tests::template_formats_f ... ok
[INFO] [stdout] test output::pivot::tests::d2_rc ... ok
[INFO] [stdout] test output::pivot::tests::small_numbers ... ok
[INFO] [stdout] test output::pivot::tests::title_and_caption ... ok
[INFO] [stdout] test output::tests::parse_classes ... ok
[INFO] [stdout] test output::pivot::tlo::tests::parse ... ok
[INFO] [stdout] test output::pivot::tests::template_formats_pct ... ok
[INFO] [stdout] test output::tests::string_matches ... ok
[INFO] [stdout] test output::tests::parse_nth_commands ... ok
[INFO] [stdout] test output::tests::selections ... ok
[INFO] [stdout] test output::tests::parse_instances ... ok
[INFO] [stdout] test por::read::tests::read_wrapper ... ok
[INFO] [stdout] test por::write::tests::cases ... ok
[INFO] [stdout] test por::write::tests::documents ... ok
[INFO] [stdout] test por::write::tests::format_float ... ok
[INFO] [stdout] test por::write::tests::format_int ... ok
[INFO] [stdout] test por::write::tests::header ... ok
[INFO] [stdout] test por::write::tests::identification ... ok
[INFO] [stdout] test por::write::tests::missing_values ... ok
[INFO] [stdout] test por::write::tests::precision ... ok
[INFO] [stdout] test por::write::tests::value_labels ... ok
[INFO] [stdout] test por::write::tests::variables ... ok
[INFO] [stdout] test por::write::tests::version ... ok
[INFO] [stdout] test spv::read::css::tests::css_horz_align ... ok
[INFO] [stdout] test spv::read::css::tests::css_strings ... ok
[INFO] [stdout] test spv::read::css::tests::style_from_css ... ok
[INFO] [stdout] test spv::read::css::tests::style_to_css ... ok
[INFO] [stdout] test spv::read::html::tests::breaks ... ok
[INFO] [stdout] test spv::read::html::tests::example1 ... ok
[INFO] [stdout] test spv::read::html::tests::example2 ... ok
[INFO] [stdout] test spv::read::html::tests::footer1 ... ok
[INFO] [stdout] test por::read::tests::porfile_test2 ... ok
[INFO] [stdout] test spv::read::html::tests::header1 ... ok
[INFO] [stdout] test spv::read::html::tests::header2 ... ok
[INFO] [stdout] test pc::tests::pcfile_test1 ... ok
[INFO] [stdout] test spv::read::html::tests::invalid_entities ... ok
[INFO] [stdout] test spv::read::html::tests::multiparagraph_value ... ok
[INFO] [stdout] test spv::read::html::tests::parse_variables ... ok
[INFO] [stdout] test spv::read::html::tests::variable ... ok
[INFO] [stdout] test spv::read::tests::legacy1 ... ok
[INFO] [stdout] test spv::read::html::tests::footer2 ... ok
[INFO] [stdout] test spv::read::tests::legacy11 ... ok
[INFO] [stdout] test spv::read::html::tests::html_escapes ... ok
[INFO] [stdout] test spv::read::tests::legacy10 ... ok
[INFO] [stdout] test spv::read::tests::legacy13 ... ok
[INFO] [stdout] test por::read::tests::porfile_test1 ... ok
[INFO] [stdout] test spv::read::tests::legacy12 ... ok
[INFO] [stdout] test spv::read::tests::legacy14 ... ok
[INFO] [stdout] test spv::read::tests::legacy17 ... ok
[INFO] [stdout] test spv::read::tests::legacy15 ... ok
[INFO] [stdout] test spv::read::tests::legacy16 ... ok
[INFO] [stdout] test pc::tests::pcfile_test2 ... ok
[INFO] [stdout] test spv::read::tests::legacy3 ... ok
[INFO] [stdout] test spv::read::tests::legacy4 ... ok
[INFO] [stdout] test spv::read::tests::legacy8 ... ok
[INFO] [stdout] test spv::read::tests::legacy7 ... ok
[INFO] [stdout] test spv::read::tests::legacy6 ... ok
[INFO] [stdout] test spv::read::tests::light1 ... ok
[INFO] [stdout] test spv::read::tests::legacy9 ... ok
[INFO] [stdout] test spv::read::tests::light3 ... ok
[INFO] [stdout] test spv::read::tests::legacy5 ... ok
[INFO] [stdout] test spv::read::tests::light4 ... ok
[INFO] [stdout] test spv::read::tests::legacy2 ... ok
[INFO] [stdout] test spv::read::tests::light2 ... ok
[INFO] [stdout] test spv::read::tests::light6 ... ok
[INFO] [stdout] test spv::read::tests::light7 ... ok
[INFO] [stdout] test spv::read::tests::light5 ... ok
[INFO] [stdout] test spv::read::tests::light8 ... ok
[INFO] [stdout] test sys::raw::tests::test_common_suffix ... ok
[INFO] [stdout] test sys::raw::tests::test_segment_widths ... ok
[INFO] [stdout] test sys::sack::tests::basic_sack ... ok
[INFO] [stdout] test sys::sack::tests::pcp_sack ... ok
[INFO] [stdout] test sys::encoding::tests::codepages ... ok
[INFO] [stdout] test spv::read::tests::text1 ... ok
[INFO] [stdout] test sys::tests::attributes ... ok
[INFO] [stdout] test sys::raw::tests::test_common_prefix ... ok
[INFO] [stdout] test sys::tests::bad_machine_integer_info_count ... ok
[INFO] [stdout] test sys::tests::bad_machine_float_info_size ... ok
[INFO] [stdout] test sys::tests::bad_machine_integer_info_endianness ... ok
[INFO] [stdout] test sys::tests::bad_machine_integer_info_float_format ... ok
[INFO] [stdout] test sys::tests::bad_record_type ... ok
[INFO] [stdout] test sys::tests::bad_very_long_string_segment_width ... ok
[INFO] [stdout] test sys::tests::bad_variable_name_in_long_string_value_label ... ok
[INFO] [stdout] test sys::tests::bad_variable_name_in_variable_value_pair ... ok
[INFO] [stdout] test sys::tests::compressed_data ... ok
[INFO] [stdout] test sys::tests::duplicate_attribute_name ... ok
[INFO] [stdout] test sys::tests::compressed_data_zero_bias ... ok
[INFO] [stdout] test sys::tests::documents ... ok
[INFO] [stdout] test sys::tests::bad_very_long_string_length ... ok
[INFO] [stdout] test sys::tests::duplicate_long_variable_name ... ok
[INFO] [stdout] test sys::tests::duplicate_value_labels_type ... ok
[INFO] [stdout] test sys::tests::compressed_data_other_bias ... ok
[INFO] [stdout] test sys::tests::empty_document_record ... ok
[INFO] [stdout] test sys::tests::extra_product_info ... ok
[INFO] [stdout] test sys::tests::encrypted_file_without_password ... ok
[INFO] [stdout] test format::parse::tests::ymdhms_without_seconds ... ok
[INFO] [stdout] test sys::tests::extension_too_large ... ok
[INFO] [stdout] test sys::tests::integer_overflows_in_long_string_missing_values ... ok
[INFO] [stdout] test sys::tests::duplicate_variable_name ... ok
[INFO] [stdout] test sys::tests::invalid_missing_indicator2 ... ok
[INFO] [stdout] test sys::tests::invalid_missing_indicator ... ok
[INFO] [stdout] test sys::tests::invalid_variable_format ... ok
[INFO] [stdout] test sys::tests::invalid_variable_name ... ok
[INFO] [stdout] test sys::tests::encrypted_file ... ok
[INFO] [stdout] test sys::tests::invalid_long_string_missing_values ... ok
[INFO] [stdout] test sys::tests::invalid_label_indicator ... ok
[INFO] [stdout] test sys::tests::missing_attribute_value ... ok
[INFO] [stdout] test sys::tests::missing_string_continuation ... ok
[INFO] [stdout] test sys::tests::missing_newline_after_variable_name_in_mrsets ... ok
[INFO] [stdout] test sys::tests::misplaced_type_4_record ... ok
[INFO] [stdout] test sys::tests::long_variable_names ... ok
[INFO] [stdout] test sys::tests::mixed_variable_types_in_mrsets ... ok
[INFO] [stdout] test sys::tests::fewer_data_records_than_indicated_by_file_header ... ok
[INFO] [stdout] test sys::tests::more_data_records_than_indicated_by_file_header ... ok
[INFO] [stdout] test sys::tests::multiple_response_sets ... ok
[INFO] [stdout] test sys::tests::multiple_documents_records ... ok
[INFO] [stdout] test sys::tests::multiple_response_sets_counted_string_bad_length ... ok
[INFO] [stdout] test sys::tests::multiple_response_sets_counted_string_missing_space ... ok
[INFO] [stdout] test sys::tests::multiple_response_sets_duplicate_variable_name ... ok
[INFO] [stdout] test sys::tests::multiple_response_sets_bad_counted_string ... ok
[INFO] [stdout] test sys::tests::missing_type_4_record ... ok
[INFO] [stdout] test sys::tests::multiple_response_sets_bad_name ... ok
[INFO] [stdout] test sys::tests::multiple_response_sets_missing_space_after_e ... ok
[INFO] [stdout] test sys::tests::multiple_response_sets_unexpected_label_source ... ok
[INFO] [stdout] test sys::tests::multiple_response_sets_missing_newline_after_variable_name ... ok
[INFO] [stdout] test sys::tests::multiple_response_sets_missing_label_source ... ok
[INFO] [stdout] test sys::tests::null_dereference_skipping_bad_extension_record_18 ... ok
[INFO] [stdout] test sys::tests::multiple_response_sets_missing_space_after_counted_string ... ok
[INFO] [stdout] test sys::tests::partial_compressed_data_record ... ok
[INFO] [stdout] test sys::tests::multiple_response_sets_missing_space_after_c ... ok
[INFO] [stdout] test sys::tests::no_variables ... ok
[INFO] [stdout] test sys::tests::unknown_encoding ... FAILED
[INFO] [stdout] test sys::tests::partial_data_record_within_long_string ... ok
[INFO] [stdout] test sys::tests::partial_data_record_between_variables ... ok
[INFO] [stdout] test sys::tests::type_4_record_names_long_string_variable ... ok
[INFO] [stdout] test sys::tests::unknown_extension_record ... ok
[INFO] [stdout] test sys::tests::value_label_variable_indexes_must_be_in_correct_range ... ok
[INFO] [stdout] test sys::tests::too_many_value_labels ... ok
[INFO] [stdout] test sys::tests::unquoted_attribute_value ... ok
[INFO] [stdout] test sys::tests::unspecified_number_of_variable_positions ... ok
[INFO] [stdout] test sys::tests::variable_display_without_width ... ok
[INFO] [stdout] test sys::tests::value_label_variable_indexes_must_not_be_long_string_continuation ... ok
[INFO] [stdout] test sys::tests::variable_display_with_width ... ok
[INFO] [stdout] test sys::tests::variable_roles ... ok
[INFO] [stdout] test sys::tests::value_labels ... ok
[INFO] [stdout] test sys::tests::very_long_strings ... ok
[INFO] [stdout] test sys::tests::variables_for_value_label_must_all_be_same_type ... ok
[INFO] [stdout] test format::parse::tests::datetime_with_seconds ... ok
[INFO] [stdout] test sys::tests::variable_sets ... ok
[INFO] [stdout] test sys::tests::weight_variable_bad_index ... ok
[INFO] [stdout] test sys::tests::weight_variable_continuation ... ok
[INFO] [stdout] test sys::tests::weight_must_be_numeric ... ok
[INFO] [stdout] test sys::tests::write_numeric_simple ... ok
[INFO] [stdout] test sys::tests::write_numeric_zlib ... ok
[INFO] [stdout] test sys::tests::write_string_zlib ... ok
[INFO] [stdout] test sys::tests::variable_sets_unknown_variable ... ok
[INFO] [stdout] test sys::tests::write_numeric_uncompressed ... ok
[INFO] [stdout] test sys::tests::wrong_display_measurement_level ... ok
[INFO] [stdout] test sys::tests::write_string_uncompressed ... ok
[INFO] [stdout] test sys::tests::wrong_special_floats ... ok
[INFO] [stdout] test sys::tests::wrong_display_alignment ... ok
[INFO] [stdout] test sys::tests::wrong_display_parameter_size ... ok
[INFO] [stdout] test sys::tests::wrong_variable_positions_but_v13 ... ok
[INFO] [stdout] test sys::tests::write_string_simple ... ok
[INFO] [stdout] test sys::tests::value_label_with_no_associated_variables ... ok
[INFO] [stdout] test sys::tests::zcompressed_data ... ok
[INFO] [stdout] test sys::tests::variable_labels_and_missing_values ... ok
[INFO] [stdout] test sys::tests::wrong_display_parameter_count ... ok
[INFO] [stdout] test sys::tests::zcompressed_data_compression_expands_data_too_much ... ok
[INFO] [stdout] test sys::tests::zcompressed_data_invalid_ztrailer_len ... ok
[INFO] [stdout] test sys::tests::wrong_variable_positions ... ok
[INFO] [stdout] test sys::tests::zcompressed_data_wrong_compressed_ofs ... ok
[INFO] [stdout] test sys::tests::zcompressed_data_uncompressed_size_block_size ... ok
[INFO] [stdout] test sys::tests::zcompressed_data_bad_zheader_ofs ... ok
[INFO] [stdout] test sys::tests::zcompressed_data_compressed_sizes_dont_add_up ... ok
[INFO] [stdout] test sys::tests::zcompressed_data_compressed_sizes_don_t_add_up ... ok
[INFO] [stdout] test sys::tests::zcompressed_data_wrong_n_blocks ... ok
[INFO] [stdout] test sys::tests::zcompressed_data_wrong_ztrailer_bias ... ok
[INFO] [stdout] test sys::tests::zcompressed_data_bad_ztrailer_ofs ... ok
[INFO] [stdout] test sys::write::tests::attributes ... ok
[INFO] [stdout] test sys::tests::zcompressed_data_wrong_ztrailer_len ... ok
[INFO] [stdout] test sys::write::tests::documents ... ok
[INFO] [stdout] test sys::write::tests::encoding ... ok
[INFO] [stdout] test sys::tests::zero_or_one_variable_in_mrset ... ok
[INFO] [stdout] test sys::tests::zcompressed_data_wrong_ztrailer_zero ... ok
[INFO] [stdout] test sys::write::tests::variable_sets ... ok
[INFO] [stdout] test sys::write::tests::variables_missing_values ... ok
[INFO] [stdout] test sys::write::tests::mrsets ... ok
[INFO] [stdout] test sys::write::tests::variable_display_parameters ... ok
[INFO] [stdout] test sys::tests::zcompressed_data_wrong_uncompressed_ofs ... ok
[INFO] [stdout] test sys::tests::zcompressed_data_wrong_block_size ... ok
[INFO] [stdout] test sys::write::tests::variables_value_labels ... ok
[INFO] [stdout] test variable::tests::value_labels_codepage_to_unicode ... ok
[INFO] [stdout] test variable::tests::missing_values_codepage_to_unicode ... ok
[INFO] [stdout] test variable::tests::var_width_codepage_to_unicode ... ok
[INFO] [stdout] test sys::write::tests::long_variable_names ... ok
[INFO] [stdout] test sys::write::tests::variables_widths ... ok
[INFO] [stdout] test sys::write::tests::header ... ok
[INFO] [stdout] test format::parse::tests::ymdhms_with_seconds ... ok
[INFO] [stdout] 
[INFO] [stdout] failures:
[INFO] [stdout] 
[INFO] [stdout] ---- output::drivers::cairo::tests::create stdout ----
[INFO] [stdout] 
[INFO] [stdout] thread 'output::drivers::cairo::tests::create' (4331) panicked at src/output/drivers/cairo.rs:52:57:
[INFO] [stdout] called `Result::unwrap()` on an `Err` value: WriteError
[INFO] [stdout] stack backtrace:
[INFO] [stdout]    0:     0x5578c25b2dc1 - <<std[70759c8f55707aa4]::sys::backtrace::BacktraceLock>::print::DisplayBacktrace as core[df12db4294e9bfd3]::fmt::Display>::fmt
[INFO] [stdout]    1:     0x5578c25cc99a - core[df12db4294e9bfd3]::fmt::write
[INFO] [stdout]    2:     0x5578c25b860c - <alloc[2182bb758b4b3781]::vec::Vec<u8> as core[df12db4294e9bfd3]::io::write::Write>::write_fmt
[INFO] [stdout]    3:     0x5578c258d786 - std[70759c8f55707aa4]::panicking::default_hook::{closure#0}
[INFO] [stdout]    4:     0x5578c25aa789 - std[70759c8f55707aa4]::panicking::default_hook
[INFO] [stdout]    5:     0x5578c23a0fa0 - test[9d35eded1c95d3be]::test_main_inner::<test[9d35eded1c95d3be]::test_main_static::{closure#0}>::{closure#0}
[INFO] [stdout]    6:     0x5578c25aaab2 - std[70759c8f55707aa4]::panicking::panic_with_hook
[INFO] [stdout]    7:     0x5578c258d832 - std[70759c8f55707aa4]::panicking::panic_handler::{closure#0}
[INFO] [stdout]    8:     0x5578c2585de9 - std[70759c8f55707aa4]::sys::backtrace::__rust_end_short_backtrace::<std[70759c8f55707aa4]::panicking::panic_handler::{closure#0}, !>
[INFO] [stdout]    9:     0x5578c258e5bd - __rustc[8fa7c3cbc660c2b3]::rust_begin_unwind
[INFO] [stdout]   10:     0x5578c25cd13c - core[df12db4294e9bfd3]::panicking::panic_fmt
[INFO] [stdout]   11:     0x5578c25ccf12 - core[df12db4294e9bfd3]::result::unwrap_failed
[INFO] [stdout]   12:     0x5578c207ca33 - pspp[90a6bb0429dff6c4]::output::drivers::cairo::tests::create
[INFO] [stdout]   13:     0x5578c20119a9 - <pspp[90a6bb0429dff6c4]::output::drivers::cairo::tests::create::{closure#0} as core[df12db4294e9bfd3]::ops::function::FnOnce<()>>::call_once
[INFO] [stdout]   14:     0x5578c239428b - test[9d35eded1c95d3be]::__rust_begin_short_backtrace::<core[df12db4294e9bfd3]::result::Result<(), alloc[2182bb758b4b3781]::string::String>, fn() -> core[df12db4294e9bfd3]::result::Result<(), alloc[2182bb758b4b3781]::string::String>>
[INFO] [stdout]   15:     0x5578c23a18f5 - test[9d35eded1c95d3be]::run_test::{closure#0}
[INFO] [stdout]   16:     0x5578c239b1b4 - std[70759c8f55707aa4]::sys::backtrace::__rust_begin_short_backtrace::<test[9d35eded1c95d3be]::run_test::{closure#1}, ()>
[INFO] [stdout]   17:     0x5578c23a4a52 - <std[70759c8f55707aa4]::thread::lifecycle::spawn_unchecked<test[9d35eded1c95d3be]::run_test::{closure#1}, ()>::{closure#1} as core[df12db4294e9bfd3]::ops::function::FnOnce<()>>::call_once::{shim:vtable#0}
[INFO] [stdout]   18:     0x5578c25b1e09 - <std[70759c8f55707aa4]::sys::thread::unix::Thread>::new::thread_start
[INFO] [stdout]   19:     0x7b7db8d89dfa - <unknown>
[INFO] [stdout]   20:     0x7b7db8e1d3d4 - clone
[INFO] [stdout]   21:                0x0 - <unknown>
[INFO] [stdout] 
[INFO] [stdout] ---- sys::tests::unknown_encoding stdout ----
[INFO] [stdout] note: rerun with PSPP_REFRESH_EXPECTED=1 to refresh expected output
[INFO] [stdout] Unexpected output:
[INFO] [stdout] --- src/sys/testdata/unknown_encoding.expected
[INFO] [stdout] +++ actual
[INFO] [stdout]  This system file does not indicate its own character encoding.  For best results, specify an encoding explicitly.  Use SYSFILE INFO with ENCODING="DETECT" to analyze the possible encodings.
[INFO] [stdout]  
[INFO] [stdout] -Text string contains invalid bytes for UTF-8 encoding: "PSPP synthetic test file: ����                                  "
[INFO] [stdout] -
[INFO] [stdout]  ╭────────────────┬────────────────────────╮
[INFO] [stdout]  │Created         │    01-JAN-2011 20:53:52│
[INFO] [stdout]  │Writer  Product │PSPP synthetic test file│
[INFO] [stdout]  │Compression     │None                    │
[INFO] [stdout]  │Number of Cases │                       0│
[INFO] [stdout]  ╰────────────────┴────────────────────────╯
[INFO] [stdout]  
[INFO] [stdout]  ╭─────────┬──────────────────────────────╮
[INFO] [stdout] -│Label    │PSPP synthetic test file: ����│
[INFO] [stdout] +│Label    │PSPP synthetic test file: ôõöø│
[INFO] [stdout]  │Variables│                             4│
[INFO] [stdout]  ╰─────────┴──────────────────────────────╯
[INFO] [stdout]  
[INFO] [stdout]                                               Variables
[INFO] [stdout]  ╭─┬────────┬─────┬─────────────────┬─────┬─────┬─────────┬────────────┬────────────┬──────────────╮
[INFO] [stdout]  │ │Position│Label│Measurement Level│ Role│Width│Alignment│Print Format│Write Format│Missing Values│
[INFO] [stdout]  ├─┼────────┼─────┼─────────────────┼─────┼─────┼─────────┼────────────┼────────────┼──────────────┤
[INFO] [stdout]  │a│       1│     │                 │Input│    8│Right    │F8.0        │F8.0        │              │
[INFO] [stdout]  │b│       2│     │                 │Input│    8│Right    │F8.0        │F8.0        │              │
[INFO] [stdout]  │c│       3│     │                 │Input│    8│Right    │F8.0        │F8.0        │              │
[INFO] [stdout]  │d│       4│     │                 │Input│    8│Right    │F8.0        │F8.0        │              │
[INFO] [stdout]  ╰─┴────────┴─────┴─────────────────┴─────┴─────┴─────────┴────────────┴────────────┴──────────────╯
[INFO] [stdout]  
[INFO] [stdout] 
[INFO] [stdout] thread 'sys::tests::unknown_encoding' (4525) panicked at src/sys/tests.rs:836:5:
[INFO] [stdout] explicit panic
[INFO] [stdout] stack backtrace:
[INFO] [stdout]    0:     0x5578c25b2dc1 - <<std[70759c8f55707aa4]::sys::backtrace::BacktraceLock>::print::DisplayBacktrace as core[df12db4294e9bfd3]::fmt::Display>::fmt
[INFO] [stdout]    1:     0x5578c25cc99a - core[df12db4294e9bfd3]::fmt::write
[INFO] [stdout]    2:     0x5578c25b860c - <alloc[2182bb758b4b3781]::vec::Vec<u8> as core[df12db4294e9bfd3]::io::write::Write>::write_fmt
[INFO] [stdout]    3:     0x5578c258d786 - std[70759c8f55707aa4]::panicking::default_hook::{closure#0}
[INFO] [stdout]    4:     0x5578c25aa789 - std[70759c8f55707aa4]::panicking::default_hook
[INFO] [stdout]    5:     0x5578c23a0fa0 - test[9d35eded1c95d3be]::test_main_inner::<test[9d35eded1c95d3be]::test_main_static::{closure#0}>::{closure#0}
[INFO] [stdout]    6:     0x5578c25aaab2 - std[70759c8f55707aa4]::panicking::panic_with_hook
[INFO] [stdout]    7:     0x5578c258d864 - std[70759c8f55707aa4]::panicking::panic_handler::{closure#0}
[INFO] [stdout]    8:     0x5578c2585de9 - std[70759c8f55707aa4]::sys::backtrace::__rust_end_short_backtrace::<std[70759c8f55707aa4]::panicking::panic_handler::{closure#0}, !>
[INFO] [stdout]    9:     0x5578c258e5bd - __rustc[8fa7c3cbc660c2b3]::rust_begin_unwind
[INFO] [stdout]   10:     0x5578c25cd13c - core[df12db4294e9bfd3]::panicking::panic_fmt
[INFO] [stdout]   11:     0x5578c25cd102 - core[df12db4294e9bfd3]::panicking::panic
[INFO] [stdout]   12:     0x5578c202d050 - pspp[90a6bb0429dff6c4]::output::pivot::tests::assert_lines_eq::<std[70759c8f55707aa4]::path::Display, &str>
[INFO] [stdout]   13:     0x5578c202c141 - pspp[90a6bb0429dff6c4]::sys::tests::test_sysfile::<core[df12db4294e9bfd3]::io::cursor::Cursor<alloc[2182bb758b4b3781]::vec::Vec<u8>>>
[INFO] [stdout]   14:     0x5578c205a9a8 - pspp[90a6bb0429dff6c4]::sys::tests::test_sack_sysfile
[INFO] [stdout]   15:     0x5578c2001b45 - <pspp[90a6bb0429dff6c4]::sys::tests::unknown_encoding::{closure#0} as core[df12db4294e9bfd3]::ops::function::FnOnce<()>>::call_once
[INFO] [stdout]   16:     0x5578c239428b - test[9d35eded1c95d3be]::__rust_begin_short_backtrace::<core[df12db4294e9bfd3]::result::Result<(), alloc[2182bb758b4b3781]::string::String>, fn() -> core[df12db4294e9bfd3]::result::Result<(), alloc[2182bb758b4b3781]::string::String>>
[INFO] [stdout]   17:     0x5578c23a18f5 - test[9d35eded1c95d3be]::run_test::{closure#0}
[INFO] [stdout]   18:     0x5578c239b1b4 - std[70759c8f55707aa4]::sys::backtrace::__rust_begin_short_backtrace::<test[9d35eded1c95d3be]::run_test::{closure#1}, ()>
[INFO] [stdout]   19:     0x5578c23a4a52 - <std[70759c8f55707aa4]::thread::lifecycle::spawn_unchecked<test[9d35eded1c95d3be]::run_test::{closure#1}, ()>::{closure#1} as core[df12db4294e9bfd3]::ops::function::FnOnce<()>>::call_once::{shim:vtable#0}
[INFO] [stdout]   20:     0x5578c25b1e09 - <std[70759c8f55707aa4]::sys::thread::unix::Thread>::new::thread_start
[INFO] [stdout]   21:     0x7b7db8d89dfa - <unknown>
[INFO] [stdout]   22:     0x7b7db8e1d3d4 - clone
[INFO] [stdout]   23:                0x0 - <unknown>
[INFO] [stdout] 
[INFO] [stdout] 
[INFO] [stdout] failures:
[INFO] [stdout]     output::drivers::cairo::tests::create
[INFO] [stdout]     sys::tests::unknown_encoding
[INFO] [stdout] 
[INFO] [stdout] test result: FAILED. 524 passed; 2 failed; 1 ignored; 0 measured; 0 filtered out; finished in 1.48s
[INFO] [stdout] 
[INFO] [stderr] error: test failed, to rerun pass `--lib`
[INFO] running `Command { std: "docker" "inspect" "79f057c2be89014ab27e218cbc10bf4cf20370690ed09a22a9bb0bd0ccf974fd", kill_on_drop: false }`
[INFO] running `Command { std: "docker" "rm" "-f" "79f057c2be89014ab27e218cbc10bf4cf20370690ed09a22a9bb0bd0ccf974fd", kill_on_drop: false }`
[INFO] [stdout] 79f057c2be89014ab27e218cbc10bf4cf20370690ed09a22a9bb0bd0ccf974fd
