[INFO] fetching crate protomcp 0.3.1...
[INFO] testing protomcp-0.3.1 against 1.100.0-beta.1+cargoflags=--release for beta-release-1.100-2
[INFO] extracting crate protomcp 0.3.1 into /workspace/builds/worker-0-tc2/source
[INFO] started tweaking crates.io crate protomcp 0.3.1
[INFO] finished tweaking crates.io crate protomcp 0.3.1
[INFO] tweaked toml for crates.io crate protomcp 0.3.1 written to /workspace/builds/worker-0-tc2/source/Cargo.toml
[INFO] validating manifest of crates.io crate protomcp 0.3.1 on toolchain 1.100.0-beta.1
[INFO] running `Command { std: CARGO_HOME="/workspace/cargo-home" RUSTUP_HOME="/workspace/rustup-home" "/workspace/cargo-home/bin/cargo" "+1.100.0-beta.1" "metadata" "--manifest-path" "Cargo.toml" "--no-deps", kill_on_drop: false }`
[INFO] crate crates.io crate protomcp 0.3.1 already has a lockfile, it will not be regenerated
[INFO] running `Command { std: CARGO_HOME="/workspace/cargo-home" RUSTUP_HOME="/workspace/rustup-home" "/workspace/cargo-home/bin/cargo" "+1.100.0-beta.1" "fetch" "--manifest-path" "Cargo.toml", kill_on_drop: false }`
[INFO] running `Command { std: "docker" "create" "-v" "/var/lib/crater-agent-workspace/builds/worker-0-tc2/source:/opt/rustwide/workdir:ro,Z" "-v" "/var/lib/crater-agent-workspace/builds/worker-0-tc2/target:/opt/rustwide/target:rw,Z" "-v" "/var/lib/crater-agent-workspace/cargo-home:/opt/rustwide/cargo-home:ro,Z" "-v" "/var/lib/crater-agent-workspace/rustup-home:/opt/rustwide/rustup-home:ro,Z" "-m" "1610612736" "--network" "none" "ghcr.io/rust-lang/crates-build-env/linux@sha256:77db811e55d90add9212f6832c23229e3de5f1c1f9905e8cb07319ea15df73ac" "sleep" "infinity", kill_on_drop: false }`
[INFO] [stdout] 4b0114d2e2f3c7617b2f33a3f6ddbb6e245f0f62de76eae9f84801228f76f2f5
[INFO] running `Command { std: "docker" "start" "4b0114d2e2f3c7617b2f33a3f6ddbb6e245f0f62de76eae9f84801228f76f2f5", kill_on_drop: false }`
[INFO] running `Command { std: "docker" "inspect" "4b0114d2e2f3c7617b2f33a3f6ddbb6e245f0f62de76eae9f84801228f76f2f5", kill_on_drop: false }`
[INFO] running `Command { std: "docker" "exec" "-e" "SOURCE_DIR=/opt/rustwide/workdir" "-e" "CARGO_HOME=/opt/rustwide/cargo-home" "-e" "RUSTUP_HOME=/opt/rustwide/rustup-home" "-e" "CARGO_TARGET_DIR=/opt/rustwide/target" "-w" "/opt/rustwide/workdir" "--user" "0:0" "4b0114d2e2f3c7617b2f33a3f6ddbb6e245f0f62de76eae9f84801228f76f2f5" "/opt/rustwide/cargo-home/bin/cargo" "+1.100.0-beta.1" "metadata" "--no-deps" "--format-version=1", kill_on_drop: false }`
[INFO] running `Command { std: "docker" "inspect" "4b0114d2e2f3c7617b2f33a3f6ddbb6e245f0f62de76eae9f84801228f76f2f5", kill_on_drop: false }`
[INFO] running `Command { std: "docker" "exec" "-e" "SOURCE_DIR=/opt/rustwide/workdir" "-e" "CARGO_HOME=/opt/rustwide/cargo-home" "-e" "RUSTUP_HOME=/opt/rustwide/rustup-home" "-e" "CARGO_TARGET_DIR=/opt/rustwide/target" "-e" "CARGO_INCREMENTAL=0" "-e" "RUST_BACKTRACE=full" "-e" "RUSTFLAGS=--cap-lints=warn" "-e" "RUSTDOCFLAGS=--cap-lints=warn" "-w" "/opt/rustwide/workdir" "--user" "0:0" "4b0114d2e2f3c7617b2f33a3f6ddbb6e245f0f62de76eae9f84801228f76f2f5" "/opt/rustwide/cargo-home/bin/cargo" "+1.100.0-beta.1" "build" "--frozen" "--message-format=json" "--release", kill_on_drop: false }`
[INFO] [stderr]    Compiling libc v0.2.183
[INFO] [stderr]    Compiling bytes v1.11.1
[INFO] [stderr]    Compiling anyhow v1.0.102
[INFO] [stderr]    Compiling itertools v0.14.0
[INFO] [stderr]    Compiling getrandom v0.4.2
[INFO] [stderr]    Compiling rustix v1.1.4
[INFO] [stderr]    Compiling regex-syntax v0.8.10
[INFO] [stderr]    Compiling bitflags v2.11.0
[INFO] [stderr]    Compiling linux-raw-sys v0.12.1
[INFO] [stderr]    Compiling fixedbitset v0.5.7
[INFO] [stderr]    Compiling zstd-safe v7.2.4
[INFO] [stderr]    Compiling syn v2.0.117
[INFO] [stderr]    Compiling multimap v0.10.1
[INFO] [stderr]    Compiling petgraph v0.7.1
[INFO] [stderr]    Compiling parking_lot_core v0.9.12
[INFO] [stderr]    Compiling errno v0.3.14
[INFO] [stderr]    Compiling socket2 v0.6.3
[INFO] [stderr]    Compiling mio v1.1.1
[INFO] [stderr]    Compiling signal-hook-registry v1.4.8
[INFO] [stderr]    Compiling regex-automata v0.4.14
[INFO] [stderr]    Compiling jobserver v0.1.34
[INFO] [stderr]    Compiling parking_lot v0.12.5
[INFO] [stderr]    Compiling cc v1.2.56
[INFO] [stderr]    Compiling tempfile v3.27.0
[INFO] [stderr]    Compiling zstd-sys v2.0.16+zstd.1.5.7
[INFO] [stderr]    Compiling regex v1.12.3
[INFO] [stderr]    Compiling prettyplease v0.2.37
[INFO] [stderr]    Compiling prost-derive v0.13.5
[INFO] [stderr]    Compiling serde_derive v1.0.228
[INFO] [stderr]    Compiling tokio-macros v2.6.1
[INFO] [stderr]    Compiling prost v0.13.5
[INFO] [stderr]    Compiling prost-types v0.13.5
[INFO] [stderr]    Compiling tokio v1.50.0
[INFO] [stderr]    Compiling prost-build v0.13.5
[INFO] [stderr]    Compiling protomcp v0.3.1 (/opt/rustwide/workdir)
[INFO] [stderr]    Compiling serde v1.0.228
[INFO] [stderr]    Compiling zstd v0.13.3
[INFO] [stderr] warning: unused dependency `serde`
[INFO] [stderr]  --> Cargo.toml:7:15
[INFO] [stderr]   |
[INFO] [stderr] 7 | [dependencies.serde]
[INFO] [stderr]   |               ^^^^^^
[INFO] [stderr]   |
[INFO] [stderr]   = note: `cargo::unused_dependencies` is set to `warn` by default
[INFO] [stderr] help: consider removing the dependency on `serde`
[INFO] [stderr] warning: `protomcp` (manifest) generated 1 warning
[INFO] [stderr]     Finished `release` profile [optimized] target(s) in 1m 03s
[INFO] running `Command { std: "docker" "inspect" "4b0114d2e2f3c7617b2f33a3f6ddbb6e245f0f62de76eae9f84801228f76f2f5", kill_on_drop: false }`
[INFO] running `Command { std: "docker" "exec" "-e" "SOURCE_DIR=/opt/rustwide/workdir" "-e" "CARGO_HOME=/opt/rustwide/cargo-home" "-e" "RUSTUP_HOME=/opt/rustwide/rustup-home" "-e" "CARGO_TARGET_DIR=/opt/rustwide/target" "-e" "CARGO_INCREMENTAL=0" "-e" "RUST_BACKTRACE=full" "-e" "RUSTFLAGS=--cap-lints=warn" "-e" "RUSTDOCFLAGS=--cap-lints=warn" "-w" "/opt/rustwide/workdir" "--user" "0:0" "4b0114d2e2f3c7617b2f33a3f6ddbb6e245f0f62de76eae9f84801228f76f2f5" "/opt/rustwide/cargo-home/bin/cargo" "+1.100.0-beta.1" "test" "--frozen" "--no-run" "--message-format=json" "--release", kill_on_drop: false }`
[INFO] [stderr]    Compiling protomcp v0.3.1 (/opt/rustwide/workdir)
[INFO] [stdout] warning: unused import: `clear_registry`
[INFO] [stdout]    --> src/workflow.rs:708:23
[INFO] [stdout]     |
[INFO] [stdout] 708 |     use crate::tool::{clear_registry, TEST_REGISTRY_LOCK};
[INFO] [stdout]     |                       ^^^^^^^^^^^^^^
[INFO] [stdout]     |
[INFO] [stdout]     = note: `#[warn(unused_imports)]` (part of `#[warn(unused)]`) on by default
[INFO] [stdout] 
[INFO] [stdout] 
[INFO] [stdout] warning: static `TEST_LOCK` is never used
[INFO] [stdout]   --> src/middleware.rs:44:12
[INFO] [stdout]    |
[INFO] [stdout] 44 |     static TEST_LOCK: Mutex<()> = Mutex::new(());
[INFO] [stdout]    |            ^^^^^^^^^
[INFO] [stdout]    |
[INFO] [stdout]    = note: `#[warn(dead_code)]` (part of `#[warn(unused)]`) on by default
[INFO] [stdout] 
[INFO] [stdout] 
[INFO] [stdout] warning: function `lock_and_clear` is never used
[INFO] [stdout]    --> src/group.rs:519:8
[INFO] [stdout]     |
[INFO] [stdout] 519 |     fn lock_and_clear() -> std::sync::MutexGuard<'static, ()> {
[INFO] [stdout]     |        ^^^^^^^^^^^^^^
[INFO] [stdout] 
[INFO] [stdout] 
[INFO] [stdout] warning: static `TEST_LOCK` is never used
[INFO] [stdout]   --> src/server_context.rs:48:12
[INFO] [stdout]    |
[INFO] [stdout] 48 |     static TEST_LOCK: Mutex<()> = Mutex::new(());
[INFO] [stdout]    |            ^^^^^^^^^
[INFO] [stdout] 
[INFO] [stdout] 
[INFO] [stdout] warning: function `lock_and_clear` is never used
[INFO] [stdout]   --> src/server_context.rs:50:8
[INFO] [stdout]    |
[INFO] [stdout] 50 |     fn lock_and_clear() -> std::sync::MutexGuard<'static, ()> {
[INFO] [stdout]    |        ^^^^^^^^^^^^^^
[INFO] [stdout] 
[INFO] [stdout] 
[INFO] [stdout] warning: static `TEST_LOCK` is never used
[INFO] [stdout]   --> src/local_middleware.rs:91:12
[INFO] [stdout]    |
[INFO] [stdout] 91 |     static TEST_LOCK: Mutex<()> = Mutex::new(());
[INFO] [stdout]    |            ^^^^^^^^^
[INFO] [stdout] 
[INFO] [stdout] 
[INFO] [stdout] warning: function `lock_and_clear` is never used
[INFO] [stdout]   --> src/local_middleware.rs:93:8
[INFO] [stdout]    |
[INFO] [stdout] 93 |     fn lock_and_clear() -> std::sync::MutexGuard<'static, ()> {
[INFO] [stdout]    |        ^^^^^^^^^^^^^^
[INFO] [stdout] 
[INFO] [stdout] 
[INFO] [stdout] warning: static `TEST_LOCK` is never used
[INFO] [stdout]   --> src/telemetry.rs:60:12
[INFO] [stdout]    |
[INFO] [stdout] 60 |     static TEST_LOCK: Mutex<()> = Mutex::new(());
[INFO] [stdout]    |            ^^^^^^^^^
[INFO] [stdout] 
[INFO] [stdout] 
[INFO] [stdout] warning: function `lock_and_clear` is never used
[INFO] [stdout]   --> src/telemetry.rs:62:8
[INFO] [stdout]    |
[INFO] [stdout] 62 |     fn lock_and_clear() -> std::sync::MutexGuard<'static, ()> {
[INFO] [stdout]    |        ^^^^^^^^^^^^^^
[INFO] [stdout] 
[INFO] [stdout] 
[INFO] [stdout] warning: static `TEST_LOCK` is never used
[INFO] [stdout]    --> src/sidecar.rs:312:12
[INFO] [stdout]     |
[INFO] [stdout] 312 |     static TEST_LOCK: Mutex<()> = Mutex::new(());
[INFO] [stdout]     |            ^^^^^^^^^
[INFO] [stdout] 
[INFO] [stdout] 
[INFO] [stdout] warning: function `lock_and_clear` is never used
[INFO] [stdout]    --> src/sidecar.rs:314:8
[INFO] [stdout]     |
[INFO] [stdout] 314 |     fn lock_and_clear() -> std::sync::MutexGuard<'static, ()> {
[INFO] [stdout]     |        ^^^^^^^^^^^^^^
[INFO] [stdout] 
[INFO] [stdout] 
[INFO] [stdout] warning: function `cleanup_and_lock` is never used
[INFO] [stdout]    --> src/workflow.rs:724:8
[INFO] [stdout]     |
[INFO] [stdout] 724 |     fn cleanup_and_lock() -> std::sync::MutexGuard<'static, ()> {
[INFO] [stdout]     |        ^^^^^^^^^^^^^^^^
[INFO] [stdout] 
[INFO] [stdout] 
[INFO] [stderr] warning: unused dependency `serde`
[INFO] [stderr]  --> Cargo.toml:7:15
[INFO] [stderr]   |
[INFO] [stderr] 7 | [dependencies.serde]
[INFO] [stderr]   |               ^^^^^^
[INFO] [stderr]   |
[INFO] [stderr]   = note: `cargo::unused_dependencies` is set to `warn` by default
[INFO] [stderr] help: consider removing the dependency on `serde`
[INFO] [stderr] warning: `protomcp` (manifest) generated 1 warning
[INFO] [stderr]     Finished `release` profile [optimized] target(s) in 7.31s
[INFO] running `Command { std: "docker" "inspect" "4b0114d2e2f3c7617b2f33a3f6ddbb6e245f0f62de76eae9f84801228f76f2f5", kill_on_drop: false }`
[INFO] running `Command { std: "docker" "exec" "-e" "SOURCE_DIR=/opt/rustwide/workdir" "-e" "CARGO_HOME=/opt/rustwide/cargo-home" "-e" "RUSTUP_HOME=/opt/rustwide/rustup-home" "-e" "CARGO_TARGET_DIR=/opt/rustwide/target" "-e" "CARGO_INCREMENTAL=0" "-e" "RUST_BACKTRACE=full" "-e" "RUSTFLAGS=--cap-lints=warn" "-e" "RUSTDOCFLAGS=--cap-lints=warn" "-w" "/opt/rustwide/workdir" "--user" "0:0" "4b0114d2e2f3c7617b2f33a3f6ddbb6e245f0f62de76eae9f84801228f76f2f5" "/opt/rustwide/cargo-home/bin/cargo" "+1.100.0-beta.1" "test" "--frozen" "--release", kill_on_drop: false }`
[INFO] [stderr] warning: unused import: `clear_registry`
[INFO] [stderr]    --> src/workflow.rs:708:23
[INFO] [stderr]     |
[INFO] [stderr] 708 |     use crate::tool::{clear_registry, TEST_REGISTRY_LOCK};
[INFO] [stderr]     |                       ^^^^^^^^^^^^^^
[INFO] [stderr]     |
[INFO] [stderr]     = note: `#[warn(unused_imports)]` (part of `#[warn(unused)]`) on by default
[INFO] [stderr] 
[INFO] [stderr] warning: static `TEST_LOCK` is never used
[INFO] [stderr]   --> src/middleware.rs:44:12
[INFO] [stderr]    |
[INFO] [stderr] 44 |     static TEST_LOCK: Mutex<()> = Mutex::new(());
[INFO] [stderr]    |            ^^^^^^^^^
[INFO] [stderr]    |
[INFO] [stderr]    = note: `#[warn(dead_code)]` (part of `#[warn(unused)]`) on by default
[INFO] [stderr] 
[INFO] [stderr] warning: function `lock_and_clear` is never used
[INFO] [stderr]    --> src/group.rs:519:8
[INFO] [stderr]     |
[INFO] [stderr] 519 |     fn lock_and_clear() -> std::sync::MutexGuard<'static, ()> {
[INFO] [stderr]     |        ^^^^^^^^^^^^^^
[INFO] [stderr] 
[INFO] [stderr] warning: static `TEST_LOCK` is never used
[INFO] [stderr]   --> src/server_context.rs:48:12
[INFO] [stderr]    |
[INFO] [stderr] 48 |     static TEST_LOCK: Mutex<()> = Mutex::new(());
[INFO] [stderr]    |            ^^^^^^^^^
[INFO] [stderr] 
[INFO] [stderr] warning: function `lock_and_clear` is never used
[INFO] [stderr]   --> src/server_context.rs:50:8
[INFO] [stderr]    |
[INFO] [stderr] 50 |     fn lock_and_clear() -> std::sync::MutexGuard<'static, ()> {
[INFO] [stderr]    |        ^^^^^^^^^^^^^^
[INFO] [stderr] 
[INFO] [stderr] warning: static `TEST_LOCK` is never used
[INFO] [stderr]   --> src/local_middleware.rs:91:12
[INFO] [stderr]    |
[INFO] [stderr] 91 |     static TEST_LOCK: Mutex<()> = Mutex::new(());
[INFO] [stderr]    |            ^^^^^^^^^
[INFO] [stderr] 
[INFO] [stderr] warning: function `lock_and_clear` is never used
[INFO] [stderr]   --> src/local_middleware.rs:93:8
[INFO] [stderr]    |
[INFO] [stderr] 93 |     fn lock_and_clear() -> std::sync::MutexGuard<'static, ()> {
[INFO] [stderr]    |        ^^^^^^^^^^^^^^
[INFO] [stderr] 
[INFO] [stderr] warning: static `TEST_LOCK` is never used
[INFO] [stderr]   --> src/telemetry.rs:60:12
[INFO] [stderr]    |
[INFO] [stderr] 60 |     static TEST_LOCK: Mutex<()> = Mutex::new(());
[INFO] [stderr]    |            ^^^^^^^^^
[INFO] [stderr] 
[INFO] [stderr] warning: function `lock_and_clear` is never used
[INFO] [stderr]   --> src/telemetry.rs:62:8
[INFO] [stderr]    |
[INFO] [stderr] 62 |     fn lock_and_clear() -> std::sync::MutexGuard<'static, ()> {
[INFO] [stderr]    |        ^^^^^^^^^^^^^^
[INFO] [stderr] 
[INFO] [stderr] warning: static `TEST_LOCK` is never used
[INFO] [stderr]    --> src/sidecar.rs:312:12
[INFO] [stderr]     |
[INFO] [stderr] 312 |     static TEST_LOCK: Mutex<()> = Mutex::new(());
[INFO] [stderr]     |            ^^^^^^^^^
[INFO] [stderr] 
[INFO] [stderr] warning: function `lock_and_clear` is never used
[INFO] [stderr]    --> src/sidecar.rs:314:8
[INFO] [stderr]     |
[INFO] [stderr] 314 |     fn lock_and_clear() -> std::sync::MutexGuard<'static, ()> {
[INFO] [stderr]     |        ^^^^^^^^^^^^^^
[INFO] [stderr] 
[INFO] [stderr] warning: function `cleanup_and_lock` is never used
[INFO] [stderr]    --> src/workflow.rs:724:8
[INFO] [stderr]     |
[INFO] [stderr] 724 |     fn cleanup_and_lock() -> std::sync::MutexGuard<'static, ()> {
[INFO] [stderr]     |        ^^^^^^^^^^^^^^^^
[INFO] [stderr] 
[INFO] [stderr] warning: `protomcp` (lib test) generated 12 warnings (run `cargo fix --lib -p protomcp --tests` to apply 1 suggestion)
[INFO] [stderr] warning: unused dependency `serde`
[INFO] [stderr]  --> Cargo.toml:7:15
[INFO] [stderr]   |
[INFO] [stderr] 7 | [dependencies.serde]
[INFO] [stderr]   |               ^^^^^^
[INFO] [stderr]   |
[INFO] [stderr]   = note: `cargo::unused_dependencies` is set to `warn` by default
[INFO] [stderr] help: consider removing the dependency on `serde`
[INFO] [stderr] warning: `protomcp` (manifest) generated 1 warning
[INFO] [stderr]     Finished `release` profile [optimized] target(s) in 0.12s
[INFO] [stderr]      Running unittests src/lib.rs (/opt/rustwide/target/release/build/protomcp/b5a779c0da3b8fc8/out/protomcp-b5a779c0da3b8fc8)
[INFO] [stdout] 
[INFO] [stdout] running 75 tests
[INFO] [stdout] test group::tests::test_group_registration ... ok
[INFO] [stdout] test group::tests::test_dispatch_missing_action ... ok
[INFO] [stdout] test group::tests::test_dispatch_unknown_action ... ok
[INFO] [stdout] test context::tests::test_is_cancelled ... ok
[INFO] [stdout] test group::tests::test_groups_in_tool_defs ... ok
[INFO] [stdout] test group::tests::test_separate_strategy_schema ... ok
[INFO] [stdout] test group::tests::test_dispatch_correct_action ... ok
[INFO] [stdout] test group::tests::test_validation_cross_rule ... ok
[INFO] [stdout] test group::tests::test_validation_enum_field ... ok
[INFO] [stdout] test manager::tests::test_disable ... ok
[INFO] [stdout] test group::tests::test_union_strategy_schema ... ok
[INFO] [stdout] test local_middleware::tests::test_priority_ordering ... ok
[INFO] [stdout] test middleware::tests::test_middleware_registration ... ok
[INFO] [stdout] test result::tests::test_tool_result_basic ... ok
[INFO] [stdout] test group::tests::test_validation_requires ... ok
[INFO] [stdout] test server_context::tests::test_register_and_resolve ... ok
[INFO] [stdout] test log::tests::test_log_levels ... ok
[INFO] [stdout] test runner::tests::test_build_result_json_escaping ... ok
[INFO] [stdout] test server_context::tests::test_clear_registry ... ok
[INFO] [stdout] test result::tests::test_tool_result_error ... ok
[INFO] [stdout] test sidecar::tests::test_stop_all_no_crash ... ok
[INFO] [stdout] test group::tests::test_validation_enum_fuzzy_suggestion ... ok
[INFO] [stdout] test local_middleware::tests::test_middleware_can_short_circuit ... ok
[INFO] [stdout] test local_middleware::tests::test_no_middleware ... ok
[INFO] [stdout] test sidecar::tests::test_clear_sidecar_registry ... ok
[INFO] [stdout] test telemetry::tests::test_multiple_sinks ... ok
[INFO] [stdout] test telemetry::tests::test_event_fields ... ok
[INFO] [stdout] test telemetry::tests::test_register_and_emit ... ok
[INFO] [stdout] test telemetry::tests::test_panic_in_sink_does_not_crash ... ok
[INFO] [stdout] test tool::tests::test_array_arg ... ok
[INFO] [stdout] test sidecar::tests::test_sidecar_registration ... ok
[INFO] [stdout] test sidecar::tests::test_pid_file_path ... ok
[INFO] [stdout] test tool::tests::test_hidden_defaults_to_false ... FAILED
[INFO] [stdout] test tool::tests::test_literal_arg ... ok
[INFO] [stdout] test tool::tests::test_hidden_field_set_by_direct_construction ... ok
[INFO] [stdout] test tool::tests::test_union_arg ... ok
[INFO] [stdout] test tool::tests::test_object_arg ... ok
[INFO] [stdout] test manager::tests::test_enable ... ok
[INFO] [stdout] test sidecar::tests::test_start_sidecars_filter ... ok
[INFO] [stdout] test workflow::tests::test_handler_receives_args ... ok
[INFO] [stdout] test workflow::tests::test_history_tracking ... ok
[INFO] [stdout] test workflow::tests::test_basic_workflow_registration ... ok
[INFO] [stdout] test workflow::tests::test_no_cancel_step ... ok
[INFO] [stdout] test sidecar::tests::test_builder_defaults ... ok
[INFO] [stdout] test workflow::tests::test_error_handling_with_on_error ... ok
[INFO] [stdout] test workflow::tests::test_on_complete_callback ... ok
[INFO] [stdout] test workflow::tests::test_cancel ... ok
[INFO] [stdout] test tool::tests::test_tool_metadata ... ok
[INFO] [stdout] test tool::tests::test_tool_registration ... ok
[INFO] [stdout] test telemetry::tests::test_clear ... ok
[INFO] [stdout] test workflow::tests::test_all_no_cancel_no_cancel_tool ... ok
[INFO] [stdout] test workflow::tests::test_step_dispatch_initial ... ok
[INFO] [stdout] test workflow::tests::test_on_cancel_callback ... ok
[INFO] [stdout] test workflow::tests::test_tool_defs_generated ... ok
[INFO] [stdout] test server_context::tests::test_multiple_contexts ... ok
[INFO] [stdout] test local_middleware::tests::test_single_middleware ... ok
[INFO] [stdout] test workflow::tests::test_cancel_no_active ... ok
[INFO] [stdout] test workflow::tests::test_dynamic_next_invalid ... ok
[INFO] [stdout] test workflow::tests::test_dynamic_next_narrowing ... ok
[INFO] [stdout] test workflow::tests::test_non_initial_without_active_workflow ... ok
[INFO] [stdout] test workflow::tests::test_validation_bad_next_ref - should panic ... ok
[INFO] [stdout] test workflow::tests::test_validation_bad_on_error_ref - should panic ... ok
[INFO] [stdout] test workflow::tests::test_glob_match ... ok
[INFO] [stdout] test workflow::tests::test_step_with_args_schema ... ok
[INFO] [stdout] test workflow::tests::test_step_dispatch_terminal ... ok
[INFO] [stdout] test workflow::tests::test_multi_step_flow ... ok
[INFO] [stdout] test workflow::tests::test_step_level_visibility_override ... ok
[INFO] [stdout] test workflow::tests::test_error_no_match_stays_in_state ... ok
[INFO] [stdout] test workflow::tests::test_validation_no_initial - should panic ... ok
[INFO] [stdout] test workflow::tests::test_validation_terminal_with_next - should panic ... ok
[INFO] [stdout] test workflow::tests::test_validation_dead_end - should panic ... ok
[INFO] [stdout] test workflow::tests::test_workflow_level_visibility ... ok
[INFO] [stdout] test workflow::tests::test_workflows_to_tool_defs ... ok
[INFO] [stdout] test workflow::tests::test_visibility_matching ... ok
[INFO] [stdout] test workflow::tests::test_validation_multiple_initial - should panic ... ok
[INFO] [stdout] 
[INFO] [stdout] failures:
[INFO] [stdout] 
[INFO] [stdout] ---- tool::tests::test_hidden_defaults_to_false stdout ----
[INFO] [stdout] 
[INFO] [stdout] thread 'tool::tests::test_hidden_defaults_to_false' (1028) panicked at src/tool.rs:332:13:
[INFO] [stdout] assertion `left == right` failed
[INFO] [stdout]   left: 2
[INFO] [stdout]  right: 1
[INFO] [stdout] stack backtrace:
[INFO] [stdout]    0:     0x5a24c1403231 - <<std[617be2ca0a6fd877]::sys::backtrace::BacktraceLock>::print::DisplayBacktrace as core[a373ad73a504971]::fmt::Display>::fmt
[INFO] [stdout]    1:     0x5a24c141932a - core[a373ad73a504971]::fmt::write
[INFO] [stdout]    2:     0x5a24c140744c - <alloc[2e1b2a31b91974c5]::vec::Vec<u8> as core[a373ad73a504971]::io::write::Write>::write_fmt
[INFO] [stdout]    3:     0x5a24c13de236 - std[617be2ca0a6fd877]::panicking::default_hook::{closure#0}
[INFO] [stdout]    4:     0x5a24c13fb549 - std[617be2ca0a6fd877]::panicking::default_hook
[INFO] [stdout]    5:     0x5a24c138c460 - test[aada8e7e76ba119b]::test_main_inner::{closure#0}
[INFO] [stdout]    6:     0x5a24c13fb702 - std[617be2ca0a6fd877]::panicking::panic_with_hook
[INFO] [stdout]    7:     0x5a24c13de2e2 - std[617be2ca0a6fd877]::panicking::panic_handler::{closure#0}
[INFO] [stdout]    8:     0x5a24c13d6ed9 - std[617be2ca0a6fd877]::sys::backtrace::__rust_end_short_backtrace::<std[617be2ca0a6fd877]::panicking::panic_handler::{closure#0}, !>
[INFO] [stdout]    9:     0x5a24c13deeed - __rustc[ea4f61d10b84890b]::rust_begin_unwind
[INFO] [stdout]   10:     0x5a24c1419a5c - core[a373ad73a504971]::panicking::panic_fmt
[INFO] [stdout]   11:     0x5a24c1419973 - core[a373ad73a504971]::panicking::assert_failed_inner
[INFO] [stdout]   12:     0x5a24c1415378 - core[a373ad73a504971]::panicking::assert_failed::<usize, usize>
[INFO] [stdout]   13:     0x5a24c13723f0 - protomcp[c9df1dd51e21b07c]::tool::with_registry::<protomcp[c9df1dd51e21b07c]::tool::tests::test_hidden_defaults_to_false::{closure#1}, ()>
[INFO] [stdout]   14:     0x5a24c135a1e8 - <protomcp[c9df1dd51e21b07c]::tool::tests::test_hidden_defaults_to_false::{closure#0} as core[a373ad73a504971]::ops::function::FnOnce<()>>::call_once
[INFO] [stdout]   15:     0x5a24c137f8ab - test[aada8e7e76ba119b]::__rust_begin_short_backtrace::<core[a373ad73a504971]::result::Result<(), alloc[2e1b2a31b91974c5]::string::String>, fn() -> core[a373ad73a504971]::result::Result<(), alloc[2e1b2a31b91974c5]::string::String>>
[INFO] [stdout]   16:     0x5a24c138ca85 - test[aada8e7e76ba119b]::run_test::{closure#0}
[INFO] [stdout]   17:     0x5a24c1386374 - std[617be2ca0a6fd877]::sys::backtrace::__rust_begin_short_backtrace::<test[aada8e7e76ba119b]::run_test::{closure#1}, ()>
[INFO] [stdout]   18:     0x5a24c138fb12 - <std[617be2ca0a6fd877]::thread::lifecycle::spawn_unchecked<test[aada8e7e76ba119b]::run_test::{closure#1}, ()>::{closure#1} as core[a373ad73a504971]::ops::function::FnOnce<()>>::call_once::{shim:vtable#0}
[INFO] [stdout]   19:     0x5a24c14028af - <std[617be2ca0a6fd877]::sys::thread::unix::Thread>::new::thread_start
[INFO] [stdout]   20:     0x7d2901183dfa - <unknown>
[INFO] [stdout]   21:     0x7d29012173d4 - clone
[INFO] [stdout]   22:                0x0 - <unknown>
[INFO] [stdout] 
[INFO] [stdout] 
[INFO] [stdout] failures:
[INFO] [stdout]     tool::tests::test_hidden_defaults_to_false
[INFO] [stdout] 
[INFO] [stdout] test result: FAILED. 74 passed; 1 failed; 0 ignored; 0 measured; 0 filtered out; finished in 0.03s
[INFO] [stdout] 
[INFO] [stderr] error: test failed, to rerun pass `--lib`
[INFO] running `Command { std: "docker" "inspect" "4b0114d2e2f3c7617b2f33a3f6ddbb6e245f0f62de76eae9f84801228f76f2f5", kill_on_drop: false }`
[INFO] running `Command { std: "docker" "rm" "-f" "4b0114d2e2f3c7617b2f33a3f6ddbb6e245f0f62de76eae9f84801228f76f2f5", kill_on_drop: false }`
[INFO] [stdout] 4b0114d2e2f3c7617b2f33a3f6ddbb6e245f0f62de76eae9f84801228f76f2f5
