[INFO] fetching crate prism3-retry 0.1.0...
[INFO] testing prism3-retry-0.1.0 against 1.100.0-beta.1+cargoflags=--release for beta-release-1.100-2
[INFO] extracting crate prism3-retry 0.1.0 into /workspace/builds/worker-0-tc2/source
[INFO] started tweaking crates.io crate prism3-retry 0.1.0
[INFO] removed 0 missing tests
[INFO] finished tweaking crates.io crate prism3-retry 0.1.0
[INFO] tweaked toml for crates.io crate prism3-retry 0.1.0 written to /workspace/builds/worker-0-tc2/source/Cargo.toml
[INFO] validating manifest of crates.io crate prism3-retry 0.1.0 on toolchain 1.100.0-beta.1
[INFO] running `Command { std: CARGO_HOME="/workspace/cargo-home" RUSTUP_HOME="/workspace/rustup-home" "/workspace/cargo-home/bin/cargo" "+1.100.0-beta.1" "metadata" "--manifest-path" "Cargo.toml" "--no-deps", kill_on_drop: false }`
[INFO] crate crates.io crate prism3-retry 0.1.0 already has a lockfile, it will not be regenerated
[INFO] running `Command { std: CARGO_HOME="/workspace/cargo-home" RUSTUP_HOME="/workspace/rustup-home" "/workspace/cargo-home/bin/cargo" "+1.100.0-beta.1" "fetch" "--manifest-path" "Cargo.toml", kill_on_drop: false }`
[INFO] running `Command { std: "docker" "create" "-v" "/var/lib/crater-agent-workspace/builds/worker-0-tc2/source:/opt/rustwide/workdir:ro,Z" "-v" "/var/lib/crater-agent-workspace/builds/worker-0-tc2/target:/opt/rustwide/target:rw,Z" "-v" "/var/lib/crater-agent-workspace/cargo-home:/opt/rustwide/cargo-home:ro,Z" "-v" "/var/lib/crater-agent-workspace/rustup-home:/opt/rustwide/rustup-home:ro,Z" "-m" "1610612736" "--network" "none" "ghcr.io/rust-lang/crates-build-env/linux@sha256:77db811e55d90add9212f6832c23229e3de5f1c1f9905e8cb07319ea15df73ac" "sleep" "infinity", kill_on_drop: false }`
[INFO] [stdout] 5ea51a4ba41d394337e054ffa5cc0ef52824c7b394125466c3f24f1b3d3f03ab
[INFO] running `Command { std: "docker" "start" "5ea51a4ba41d394337e054ffa5cc0ef52824c7b394125466c3f24f1b3d3f03ab", kill_on_drop: false }`
[INFO] running `Command { std: "docker" "inspect" "5ea51a4ba41d394337e054ffa5cc0ef52824c7b394125466c3f24f1b3d3f03ab", kill_on_drop: false }`
[INFO] running `Command { std: "docker" "exec" "-e" "SOURCE_DIR=/opt/rustwide/workdir" "-e" "CARGO_HOME=/opt/rustwide/cargo-home" "-e" "RUSTUP_HOME=/opt/rustwide/rustup-home" "-e" "CARGO_TARGET_DIR=/opt/rustwide/target" "-w" "/opt/rustwide/workdir" "--user" "0:0" "5ea51a4ba41d394337e054ffa5cc0ef52824c7b394125466c3f24f1b3d3f03ab" "/opt/rustwide/cargo-home/bin/cargo" "+1.100.0-beta.1" "metadata" "--no-deps" "--format-version=1", kill_on_drop: false }`
[INFO] running `Command { std: "docker" "inspect" "5ea51a4ba41d394337e054ffa5cc0ef52824c7b394125466c3f24f1b3d3f03ab", kill_on_drop: false }`
[INFO] running `Command { std: "docker" "exec" "-e" "SOURCE_DIR=/opt/rustwide/workdir" "-e" "CARGO_HOME=/opt/rustwide/cargo-home" "-e" "RUSTUP_HOME=/opt/rustwide/rustup-home" "-e" "CARGO_TARGET_DIR=/opt/rustwide/target" "-e" "CARGO_INCREMENTAL=0" "-e" "RUST_BACKTRACE=full" "-e" "RUSTFLAGS=--cap-lints=warn" "-e" "RUSTDOCFLAGS=--cap-lints=warn" "-w" "/opt/rustwide/workdir" "--user" "0:0" "5ea51a4ba41d394337e054ffa5cc0ef52824c7b394125466c3f24f1b3d3f03ab" "/opt/rustwide/cargo-home/bin/cargo" "+1.100.0-beta.1" "build" "--frozen" "--message-format=json" "--release", kill_on_drop: false }`
[INFO] [stderr]    Compiling quote v1.0.41
[INFO] [stderr]    Compiling libc v0.2.177
[INFO] [stderr]    Compiling getrandom v0.3.3
[INFO] [stderr]    Compiling libm v0.2.15
[INFO] [stderr]    Compiling bigdecimal v0.4.8
[INFO] [stderr]    Compiling regex-automata v0.4.13
[INFO] [stderr]    Compiling tokio v1.47.1
[INFO] [stderr]    Compiling prism3-function v0.1.0
[INFO] [stderr]    Compiling num-integer v0.1.46
[INFO] [stderr]    Compiling ppv-lite86 v0.2.21
[INFO] [stderr]    Compiling syn v2.0.106
[INFO] [stderr]    Compiling rand_core v0.9.3
[INFO] [stderr]    Compiling rand_chacha v0.9.0
[INFO] [stderr]    Compiling rand v0.9.2
[INFO] [stderr]    Compiling regex v1.12.2
[INFO] [stderr]    Compiling synstructure v0.13.2
[INFO] [stderr]    Compiling zerofrom-derive v0.1.6
[INFO] [stderr]    Compiling yoke-derive v0.8.0
[INFO] [stderr]    Compiling zerovec-derive v0.11.1
[INFO] [stderr]    Compiling displaydoc v0.2.5
[INFO] [stderr]    Compiling serde_derive v1.0.228
[INFO] [stderr]    Compiling tracing-attributes v0.1.30
[INFO] [stderr]    Compiling thiserror-impl v2.0.17
[INFO] [stderr]    Compiling thiserror v2.0.17
[INFO] [stderr]    Compiling tracing v0.1.41
[INFO] [stderr]    Compiling zerofrom v0.1.6
[INFO] [stderr]    Compiling yoke v0.8.0
[INFO] [stderr]    Compiling zerovec v0.11.4
[INFO] [stderr]    Compiling zerotrie v0.2.2
[INFO] [stderr]    Compiling tinystr v0.8.1
[INFO] [stderr]    Compiling potential_utf v0.1.3
[INFO] [stderr]    Compiling serde v1.0.228
[INFO] [stderr]    Compiling icu_collections v2.0.0
[INFO] [stderr]    Compiling icu_locale_core v2.0.0
[INFO] [stderr]    Compiling num-bigint v0.4.6
[INFO] [stderr]    Compiling chrono v0.4.42
[INFO] [stderr]    Compiling uuid v1.18.1
[INFO] [stderr]    Compiling icu_provider v2.0.0
[INFO] [stderr]    Compiling icu_properties v2.0.1
[INFO] [stderr]    Compiling icu_normalizer v2.0.0
[INFO] [stderr]    Compiling idna_adapter v1.2.1
[INFO] [stderr]    Compiling idna v1.1.0
[INFO] [stderr]    Compiling url v2.5.7
[INFO] [stderr]    Compiling prism3-core v0.1.1
[INFO] [stderr]    Compiling prism3-value v0.1.2
[INFO] [stderr]    Compiling prism3-config v0.1.1
[INFO] [stderr]    Compiling prism3-retry v0.1.0 (/opt/rustwide/workdir)
[INFO] [stderr]     Finished `release` profile [optimized] target(s) in 34.54s
[INFO] running `Command { std: "docker" "inspect" "5ea51a4ba41d394337e054ffa5cc0ef52824c7b394125466c3f24f1b3d3f03ab", kill_on_drop: false }`
[INFO] running `Command { std: "docker" "exec" "-e" "SOURCE_DIR=/opt/rustwide/workdir" "-e" "CARGO_HOME=/opt/rustwide/cargo-home" "-e" "RUSTUP_HOME=/opt/rustwide/rustup-home" "-e" "CARGO_TARGET_DIR=/opt/rustwide/target" "-e" "CARGO_INCREMENTAL=0" "-e" "RUST_BACKTRACE=full" "-e" "RUSTFLAGS=--cap-lints=warn" "-e" "RUSTDOCFLAGS=--cap-lints=warn" "-w" "/opt/rustwide/workdir" "--user" "0:0" "5ea51a4ba41d394337e054ffa5cc0ef52824c7b394125466c3f24f1b3d3f03ab" "/opt/rustwide/cargo-home/bin/cargo" "+1.100.0-beta.1" "test" "--frozen" "--no-run" "--message-format=json" "--release", kill_on_drop: false }`
[INFO] [stderr]    Compiling getrandom v0.3.3
[INFO] [stderr]    Compiling parking_lot_core v0.9.12
[INFO] [stderr]    Compiling mio v1.0.4
[INFO] [stderr]    Compiling tokio-macros v2.5.0
[INFO] [stderr]    Compiling async-stream-impl v0.3.6
[INFO] [stderr]    Compiling parking_lot v0.12.5
[INFO] [stderr]    Compiling uuid v1.18.1
[INFO] [stderr]    Compiling rand_core v0.9.3
[INFO] [stderr]    Compiling async-stream v0.3.6
[INFO] [stderr]    Compiling rand_chacha v0.9.0
[INFO] [stderr]    Compiling prism3-value v0.1.2
[INFO] [stderr]    Compiling tokio v1.47.1
[INFO] [stderr]    Compiling rand v0.9.2
[INFO] [stderr]    Compiling prism3-config v0.1.1
[INFO] [stderr]    Compiling tokio-stream v0.1.17
[INFO] [stderr]    Compiling prism3-retry v0.1.0 (/opt/rustwide/workdir)
[INFO] [stderr]    Compiling tokio-test v0.4.4
[INFO] [stderr]     Finished `release` profile [optimized] target(s) in 30.73s
[INFO] running `Command { std: "docker" "inspect" "5ea51a4ba41d394337e054ffa5cc0ef52824c7b394125466c3f24f1b3d3f03ab", kill_on_drop: false }`
[INFO] running `Command { std: "docker" "exec" "-e" "SOURCE_DIR=/opt/rustwide/workdir" "-e" "CARGO_HOME=/opt/rustwide/cargo-home" "-e" "RUSTUP_HOME=/opt/rustwide/rustup-home" "-e" "CARGO_TARGET_DIR=/opt/rustwide/target" "-e" "CARGO_INCREMENTAL=0" "-e" "RUST_BACKTRACE=full" "-e" "RUSTFLAGS=--cap-lints=warn" "-e" "RUSTDOCFLAGS=--cap-lints=warn" "-w" "/opt/rustwide/workdir" "--user" "0:0" "5ea51a4ba41d394337e054ffa5cc0ef52824c7b394125466c3f24f1b3d3f03ab" "/opt/rustwide/cargo-home/bin/cargo" "+1.100.0-beta.1" "test" "--frozen" "--release", kill_on_drop: false }`
[INFO] [stderr]     Finished `release` profile [optimized] target(s) in 0.13s
[INFO] [stderr]      Running unittests src/lib.rs (/opt/rustwide/target/release/build/prism3-retry/0c6b9334cdc6145e/out/prism3_retry-0c6b9334cdc6145e)
[INFO] [stderr]      Running tests/builder_tests.rs (/opt/rustwide/target/release/build/prism3-retry/4010c19b7722d89f/out/builder_tests-4010c19b7722d89f)
[INFO] [stdout] 
[INFO] [stdout] running 0 tests
[INFO] [stdout] 
[INFO] [stdout] test result: ok. 0 passed; 0 failed; 0 ignored; 0 measured; 0 filtered out; finished in 0.00s
[INFO] [stdout] 
[INFO] [stdout] 
[INFO] [stdout] running 61 tests
[INFO] [stdout] test test_abort_on_errors ... ok
[INFO] [stdout] test test_abort_on_results_override ... ok
[INFO] [stdout] test test_clear_abort_results ... ok
[INFO] [stdout] test test_complex_result_type ... ok
[INFO] [stdout] test test_abort_on_results ... ok
[INFO] [stdout] test test_builder_with_simple_config_chain_methods ... ok
[INFO] [stdout] test test_abort_on_error_single_type ... ok
[INFO] [stdout] test test_abort_on_results_if_override ... ok
[INFO] [stdout] test test_abort_on_errors_multiple ... ok
[INFO] [stdout] test test_abort_on_result_single ... ok
[INFO] [stdout] test test_abort_results_and_condition_together ... ok
[INFO] [stdout] test test_empty_failed_results ... ok
[INFO] [stdout] test test_all_event_listeners_together ... ok
[INFO] [stdout] test test_build_executor ... ok
[INFO] [stdout] test test_builder_with_simple_config ... ok
[INFO] [stdout] test test_errors_and_results_conditions_together ... ok
[INFO] [stdout] test test_builder_with_simple_config_build_executor ... ok
[INFO] [stdout] test test_abort_on_all_errors ... ok
[INFO] [stdout] test test_failed_and_abort_conditions_together ... ok
[INFO] [stdout] test test_failed_on_errors ... ok
[INFO] [stdout] test test_failed_on_results ... ok
[INFO] [stdout] test test_failed_on_results_override ... ok
[INFO] [stdout] test test_listener_override ... ok
[INFO] [stdout] test test_empty_abort_results ... ok
[INFO] [stdout] test test_clear_failed_results ... ok
[INFO] [stdout] test test_failed_on_all_errors ... ok
[INFO] [stdout] test test_default_trait ... ok
[INFO] [stdout] test test_failed_on_all_errors_then_no_failed_errors ... ok
[INFO] [stdout] test test_failed_on_error_single_type ... ok
[INFO] [stdout] test test_max_duration_getter ... ok
[INFO] [stdout] test test_failed_results_and_condition_together ... ok
[INFO] [stdout] test test_no_failed_errors ... ok
[INFO] [stdout] test test_jitter_factor_getter ... ok
[INFO] [stdout] test test_on_abort_listener ... ok
[INFO] [stdout] test test_none_delay_strategy ... ok
[INFO] [stdout] test test_on_failure_listener ... ok
[INFO] [stdout] test test_failed_on_result_single ... ok
[INFO] [stdout] test test_abort_on_results_if ... ok
[INFO] [stdout] test test_failed_on_results_if ... ok
[INFO] [stdout] test test_failed_on_results_if_override ... ok
[INFO] [stdout] test test_builder_with_simple_config_custom_params ... ok
[INFO] [stdout] test test_on_success_listener ... ok
[INFO] [stdout] test test_simple_vs_default_config_consistency ... ok
[INFO] [stdout] test test_set_no_delay_strategy ... ok
[INFO] [stdout] test test_retry_builder_creation ... ok
[INFO] [stdout] test test_set_fixed_delay_strategy ... ok
[INFO] [stdout] test test_set_jitter_factor ... ok
[INFO] [stdout] test test_set_max_attempts ... ok
[INFO] [stdout] test test_operation_timeout_with_max_duration ... ok
[INFO] [stdout] test test_zero_max_attempts ... ok
[INFO] [stdout] test test_set_delay_strategies ... ok
[INFO] [stdout] test test_numeric_result_type ... ok
[INFO] [stdout] test test_set_exponential_backoff_strategy ... ok
[INFO] [stdout] test test_set_random_delay_strategy ... ok
[INFO] [stdout] test test_on_retry_listener ... ok
[INFO] [stdout] test test_operation_timeout ... ok
[INFO] [stdout] test test_set_unlimited_duration ... ok
[INFO] [stdout] test test_unit_result_type ... ok
[INFO] [stdout] test test_unlimited_operation_timeout ... ok
[INFO] [stdout] test test_very_large_max_attempts ... ok
[INFO] [stdout] test test_zero_max_duration ... ok
[INFO] [stderr]      Running tests/default_config_tests.rs (/opt/rustwide/target/release/build/prism3-retry/f9ce266a76f027ea/out/default_config_tests-f9ce266a76f027ea)
[INFO] [stdout] 
[INFO] [stdout] test result: ok. 61 passed; 0 failed; 0 ignored; 0 measured; 0 filtered out; finished in 0.01s
[INFO] [stdout] 
[INFO] [stdout] 
[INFO] [stdout] running 29 tests
[INFO] [stdout] test test_default_trait ... ok
[INFO] [stdout] test test_config_accessor ... ok
[INFO] [stdout] test test_config_mut_accessor ... ok
[INFO] [stdout] test test_max_attempts_boundary ... ok
[INFO] [stdout] test test_jitter_factor_boundary ... ok
[INFO] [stdout] test test_default_retry_config ... ok
[INFO] [stdout] test test_max_duration_zero ... ok
[INFO] [stdout] test test_set_jitter_factor ... ok
[INFO] [stdout] test test_set_config ... ok
[INFO] [stdout] test test_save_random_strategy_to_config ... ok
[INFO] [stdout] test test_save_exponential_backoff_strategy_to_config ... ok
[INFO] [stdout] test test_load_none_strategy_from_config ... ok
[INFO] [stdout] test test_load_random_strategy_from_config ... ok
[INFO] [stdout] test test_set_fixed_delay_strategy ... ok
[INFO] [stdout] test test_load_unknown_strategy_from_config ... ok
[INFO] [stdout] test test_fluent_api ... ok
[INFO] [stdout] test test_set_max_attempts ... ok
[INFO] [stdout] test test_load_fixed_strategy_from_config ... ok
[INFO] [stdout] test test_save_fixed_strategy_to_config ... ok
[INFO] [stdout] test test_load_exponential_backoff_strategy_from_config ... ok
[INFO] [stdout] test test_clone ... ok
[INFO] [stdout] test test_set_random_delay_strategy ... ok
[INFO] [stdout] test test_set_delay_strategies ... ok
[INFO] [stdout] test test_set_exponential_backoff_strategy ... ok
[INFO] [stdout] test test_save_none_strategy_to_config ... ok
[INFO] [stdout] test test_set_max_duration ... ok
[INFO] [stdout] test test_set_no_delay_strategy ... ok
[INFO] [stdout] test test_set_unlimited_duration ... ok
[INFO] [stdout] test test_with_config ... ok
[INFO] [stdout] 
[INFO] [stdout] test result: ok. 29 passed; 0 failed; 0 ignored; 0 measured; 0 filtered out; finished in 0.01s
[INFO] [stdout] 
[INFO] [stderr]      Running tests/delay_strategy_tests.rs (/opt/rustwide/target/release/build/prism3-retry/6cfcca3b5f6e9d57/out/delay_strategy_tests-6cfcca3b5f6e9d57)
[INFO] [stdout] 
[INFO] [stdout] running 28 tests
[INFO] [stdout] test test_all_strategies_inequality ... ok
[INFO] [stdout] test test_clone_random ... ok
[INFO] [stdout] test test_clone_exponential_backoff ... ok
[INFO] [stdout] test test_clone_fixed ... ok
[INFO] [stdout] test test_fixed_strategy ... ok
[INFO] [stdout] test test_all_strategies_equality ... ok
[INFO] [stdout] test test_fixed_strategy_with_various_durations ... ok
[INFO] [stdout] test test_clone_none ... ok
[INFO] [stdout] test test_calculate_delay_with_large_attempt_number ... ok
[INFO] [stdout] test test_exponential_backoff_fractional_multiplier ... ok
[INFO] [stdout] test test_exponential_backoff_strategy ... ok
[INFO] [stdout] test test_jitter ... ok
[INFO] [stdout] test test_calculate_delay_with_zero_jitter ... ok
[INFO] [stdout] test test_exponential_backoff_sequence ... ok
[INFO] [stdout] test test_exponential_backoff_different_multipliers ... ok
[INFO] [stdout] test test_default_strategy ... ok
[INFO] [stdout] test test_jitter_with_exponential_backoff ... ok
[INFO] [stdout] test test_exponential_backoff_max_delay_reached ... ok
[INFO] [stdout] test test_none_strategy ... ok
[INFO] [stdout] test test_exponential_backoff_with_large_multiplier ... ok
[INFO] [stdout] test test_jitter_with_none_strategy ... ok
[INFO] [stdout] test test_random_strategy_distribution ... ok
[INFO] [stdout] test test_calculate_delay_with_jitter ... ok
[INFO] [stdout] test test_random_strategy_min_equals_max_edge_case ... ok
[INFO] [stdout] test test_random_strategy_with_jitter ... ok
[INFO] [stdout] test test_validation ... ok
[INFO] [stdout] test test_validation_error_messages ... ok
[INFO] [stdout] test test_random_strategy ... ok
[INFO] [stderr]      Running tests/error_tests.rs (/opt/rustwide/target/release/build/prism3-retry/73a6e217d175efb3/out/error_tests-73a6e217d175efb3)
[INFO] [stdout] 
[INFO] [stdout] test result: ok. 28 passed; 0 failed; 0 ignored; 0 measured; 0 filtered out; finished in 0.01s
[INFO] [stdout] 
[INFO] [stdout] 
[INFO] [stdout] running 22 tests
[INFO] [stdout] test test_debug_format ... ok
[INFO] [stdout] test test_max_attempts_exceeded ... ok
[INFO] [stdout] test test_execution_error_box ... ok
[INFO] [stdout] test test_operation_timeout_error ... ok
[INFO] [stdout] test test_delay_strategy_error ... ok
[INFO] [stdout] test test_config_error ... ok
[INFO] [stdout] test test_operation_timeout_enum_variant ... ok
[INFO] [stdout] test test_all_error_display_formats ... ok
[INFO] [stdout] test test_retry_error_from_io_error ... ok
[INFO] [stdout] test test_aborted ... ok
[INFO] [stdout] test test_error_chain ... ok
[INFO] [stdout] test test_retry_result_failure ... ok
[INFO] [stdout] test test_retry_result_in_practice ... ok
[INFO] [stdout] test test_retry_error_display ... ok
[INFO] [stdout] test test_execution_error_source ... ok
[INFO] [stdout] test test_io_error_conversion_with_question_mark ... ok
[INFO] [stdout] test test_from_boxed_error ... ok
[INFO] [stdout] test test_non_execution_error_source ... ok
[INFO] [stdout] test test_max_duration_exceeded ... ok
[INFO] [stdout] test test_retry_result_success ... ok
[INFO] [stdout] test test_other_error ... ok
[INFO] [stderr]      Running tests/event_tests.rs (/opt/rustwide/target/release/build/prism3-retry/e6db0791b869332d/out/event_tests-e6db0791b869332d)
[INFO] [stdout] test test_execution_error ... ok
[INFO] [stdout] 
[INFO] [stdout] test result: ok. 22 passed; 0 failed; 0 ignored; 0 measured; 0 filtered out; finished in 0.01s
[INFO] [stdout] 
[INFO] [stdout] 
[INFO] [stdout] running 28 tests
[INFO] [stdout] test event::abort_event_tests::test_abort_event ... ok
[INFO] [stdout] test event::abort_event_tests::test_abort_event_result_reason ... ok
[INFO] [stdout] test event::abort_event_tests::test_abort_event_builder ... ok
[INFO] [stdout] test event::failure_event_tests::test_failure_event_builder ... ok
[INFO] [stdout] test event::abort_reason_tests::test_abort_reason_error ... ok
[INFO] [stdout] test event::abort_event_tests::test_abort_event_first_attempt ... ok
[INFO] [stdout] test event::failure_event_tests::test_failure_event_error_only ... ok
[INFO] [stdout] test event::failure_event_tests::test_failure_event_result_only ... ok
[INFO] [stdout] test event::retry_decision_tests::test_retry_decision_retry_result ... ok
[INFO] [stdout] test event::retry_decision_tests::test_retry_decision_success ... ok
[INFO] [stdout] test event::failure_event_tests::test_failure_event ... ok
[INFO] [stdout] test event::retry_event_tests::test_retry_event_builder ... ok
[INFO] [stdout] test event::retry_decision_tests::test_retry_decision_abort_error ... ok
[INFO] [stdout] test event::retry_event_tests::test_retry_event ... ok
[INFO] [stdout] test event::retry_decision_tests::test_retry_decision_abort_result ... ok
[INFO] [stdout] test event::retry_event_tests::test_retry_event_error_only ... ok
[INFO] [stdout] test event::success_event_tests::test_success_event ... ok
[INFO] [stdout] test event::retry_decision_tests::test_retry_decision_retry_error ... ok
[INFO] [stdout] test event::success_event_tests::test_success_event_first_attempt ... ok
[INFO] [stdout] test event::retry_event_tests::test_retry_event_result_only ... ok
[INFO] [stdout] test event::retry_event_tests::test_retry_event_first_attempt ... ok
[INFO] [stdout] test event::retry_event_tests::test_retry_event_no_remaining_attempts ... ok
[INFO] [stdout] test event::abort_reason_tests::test_abort_reason_result ... ok
[INFO] [stdout] test event::retry_reason_tests::test_retry_reason_result ... ok
[INFO] [stdout] test event::failure_event_tests::test_failure_event_empty ... ok
[INFO] [stdout] test event::retry_reason_tests::test_retry_reason_error ... ok
[INFO] [stdout] test event::success_event_tests::test_success_event_complex_result ... ok
[INFO] [stdout] test event::success_event_tests::test_success_event_builder ... ok
[INFO] [stdout] 
[INFO] [stdout] test result: ok. 28 passed; 0 failed; 0 ignored; 0 measured; 0 filtered out; finished in 0.01s
[INFO] [stdout] 
[INFO] [stderr]      Running tests/executor_tests.rs (/opt/rustwide/target/release/build/prism3-retry/7d3def84c9823ede/out/executor_tests-7d3def84c9823ede)
[INFO] [stdout] 
[INFO] [stdout] running 32 tests
[INFO] [stdout] test test_check_max_duration_exceeded_with_none_max_duration ... ok
[INFO] [stdout] test test_handle_abort_with_some_listener ... ok
[INFO] [stdout] test test_handle_max_attempts_exceeded_with_none_failure_listener ... ok
[INFO] [stdout] test test_handle_max_attempts_exceeded_with_result_failure ... ok
[INFO] [stdout] test test_handle_abort_with_none_listener ... ok
[INFO] [stdout] test test_handle_success_with_some_listener ... ok
[INFO] [stdout] test test_run_async_with_check_max_duration_returns_none ... ok
[INFO] [stdout] test test_handle_success_with_none_listener ... ok
[INFO] [stdout] test test_check_max_duration_exceeded_with_some_max_duration_not_exceeded ... ok
[INFO] [stdout] test test_handle_max_attempts_exceeded_with_some_failure_listener ... ok
[INFO] [stdout] test test_run_with_check_max_duration_returns_none ... ok
[INFO] [stdout] test test_run_async_with_max_duration_not_exceeded_but_max_attempts_exceeded ... ok
[INFO] [stdout] test test_run_with_max_duration_not_exceeded_but_max_attempts_exceeded ... ok
[INFO] [stdout] test test_all_listeners_triggered_in_sequence ... ok
[INFO] [stdout] test test_trigger_retry_and_wait_async_with_zero_delay ... ok
[INFO] [stdout] test test_no_listeners_all_branches ... ok
[INFO] [stdout] test test_trigger_retry_and_wait_async_with_none_listener ... ok
[INFO] [stdout] test test_trigger_retry_and_wait_async_with_some_listener ... ok
[INFO] [stdout] test test_trigger_retry_and_wait_with_zero_delay ... ok
[INFO] [stdout] test test_trigger_retry_and_wait_with_some_listener ... ok
[INFO] [stdout] test test_trigger_retry_and_wait_with_none_listener ... ok
[INFO] [stdout] test test_execute_operation_async_with_some_timeout_not_exceeded ... ok
[INFO] [stdout] test test_check_operation_timeout_with_some_timeout_not_exceeded ... ok
[INFO] [stdout] test test_check_max_duration_exceeded_with_none_failure_listener ... ok
[INFO] [stdout] test test_check_max_duration_exceeded_with_some_failure_listener ... ok
[INFO] [stdout] test test_check_max_duration_exceeded_with_some_max_duration_exceeded ... ok
[INFO] [stdout] test test_run_with_check_max_duration_returns_some ... ok
[INFO] [stdout] test test_run_async_with_check_max_duration_returns_some ... ok
[INFO] [stdout] test test_execute_operation_async_with_some_timeout_exceeded ... ok
[INFO] [stdout] test test_check_operation_timeout_with_none_timeout ... ok
[INFO] [stdout] test test_execute_operation_async_with_none_timeout ... ok
[INFO] [stdout] test test_check_operation_timeout_with_some_timeout_exceeded ... ok
[INFO] [stdout] 
[INFO] [stdout] test result: ok. 32 passed; 0 failed; 0 ignored; 0 measured; 0 filtered out; finished in 0.47s
[INFO] [stdout] 
[INFO] [stderr]      Running tests/integration_tests.rs (/opt/rustwide/target/release/build/prism3-retry/593d83c1d12e189a/out/integration_tests-593d83c1d12e189a)
[INFO] [stdout] 
[INFO] [stdout] running 63 tests
[INFO] [stdout] test test_async_abort_on_result ... ok
[INFO] [stdout] test test_abort_event_listener_direct_field_access ... ok
[INFO] [stdout] test test_abort_on_all_errors_with_io_error ... ok
[INFO] [stdout] test test_abort_on_result_in_set ... ok
[INFO] [stdout] test test_abort_on_result_not_matching ... ok
[INFO] [stdout] test test_abort_result_with_condition_matching ... ok
[INFO] [stdout] test test_async_should_retry_result_with_condition_true_then_false ... ok
[INFO] [stdout] test test_abort_event_listener ... ok
[INFO] [stdout] test test_async_should_abort_result_with_condition_true ... ok
[INFO] [stdout] test test_async_success_listener_triggered ... ok
[INFO] [stdout] test test_config_getter ... ok
[INFO] [stdout] test test_error_no_abort_configured ... ok
[INFO] [stdout] test test_error_with_specific_retry_type_still_retries_others ... ok
[INFO] [stdout] test test_async_retry_on_result_condition ... ok
[INFO] [stdout] test test_abort_event_listener_type_inference_without_annotation ... ok
[INFO] [stdout] test test_executor_with_simple_config_operation_timeout ... ok
[INFO] [stdout] test test_abort_during_retry_sequence ... ok
[INFO] [stdout] test test_async_no_operation_timeout ... ok
[INFO] [stdout] test test_failure_event_listener ... ok
[INFO] [stdout] test test_failure_listener_on_max_attempts_with_result ... ok
[INFO] [stdout] test test_async_max_attempts_exceeded ... ok
[INFO] [stdout] test test_abort_on_result ... ok
[INFO] [stdout] test test_many_fast_retries ... ok
[INFO] [stdout] test test_basic_retry_success ... ok
[INFO] [stdout] test test_executor_with_simple_config ... ok
[INFO] [stdout] test test_event_listeners ... ok
[INFO] [stdout] test test_executor_with_simple_config_custom_params ... ok
[INFO] [stdout] test test_async_basic_retry_success ... ok
[INFO] [stdout] test test_async_event_listeners ... ok
[INFO] [stdout] test test_no_failed_errors_returns_error_immediately ... ok
[INFO] [stdout] test test_max_duration_checked_before_operation ... ok
[INFO] [stdout] test test_no_failed_errors_with_result_success ... ok
[INFO] [stdout] test test_async_with_simple_config ... ok
[INFO] [stdout] test test_max_attempts_exceeded ... ok
[INFO] [stdout] test test_async_operation_timeout_elapsed ... ok
[INFO] [stdout] test test_failed_on_all_errors ... ok
[INFO] [stdout] test test_result_not_in_failed_set_and_no_condition ... ok
[INFO] [stdout] test test_result_not_in_abort_set_and_no_condition ... ok
[INFO] [stdout] test test_jitter_factor ... ok
[INFO] [stdout] test test_retry_result_with_failed_condition_matching ... ok
[INFO] [stdout] test test_async_with_exponential_backoff ... ok
[INFO] [stdout] test test_retry_on_result_in_set ... ok
[INFO] [stdout] test test_exponential_backoff ... ok
[INFO] [stdout] test test_should_abort_error_with_abort_all_errors ... ok
[INFO] [stdout] test test_should_abort_error_with_api_error ... ok
[INFO] [stdout] test test_should_abort_error_with_dyn_error_typeid ... ok
[INFO] [stdout] test test_should_abort_result_with_condition_false ... ok
[INFO] [stdout] test test_should_retry_result_with_condition_false ... ok
[INFO] [stdout] test test_mixed_error_and_result_failures ... ok
[INFO] [stdout] test test_should_retry_error_with_specific_error_type ... ok
[INFO] [stdout] test test_no_failed_errors ... ok
[INFO] [stdout] test test_success_listener_triggered ... ok
[INFO] [stdout] test test_retry_on_result ... ok
[INFO] [stdout] test test_retry_on_result_condition ... ok
[INFO] [stdout] test test_async_max_duration_exceeded ... ok
[INFO] [stdout] test test_failure_listener_on_max_duration_exceeded ... ok
[INFO] [stdout] test test_max_duration_exceeded_during_retry ... ok
[INFO] [stdout] test test_retry_with_delay ... ok
[INFO] [stdout] test test_async_operation_timeout ... ok
[INFO] [stdout] test test_sync_operation_timeout_post_check ... ok
[INFO] [stdout] test test_max_duration_exceeded ... ok
[INFO] [stdout] test test_operation_timeout_and_max_duration_interaction ... ok
[INFO] [stdout] test test_operation_timeout_post_check_mechanism ... ok
[INFO] [stdout] 
[INFO] [stdout] test result: ok. 63 passed; 0 failed; 0 ignored; 0 measured; 0 filtered out; finished in 0.34s
[INFO] [stdout] 
[INFO] [stderr]      Running tests/mod.rs (/opt/rustwide/target/release/build/prism3-retry/c4f8fc859bc24fc7/out/mod-c4f8fc859bc24fc7)
[INFO] [stdout] 
[INFO] [stdout] running 289 tests
[INFO] [stdout] test builder_tests::test_builder_with_simple_config_chain_methods ... ok
[INFO] [stdout] test builder_tests::test_abort_on_errors ... ok
[INFO] [stdout] test builder_tests::test_clear_abort_results ... ok
[INFO] [stdout] test builder_tests::test_abort_on_error_single_type ... ok
[INFO] [stdout] test builder_tests::test_builder_with_simple_config_custom_params ... ok
[INFO] [stdout] test builder_tests::test_abort_on_errors_multiple ... ok
[INFO] [stdout] test builder_tests::test_abort_on_results_override ... ok
[INFO] [stdout] test builder_tests::test_default_trait ... ok
[INFO] [stdout] test builder_tests::test_abort_on_results ... ok
[INFO] [stdout] test builder_tests::test_empty_abort_results ... ok
[INFO] [stdout] test builder_tests::test_errors_and_results_conditions_together ... ok
[INFO] [stdout] test builder_tests::test_abort_on_results_if ... ok
[INFO] [stdout] test builder_tests::test_failed_and_abort_conditions_together ... ok
[INFO] [stdout] test builder_tests::test_failed_on_all_errors ... ok
[INFO] [stdout] test builder_tests::test_complex_result_type ... ok
[INFO] [stdout] test builder_tests::test_abort_on_all_errors ... ok
[INFO] [stdout] test builder_tests::test_failed_on_all_errors_then_no_failed_errors ... ok
[INFO] [stdout] test builder_tests::test_abort_on_results_if_override ... ok
[INFO] [stdout] test builder_tests::test_failed_on_results_if ... ok
[INFO] [stdout] test builder_tests::test_failed_on_results_if_override ... ok
[INFO] [stdout] test builder_tests::test_build_executor ... ok
[INFO] [stdout] test builder_tests::test_jitter_factor_getter ... ok
[INFO] [stdout] test builder_tests::test_listener_override ... ok
[INFO] [stdout] test builder_tests::test_builder_with_simple_config ... ok
[INFO] [stdout] test builder_tests::test_no_failed_errors ... ok
[INFO] [stdout] test builder_tests::test_numeric_result_type ... ok
[INFO] [stdout] test builder_tests::test_failed_on_result_single ... ok
[INFO] [stdout] test builder_tests::test_max_duration_getter ... ok
[INFO] [stdout] test builder_tests::test_failed_on_results ... ok
[INFO] [stdout] test builder_tests::test_on_failure_listener ... ok
[INFO] [stdout] test builder_tests::test_failed_results_and_condition_together ... ok
[INFO] [stdout] test builder_tests::test_on_retry_listener ... ok
[INFO] [stdout] test builder_tests::test_on_abort_listener ... ok
[INFO] [stdout] test builder_tests::test_abort_on_result_single ... ok
[INFO] [stdout] test builder_tests::test_all_event_listeners_together ... ok
[INFO] [stdout] test builder_tests::test_none_delay_strategy ... ok
[INFO] [stdout] test builder_tests::test_clear_failed_results ... ok
[INFO] [stdout] test builder_tests::test_retry_builder_creation ... ok
[INFO] [stdout] test builder_tests::test_empty_failed_results ... ok
[INFO] [stdout] test builder_tests::test_on_success_listener ... ok
[INFO] [stdout] test builder_tests::test_operation_timeout ... ok
[INFO] [stdout] test builder_tests::test_set_max_attempts ... ok
[INFO] [stdout] test builder_tests::test_operation_timeout_with_max_duration ... ok
[INFO] [stdout] test builder_tests::test_very_large_max_attempts ... ok
[INFO] [stdout] test builder_tests::test_set_fixed_delay_strategy ... ok
[INFO] [stdout] test builder_tests::test_set_exponential_backoff_strategy ... ok
[INFO] [stdout] test builder_tests::test_set_no_delay_strategy ... ok
[INFO] [stdout] test builder_tests::test_set_delay_strategies ... ok
[INFO] [stdout] test builder_tests::test_simple_vs_default_config_consistency ... ok
[INFO] [stdout] test builder_tests::test_unit_result_type ... ok
[INFO] [stdout] test builder_tests::test_unlimited_operation_timeout ... ok
[INFO] [stdout] test builder_tests::test_zero_max_attempts ... ok
[INFO] [stdout] test default_config_tests::test_default_retry_config ... ok
[INFO] [stdout] test default_config_tests::test_jitter_factor_boundary ... ok
[INFO] [stdout] test default_config_tests::test_load_exponential_backoff_strategy_from_config ... ok
[INFO] [stdout] test builder_tests::test_set_unlimited_duration ... ok
[INFO] [stdout] test default_config_tests::test_load_fixed_strategy_from_config ... ok
[INFO] [stdout] test default_config_tests::test_load_none_strategy_from_config ... ok
[INFO] [stdout] test default_config_tests::test_clone ... ok
[INFO] [stdout] test default_config_tests::test_config_accessor ... ok
[INFO] [stdout] test default_config_tests::test_config_mut_accessor ... ok
[INFO] [stdout] test default_config_tests::test_load_random_strategy_from_config ... ok
[INFO] [stdout] test default_config_tests::test_default_trait ... ok
[INFO] [stdout] test default_config_tests::test_fluent_api ... ok
[INFO] [stdout] test default_config_tests::test_save_none_strategy_to_config ... ok
[INFO] [stdout] test default_config_tests::test_max_attempts_boundary ... ok
[INFO] [stdout] test default_config_tests::test_max_duration_zero ... ok
[INFO] [stdout] test default_config_tests::test_save_random_strategy_to_config ... ok
[INFO] [stdout] test default_config_tests::test_load_unknown_strategy_from_config ... ok
[INFO] [stdout] test default_config_tests::test_set_config ... ok
[INFO] [stdout] test default_config_tests::test_set_delay_strategies ... ok
[INFO] [stdout] test default_config_tests::test_set_exponential_backoff_strategy ... ok
[INFO] [stdout] test default_config_tests::test_set_fixed_delay_strategy ... ok
[INFO] [stdout] test default_config_tests::test_set_jitter_factor ... ok
[INFO] [stdout] test default_config_tests::test_set_random_delay_strategy ... ok
[INFO] [stdout] test default_config_tests::test_set_unlimited_duration ... ok
[INFO] [stdout] test default_config_tests::test_with_config ... ok
[INFO] [stdout] test delay_strategy_tests::test_all_strategies_equality ... ok
[INFO] [stdout] test default_config_tests::test_set_max_attempts ... ok
[INFO] [stdout] test delay_strategy_tests::test_all_strategies_inequality ... ok
[INFO] [stdout] test default_config_tests::test_set_max_duration ... ok
[INFO] [stdout] test default_config_tests::test_set_no_delay_strategy ... ok
[INFO] [stdout] test delay_strategy_tests::test_calculate_delay_with_large_attempt_number ... ok
[INFO] [stdout] test delay_strategy_tests::test_clone_random ... ok
[INFO] [stdout] test delay_strategy_tests::test_clone_none ... ok
[INFO] [stdout] test default_config_tests::test_save_exponential_backoff_strategy_to_config ... ok
[INFO] [stdout] test delay_strategy_tests::test_clone_exponential_backoff ... ok
[INFO] [stdout] test default_config_tests::test_save_fixed_strategy_to_config ... ok
[INFO] [stdout] test delay_strategy_tests::test_clone_fixed ... ok
[INFO] [stdout] test delay_strategy_tests::test_calculate_delay_with_jitter ... ok
[INFO] [stdout] test delay_strategy_tests::test_exponential_backoff_different_multipliers ... ok
[INFO] [stdout] test delay_strategy_tests::test_calculate_delay_with_zero_jitter ... ok
[INFO] [stdout] test delay_strategy_tests::test_exponential_backoff_max_delay_reached ... ok
[INFO] [stdout] test delay_strategy_tests::test_exponential_backoff_sequence ... ok
[INFO] [stdout] test delay_strategy_tests::test_fixed_strategy_with_various_durations ... ok
[INFO] [stdout] test delay_strategy_tests::test_jitter ... ok
[INFO] [stdout] test delay_strategy_tests::test_jitter_with_exponential_backoff ... ok
[INFO] [stdout] test delay_strategy_tests::test_none_strategy ... ok
[INFO] [stdout] test builder_tests::test_abort_results_and_condition_together ... ok
[INFO] [stdout] test builder_tests::test_builder_with_simple_config_build_executor ... ok
[INFO] [stdout] test builder_tests::test_failed_on_errors ... ok
[INFO] [stdout] test builder_tests::test_set_jitter_factor ... ok
[INFO] [stdout] test builder_tests::test_set_random_delay_strategy ... ok
[INFO] [stdout] test builder_tests::test_zero_max_duration ... ok
[INFO] [stdout] test delay_strategy_tests::test_jitter_with_none_strategy ... ok
[INFO] [stdout] test delay_strategy_tests::test_random_strategy_distribution ... ok
[INFO] [stdout] test delay_strategy_tests::test_random_strategy ... ok
[INFO] [stdout] test delay_strategy_tests::test_random_strategy_with_jitter ... ok
[INFO] [stdout] test delay_strategy_tests::test_validation_error_messages ... ok
[INFO] [stdout] test error_tests::test_aborted ... ok
[INFO] [stdout] test error_tests::test_all_error_display_formats ... ok
[INFO] [stdout] test delay_strategy_tests::test_exponential_backoff_strategy ... ok
[INFO] [stdout] test delay_strategy_tests::test_default_strategy ... ok
[INFO] [stdout] test delay_strategy_tests::test_exponential_backoff_with_large_multiplier ... ok
[INFO] [stdout] test delay_strategy_tests::test_fixed_strategy ... ok
[INFO] [stdout] test delay_strategy_tests::test_random_strategy_min_equals_max_edge_case ... ok
[INFO] [stdout] test delay_strategy_tests::test_validation ... ok
[INFO] [stdout] test error_tests::test_max_duration_exceeded ... ok
[INFO] [stdout] test error_tests::test_non_execution_error_source ... ok
[INFO] [stdout] test error_tests::test_config_error ... ok
[INFO] [stdout] test error_tests::test_execution_error_source ... ok
[INFO] [stdout] test error_tests::test_io_error_conversion_with_question_mark ... ok
[INFO] [stdout] test error_tests::test_error_chain ... ok
[INFO] [stdout] test error_tests::test_max_attempts_exceeded ... ok
[INFO] [stdout] test error_tests::test_execution_error_box ... ok
[INFO] [stdout] test error_tests::test_debug_format ... ok
[INFO] [stdout] test error_tests::test_from_boxed_error ... ok
[INFO] [stdout] test error_tests::test_delay_strategy_error ... ok
[INFO] [stdout] test error_tests::test_execution_error ... ok
[INFO] [stdout] test error_tests::test_operation_timeout_enum_variant ... ok
[INFO] [stdout] test executor_tests::test_check_max_duration_exceeded_with_some_max_duration_not_exceeded ... ok
[INFO] [stdout] test error_tests::test_retry_error_display ... ok
[INFO] [stdout] test error_tests::test_retry_result_success ... ok
[INFO] [stdout] test error_tests::test_operation_timeout_error ... ok
[INFO] [stdout] test error_tests::test_other_error ... ok
[INFO] [stdout] test error_tests::test_retry_error_from_io_error ... ok
[INFO] [stdout] test error_tests::test_retry_result_failure ... ok
[INFO] [stdout] test error_tests::test_retry_result_in_practice ... ok
[INFO] [stdout] test executor_tests::test_handle_abort_with_some_listener ... ok
[INFO] [stdout] test executor_tests::test_handle_abort_with_none_listener ... ok
[INFO] [stdout] test executor_tests::test_handle_max_attempts_exceeded_with_none_failure_listener ... ok
[INFO] [stdout] test executor_tests::test_handle_max_attempts_exceeded_with_some_failure_listener ... ok
[INFO] [stdout] test executor_tests::test_handle_max_attempts_exceeded_with_result_failure ... ok
[INFO] [stdout] test executor_tests::test_handle_success_with_none_listener ... ok
[INFO] [stdout] test executor_tests::test_all_listeners_triggered_in_sequence ... ok
[INFO] [stdout] test executor_tests::test_handle_success_with_some_listener ... ok
[INFO] [stdout] test executor_tests::test_run_async_with_check_max_duration_returns_none ... ok
[INFO] [stdout] test executor_tests::test_run_async_with_max_duration_not_exceeded_but_max_attempts_exceeded ... ok
[INFO] [stdout] test executor_tests::test_run_with_check_max_duration_returns_none ... ok
[INFO] [stdout] test executor_tests::test_no_listeners_all_branches ... ok
[INFO] [stdout] test executor_tests::test_run_with_max_duration_not_exceeded_but_max_attempts_exceeded ... ok
[INFO] [stdout] test builder_tests::test_failed_on_results_override ... ok
[INFO] [stdout] test builder_tests::test_failed_on_error_single_type ... ok
[INFO] [stdout] test executor_tests::test_trigger_retry_and_wait_async_with_zero_delay ... ok
[INFO] [stdout] test executor_tests::test_trigger_retry_and_wait_async_with_none_listener ... ok
[INFO] [stdout] test executor_tests::test_trigger_retry_and_wait_async_with_some_listener ... ok
[INFO] [stdout] test executor_tests::test_trigger_retry_and_wait_with_none_listener ... ok
[INFO] [stdout] test executor_tests::test_trigger_retry_and_wait_with_zero_delay ... ok
[INFO] [stdout] test integration_tests::test_abort_event_listener ... ok
[INFO] [stdout] test executor_tests::test_trigger_retry_and_wait_with_some_listener ... ok
[INFO] [stdout] test integration_tests::test_abort_event_listener_direct_field_access ... ok
[INFO] [stdout] test integration_tests::test_abort_event_listener_type_inference_without_annotation ... ok
[INFO] [stdout] test integration_tests::test_abort_on_all_errors_with_io_error ... ok
[INFO] [stdout] test executor_tests::test_check_operation_timeout_with_some_timeout_not_exceeded ... ok
[INFO] [stdout] test integration_tests::test_abort_on_result_not_matching ... ok
[INFO] [stdout] test executor_tests::test_execute_operation_async_with_some_timeout_not_exceeded ... ok
[INFO] [stdout] test integration_tests::test_abort_during_retry_sequence ... ok
[INFO] [stdout] test integration_tests::test_async_abort_on_result ... ok
[INFO] [stdout] test integration_tests::test_abort_on_result_in_set ... ok
[INFO] [stdout] test integration_tests::test_abort_result_with_condition_matching ... ok
[INFO] [stdout] test integration_tests::test_abort_on_result ... ok
[INFO] [stdout] test integration_tests::test_async_max_attempts_exceeded ... ok
[INFO] [stdout] test delay_strategy_tests::test_exponential_backoff_fractional_multiplier ... ok
[INFO] [stdout] test integration_tests::test_async_basic_retry_success ... ok
[INFO] [stdout] test integration_tests::test_async_retry_on_result_condition ... ok
[INFO] [stdout] test integration_tests::test_async_no_operation_timeout ... ok
[INFO] [stdout] test integration_tests::test_async_should_abort_result_with_condition_true ... ok
[INFO] [stdout] test integration_tests::test_async_should_retry_result_with_condition_true_then_false ... ok
[INFO] [stdout] test integration_tests::test_async_success_listener_triggered ... ok
[INFO] [stdout] test integration_tests::test_async_event_listeners ... ok
[INFO] [stdout] test integration_tests::test_basic_retry_success ... ok
[INFO] [stdout] test integration_tests::test_config_getter ... ok
[INFO] [stdout] test integration_tests::test_error_no_abort_configured ... ok
[INFO] [stdout] test integration_tests::test_error_with_specific_retry_type_still_retries_others ... ok
[INFO] [stdout] test executor_tests::test_check_max_duration_exceeded_with_none_max_duration ... ok
[INFO] [stdout] test integration_tests::test_async_operation_timeout_elapsed ... ok
[INFO] [stdout] test integration_tests::test_async_with_simple_config ... ok
[INFO] [stdout] test executor_tests::test_check_max_duration_exceeded_with_none_failure_listener ... ok
[INFO] [stdout] test executor_tests::test_check_max_duration_exceeded_with_some_failure_listener ... ok
[INFO] [stdout] test executor_tests::test_check_max_duration_exceeded_with_some_max_duration_exceeded ... ok
[INFO] [stdout] test integration_tests::test_executor_with_simple_config_operation_timeout ... ok
[INFO] [stdout] test integration_tests::test_async_with_exponential_backoff ... ok
[INFO] [stdout] test integration_tests::test_failure_event_listener ... ok
[INFO] [stdout] test integration_tests::test_failure_listener_on_max_attempts_with_result ... ok
[INFO] [stdout] test integration_tests::test_many_fast_retries ... ok
[INFO] [stdout] test executor_tests::test_run_async_with_check_max_duration_returns_some ... ok
[INFO] [stdout] test integration_tests::test_event_listeners ... ok
[INFO] [stdout] test executor_tests::test_run_with_check_max_duration_returns_some ... ok
[INFO] [stdout] test integration_tests::test_executor_with_simple_config_custom_params ... ok
[INFO] [stdout] test integration_tests::test_failed_on_all_errors ... ok
[INFO] [stdout] test integration_tests::test_executor_with_simple_config ... ok
[INFO] [stdout] test integration_tests::test_no_failed_errors_returns_error_immediately ... ok
[INFO] [stdout] test integration_tests::test_max_duration_checked_before_operation ... ok
[INFO] [stdout] test integration_tests::test_max_attempts_exceeded ... ok
[INFO] [stdout] test integration_tests::test_no_failed_errors_with_result_success ... ok
[INFO] [stdout] test integration_tests::test_result_not_in_abort_set_and_no_condition ... ok
[INFO] [stdout] test integration_tests::test_result_not_in_failed_set_and_no_condition ... ok
[INFO] [stdout] test integration_tests::test_jitter_factor ... ok
[INFO] [stdout] test integration_tests::test_exponential_backoff ... ok
[INFO] [stdout] test executor_tests::test_execute_operation_async_with_some_timeout_exceeded ... ok
[INFO] [stdout] test integration_tests::test_retry_on_result_in_set ... ok
[INFO] [stdout] test integration_tests::test_retry_result_with_failed_condition_matching ... ok
[INFO] [stdout] test integration_tests::test_should_abort_error_with_abort_all_errors ... ok
[INFO] [stdout] test integration_tests::test_should_abort_error_with_api_error ... ok
[INFO] [stdout] test integration_tests::test_mixed_error_and_result_failures ... ok
[INFO] [stdout] test integration_tests::test_no_failed_errors ... ok
[INFO] [stdout] test integration_tests::test_should_abort_error_with_dyn_error_typeid ... ok
[INFO] [stdout] test integration_tests::test_should_retry_result_with_condition_false ... ok
[INFO] [stdout] test integration_tests::test_success_listener_triggered ... ok
[INFO] [stdout] test integration_tests::test_should_abort_result_with_condition_false ... ok
[INFO] [stdout] test integration_tests::test_retry_on_result ... ok
[INFO] [stdout] test integration_tests::test_retry_on_result_condition ... ok
[INFO] [stdout] test integration_tests::test_should_retry_error_with_specific_error_type ... ok
[INFO] [stdout] test integration_tests::test_max_duration_exceeded_during_retry ... ok
[INFO] [stdout] test executor_tests::test_check_operation_timeout_with_none_timeout ... ok
[INFO] [stdout] test executor_tests::test_execute_operation_async_with_none_timeout ... ok
[INFO] [stdout] test operation_timeout_tests::test_operation_timeout_config_from_file ... ok
[INFO] [stdout] test integration_tests::test_async_operation_timeout ... ok
[INFO] [stdout] test integration_tests::test_failure_listener_on_max_duration_exceeded ... FAILED
[INFO] [stdout] test integration_tests::test_async_max_duration_exceeded ... ok
[INFO] [stdout] test operation_timeout_tests::test_async_operation_within_timeout ... ok
[INFO] [stdout] test integration_tests::test_retry_with_delay ... ok
[INFO] [stdout] test simple_config_tests::test_clone ... ok
[INFO] [stdout] test simple_config_tests::test_clone_with_complex_strategy ... ok
[INFO] [stdout] test simple_config_tests::test_clone_independence ... ok
[INFO] [stdout] test simple_config_tests::test_debug_format ... ok
[INFO] [stdout] test simple_config_tests::test_debug_format_with_custom_values ... ok
[INFO] [stdout] test simple_config_tests::test_complete_configuration_flow ... ok
[INFO] [stdout] test simple_config_tests::test_default_trait ... ok
[INFO] [stdout] test simple_config_tests::test_default_vs_new ... ok
[INFO] [stdout] test simple_config_tests::test_delay_strategy_switching ... ok
[INFO] [stdout] test simple_config_tests::test_delay_strategy_very_small_durations ... ok
[INFO] [stdout] test simple_config_tests::test_default_simple_retry_config ... ok
[INFO] [stdout] test simple_config_tests::test_fluent_api ... ok
[INFO] [stdout] test simple_config_tests::test_fluent_api_with_unlimited ... ok
[INFO] [stdout] test simple_config_tests::test_fluent_api_complex_chain ... ok
[INFO] [stdout] test simple_config_tests::test_max_attempts_boundary ... ok
[INFO] [stdout] test simple_config_tests::test_max_duration_very_large ... ok
[INFO] [stdout] test simple_config_tests::test_jitter_factor_boundary ... ok
[INFO] [stdout] test simple_config_tests::test_multiple_clones ... ok
[INFO] [stdout] test simple_config_tests::test_max_duration_zero ... ok
[INFO] [stdout] test simple_config_tests::test_operation_timeout_zero ... ok
[INFO] [stdout] test simple_config_tests::test_operation_timeout_very_large ... ok
[INFO] [stdout] test simple_config_tests::test_rapid_configuration_changes ... ok
[INFO] [stdout] test simple_config_tests::test_reconfiguration ... ok
[INFO] [stdout] test simple_config_tests::test_set_exponential_backoff_strategy ... ok
[INFO] [stdout] test simple_config_tests::test_set_delay_strategies ... ok
[INFO] [stdout] test simple_config_tests::test_set_exponential_backoff_strategy_multiple_times ... ok
[INFO] [stdout] test simple_config_tests::test_set_fixed_delay_strategy ... ok
[INFO] [stdout] test simple_config_tests::test_set_fixed_delay_strategy_multiple_times ... ok
[INFO] [stdout] test simple_config_tests::test_set_jitter_factor ... ok
[INFO] [stdout] test simple_config_tests::test_set_jitter_factor_multiple_times ... ok
[INFO] [stdout] test simple_config_tests::test_set_max_attempts ... ok
[INFO] [stdout] test simple_config_tests::test_set_max_attempts_multiple_times ... ok
[INFO] [stdout] test simple_config_tests::test_set_max_duration ... ok
[INFO] [stdout] test simple_config_tests::test_set_no_delay_strategy ... ok
[INFO] [stdout] test simple_config_tests::test_set_max_duration_multiple_times ... ok
[INFO] [stdout] test simple_config_tests::test_set_operation_timeout ... ok
[INFO] [stdout] test simple_config_tests::test_set_operation_timeout_multiple_times ... ok
[INFO] [stdout] test simple_config_tests::test_set_random_delay_strategy ... ok
[INFO] [stdout] test simple_config_tests::test_set_random_delay_strategy_multiple_times ... ok
[INFO] [stdout] test simple_config_tests::test_set_unlimited_duration ... ok
[INFO] [stdout] test simple_config_tests::test_set_unlimited_operation_timeout ... ok
[INFO] [stdout] test simple_config_tests::test_with_params_all_combinations ... ok
[INFO] [stdout] test simple_config_tests::test_simple_retry_config_with_params ... ok
[INFO] [stdout] test integration_tests::test_sync_operation_timeout_post_check ... ok
[INFO] [stdout] test operation_timeout_tests::test_sync_operation_within_timeout ... ok
[INFO] [stdout] test integration_tests::test_max_duration_exceeded ... ok
[INFO] [stdout] test operation_timeout_tests::test_async_operation_no_timeout ... ok
[INFO] [stdout] test integration_tests::test_operation_timeout_and_max_duration_interaction ... ok
[INFO] [stdout] test operation_timeout_tests::test_sync_operation_no_timeout ... ok
[INFO] [stdout] test integration_tests::test_operation_timeout_post_check_mechanism ... ok
[INFO] [stdout] test executor_tests::test_check_operation_timeout_with_some_timeout_exceeded ... ok
[INFO] [stdout] test operation_timeout_tests::test_async_operation_timeout_with_retry ... ok
[INFO] [stdout] test operation_timeout_tests::test_async_operation_timeout_true_interruption ... ok
[INFO] [stdout] test operation_timeout_tests::test_sync_operation_timeout_with_retry ... ok
[INFO] [stdout] test operation_timeout_tests::test_operation_timeout_event_listening ... ok
[INFO] [stdout] test operation_timeout_tests::test_sync_operation_timeout_post_check_mechanism ... ok
[INFO] [stdout] test operation_timeout_tests::test_async_max_duration_vs_operation_timeout ... ok
[INFO] [stderr] error: test failed, to rerun pass `--test mod`
[INFO] [stdout] 
[INFO] [stdout] failures:
[INFO] [stdout] 
[INFO] [stdout] ---- integration_tests::test_failure_listener_on_max_duration_exceeded stdout ----
[INFO] [stdout] 
[INFO] [stdout] thread 'integration_tests::test_failure_listener_on_max_duration_exceeded' (2134) panicked at tests/integration_tests.rs:797:5:
[INFO] [stdout] assertion failed: *attempt_count.lock().unwrap() > 1
[INFO] [stdout] stack backtrace:
[INFO] [stdout]    0:     0x5ce95ca83061 - <<std[617be2ca0a6fd877]::sys::backtrace::BacktraceLock>::print::DisplayBacktrace as core[a373ad73a504971]::fmt::Display>::fmt
[INFO] [stdout]    1:     0x5ce95ca98d0a - core[a373ad73a504971]::fmt::write
[INFO] [stdout]    2:     0x5ce95ca8746c - <alloc[2e1b2a31b91974c5]::vec::Vec<u8> as core[a373ad73a504971]::io::write::Write>::write_fmt
[INFO] [stdout]    3:     0x5ce95ca5ef76 - std[617be2ca0a6fd877]::panicking::default_hook::{closure#0}
[INFO] [stdout]    4:     0x5ce95ca7b479 - std[617be2ca0a6fd877]::panicking::default_hook
[INFO] [stdout]    5:     0x5ce95c924b10 - test[aada8e7e76ba119b]::test_main_inner::{closure#0}
[INFO] [stdout]    6:     0x5ce95ca7b7a2 - std[617be2ca0a6fd877]::panicking::panic_with_hook
[INFO] [stdout]    7:     0x5ce95ca5f054 - std[617be2ca0a6fd877]::panicking::panic_handler::{closure#0}
[INFO] [stdout]    8:     0x5ce95ca57d39 - std[617be2ca0a6fd877]::sys::backtrace::__rust_end_short_backtrace::<std[617be2ca0a6fd877]::panicking::panic_handler::{closure#0}, !>
[INFO] [stdout]    9:     0x5ce95ca5fc2d - __rustc[ea4f61d10b84890b]::rust_begin_unwind
[INFO] [stdout]   10:     0x5ce95ca994ec - core[a373ad73a504971]::panicking::panic_fmt
[INFO] [stdout]   11:     0x5ce95ca994b2 - core[a373ad73a504971]::panicking::panic
[INFO] [stdout]   12:     0x5ce95c8c996b - <mod[5aa7a650993fd2de]::integration_tests::test_failure_listener_on_max_duration_exceeded::{closure#0} as core[a373ad73a504971]::ops::function::FnOnce<()>>::call_once
[INFO] [stdout]   13:     0x5ce95c917f5b - test[aada8e7e76ba119b]::__rust_begin_short_backtrace::<core[a373ad73a504971]::result::Result<(), alloc[2e1b2a31b91974c5]::string::String>, fn() -> core[a373ad73a504971]::result::Result<(), alloc[2e1b2a31b91974c5]::string::String>>
[INFO] [stdout]   14:     0x5ce95c925135 - test[aada8e7e76ba119b]::run_test::{closure#0}
[INFO] [stdout]   15:     0x5ce95c91ea24 - std[617be2ca0a6fd877]::sys::backtrace::__rust_begin_short_backtrace::<test[aada8e7e76ba119b]::run_test::{closure#1}, ()>
[INFO] [stdout]   16:     0x5ce95c9281c2 - <std[617be2ca0a6fd877]::thread::lifecycle::spawn_unchecked<test[aada8e7e76ba119b]::run_test::{closure#1}, ()>::{closure#1} as core[a373ad73a504971]::ops::function::FnOnce<()>>::call_once::{shim:vtable#0}
[INFO] [stdout]   17:     0x5ce95ca828af - <std[617be2ca0a6fd877]::sys::thread::unix::Thread>::new::thread_start
[INFO] [stdout]   18:     0x784855e15dfa - <unknown>
[INFO] [stdout]   19:     0x784855ea93d4 - clone
[INFO] [stdout]   20:                0x0 - <unknown>
[INFO] [stdout] 
[INFO] [stdout] 
[INFO] [stdout] failures:
[INFO] [stdout]     integration_tests::test_failure_listener_on_max_duration_exceeded
[INFO] [stdout] 
[INFO] [stdout] test result: FAILED. 288 passed; 1 failed; 0 ignored; 0 measured; 0 filtered out; finished in 0.82s
[INFO] [stdout] 
[INFO] running `Command { std: "docker" "inspect" "5ea51a4ba41d394337e054ffa5cc0ef52824c7b394125466c3f24f1b3d3f03ab", kill_on_drop: false }`
[INFO] running `Command { std: "docker" "rm" "-f" "5ea51a4ba41d394337e054ffa5cc0ef52824c7b394125466c3f24f1b3d3f03ab", kill_on_drop: false }`
[INFO] [stdout] 5ea51a4ba41d394337e054ffa5cc0ef52824c7b394125466c3f24f1b3d3f03ab
