[INFO] fetching crate polypus-sim 0.7.1...
[INFO] testing polypus-sim-0.7.1 against 1.100.0-beta.1+cargoflags=--release for beta-release-1.100-2
[INFO] extracting crate polypus-sim 0.7.1 into /workspace/builds/worker-0-tc2/source
[INFO] started tweaking crates.io crate polypus-sim 0.7.1
[INFO] removed 0 missing tests
[INFO] finished tweaking crates.io crate polypus-sim 0.7.1
[INFO] tweaked toml for crates.io crate polypus-sim 0.7.1 written to /workspace/builds/worker-0-tc2/source/Cargo.toml
[INFO] validating manifest of crates.io crate polypus-sim 0.7.1 on toolchain 1.100.0-beta.1
[INFO] running `Command { std: CARGO_HOME="/workspace/cargo-home" RUSTUP_HOME="/workspace/rustup-home" "/workspace/cargo-home/bin/cargo" "+1.100.0-beta.1" "metadata" "--manifest-path" "Cargo.toml" "--no-deps", kill_on_drop: false }`
[INFO] crate crates.io crate polypus-sim 0.7.1 already has a lockfile, it will not be regenerated
[INFO] running `Command { std: CARGO_HOME="/workspace/cargo-home" RUSTUP_HOME="/workspace/rustup-home" "/workspace/cargo-home/bin/cargo" "+1.100.0-beta.1" "fetch" "--manifest-path" "Cargo.toml", kill_on_drop: false }`
[INFO] running `Command { std: "docker" "create" "-v" "/var/lib/crater-agent-workspace/builds/worker-0-tc2/source:/opt/rustwide/workdir:ro,Z" "-v" "/var/lib/crater-agent-workspace/builds/worker-0-tc2/target:/opt/rustwide/target:rw,Z" "-v" "/var/lib/crater-agent-workspace/cargo-home:/opt/rustwide/cargo-home:ro,Z" "-v" "/var/lib/crater-agent-workspace/rustup-home:/opt/rustwide/rustup-home:ro,Z" "-m" "1610612736" "--network" "none" "ghcr.io/rust-lang/crates-build-env/linux@sha256:77db811e55d90add9212f6832c23229e3de5f1c1f9905e8cb07319ea15df73ac" "sleep" "infinity", kill_on_drop: false }`
[INFO] [stdout] 8f8fd6330254fd505aee0cfed4ce2ac11fe381a500c5cfa3d437eb8ce5af1285
[INFO] running `Command { std: "docker" "start" "8f8fd6330254fd505aee0cfed4ce2ac11fe381a500c5cfa3d437eb8ce5af1285", kill_on_drop: false }`
[INFO] running `Command { std: "docker" "inspect" "8f8fd6330254fd505aee0cfed4ce2ac11fe381a500c5cfa3d437eb8ce5af1285", kill_on_drop: false }`
[INFO] running `Command { std: "docker" "exec" "-e" "SOURCE_DIR=/opt/rustwide/workdir" "-e" "CARGO_HOME=/opt/rustwide/cargo-home" "-e" "RUSTUP_HOME=/opt/rustwide/rustup-home" "-e" "CARGO_TARGET_DIR=/opt/rustwide/target" "-w" "/opt/rustwide/workdir" "--user" "0:0" "8f8fd6330254fd505aee0cfed4ce2ac11fe381a500c5cfa3d437eb8ce5af1285" "/opt/rustwide/cargo-home/bin/cargo" "+1.100.0-beta.1" "metadata" "--no-deps" "--format-version=1", kill_on_drop: false }`
[INFO] running `Command { std: "docker" "inspect" "8f8fd6330254fd505aee0cfed4ce2ac11fe381a500c5cfa3d437eb8ce5af1285", kill_on_drop: false }`
[INFO] running `Command { std: "docker" "exec" "-e" "SOURCE_DIR=/opt/rustwide/workdir" "-e" "CARGO_HOME=/opt/rustwide/cargo-home" "-e" "RUSTUP_HOME=/opt/rustwide/rustup-home" "-e" "CARGO_TARGET_DIR=/opt/rustwide/target" "-e" "CARGO_INCREMENTAL=0" "-e" "RUST_BACKTRACE=full" "-e" "RUSTFLAGS=--cap-lints=warn" "-e" "RUSTDOCFLAGS=--cap-lints=warn" "-w" "/opt/rustwide/workdir" "--user" "0:0" "8f8fd6330254fd505aee0cfed4ce2ac11fe381a500c5cfa3d437eb8ce5af1285" "/opt/rustwide/cargo-home/bin/cargo" "+1.100.0-beta.1" "build" "--frozen" "--message-format=json" "--release", kill_on_drop: false }`
[INFO] [stderr]    Compiling num-traits v0.2.19
[INFO] [stderr]    Compiling polypus-circuit v0.7.1
[INFO] [stderr]    Compiling num-complex v0.4.6
[INFO] [stderr]    Compiling polypus-sim v0.7.1 (/opt/rustwide/workdir)
[INFO] [stderr]     Finished `release` profile [optimized] target(s) in 4.16s
[INFO] running `Command { std: "docker" "inspect" "8f8fd6330254fd505aee0cfed4ce2ac11fe381a500c5cfa3d437eb8ce5af1285", kill_on_drop: false }`
[INFO] running `Command { std: "docker" "exec" "-e" "SOURCE_DIR=/opt/rustwide/workdir" "-e" "CARGO_HOME=/opt/rustwide/cargo-home" "-e" "RUSTUP_HOME=/opt/rustwide/rustup-home" "-e" "CARGO_TARGET_DIR=/opt/rustwide/target" "-e" "CARGO_INCREMENTAL=0" "-e" "RUST_BACKTRACE=full" "-e" "RUSTFLAGS=--cap-lints=warn" "-e" "RUSTDOCFLAGS=--cap-lints=warn" "-w" "/opt/rustwide/workdir" "--user" "0:0" "8f8fd6330254fd505aee0cfed4ce2ac11fe381a500c5cfa3d437eb8ce5af1285" "/opt/rustwide/cargo-home/bin/cargo" "+1.100.0-beta.1" "test" "--frozen" "--no-run" "--message-format=json" "--release", kill_on_drop: false }`
[INFO] [stderr]    Compiling polypus-sim v0.7.1 (/opt/rustwide/workdir)
[INFO] [stderr]     Finished `release` profile [optimized] target(s) in 2.38s
[INFO] running `Command { std: "docker" "inspect" "8f8fd6330254fd505aee0cfed4ce2ac11fe381a500c5cfa3d437eb8ce5af1285", kill_on_drop: false }`
[INFO] running `Command { std: "docker" "exec" "-e" "SOURCE_DIR=/opt/rustwide/workdir" "-e" "CARGO_HOME=/opt/rustwide/cargo-home" "-e" "RUSTUP_HOME=/opt/rustwide/rustup-home" "-e" "CARGO_TARGET_DIR=/opt/rustwide/target" "-e" "CARGO_INCREMENTAL=0" "-e" "RUST_BACKTRACE=full" "-e" "RUSTFLAGS=--cap-lints=warn" "-e" "RUSTDOCFLAGS=--cap-lints=warn" "-w" "/opt/rustwide/workdir" "--user" "0:0" "8f8fd6330254fd505aee0cfed4ce2ac11fe381a500c5cfa3d437eb8ce5af1285" "/opt/rustwide/cargo-home/bin/cargo" "+1.100.0-beta.1" "test" "--frozen" "--release", kill_on_drop: false }`
[INFO] [stderr]     Finished `release` profile [optimized] target(s) in 0.05s
[INFO] [stderr]      Running unittests src/lib.rs (/opt/rustwide/target/release/build/polypus-sim/dfd1b0a6e443bc30/out/polypus_sim-dfd1b0a6e443bc30)
[INFO] [stdout] 
[INFO] [stdout] running 23 tests
[INFO] [stdout] test kernels::tests::fused_matches_sequential_at_the_cap_length ... ok
[INFO] [stdout] test rng::tests::f64_stays_in_unit_interval ... ok
[INFO] [stdout] test simulator::tests::a_long_diagonal_run_matches_analytic_amplitudes ... ok
[INFO] [stdout] test simulator::tests::fused_run_matches_gate_by_gate_application ... ok
[INFO] [stdout] test simulator::tests::mixed_dense_diagonal_and_boundary_matches_gate_by_gate ... ok
[INFO] [stdout] test simulator::tests::fusion_false_matches_fusion_true_on_a_mixed_circuit ... ok
[INFO] [stdout] test simulator::tests::composed_same_qubit_chain_matches_gate_by_gate ... ok
[INFO] [stdout] test simulator::tests::composed_same_pair_chain_matches_gate_by_gate ... ok
[INFO] [stdout] test rng::tests::different_seeds_differ ... ok
[INFO] [stdout] test rng::tests::is_deterministic_for_a_seed ... ok
[INFO] [stdout] test simulator::tests::fusion_defaults_to_enabled ... ok
[INFO] [stdout] test simulator::tests::independent_single_qubit_gates_take_the_singleton_path ... ok
[INFO] [stdout] test kernels::tests::fused_matches_sequential_on_an_overlapping_1q_and_2q_run ... ok
[INFO] [stdout] test statevector::tests::diagonal_op_propagates_angle_errors ... ok
[INFO] [stdout] test statevector::tests::apply_diagonal_ops_matches_gate_by_gate_apply ... ok
[INFO] [stdout] test simulator::tests::rotation_cx_rotation_chain_matches_gate_by_gate ... ok
[INFO] [stdout] test statevector::tests::into_amplitudes_matches_the_borrowed_view ... ok
[INFO] [stdout] test kernels::tests::fused_matches_sequential_on_a_disjoint_qubit_run ... ok
[INFO] [stdout] test kernels::tests::fused_matches_sequential_on_a_same_qubit_run ... ok
[INFO] [stdout] test statevector::tests::is_diagonal_matches_the_diagonal_kernel_arms ... ok
[INFO] [stdout] test simulator::tests::fusion_false_polls_cancellation_every_gate ... ok
[INFO] [stdout] test simulator::tests::cancellation_fires_inside_a_run_longer_than_the_cap ... ok
[INFO] [stdout] test simulator::tests::cancellation_fires_between_components_of_one_flush ... FAILED
[INFO] [stdout] 
[INFO] [stdout] failures:
[INFO] [stdout] 
[INFO] [stdout] ---- simulator::tests::cancellation_fires_between_components_of_one_flush stdout ----
[INFO] [stdout] 
[INFO] [stdout] thread 'simulator::tests::cancellation_fires_between_components_of_one_flush' (424) panicked at src/simulator.rs:1265:9:
[INFO] [stdout] assertion `left == right` failed
[INFO] [stdout]   left: NonFiniteAmplitude
[INFO] [stdout]  right: Cancelled
[INFO] [stdout] stack backtrace:
[INFO] [stdout]    0:     0x5a27bdb04041 - <<std[617be2ca0a6fd877]::sys::backtrace::BacktraceLock>::print::DisplayBacktrace as core[a373ad73a504971]::fmt::Display>::fmt
[INFO] [stdout]    1:     0x5a27bdb185da - core[a373ad73a504971]::fmt::write
[INFO] [stdout]    2:     0x5a27bdb0825c - <alloc[2e1b2a31b91974c5]::vec::Vec<u8> as core[a373ad73a504971]::io::write::Write>::write_fmt
[INFO] [stdout]    3:     0x5a27bdae0466 - std[617be2ca0a6fd877]::panicking::default_hook::{closure#0}
[INFO] [stdout]    4:     0x5a27bdafc6d9 - std[617be2ca0a6fd877]::panicking::default_hook
[INFO] [stdout]    5:     0x5a27bda98670 - test[aada8e7e76ba119b]::test_main_inner::{closure#0}
[INFO] [stdout]    6:     0x5a27bdafc892 - std[617be2ca0a6fd877]::panicking::panic_with_hook
[INFO] [stdout]    7:     0x5a27bdae0512 - std[617be2ca0a6fd877]::panicking::panic_handler::{closure#0}
[INFO] [stdout]    8:     0x5a27bdad9229 - std[617be2ca0a6fd877]::sys::backtrace::__rust_end_short_backtrace::<std[617be2ca0a6fd877]::panicking::panic_handler::{closure#0}, !>
[INFO] [stdout]    9:     0x5a27bdae111d - __rustc[ea4f61d10b84890b]::rust_begin_unwind
[INFO] [stdout]   10:     0x5a27bdb18d0c - core[a373ad73a504971]::panicking::panic_fmt
[INFO] [stdout]   11:     0x5a27bdb18c23 - core[a373ad73a504971]::panicking::assert_failed_inner
[INFO] [stdout]   12:     0x5a27bda852f0 - core[a373ad73a504971]::panicking::assert_failed::<polypus_sim[df0a04008c8f959c]::error::SimError, polypus_sim[df0a04008c8f959c]::error::SimError>
[INFO] [stdout]   13:     0x5a27bda81018 - <polypus_sim[df0a04008c8f959c]::simulator::tests::cancellation_fires_between_components_of_one_flush::{closure#0} as core[a373ad73a504971]::ops::function::FnOnce<()>>::call_once
[INFO] [stdout]   14:     0x5a27bda8babb - test[aada8e7e76ba119b]::__rust_begin_short_backtrace::<core[a373ad73a504971]::result::Result<(), alloc[2e1b2a31b91974c5]::string::String>, fn() -> core[a373ad73a504971]::result::Result<(), alloc[2e1b2a31b91974c5]::string::String>>
[INFO] [stdout]   15:     0x5a27bda98c95 - test[aada8e7e76ba119b]::run_test::{closure#0}
[INFO] [stdout]   16:     0x5a27bda92584 - std[617be2ca0a6fd877]::sys::backtrace::__rust_begin_short_backtrace::<test[aada8e7e76ba119b]::run_test::{closure#1}, ()>
[INFO] [stdout]   17:     0x5a27bda9bd22 - <std[617be2ca0a6fd877]::thread::lifecycle::spawn_unchecked<test[aada8e7e76ba119b]::run_test::{closure#1}, ()>::{closure#1} as core[a373ad73a504971]::ops::function::FnOnce<()>>::call_once::{shim:vtable#0}
[INFO] [stdout]   18:     0x5a27bdb0389f - <std[617be2ca0a6fd877]::sys::thread::unix::Thread>::new::thread_start
[INFO] [stdout]   19:     0x79a6a897adfa - <unknown>
[INFO] [stdout]   20:     0x79a6a8a0e3d4 - clone
[INFO] [stdout]   21:                0x0 - <unknown>
[INFO] [stdout] 
[INFO] [stdout] 
[INFO] [stdout] failures:
[INFO] [stdout]     simulator::tests::cancellation_fires_between_components_of_one_flush
[INFO] [stdout] 
[INFO] [stdout] test result: FAILED. 22 passed; 1 failed; 0 ignored; 0 measured; 0 filtered out; finished in 0.15s
[INFO] [stdout] 
[INFO] [stderr] error: test failed, to rerun pass `--lib`
[INFO] running `Command { std: "docker" "inspect" "8f8fd6330254fd505aee0cfed4ce2ac11fe381a500c5cfa3d437eb8ce5af1285", kill_on_drop: false }`
[INFO] running `Command { std: "docker" "rm" "-f" "8f8fd6330254fd505aee0cfed4ce2ac11fe381a500c5cfa3d437eb8ce5af1285", kill_on_drop: false }`
[INFO] [stdout] 8f8fd6330254fd505aee0cfed4ce2ac11fe381a500c5cfa3d437eb8ce5af1285
