[INFO] fetching crate pezpallet-message-queue 31.0.0...
[INFO] testing pezpallet-message-queue-31.0.0 against 1.99.0-beta.8+cargoflags=--release for beta-release-1.100-2
[INFO] extracting crate pezpallet-message-queue 31.0.0 into /workspace/builds/worker-2-tc1/source
[INFO] started tweaking crates.io crate pezpallet-message-queue 31.0.0
[INFO] finished tweaking crates.io crate pezpallet-message-queue 31.0.0
[INFO] tweaked toml for crates.io crate pezpallet-message-queue 31.0.0 written to /workspace/builds/worker-2-tc1/source/Cargo.toml
[INFO] validating manifest of crates.io crate pezpallet-message-queue 31.0.0 on toolchain 1.99.0-beta.8
[INFO] running `Command { std: CARGO_HOME="/workspace/cargo-home" RUSTUP_HOME="/workspace/rustup-home" "/workspace/cargo-home/bin/cargo" "+1.99.0-beta.8" "metadata" "--manifest-path" "Cargo.toml" "--no-deps", kill_on_drop: false }`
[INFO] crate crates.io crate pezpallet-message-queue 31.0.0 already has a lockfile, it will not be regenerated
[INFO] running `Command { std: CARGO_HOME="/workspace/cargo-home" RUSTUP_HOME="/workspace/rustup-home" "/workspace/cargo-home/bin/cargo" "+1.99.0-beta.8" "fetch" "--manifest-path" "Cargo.toml", kill_on_drop: false }`
[INFO] [stderr] warning: Cargo.toml: `lints.clippy.borrowed-box` is deprecated in favor of `lints.clippy.borrowed_box` and will not work in a future edition
[INFO] [stderr] warning: Cargo.toml: `lints.clippy.extra-unused-type-parameters` is deprecated in favor of `lints.clippy.extra_unused_type_parameters` and will not work in a future edition
[INFO] [stderr] warning: Cargo.toml: `lints.clippy.identity-op` is deprecated in favor of `lints.clippy.identity_op` and will not work in a future edition
[INFO] [stderr] warning: Cargo.toml: `lints.clippy.if-same-then-else` is deprecated in favor of `lints.clippy.if_same_then_else` and will not work in a future edition
[INFO] [stderr] warning: Cargo.toml: `lints.clippy.needless-lifetimes` is deprecated in favor of `lints.clippy.needless_lifetimes` and will not work in a future edition
[INFO] [stderr] warning: Cargo.toml: `lints.clippy.nonminimal-bool` is deprecated in favor of `lints.clippy.nonminimal_bool` and will not work in a future edition
[INFO] [stderr] warning: Cargo.toml: `lints.clippy.option-map-unit-fn` is deprecated in favor of `lints.clippy.option_map_unit_fn` and will not work in a future edition
[INFO] [stderr] warning: Cargo.toml: `lints.clippy.too-many-arguments` is deprecated in favor of `lints.clippy.too_many_arguments` and will not work in a future edition
[INFO] [stderr] warning: Cargo.toml: `lints.clippy.zero-prefixed-literal` is deprecated in favor of `lints.clippy.zero_prefixed_literal` and will not work in a future edition
[INFO] [stderr] warning: `pezpallet-message-queue` (manifest) generated 9 warnings
[INFO] [stderr]     Updating crates.io index
[INFO] [stderr]  Downloading crates ...
[INFO] [stderr]   Downloaded pezsp-weights v27.0.0
[INFO] [stderr]   Downloaded pezsp-debug-derive v14.0.0
[INFO] [stderr]   Downloaded pezsp-arithmetic v23.0.0
[INFO] [stderr]   Downloaded schemars v1.1.0
[INFO] [stderr]   Downloaded zmij v0.1.7
[INFO] [stderr]   Downloaded pezsp-storage v19.0.0
[INFO] [stderr]   Downloaded docify v0.2.9
[INFO] [stderr]   Downloaded primitive-types v0.13.1
[INFO] [stderr]   Downloaded docify_macros v0.2.9
[INFO] [stderr]   Downloaded pezsp-externalities v0.25.0
[INFO] [stderr]   Downloaded pezsp-std v14.0.0
[INFO] [stderr]   Downloaded pezsp-crypto-hashing v0.1.0
[INFO] [stderr]   Downloaded tuplex v0.1.2
[INFO] [stderr]   Downloaded common-path v1.0.0
[INFO] [stderr]   Downloaded pezsp-tracing v16.0.0
[INFO] [stderr]   Downloaded simple-mermaid v0.1.1
[INFO] [stderr]   Downloaded schnellru v0.2.4
[INFO] [stderr]   Downloaded impl-num-traits v0.2.0
[INFO] [stderr]   Downloaded trie-root v0.18.0
[INFO] [stderr]   Downloaded hash-db v0.16.0
[INFO] [stderr]   Downloaded jam-codec-derive v0.1.1
[INFO] [stderr]   Downloaded impl-codec v0.7.1
[INFO] [stderr]   Downloaded pezsp-ss58-registry v1.52.0
[INFO] [stderr]   Downloaded derive-syn-parse v0.2.0
[INFO] [stderr]   Downloaded base64ct v1.8.1
[INFO] [stderr]   Downloaded bounded-collections v0.3.2
[INFO] [stderr]   Downloaded ark-bls12-377 v0.4.0
[INFO] [stderr]   Downloaded w3f-bls v0.1.9
[INFO] [stderr]   Downloaded impl-serde v0.5.0
[INFO] [stderr]   Downloaded jam-codec v0.1.1
[INFO] [stderr]   Downloaded pezsp-trie v29.0.0
[INFO] [stderr]   Downloaded trie-db v0.30.0
[INFO] [stderr]   Downloaded pezsp-core v28.0.0
[INFO] [stderr]   Downloaded bizinikiwi-bip39 v0.4.7
[INFO] [stderr]   Downloaded secp256k1 v0.28.2
[INFO] [stderr]   Downloaded ed25519-zebra v4.1.0
[INFO] [stderr]   Downloaded bitcoin_hashes v0.14.1
[INFO] [stderr]   Downloaded w3f-ring-proof v0.0.2
[INFO] [stderr]   Downloaded array-bytes v6.2.3
[INFO] [stderr]   Downloaded w3f-plonk-common v0.0.2
[INFO] [stderr]   Downloaded w3f-pcs v0.0.2
[INFO] [stderr]   Downloaded ark-bls12-381 v0.4.0
[INFO] [stderr]   Downloaded ark-vrf v0.1.1
[INFO] [stderr]   Downloaded ark-ed-on-bls12-381-bandersnatch v0.5.0
[INFO] [stderr]   Downloaded pezsp-runtime v31.0.1
[INFO] [stderr]   Downloaded secp256k1-sys v0.9.2
[INFO] [stderr]   Downloaded ark-transcript v0.0.3
[INFO] [stderr]   Downloaded memory-db v0.34.0
[INFO] [stderr]   Downloaded pezsp-io v30.0.0
[INFO] [stderr]   Downloaded polkavm-derive v0.26.0
[INFO] [stderr]   Downloaded polkavm-derive-impl-macro v0.26.0
[INFO] [stderr]   Downloaded polkavm-derive-impl v0.26.0
[INFO] [stderr]   Downloaded polkavm-common v0.26.0
[INFO] [stderr]   Downloaded pezsp-state-machine v0.35.0
[INFO] [stderr]   Downloaded pezsp-panic-handler v13.0.0
[INFO] [stderr]   Downloaded pezsp-runtime-interface v24.0.0
[INFO] [stderr]   Downloaded pezsp-wasm-interface v20.0.0
[INFO] [stderr]   Downloaded wasmtime-internal-versioned-export-macros v37.0.3
[INFO] [stderr]   Downloaded wasmtime-internal-math v37.0.3
[INFO] [stderr]   Downloaded wasmtime-internal-jit-icache-coherence v37.0.3
[INFO] [stderr]   Downloaded wasmtime v37.0.3
[INFO] [stderr]   Downloaded wasmtime-internal-jit-debug v37.0.3
[INFO] [stderr]   Downloaded wasmtime-internal-fiber v37.0.3
[INFO] [stderr]   Downloaded wasmtime-internal-asm-macros v37.0.3
[INFO] [stderr]   Downloaded wasmtime-environ v37.0.3
[INFO] [stderr]   Downloaded wasmparser v0.239.0
[INFO] [stderr]   Downloaded cranelift-bitset v0.124.3
[INFO] [stderr]   Downloaded pulley-interpreter v37.0.3
[INFO] [stderr]   Downloaded pulley-macros v37.0.3
[INFO] [stderr]   Downloaded cranelift-entity v0.124.3
[INFO] [stderr]   Downloaded pezsp-runtime-interface-proc-macro v17.0.0
[INFO] [stderr]   Downloaded expander v2.2.1
[INFO] [stderr]   Downloaded file-guard v0.2.0
[INFO] [stderr]   Downloaded pezsp-application-crypto v30.0.0
[INFO] [stderr]   Downloaded pezsp-version v29.0.0
[INFO] [stderr]   Downloaded pezsp-version-proc-macro v13.0.0
[INFO] [stderr]   Downloaded pezsp-crypto-hashing-proc-macro v0.1.0
[INFO] [stderr]   Downloaded pezsp-keystore v0.34.0
[INFO] [stderr]   Downloaded pez-binary-merkle-tree v14.0.1
[INFO] [stderr]   Downloaded pezframe-system v28.0.0
[INFO] [stderr]   Downloaded proc-macro-warning v1.84.1
[INFO] [stderr]   Downloaded pezsp-metadata-ir v0.6.0
[INFO] [stderr]   Downloaded parity-wasm v0.45.0
[INFO] [stderr]   Downloaded tt-call v1.0.9
[INFO] [stderr]   Downloaded pezsp-staking v26.0.0
[INFO] [stderr]   Downloaded pezsp-inherents v26.0.0
[INFO] [stderr]   Downloaded pezsp-api-proc-macro v15.0.0
[INFO] [stderr]   Downloaded macro_magic_core_macros v0.5.1
[INFO] [stderr]   Downloaded pezframe-support-procedural-tools v10.0.0
[INFO] [stderr]   Downloaded pezsp-api v26.0.0
[INFO] [stderr]   Downloaded macro_magic v0.5.1
[INFO] [stderr]   Downloaded frame-metadata v23.0.1
[INFO] [stderr]   Downloaded pezframe-support v28.0.0
[INFO] [stderr]   Downloaded pezsp-genesis-builder v0.8.0
[INFO] [stderr]   Downloaded pezframe-support-procedural v23.0.0
[INFO] [stderr]   Downloaded macro_magic_macros v0.5.1
[INFO] [stderr]   Downloaded pezframe-support-procedural-tools-derive v11.0.0
[INFO] [stderr]   Downloaded linregress v0.5.4
[INFO] [stderr]   Downloaded macro_magic_core v0.5.1
[INFO] [stderr]   Downloaded pezframe-benchmarking v28.0.0
[INFO] [stderr]   Downloaded include_dir_macros v0.7.4
[INFO] [stderr]   Downloaded include_dir v0.7.4
[INFO] [stderr]   Downloaded nalgebra v0.33.2
[INFO] [stderr]   Downloaded aquamarine v0.5.0
[INFO] running `Command { std: "docker" "create" "-v" "/var/lib/crater-agent-workspace/builds/worker-2-tc1/source:/opt/rustwide/workdir:ro,Z" "-v" "/var/lib/crater-agent-workspace/builds/worker-2-tc1/target:/opt/rustwide/target:rw,Z" "-v" "/var/lib/crater-agent-workspace/cargo-home:/opt/rustwide/cargo-home:ro,Z" "-v" "/var/lib/crater-agent-workspace/rustup-home:/opt/rustwide/rustup-home:ro,Z" "-m" "1610612736" "--network" "none" "ghcr.io/rust-lang/crates-build-env/linux@sha256:77db811e55d90add9212f6832c23229e3de5f1c1f9905e8cb07319ea15df73ac" "sleep" "infinity", kill_on_drop: false }`
[INFO] [stdout] de072abff6451483085358b15cf11bfedc4b1ccb902aaae3517c3898a92c9b0a
[INFO] running `Command { std: "docker" "start" "de072abff6451483085358b15cf11bfedc4b1ccb902aaae3517c3898a92c9b0a", kill_on_drop: false }`
[INFO] running `Command { std: "docker" "inspect" "de072abff6451483085358b15cf11bfedc4b1ccb902aaae3517c3898a92c9b0a", kill_on_drop: false }`
[INFO] running `Command { std: "docker" "exec" "-e" "SOURCE_DIR=/opt/rustwide/workdir" "-e" "CARGO_HOME=/opt/rustwide/cargo-home" "-e" "RUSTUP_HOME=/opt/rustwide/rustup-home" "-e" "CARGO_TARGET_DIR=/opt/rustwide/target" "-w" "/opt/rustwide/workdir" "--user" "0:0" "de072abff6451483085358b15cf11bfedc4b1ccb902aaae3517c3898a92c9b0a" "/opt/rustwide/cargo-home/bin/cargo" "+1.99.0-beta.8" "metadata" "--no-deps" "--format-version=1", kill_on_drop: false }`
[INFO] running `Command { std: "docker" "inspect" "de072abff6451483085358b15cf11bfedc4b1ccb902aaae3517c3898a92c9b0a", kill_on_drop: false }`
[INFO] running `Command { std: "docker" "exec" "-e" "SOURCE_DIR=/opt/rustwide/workdir" "-e" "CARGO_HOME=/opt/rustwide/cargo-home" "-e" "RUSTUP_HOME=/opt/rustwide/rustup-home" "-e" "CARGO_TARGET_DIR=/opt/rustwide/target" "-e" "CARGO_INCREMENTAL=0" "-e" "RUST_BACKTRACE=full" "-e" "RUSTFLAGS=--cap-lints=warn" "-e" "RUSTDOCFLAGS=--cap-lints=warn" "-w" "/opt/rustwide/workdir" "--user" "0:0" "de072abff6451483085358b15cf11bfedc4b1ccb902aaae3517c3898a92c9b0a" "/opt/rustwide/cargo-home/bin/cargo" "+1.99.0-beta.8" "build" "--frozen" "--message-format=json" "--release", kill_on_drop: false }`
[INFO] [stderr] warning: Cargo.toml: `lints.clippy.borrowed-box` is deprecated in favor of `lints.clippy.borrowed_box` and will not work in a future edition
[INFO] [stderr] warning: Cargo.toml: `lints.clippy.extra-unused-type-parameters` is deprecated in favor of `lints.clippy.extra_unused_type_parameters` and will not work in a future edition
[INFO] [stderr] warning: Cargo.toml: `lints.clippy.identity-op` is deprecated in favor of `lints.clippy.identity_op` and will not work in a future edition
[INFO] [stderr] warning: Cargo.toml: `lints.clippy.if-same-then-else` is deprecated in favor of `lints.clippy.if_same_then_else` and will not work in a future edition
[INFO] [stderr] warning: Cargo.toml: `lints.clippy.needless-lifetimes` is deprecated in favor of `lints.clippy.needless_lifetimes` and will not work in a future edition
[INFO] [stderr] warning: Cargo.toml: `lints.clippy.nonminimal-bool` is deprecated in favor of `lints.clippy.nonminimal_bool` and will not work in a future edition
[INFO] [stderr] warning: Cargo.toml: `lints.clippy.option-map-unit-fn` is deprecated in favor of `lints.clippy.option_map_unit_fn` and will not work in a future edition
[INFO] [stderr] warning: Cargo.toml: `lints.clippy.too-many-arguments` is deprecated in favor of `lints.clippy.too_many_arguments` and will not work in a future edition
[INFO] [stderr] warning: Cargo.toml: `lints.clippy.zero-prefixed-literal` is deprecated in favor of `lints.clippy.zero_prefixed_literal` and will not work in a future edition
[INFO] [stderr] warning: `pezpallet-message-queue` (manifest) generated 9 warnings
[INFO] [stderr]    Compiling proc-macro2 v1.0.103
[INFO] [stderr]    Compiling unicode-ident v1.0.22
[INFO] [stderr]    Compiling quote v1.0.42
[INFO] [stderr]    Compiling libc v0.2.178
[INFO] [stderr]    Compiling hashbrown v0.16.1
[INFO] [stderr]    Compiling winnow v0.7.14
[INFO] [stderr]    Compiling toml_datetime v0.7.5+spec-1.1.0
[INFO] [stderr]    Compiling serde v1.0.228
[INFO] [stderr]    Compiling subtle v2.6.1
[INFO] [stderr]    Compiling arrayvec v0.7.6
[INFO] [stderr]    Compiling zerocopy v0.8.31
[INFO] [stderr]    Compiling generic-array v0.14.7
[INFO] [stderr]    Compiling memchr v2.7.6
[INFO] [stderr]    Compiling parity-scale-codec v3.7.5
[INFO] [stderr]    Compiling byte-slice-cast v1.2.3
[INFO] [stderr]    Compiling bytes v1.11.0
[INFO] [stderr]    Compiling indexmap v2.12.1
[INFO] [stderr]    Compiling syn v2.0.111
[INFO] [stderr]    Compiling const_format_proc_macros v0.2.34
[INFO] [stderr]    Compiling aho-corasick v1.1.4
[INFO] [stderr]    Compiling getrandom v0.2.16
[INFO] [stderr]    Compiling regex-syntax v0.8.8
[INFO] [stderr]    Compiling rand_core v0.6.4
[INFO] [stderr]    Compiling const_format v0.2.35
[INFO] [stderr]    Compiling log v0.4.29
[INFO] [stderr]    Compiling crypto-common v0.1.7
[INFO] [stderr]    Compiling block-buffer v0.10.4
[INFO] [stderr]    Compiling byteorder v1.5.0
[INFO] [stderr]    Compiling toml_parser v1.0.6+spec-1.1.0
[INFO] [stderr]    Compiling crunchy v0.2.4
[INFO] [stderr]    Compiling digest v0.10.7
[INFO] [stderr]    Compiling smallvec v1.15.1
[INFO] [stderr]    Compiling itoa v1.0.16
[INFO] [stderr]    Compiling curve25519-dalek v4.1.3
[INFO] [stderr]    Compiling digest v0.9.0
[INFO] [stderr]    Compiling toml_edit v0.23.10+spec-1.0.0
[INFO] [stderr]    Compiling libsecp256k1-core v0.3.0
[INFO] [stderr]    Compiling tracing-core v0.1.36
[INFO] [stderr]    Compiling arrayref v0.3.9
[INFO] [stderr]    Compiling keccak v0.1.5
[INFO] [stderr]    Compiling find-msvc-tools v0.1.5
[INFO] [stderr]    Compiling serde_json v1.0.147
[INFO] [stderr]    Compiling ref-cast v1.0.25
[INFO] [stderr]    Compiling cc v1.2.50
[INFO] [stderr]    Compiling integer-sqrt v0.1.5
[INFO] [stderr]    Compiling proc-macro-crate v3.4.0
[INFO] [stderr]    Compiling regex-automata v0.4.13
[INFO] [stderr]    Compiling ff v0.13.1
[INFO] [stderr]    Compiling jam-codec v0.1.1
[INFO] [stderr]    Compiling toml_write v0.1.2
[INFO] [stderr]    Compiling futures-core v0.3.31
[INFO] [stderr]    Compiling ppv-lite86 v0.2.21
[INFO] [stderr]    Compiling zmij v0.1.7
[INFO] [stderr]    Compiling futures-sink v0.3.31
[INFO] [stderr]    Compiling hash-db v0.16.0
[INFO] [stderr]    Compiling futures-channel v0.3.31
[INFO] [stderr]    Compiling group v0.13.0
[INFO] [stderr]    Compiling libsecp256k1-gen-genmult v0.3.0
[INFO] [stderr]    Compiling libsecp256k1-gen-ecmult v0.3.0
[INFO] [stderr]    Compiling fs-err v2.11.0
[INFO] [stderr]    Compiling rand_chacha v0.3.1
[INFO] [stderr]    Compiling foldhash v0.1.5
[INFO] [stderr]    Compiling secp256k1-sys v0.9.2
[INFO] [stderr]    Compiling base64ct v1.8.1
[INFO] [stderr]    Compiling rand v0.8.5
[INFO] [stderr]    Compiling rustc-hex v2.1.0
[INFO] [stderr]    Compiling hashbrown v0.15.5
[INFO] [stderr]    Compiling password-hash v0.5.0
[INFO] [stderr]    Compiling getrandom_or_panic v0.0.3
[INFO] [stderr]    Compiling uint v0.10.0
[INFO] [stderr]    Compiling tinyvec v1.10.0
[INFO] [stderr]    Compiling libsecp256k1 v0.7.2
[INFO] [stderr]    Compiling regex v1.12.2
[INFO] [stderr]    Compiling num_cpus v1.17.0
[INFO] [stderr]    Compiling Inflector v0.11.4
[INFO] [stderr]    Compiling hex-conservative v0.2.2
[INFO] [stderr]    Compiling serde_derive v1.0.228
[INFO] [stderr]    Compiling zeroize_derive v1.4.2
[INFO] [stderr]    Compiling impl-trait-for-tuples v0.2.3
[INFO] [stderr]    Compiling zeroize v1.8.2
[INFO] [stderr]    Compiling parity-scale-codec-derive v3.7.5
[INFO] [stderr]    Compiling derive_more-impl v1.0.0
[INFO] [stderr]    Compiling scale-info-derive v2.11.6
[INFO] [stderr]    Compiling derive_more v1.0.0
[INFO] [stderr]    Compiling sha2 v0.10.9
[INFO] [stderr]    Compiling der v0.7.10
[INFO] [stderr]    Compiling derive-syn-parse v0.2.0
[INFO] [stderr]    Compiling signature v2.2.0
[INFO] [stderr]    Compiling curve25519-dalek-derive v0.1.1
[INFO] [stderr]    Compiling hmac v0.12.1
[INFO] [stderr]    Compiling ref-cast-impl v1.0.25
[INFO] [stderr]    Compiling spki v0.7.3
[INFO] [stderr]    Compiling pezsp-debug-derive v14.0.0
[INFO] [stderr]    Compiling tracing-attributes v0.1.31
[INFO] [stderr]    Compiling pkcs8 v0.10.2
[INFO] [stderr]    Compiling serde_spanned v0.6.9
[INFO] [stderr]    Compiling toml_datetime v0.6.11
[INFO] [stderr]    Compiling impl-serde v0.5.0
[INFO] [stderr]    Compiling serdect v0.2.0
[INFO] [stderr]    Compiling toml_edit v0.22.27
[INFO] [stderr]    Compiling tracing v0.1.44
[INFO] [stderr]    Compiling sec1 v0.7.3
[INFO] [stderr]    Compiling crypto-bigint v0.5.5
[INFO] [stderr]    Compiling futures-macro v0.3.31
[INFO] [stderr]    Compiling scale-info v2.11.6
[INFO] [stderr]    Compiling jam-codec-derive v0.1.1
[INFO] [stderr]    Compiling futures-util v0.3.31
[INFO] [stderr]    Compiling pezsp-storage v19.0.0
[INFO] [stderr]    Compiling elliptic-curve v0.13.8
[INFO] [stderr]    Compiling pezsp-ss58-registry v1.52.0
[INFO] [stderr]    Compiling toml v0.8.23
[INFO] [stderr]    Compiling rfc6979 v0.4.0
[INFO] [stderr]    Compiling ed25519 v2.2.3
[INFO] [stderr]    Compiling block-buffer v0.9.0
[INFO] [stderr]    Compiling merlin v3.0.0
[INFO] [stderr]    Compiling serde_bytes v0.11.19
[INFO] [stderr]    Compiling expander v2.2.1
[INFO] [stderr]    Compiling termcolor v1.4.1
[INFO] [stderr]    Compiling constant_time_eq v0.3.1
[INFO] [stderr]    Compiling environmental v1.1.4
[INFO] [stderr]    Compiling common-path v1.0.0
[INFO] [stderr]    Compiling blake2b_simd v1.0.3
[INFO] [stderr]    Compiling sha2 v0.9.9
[INFO] [stderr]    Compiling bounded-collections v0.3.2
[INFO] [stderr]    Compiling docify_macros v0.2.9
[INFO] [stderr]    Compiling pezsp-externalities v0.25.0
[INFO] [stderr]    Compiling schnorrkel v0.11.5
[INFO] [stderr]    Compiling ecdsa v0.16.9
[INFO] [stderr]    Compiling impl-codec v0.7.1
[INFO] [stderr]    Compiling twox-hash v1.6.3
[INFO] [stderr]    Compiling futures-executor v0.3.31
[INFO] [stderr]    Compiling pbkdf2 v0.12.2
[INFO] [stderr]    Compiling sha3 v0.10.8
[INFO] [stderr]    Compiling bitcoin_hashes v0.14.1
[INFO] [stderr]    Compiling thiserror-impl v1.0.69
[INFO] [stderr]    Compiling unicode-normalization v0.1.25
[INFO] [stderr]    Compiling impl-num-traits v0.2.0
[INFO] [stderr]    Compiling parking_lot_core v0.9.12
[INFO] [stderr]    Compiling fixed-hash v0.8.0
[INFO] [stderr]    Compiling prettyplease v0.2.37
[INFO] [stderr]    Compiling num-format v0.4.4
[INFO] [stderr]    Compiling blake2 v0.10.6
[INFO] [stderr]    Compiling file-guard v0.2.0
[INFO] [stderr]    Compiling ahash v0.8.12
[INFO] [stderr]    Compiling object v0.37.3
[INFO] [stderr]    Compiling pezsp-std v14.0.0
[INFO] [stderr]    Compiling itertools v0.11.0
[INFO] [stderr]    Compiling thiserror v1.0.69
[INFO] [stderr]    Compiling parking_lot v0.12.5
[INFO] [stderr]    Compiling primitive-types v0.13.1
[INFO] [stderr]    Compiling bip39 v2.2.2
[INFO] [stderr]    Compiling pezsp-crypto-hashing v0.1.0
[INFO] [stderr]    Compiling bizinikiwi-bip39 v0.4.7
[INFO] [stderr]    Compiling futures v0.3.31
[INFO] [stderr]    Compiling k256 v0.13.4
[INFO] [stderr]    Compiling secp256k1 v0.28.2
[INFO] [stderr]    Compiling getrandom v0.3.4
[INFO] [stderr]    Compiling ed25519-zebra v4.1.0
[INFO] [stderr]    Compiling secrecy v0.8.0
[INFO] [stderr]    Compiling hash256-std-hasher v0.15.2
[INFO] [stderr]    Compiling num-conv v0.1.0
[INFO] [stderr]    Compiling time-core v0.1.6
[INFO] [stderr]    Compiling bs58 v0.5.1
[INFO] [stderr]    Compiling gimli v0.32.3
[INFO] [stderr]    Compiling array-bytes v6.2.3
[INFO] [stderr]    Compiling time v0.3.44
[INFO] [stderr]    Compiling pezsp-core v28.0.0
[INFO] [stderr]    Compiling matchers v0.2.0
[INFO] [stderr]    Compiling tracing-log v0.2.0
[INFO] [stderr]    Compiling hashbrown v0.13.2
[INFO] [stderr]    Compiling nu-ansi-term v0.50.3
[INFO] [stderr]    Compiling addr2line v0.25.1
[INFO] [stderr]    Compiling tracing-subscriber v0.3.22
[INFO] [stderr]    Compiling schnellru v0.2.4
[INFO] [stderr]    Compiling docify v0.2.9
[INFO] [stderr]    Compiling memory-db v0.34.0
[INFO] [stderr]    Compiling trie-db v0.30.0
[INFO] [stderr]    Compiling trie-root v0.18.0
[INFO] [stderr]    Compiling nohash-hasher v0.2.0
[INFO] [stderr]    Compiling pezsp-runtime-interface-proc-macro v17.0.0
[INFO] [stderr]    Compiling pezsp-wasm-interface v20.0.0
[INFO] [stderr]    Compiling pezsp-io v30.0.0
[INFO] [stderr]    Compiling tiny-keccak v2.0.2
[INFO] [stderr]    Compiling pezsp-keystore v0.34.0
[INFO] [stderr]    Compiling ed25519-dalek v2.2.0
[INFO] [stderr]    Compiling pezsp-tracing v16.0.0
[INFO] [stderr]    Compiling pezsp-arithmetic v23.0.0
[INFO] [stderr]    Compiling backtrace v0.3.76
[INFO] [stderr]    Compiling pezsp-trie v29.0.0
[INFO] [stderr]    Compiling pezsp-runtime-interface v24.0.0
[INFO] [stderr]    Compiling pezsp-panic-handler v13.0.0
[INFO] [stderr]    Compiling pezsp-state-machine v0.35.0
[INFO] [stderr]    Compiling static_assertions v1.1.0
[INFO] [stderr]    Compiling pezsp-weights v27.0.0
[INFO] [stderr]    Compiling const-random-macro v0.1.16
[INFO] [stderr]    Compiling pez-binary-merkle-tree v14.0.1
[INFO] [stderr]    Compiling tuplex v0.1.2
[INFO] [stderr]    Compiling simple-mermaid v0.1.1
[INFO] [stderr]    Compiling const-random v0.1.18
[INFO] [stderr]    Compiling macro_magic_core_macros v0.5.1
[INFO] [stderr]    Compiling proc-macro-warning v1.84.1
[INFO] [stderr]    Compiling macro_magic_core v0.5.1
[INFO] [stderr]    Compiling syn v1.0.109
[INFO] [stderr]    Compiling pezsp-crypto-hashing-proc-macro v0.1.0
[INFO] [stderr]    Compiling macro_magic_macros v0.5.1
[INFO] [stderr]    Compiling pezsp-version-proc-macro v13.0.0
[INFO] [stderr]    Compiling frame-metadata v23.0.1
[INFO] [stderr]    Compiling parity-wasm v0.45.0
[INFO] [stderr]    Compiling proc-macro-error-attr v1.0.4
[INFO] [stderr]    Compiling pezsp-api-proc-macro v15.0.0
[INFO] [stderr]    Compiling pezframe-support-procedural-tools-derive v11.0.0
[INFO] [stderr]    Compiling include_dir_macros v0.7.4
[INFO] [stderr]    Compiling include_dir v0.7.4
[INFO] [stderr]    Compiling cfg-expr v0.15.8
[INFO] [stderr]    Compiling pezsp-metadata-ir v0.6.0
[INFO] [stderr]    Compiling pezframe-support-procedural-tools v10.0.0
[INFO] [stderr]    Compiling proc-macro-error v1.0.4
[INFO] [stderr]    Compiling macro_magic v0.5.1
[INFO] [stderr]    Compiling pezsp-application-crypto v30.0.0
[INFO] [stderr]    Compiling itertools v0.10.5
[INFO] [stderr]    Compiling async-trait v0.1.89
[INFO] [stderr]    Compiling pezsp-runtime v31.0.1
[INFO] [stderr]    Compiling pezframe-support-procedural v23.0.0
[INFO] [stderr]    Compiling aquamarine v0.5.0
[INFO] [stderr]    Compiling tt-call v1.0.9
[INFO] [stderr]    Compiling pezsp-version v29.0.0
[INFO] [stderr]    Compiling pezsp-inherents v26.0.0
[INFO] [stderr]    Compiling pezsp-staking v26.0.0
[INFO] [stderr]    Compiling pezsp-api v26.0.0
[INFO] [stderr]    Compiling pezsp-genesis-builder v0.8.0
[INFO] [stderr]    Compiling pezframe-support v28.0.0
[INFO] [stderr]    Compiling pezframe-system v28.0.0
[INFO] [stderr]    Compiling pezpallet-message-queue v31.0.0 (/opt/rustwide/workdir)
[INFO] [stderr]     Finished `release` profile [optimized] target(s) in 5m 51s
[INFO] [stderr] warning: the following packages contain code that will be rejected by a future version of Rust: trie-db v0.30.0
[INFO] [stderr] note: to see what the problems were, use the option `--future-incompat-report`, or run `cargo report future-incompatibilities --id 2`
[INFO] running `Command { std: "docker" "inspect" "de072abff6451483085358b15cf11bfedc4b1ccb902aaae3517c3898a92c9b0a", kill_on_drop: false }`
[INFO] running `Command { std: "docker" "exec" "-e" "SOURCE_DIR=/opt/rustwide/workdir" "-e" "CARGO_HOME=/opt/rustwide/cargo-home" "-e" "RUSTUP_HOME=/opt/rustwide/rustup-home" "-e" "CARGO_TARGET_DIR=/opt/rustwide/target" "-e" "CARGO_INCREMENTAL=0" "-e" "RUST_BACKTRACE=full" "-e" "RUSTFLAGS=--cap-lints=warn" "-e" "RUSTDOCFLAGS=--cap-lints=warn" "-w" "/opt/rustwide/workdir" "--user" "0:0" "de072abff6451483085358b15cf11bfedc4b1ccb902aaae3517c3898a92c9b0a" "/opt/rustwide/cargo-home/bin/cargo" "+1.99.0-beta.8" "test" "--frozen" "--no-run" "--message-format=json" "--release", kill_on_drop: false }`
[INFO] [stderr] warning: Cargo.toml: `lints.clippy.borrowed-box` is deprecated in favor of `lints.clippy.borrowed_box` and will not work in a future edition
[INFO] [stderr] warning: Cargo.toml: `lints.clippy.extra-unused-type-parameters` is deprecated in favor of `lints.clippy.extra_unused_type_parameters` and will not work in a future edition
[INFO] [stderr] warning: Cargo.toml: `lints.clippy.identity-op` is deprecated in favor of `lints.clippy.identity_op` and will not work in a future edition
[INFO] [stderr] warning: Cargo.toml: `lints.clippy.if-same-then-else` is deprecated in favor of `lints.clippy.if_same_then_else` and will not work in a future edition
[INFO] [stderr] warning: Cargo.toml: `lints.clippy.needless-lifetimes` is deprecated in favor of `lints.clippy.needless_lifetimes` and will not work in a future edition
[INFO] [stderr] warning: Cargo.toml: `lints.clippy.nonminimal-bool` is deprecated in favor of `lints.clippy.nonminimal_bool` and will not work in a future edition
[INFO] [stderr] warning: Cargo.toml: `lints.clippy.option-map-unit-fn` is deprecated in favor of `lints.clippy.option_map_unit_fn` and will not work in a future edition
[INFO] [stderr] warning: Cargo.toml: `lints.clippy.too-many-arguments` is deprecated in favor of `lints.clippy.too_many_arguments` and will not work in a future edition
[INFO] [stderr] warning: Cargo.toml: `lints.clippy.zero-prefixed-literal` is deprecated in favor of `lints.clippy.zero_prefixed_literal` and will not work in a future edition
[INFO] [stderr] warning: `pezpallet-message-queue` (manifest) generated 9 warnings
[INFO] [stderr]    Compiling libm v0.2.15
[INFO] [stderr]    Compiling num-traits v0.2.19
[INFO] [stderr]    Compiling pezsp-crypto-hashing v0.1.0
[INFO] [stderr]    Compiling pezsp-tracing v16.0.0
[INFO] [stderr]    Compiling pezframe-support-procedural v23.0.0
[INFO] [stderr]    Compiling pezsp-runtime-interface v24.0.0
[INFO] [stderr]    Compiling integer-sqrt v0.1.5
[INFO] [stderr]    Compiling rand_distr v0.4.3
[INFO] [stderr]    Compiling impl-num-traits v0.2.0
[INFO] [stderr]    Compiling pezsp-arithmetic v23.0.0
[INFO] [stderr]    Compiling primitive-types v0.13.1
[INFO] [stderr]    Compiling pezsp-weights v27.0.0
[INFO] [stderr]    Compiling pezsp-core v28.0.0
[INFO] [stderr]    Compiling pezsp-trie v29.0.0
[INFO] [stderr]    Compiling pezsp-keystore v0.34.0
[INFO] [stderr]    Compiling pezsp-state-machine v0.35.0
[INFO] [stderr]    Compiling pezsp-io v30.0.0
[INFO] [stderr]    Compiling pezsp-application-crypto v30.0.0
[INFO] [stderr]    Compiling pezsp-runtime v31.0.1
[INFO] [stderr]    Compiling pezsp-version v29.0.0
[INFO] [stderr]    Compiling pezsp-staking v26.0.0
[INFO] [stderr]    Compiling pezsp-inherents v26.0.0
[INFO] [stderr]    Compiling pezsp-api v26.0.0
[INFO] [stderr]    Compiling pezsp-genesis-builder v0.8.0
[INFO] [stderr]    Compiling pezframe-support v28.0.0
[INFO] [stderr]    Compiling pezframe-system v28.0.0
[INFO] [stderr]    Compiling pezpallet-message-queue v31.0.0 (/opt/rustwide/workdir)
[INFO] [stderr]     Finished `release` profile [optimized] target(s) in 2m 13s
[INFO] [stderr] warning: the following packages contain code that will be rejected by a future version of Rust: trie-db v0.30.0
[INFO] [stderr] note: to see what the problems were, use the option `--future-incompat-report`, or run `cargo report future-incompatibilities --id 2`
[INFO] running `Command { std: "docker" "inspect" "de072abff6451483085358b15cf11bfedc4b1ccb902aaae3517c3898a92c9b0a", kill_on_drop: false }`
[INFO] running `Command { std: "docker" "exec" "-e" "SOURCE_DIR=/opt/rustwide/workdir" "-e" "CARGO_HOME=/opt/rustwide/cargo-home" "-e" "RUSTUP_HOME=/opt/rustwide/rustup-home" "-e" "CARGO_TARGET_DIR=/opt/rustwide/target" "-e" "CARGO_INCREMENTAL=0" "-e" "RUST_BACKTRACE=full" "-e" "RUSTFLAGS=--cap-lints=warn" "-e" "RUSTDOCFLAGS=--cap-lints=warn" "-w" "/opt/rustwide/workdir" "--user" "0:0" "de072abff6451483085358b15cf11bfedc4b1ccb902aaae3517c3898a92c9b0a" "/opt/rustwide/cargo-home/bin/cargo" "+1.99.0-beta.8" "test" "--frozen" "--release", kill_on_drop: false }`
[INFO] [stderr] warning: Cargo.toml: `lints.clippy.borrowed-box` is deprecated in favor of `lints.clippy.borrowed_box` and will not work in a future edition
[INFO] [stderr] warning: Cargo.toml: `lints.clippy.extra-unused-type-parameters` is deprecated in favor of `lints.clippy.extra_unused_type_parameters` and will not work in a future edition
[INFO] [stderr] warning: Cargo.toml: `lints.clippy.identity-op` is deprecated in favor of `lints.clippy.identity_op` and will not work in a future edition
[INFO] [stderr] warning: Cargo.toml: `lints.clippy.if-same-then-else` is deprecated in favor of `lints.clippy.if_same_then_else` and will not work in a future edition
[INFO] [stderr] warning: Cargo.toml: `lints.clippy.needless-lifetimes` is deprecated in favor of `lints.clippy.needless_lifetimes` and will not work in a future edition
[INFO] [stderr] warning: Cargo.toml: `lints.clippy.nonminimal-bool` is deprecated in favor of `lints.clippy.nonminimal_bool` and will not work in a future edition
[INFO] [stderr] warning: Cargo.toml: `lints.clippy.option-map-unit-fn` is deprecated in favor of `lints.clippy.option_map_unit_fn` and will not work in a future edition
[INFO] [stderr] warning: Cargo.toml: `lints.clippy.too-many-arguments` is deprecated in favor of `lints.clippy.too_many_arguments` and will not work in a future edition
[INFO] [stderr] warning: Cargo.toml: `lints.clippy.zero-prefixed-literal` is deprecated in favor of `lints.clippy.zero_prefixed_literal` and will not work in a future edition
[INFO] [stderr] warning: `pezpallet-message-queue` (manifest) generated 9 warnings
[INFO] [stderr]     Finished `release` profile [optimized] target(s) in 0.55s
[INFO] [stderr] warning: the following packages contain code that will be rejected by a future version of Rust: trie-db v0.30.0
[INFO] [stderr] note: to see what the problems were, use the option `--future-incompat-report`, or run `cargo report future-incompatibilities --id 2`
[INFO] [stderr]      Running unittests src/lib.rs (/opt/rustwide/target/release/deps/pezpallet_message_queue-a5a938f9c884e630)
[INFO] [stdout] 
[INFO] [stdout] running 82 tests
[INFO] [stdout] test integration_test::stress_test_ahm_despair_mode_works ... ignored
[INFO] [stdout] test integration_test::stress_test_enqueue_and_service ... ignored
[INFO] [stdout] test integration_test::stress_test_force_set_head ... ignored
[INFO] [stdout] test integration_test::stress_test_prioritize_queue ... ignored
[INFO] [stdout] test integration_test::stress_test_queue_suspension ... ignored
[INFO] [stdout] test integration_test::stress_test_recursive ... ignored
[INFO] [stdout] test integration_test::__construct_runtime_integrity_test::runtime_integrity_tests ... ok
[INFO] [stdout] test integration_test::test_genesis_config_builds ... ok
[INFO] [stdout] test tests::enqueue_message_works ... ok
[INFO] [stdout] test tests::bump_service_head_works ... ok
[INFO] [stdout] test tests::enqueue_within_one_page_works ... ok
[INFO] [stdout] test mock::__construct_runtime_integrity_test::runtime_integrity_tests ... ok
[INFO] [stdout] test mock::test_genesis_config_builds ... ok
[INFO] [stdout] test tests::bump_service_head_bails ... ok
[INFO] [stdout] test tests::bump_service_head_no_head_noops ... ok
[INFO] [stdout] test tests::enqueue_messages_works ... ok
[INFO] [stdout] test tests::bump_service_head_trivial_works ... ok
[INFO] [stdout] test tests::execute_overweight_keeps_stack_ov_message ... ok
[INFO] [stdout] test tests::force_set_head_can_starve_other_queues ... ok
[INFO] [stdout] test tests::execute_overweight_respects_suspension ... ok
[INFO] [stdout] test tests::execute_overweight_works ... ok
[INFO] [stdout] test tests::footprint_invalid_works ... ok
[INFO] [stdout] test tests::footprint_num_pages_works ... ok
[INFO] [stdout] test tests::footprint_on_swept_works ... ok
[INFO] [stdout] test tests::footprint_works ... ok
[INFO] [stdout] test tests::force_set_head_noop_on_unready_queue ... ok
[INFO] [stdout] test tests::force_set_head_noop_unprocessed_queue ... ok
[INFO] [stdout] test tests::force_set_head_works ... ok
[INFO] [stdout] test tests::integrity_test_checks_service_weight ... ok
[INFO] [stdout] test tests::get_batches_footprints_works ... ok
[INFO] [stdout] test tests::mocked_weight_works ... ok
[INFO] [stdout] test tests::page_from_message_max_len_works ... ok
[INFO] [stdout] test tests::page_try_append_message_max_msg_len_works_works ... ok
[INFO] [stdout] test tests::page_from_message_basic_works ... ok
[INFO] [stdout] test tests::page_try_append_message_basic_works ... ok
[INFO] [stdout] test tests::note_processed_at_pos_idempotent ... ok
[INFO] [stdout] test tests::permanently_overweight_book_unknits ... ok
[INFO] [stdout] test tests::page_try_append_message_with_remaining_size_works_works ... ok
[INFO] [stdout] test tests::permanently_overweight_book_unknits_multiple ... ok
[INFO] [stdout] test tests::process_discards_stack_ov_message ... ok
[INFO] [stdout] test tests::process_enqueued_on_idle ... ok
[INFO] [stdout] test tests::process_enqueued_on_idle_requires_enough_weight ... ok
[INFO] [stdout] test tests::process_message_error_reverts_storage_changes ... ok
[INFO] [stdout] test tests::process_message_ok_false_keeps_storage_changes ... ok
[INFO] [stdout] test tests::process_message_ok_true_keeps_storage_changes ... ok
[INFO] [stdout] test tests::queue_priority_reset_once_serviced ... ok
[INFO] [stdout] test tests::force_set_head_noop_on_current_head ... ok
[INFO] [stdout] test tests::queue_priority_retains ... ok
[INFO] [stderr] [2m2026-10-18T13:44:57.819381Z[0m [31mERROR[0m [2mruntime::defensive[0m[2m:[0m a defensive failure has been triggered; please report the block number at https://github.com/pezkuwichain/pezkuwi-sdk/issues: "message-queue: referenced page not found"
[INFO] [stderr] [2m2026-10-18T13:44:57.819508Z[0m [31mERROR[0m [2mruntime::defensive[0m[2m:[0m a defensive failure has been triggered; please report the block number at https://github.com/pezkuwichain/pezkuwi-sdk/issues: "message-queue: referenced page not found"
[INFO] [stdout] test tests::ready_but_empty_does_not_panic ... ok
[INFO] [stdout] test tests::ready_but_perm_overweight_does_not_panic ... FAILED
[INFO] [stdout] test tests::ready_ring_knit_basic_works ... ok
[INFO] [stdout] test tests::reap_page_permanent_overweight_works ... ok
[INFO] [stdout] test tests::reaping_overweight_fails_properly ... ok
[INFO] [stdout] test tests::ready_ring_knit_and_unknit_works ... ok
[INFO] [stdout] test tests::recursive_overweight_while_service_is_forbidden ... ok
[INFO] [stdout] test tests::recursive_reap_page_is_forbidden ... ok
[INFO] [stdout] test tests::recursive_service_is_forbidden ... ok
[INFO] [stdout] test tests::regression_issue_2319 ... ok
[INFO] [stdout] test tests::service_page_bails ... ok
[INFO] [stdout] test tests::service_page_item_bails ... ok
[INFO] [stdout] test tests::service_page_item_consumes_correct_weight ... ok
[INFO] [stdout] test tests::service_page_item_skips_perm_overweight_message ... ok
[INFO] [stdout] test tests::service_page_suspension_works ... ok
[INFO] [stdout] test tests::permanently_overweight_limit_is_valid_basic ... ok
[INFO] [stdout] test tests::service_queue_bails ... ok
[INFO] [stdout] test tests::service_queue_suspension_ready_ring_works ... ok
[INFO] [stdout] test tests::service_queues_basic_works ... ok
[INFO] [stdout] test tests::service_queues_failing_messages_works ... ok
[INFO] [stdout] test tests::service_queues_regression_1873 ... ok
[INFO] [stdout] test tests::service_queues_suspend_works ... ok
[INFO] [stdout] test tests::service_queues_suspension_works ... ok
[INFO] [stdout] test tests::sweep_queue_invalid_noops ... ok
[INFO] [stdout] test tests::service_page_works ... ok
[INFO] [stdout] test tests::sweep_queue_works ... ok
[INFO] [stdout] test tests::sweep_queue_wraps_works ... ok
[INFO] [stdout] test tests::with_service_mutex_works ... ok
[INFO] [stdout] test tests::peek_first_and_skip_first_works ... ok
[INFO] [stdout] test tests::peek_index_works ... ok
[INFO] [stdout] test tests::recursive_enqueue_works ... ok
[INFO] [stdout] test tests::is_complete_works ... ok
[INFO] [stdout] test tests::note_processed_at_pos_works ... ok
[INFO] [stdout] test tests::permanently_overweight_limit_is_valid_fuzzy ... ok
[INFO] [stdout] 
[INFO] [stdout] failures:
[INFO] [stdout] 
[INFO] [stdout] ---- tests::ready_but_perm_overweight_does_not_panic stdout ----
[INFO] [stdout] 
[INFO] [stdout] thread 'tests::ready_but_perm_overweight_does_not_panic' (4725) panicked at src/mock_helpers.rs:203:5:
[INFO] [stdout] assertion `left == right` failed
[INFO] [stdout]   left: Some(Here)
[INFO] [stdout]  right: None
[INFO] [stdout] stack backtrace:
[INFO] [stdout]    0:     0x5645522cf361 - <<std[70759c8f55707aa4]::sys::backtrace::BacktraceLock>::print::DisplayBacktrace as core[df12db4294e9bfd3]::fmt::Display>::fmt
[INFO] [stdout]    1:     0x5645522e566a - core[df12db4294e9bfd3]::fmt::write
[INFO] [stdout]    2:     0x5645522d3a6c - <alloc[2182bb758b4b3781]::vec::Vec<u8> as core[df12db4294e9bfd3]::io::write::Write>::write_fmt
[INFO] [stdout]    3:     0x5645522ab776 - std[70759c8f55707aa4]::panicking::default_hook::{closure#0}
[INFO] [stdout]    4:     0x5645522c7929 - std[70759c8f55707aa4]::panicking::default_hook
[INFO] [stdout]    5:     0x564552139e90 - test[9d35eded1c95d3be]::test_main_inner::<test[9d35eded1c95d3be]::test_main_static::{closure#0}>::{closure#0}
[INFO] [stdout]    6:     0x5645522c7ae2 - std[70759c8f55707aa4]::panicking::panic_with_hook
[INFO] [stdout]    7:     0x5645522ab822 - std[70759c8f55707aa4]::panicking::panic_handler::{closure#0}
[INFO] [stdout]    8:     0x5645522a4579 - std[70759c8f55707aa4]::sys::backtrace::__rust_end_short_backtrace::<std[70759c8f55707aa4]::panicking::panic_handler::{closure#0}, !>
[INFO] [stdout]    9:     0x5645522ac41d - __rustc[8fa7c3cbc660c2b3]::rust_begin_unwind
[INFO] [stdout]   10:     0x5645522e5e4c - core[df12db4294e9bfd3]::panicking::panic_fmt
[INFO] [stdout]   11:     0x5645522e5d63 - core[df12db4294e9bfd3]::panicking::assert_failed_inner
[INFO] [stdout]   12:     0x5645520fed97 - core[df12db4294e9bfd3]::panicking::assert_failed::<core[df12db4294e9bfd3]::option::Option<pezpallet_message_queue[1f6e93901f813845]::mock_helpers::MessageOrigin>, core[df12db4294e9bfd3]::option::Option<pezpallet_message_queue[1f6e93901f813845]::mock_helpers::MessageOrigin>>
[INFO] [stdout]   13:     0x5645520ef26e - pezpallet_message_queue[1f6e93901f813845]::mock_helpers::assert_ring::<pezpallet_message_queue[1f6e93901f813845]::mock::Test>
[INFO] [stdout]   14:     0x564552068842 - <std[70759c8f55707aa4]::thread::local::LocalKey<core[df12db4294e9bfd3]::cell::RefCell<alloc[2182bb758b4b3781]::vec::Vec<alloc[2182bb758b4b3781]::rc::Rc<core[df12db4294e9bfd3]::cell::RefCell<*mut dyn pezsp_externalities[4296488581ea285e]::Externalities>>>>>>::with::<environmental[5f29cb8eecdd1e9f]::using<dyn pezsp_externalities[4296488581ea285e]::Externalities, (), pezpallet_message_queue[1f6e93901f813845]::mock::build_and_execute<pezpallet_message_queue[1f6e93901f813845]::mock::Test, pezpallet_message_queue[1f6e93901f813845]::tests::ready_but_perm_overweight_does_not_panic::{closure#0}>::{closure#0}>::{closure#0}, ()>
[INFO] [stdout]   15:     0x5645520fc916 - pezpallet_message_queue[1f6e93901f813845]::mock::build_and_execute::<pezpallet_message_queue[1f6e93901f813845]::mock::Test, pezpallet_message_queue[1f6e93901f813845]::tests::ready_but_perm_overweight_does_not_panic::{closure#0}>
[INFO] [stdout]   16:     0x56455212ced9 - <pezpallet_message_queue[1f6e93901f813845]::tests::ready_but_perm_overweight_does_not_panic::{closure#0} as core[df12db4294e9bfd3]::ops::function::FnOnce<()>>::call_once
[INFO] [stdout]   17:     0x56455212d17b - test[9d35eded1c95d3be]::__rust_begin_short_backtrace::<core[df12db4294e9bfd3]::result::Result<(), alloc[2182bb758b4b3781]::string::String>, fn() -> core[df12db4294e9bfd3]::result::Result<(), alloc[2182bb758b4b3781]::string::String>>
[INFO] [stdout]   18:     0x56455213a7e5 - test[9d35eded1c95d3be]::run_test::{closure#0}
[INFO] [stdout]   19:     0x5645521340a4 - std[70759c8f55707aa4]::sys::backtrace::__rust_begin_short_backtrace::<test[9d35eded1c95d3be]::run_test::{closure#1}, ()>
[INFO] [stdout]   20:     0x56455213d942 - <std[70759c8f55707aa4]::thread::lifecycle::spawn_unchecked<test[9d35eded1c95d3be]::run_test::{closure#1}, ()>::{closure#1} as core[df12db4294e9bfd3]::ops::function::FnOnce<()>>::call_once::{shim:vtable#0}
[INFO] [stdout]   21:     0x5645522cec09 - <std[70759c8f55707aa4]::sys::thread::unix::Thread>::new::thread_start
[INFO] [stdout]   22:     0x7e541f995dfa - <unknown>
[INFO] [stdout]   23:     0x7e541fa293d4 - clone
[INFO] [stdout]   24:                0x0 - <unknown>
[INFO] [stdout] 
[INFO] [stdout] 
[INFO] [stdout] failures:
[INFO] [stdout]     tests::ready_but_perm_overweight_does_not_panic
[INFO] [stdout] 
[INFO] [stdout] test result: FAILED. 75 passed; 1 failed; 6 ignored; 0 measured; 0 filtered out; finished in 1.25s
[INFO] [stdout] 
[INFO] [stderr] error: test failed, to rerun pass `--lib`
[INFO] running `Command { std: "docker" "inspect" "de072abff6451483085358b15cf11bfedc4b1ccb902aaae3517c3898a92c9b0a", kill_on_drop: false }`
[INFO] running `Command { std: "docker" "rm" "-f" "de072abff6451483085358b15cf11bfedc4b1ccb902aaae3517c3898a92c9b0a", kill_on_drop: false }`
[INFO] [stdout] de072abff6451483085358b15cf11bfedc4b1ccb902aaae3517c3898a92c9b0a
